Build Information
Failed to build ExarotonAPI, reference main (1eea57), with Swift 6.2 for Wasm on 14 Sep 2026 10:01:19 UTC.
Build Command
bash -c docker run --pull=always --rm -v "checkouts-53886770-1":/host -w "$PWD" -e JAVA_HOME="/root/.sdkman/candidates/java/current" -e SPI_BUILD="1" -e SPI_PROCESSING="1" registry.gitlab.com/saguaro1/spi-images:wasm-6.2-latest swift build --swift-sdk swift-6.2-RELEASE_wasm 2>&1Build Log
========================================
RunAll
========================================
Builder version: 5.0.2
Interrupt handler set up.
========================================
Checkout
========================================
Clone URL: https://github.com/OrzMC/ExarotonAPI.git
Reference: main
Initialized empty Git repository in /host/spi-builder-workspace/.git/
hint: Using 'master' as the name for the initial branch. This default branch name
hint: is subject to change. To configure the initial branch name to use in all
hint: of your new repositories, which will suppress this warning, call:
hint:
hint: git config --global init.defaultBranch <name>
hint:
hint: Names commonly chosen instead of 'master' are 'main', 'trunk' and
hint: 'development'. The just-created branch can be renamed via this command:
hint:
hint: git branch -m <name>
From https://github.com/OrzMC/ExarotonAPI
* branch main -> FETCH_HEAD
* [new branch] main -> origin/main
HEAD is now at 1eea571 fix ci.yml
Cloned https://github.com/OrzMC/ExarotonAPI.git
Revision (git rev-parse @):
1eea5719e44fec7dfe07f8a310359e2577344ead
SUCCESS checkout https://github.com/OrzMC/ExarotonAPI.git at main
========================================
Build
========================================
Selected platform: wasm
Swift version: 6.2
Building package at path: $PWD
https://github.com/OrzMC/ExarotonAPI.git
Running build ...
bash -c docker run --pull=always --rm -v "checkouts-53886770-1":/host -w "$PWD" -e JAVA_HOME="/root/.sdkman/candidates/java/current" -e SPI_BUILD="1" -e SPI_PROCESSING="1" registry.gitlab.com/saguaro1/spi-images:wasm-6.2-latest swift build --swift-sdk swift-6.2-RELEASE_wasm 2>&1
wasm-6.2-latest: Pulling from saguaro1/spi-images
Digest: sha256:ff44196b45f83e5a0a99a627b185f548850d9bc1242e3dee2178fb1570812fe8
Status: Image is up to date for registry.gitlab.com/saguaro1/spi-images:wasm-6.2-latest
Fetching https://github.com/apple/swift-http-types
Fetching https://github.com/daltoniam/Starscream.git
Fetching https://github.com/apple/swift-log.git
Fetching https://github.com/swiftlang/swift-testing.git
Fetching https://github.com/apple/swift-openapi-urlsession.git
Fetching https://github.com/flight-school/anycodable.git
[1/1179] Fetching swift-openapi-urlsession
[615/1961] Fetching swift-openapi-urlsession, anycodable
[1454/3896] Fetching swift-openapi-urlsession, anycodable, swift-http-types
[2446/11962] Fetching swift-openapi-urlsession, anycodable, swift-http-types, swift-log
Fetched https://github.com/apple/swift-log.git from cache (0.61s)
Fetching https://github.com/apple/swift-openapi-runtime.git
[1/43002] Fetching swift-testing
[1722/48199] Fetching swift-testing, starscream
Fetched https://github.com/daltoniam/Starscream.git from cache (1.02s)
Fetching https://github.com/apple/swift-openapi-generator.git
[27523/49907] Fetching swift-testing, swift-openapi-runtime
Fetched https://github.com/apple/swift-openapi-runtime.git from cache (0.59s)
[39562/43002] Fetching swift-testing
Fetched https://github.com/apple/swift-openapi-urlsession.git from cache (1.70s)
Fetched https://github.com/apple/swift-http-types from cache (1.70s)
Fetched https://github.com/flight-school/anycodable.git from cache (1.70s)
[1/18382] Fetching swift-openapi-generator
Fetched https://github.com/swiftlang/swift-testing.git from cache (1.71s)
Fetched https://github.com/apple/swift-openapi-generator.git from cache (0.93s)
Computing version for https://github.com/flight-school/anycodable.git
Computed https://github.com/flight-school/anycodable.git at 0.6.7 (2.82s)
Computing version for https://github.com/daltoniam/Starscream.git
Computed https://github.com/daltoniam/Starscream.git at 4.0.8 (0.18s)
Computing version for https://github.com/apple/swift-openapi-urlsession.git
Computed https://github.com/apple/swift-openapi-urlsession.git at 1.3.1 (0.92s)
Fetching https://github.com/apple/swift-collections
[1/27174] Fetching swift-collections
Fetched https://github.com/apple/swift-collections from cache (1.51s)
Computing version for https://github.com/apple/swift-openapi-runtime.git
Computed https://github.com/apple/swift-openapi-runtime.git at 1.12.1 (1.67s)
Computing version for https://github.com/swiftlang/swift-testing.git
Computed https://github.com/swiftlang/swift-testing.git at 6.3.2 (1.52s)
Fetching https://github.com/swiftlang/swift-syntax.git
[1/79819] Fetching swift-syntax
Fetched https://github.com/swiftlang/swift-syntax.git from cache (3.26s)
Computing version for https://github.com/apple/swift-http-types
Computed https://github.com/apple/swift-http-types at 1.8.0 (3.45s)
Computing version for https://github.com/apple/swift-openapi-generator.git
Computed https://github.com/apple/swift-openapi-generator.git at 1.13.1 (0.23s)
Fetching https://github.com/apple/swift-argument-parser
Fetching https://github.com/apple/swift-algorithms
Fetching https://github.com/mattpolzin/OpenAPIKit
Fetching https://github.com/jpsim/Yams
[1/6140] Fetching swift-algorithms
[186/18001] Fetching swift-algorithms, yams
[6616/36831] Fetching swift-algorithms, yams, swift-argument-parser
Fetched https://github.com/apple/swift-algorithms from cache (0.83s)
Fetched https://github.com/apple/swift-argument-parser from cache (0.84s)
[7710/11861] Fetching yams
[10202/180247] Fetching yams, openapikit
Fetched https://github.com/jpsim/Yams from cache (1.21s)
[11788/168386] Fetching openapikit
Fetched https://github.com/mattpolzin/OpenAPIKit from cache (4.14s)
Computing version for https://github.com/apple/swift-algorithms
Computed https://github.com/apple/swift-algorithms at 1.2.1 (4.32s)
Fetching https://github.com/apple/swift-numerics.git
[1/6633] Fetching swift-numerics
Fetched https://github.com/apple/swift-numerics.git from cache (0.56s)
Computing version for https://github.com/mattpolzin/OpenAPIKit
Computed https://github.com/mattpolzin/OpenAPIKit at 6.3.0 (0.72s)
Computing version for https://github.com/apple/swift-numerics.git
Computed https://github.com/apple/swift-numerics.git at 1.1.1 (0.14s)
Computing version for https://github.com/apple/swift-log.git
Computed https://github.com/apple/swift-log.git at 1.15.1 (0.16s)
Computing version for https://github.com/apple/swift-argument-parser
Computed https://github.com/apple/swift-argument-parser at 1.8.2 (0.15s)
Computing version for https://github.com/apple/swift-collections
Computed https://github.com/apple/swift-collections at 1.6.0 (0.24s)
Computing version for https://github.com/jpsim/Yams
Computed https://github.com/jpsim/Yams at 6.2.2 (0.17s)
Computing version for https://github.com/swiftlang/swift-syntax.git
Computed https://github.com/swiftlang/swift-syntax.git at 603.0.2 (0.32s)
Creating working copy for https://github.com/apple/swift-openapi-generator.git
Working copy of https://github.com/apple/swift-openapi-generator.git resolved at 1.13.1
Creating working copy for https://github.com/swiftlang/swift-syntax.git
Working copy of https://github.com/swiftlang/swift-syntax.git resolved at 603.0.2
Creating working copy for https://github.com/apple/swift-http-types
Working copy of https://github.com/apple/swift-http-types resolved at 1.8.0
Creating working copy for https://github.com/swiftlang/swift-testing.git
Working copy of https://github.com/swiftlang/swift-testing.git resolved at 6.3.2
Creating working copy for https://github.com/mattpolzin/OpenAPIKit
Working copy of https://github.com/mattpolzin/OpenAPIKit resolved at 6.3.0
Creating working copy for https://github.com/daltoniam/Starscream.git
Working copy of https://github.com/daltoniam/Starscream.git resolved at 4.0.8
Creating working copy for https://github.com/jpsim/Yams
Working copy of https://github.com/jpsim/Yams resolved at 6.2.2
Creating working copy for https://github.com/apple/swift-algorithms
Working copy of https://github.com/apple/swift-algorithms resolved at 1.2.1
Creating working copy for https://github.com/apple/swift-argument-parser
Working copy of https://github.com/apple/swift-argument-parser resolved at 1.8.2
Creating working copy for https://github.com/apple/swift-log.git
Working copy of https://github.com/apple/swift-log.git resolved at 1.15.1
Creating working copy for https://github.com/apple/swift-openapi-runtime.git
Working copy of https://github.com/apple/swift-openapi-runtime.git resolved at 1.12.1
Creating working copy for https://github.com/flight-school/anycodable.git
Working copy of https://github.com/flight-school/anycodable.git resolved at 0.6.7
Creating working copy for https://github.com/apple/swift-openapi-urlsession.git
Working copy of https://github.com/apple/swift-openapi-urlsession.git resolved at 1.3.1
Creating working copy for https://github.com/apple/swift-numerics.git
Working copy of https://github.com/apple/swift-numerics.git resolved at 1.1.1
Creating working copy for https://github.com/apple/swift-collections
Working copy of https://github.com/apple/swift-collections resolved at 1.6.0
[0/32] Write sources
[11/32] Compiling _NumericsShims _NumericsShims.c
[12/32] Compiling writer.c
[13/32] Compiling reader.c
[14/32] Write swift-version-24593BA9C3E375BF.txt
[15/32] Compiling api.c
[16/34] Compiling parser.c
[17/78] Compiling scanner.c
[18/78] Compiling emitter.c
[20/98] Emitting module OpenAPIKitCore
[21/102] Compiling Yams Mark.swift
[22/102] Compiling Yams Node.Alias.swift
[23/102] Compiling Yams Node.Mapping.swift
[24/104] Emitting module RealModule
[25/104] Compiling Yams Decoder.swift
[26/104] Compiling Yams Emitter.swift
[27/104] Compiling Yams Tag.swift
[28/104] Compiling Yams YamlAnchorProviding.swift
[29/105] Compiling RealModule RealFunctions.swift
[30/105] Compiling RealModule Float16+Real.swift
[31/105] Compiling Yams Anchor.swift
[32/105] Compiling Yams Constructor.swift
[33/105] Compiling Yams Encoder.swift
[34/105] Compiling Yams AliasDereferencingStrategy.swift
[35/105] Compiling RealModule Real.swift
[36/105] Compiling RealModule Float80+Real.swift
[37/105] Compiling RealModule RelaxedArithmetic.swift
[38/106] Wrapping AST for RealModule for debugging
[40/131] Compiling ArgumentParserToolInfo ToolInfo.swift
[41/131] Emitting module ArgumentParserToolInfo
[42/132] Wrapping AST for ArgumentParserToolInfo for debugging
[44/179] Compiling ArgumentParser ArgumentVisibility.swift
[45/179] Compiling ArgumentParser CompletionKind.swift
[46/179] Compiling ArgumentParser Errors.swift
[47/182] Compiling ArgumentParser CommandParser.swift
[48/182] Compiling ArgumentParser InputKey.swift
[49/182] Compiling ArgumentParser InputOrigin.swift
[50/182] Compiling ArgumentParser SplitArguments.swift
[51/182] Compiling ArgumentParser DumpHelpGenerator.swift
[52/182] Compiling ArgumentParser Mutex.swift
[53/182] Compiling ArgumentParser Platform.swift
[54/182] Compiling ArgumentParser ArgumentDecoder.swift
[55/182] Compiling ArgumentParser ArgumentDefinition.swift
[56/182] Compiling ArgumentParser ArgumentSet.swift
[59/182] Compiling ArgumentParser CommandGroup.swift
[60/182] Compiling ArgumentParser EnumerableFlag.swift
[61/182] Compiling ArgumentParser ExpressibleByArgument.swift
[62/182] Compiling ArgumentParser ParsableArguments.swift
[63/182] Compiling ArgumentParser ParsableCommand.swift
[68/182] Emitting module ArgumentParser
[71/188] Compiling ArgumentParser ArgumentDiscussion.swift
[72/188] Compiling ArgumentParser ArgumentHelp.swift
[73/188] Compiling ArgumentParser ParentCommand.swift
[74/188] Compiling ArgumentParser AsyncParsableCommand.swift
[75/188] Compiling ArgumentParser CommandConfiguration.swift
[76/188] Compiling ArgumentParser BashCompletionsGenerator.swift
[77/188] Compiling ArgumentParser CompletionsGenerator.swift
[78/188] Compiling ArgumentParser FishCompletionsGenerator.swift
[79/188] Compiling ArgumentParser ZshCompletionsGenerator.swift
[80/188] Compiling ArgumentParser Argument.swift
[89/188] Compiling ArgumentParser Name.swift
[90/188] Compiling ArgumentParser Parsed.swift
[91/188] Compiling ArgumentParser ParsedValues.swift
[92/188] Compiling ArgumentParser ParserError.swift
[93/188] Compiling Algorithms Trim.swift
[94/188] Compiling Algorithms Unique.swift
[95/188] Compiling Algorithms Windows.swift
[96/188] Compiling ArgumentParser OptionGroup.swift
[107/189] Emitting module Yams
[113/189] Compiling ArgumentParser SequenceExtensions.swift
[114/189] Compiling ArgumentParser StringExtensions.swift
[115/189] Compiling ArgumentParser SwiftExtensions.swift
[116/189] Compiling ArgumentParser Tree.swift
[116/190] Wrapping AST for OpenAPIKitCore for debugging
[119/193] Compiling OpenAPIKit30 DereferencedDocument.swift
[120/193] Compiling OpenAPIKit30 Document+URIResolution.swift
[123/196] Compiling OpenAPIKit30 ResolvedDocument.swift
[126/331] Wrapping AST for Yams for debugging
[128/331] Compiling OpenAPIKit Link.swift
[129/331] Compiling OpenAPIKit OpenAPI.swift
[130/331] Compiling OpenAPIKit OpenAPIConditionalWarnings.swift
[131/331] Compiling OpenAPIKit Either+LocallyDereferenceable.swift
[132/331] Compiling OpenAPIKit Either+Summarizable.swift
[133/331] Compiling OpenAPIKit Either+Validatable.swift
[134/331] Compiling OpenAPIKit Callbacks.swift
[135/331] Compiling OpenAPIKit ParameterSchemaContextStyle.swift
[136/331] Compiling OpenAPIKit DereferencedPathItem.swift
[137/331] Compiling OpenAPIKit PathItem.swift
[138/331] Compiling OpenAPIKit ResolvedRoute.swift
[139/331] Compiling OpenAPIKit DereferencedRequest.swift
[140/331] Compiling OpenAPIKit Request.swift
[141/331] Compiling OpenAPIKit Operation.swift
[142/331] Compiling OpenAPIKit ResolvedEndpoint.swift
[143/331] Compiling OpenAPIKit DereferencedParameter.swift
[144/331] Compiling OpenAPIKit DereferencedSchemaContext.swift
[145/331] Compiling OpenAPIKit DocumentDecodingError.swift
[146/331] Compiling OpenAPIKit OperationDecodingError.swift
[147/331] Compiling OpenAPIKit DereferencedHeader.swift
[148/331] Compiling OpenAPIKit Header.swift
[149/331] Compiling OpenAPIKit Parameter.swift
[150/331] Compiling OpenAPIKit ParameterContext.swift
[151/331] Compiling OpenAPIKit ParameterContextLocation.swift
[152/331] Compiling OpenAPIKit ParameterSchemaContext.swift
[153/331] Compiling OpenAPIKit Discriminator.swift
[154/331] Compiling OpenAPIKit DereferencedDocument.swift
[155/331] Compiling OpenAPIKit Document+URIResolution.swift
[156/331] Compiling OpenAPIKit Document.swift
[157/331] Compiling OpenAPIKit DocumentInfo.swift
[158/331] Compiling OpenAPIKit ResolvedDocument.swift
[159/331] Compiling OpenAPIKit Either+Convenience.swift
[160/331] Compiling OpenAPIKit JSONSchema+Combining.swift
[161/331] Compiling OpenAPIKit JSONSchema.swift
[162/331] Compiling OpenAPIKit JSONSchemaContext.swift
[163/331] Compiling OpenAPIKit SimplifiedJSONSchema.swift
[164/331] Compiling OpenAPIKit TypesAndFormats.swift
[165/331] Compiling OpenAPIKit DereferencedSecurityRequirement.swift
[166/331] Compiling OpenAPIKit OAuthFlows.swift
[167/331] Compiling OpenAPIKit SecurityScheme.swift
[168/331] Compiling OpenAPIKit Server.swift
[169/340] Emitting module OpenAPIKit30
[170/340] Emitting module Algorithms
[171/341] Wrapping AST for Algorithms for debugging
[173/341] Emitting module OpenAPIKit
[174/351] Compiling OpenAPIKit DereferencedContentPositionalEncoding.swift
[175/351] Compiling OpenAPIKit JSONReference+URIResolution.swift
[176/351] Compiling OpenAPIKit JSONReference.swift
[180/351] Compiling OpenAPIKit DereferencedOperation.swift
[181/351] Compiling OpenAPIKit Components+Locatable.swift
[182/351] Compiling OpenAPIKit Components.swift
[183/351] Compiling OpenAPIKit Content.swift
[184/351] Compiling OpenAPIKit ContentEncoding.swift
[185/351] Compiling OpenAPIKit ContentPositionalEncoding.swift
[186/351] Compiling OpenAPIKit DereferencedContent.swift
[187/351] Compiling OpenAPIKit DereferencedContentEncoding.swift
[188/351] Compiling OpenAPIKit Either+ExternallyDereferenceable.swift
[193/351] Compiling OpenAPIKit CodableVendorExtendable.swift
[194/351] Compiling OpenAPIKit Components+JSONReference.swift
[205/352] Wrapping AST for ArgumentParser for debugging
[212/352] Compiling OpenAPIKit30 Optional+ExternallyDereferenceable.swift
[213/352] Compiling OpenAPIKit30 OrderedDictionary+ExternallyDereferenceable.swift
[214/352] Compiling OpenAPIKit30 OrderedDictionry+LocallyDereferenceable.swift
[215/352] Compiling OpenAPIKit30 Validation+Builtins.swift
[216/352] Compiling OpenAPIKit30 Validation.swift
[242/352] Compiling OpenAPIKit Optional+ExternallyDereferenceable.swift
[243/352] Compiling OpenAPIKit OrderedDictionary+ExternallyDereferenceable.swift
[244/352] Compiling OpenAPIKit OrderedDictionry+LocallyDereferenceable.swift
[245/352] Compiling OpenAPIKit ReferenceValidations.swift
[290/352] Compiling OpenAPIKit PathDecodingError.swift
[291/352] Compiling OpenAPIKit ResponseDecodingError.swift
[292/352] Compiling OpenAPIKit Example.swift
[293/352] Compiling OpenAPIKit ExampleValue.swift
[294/352] Compiling OpenAPIKit ExternalDocumentation.swift
[295/352] Compiling OpenAPIKit ExternalLoader.swift
[302/352] Compiling OpenAPIKit Validation+Builtins.swift
[303/352] Compiling OpenAPIKit Validation.swift
[304/352] Compiling OpenAPIKit Validator+Convenience.swift
[305/352] Compiling OpenAPIKit Validator.swift
[306/352] Compiling OpenAPIKit XML.swift
[307/352] Compiling OpenAPIKit _CoreReExport.swift
[330/352] Compiling OpenAPIKit DereferencedResponse.swift
[331/352] Compiling OpenAPIKit Response.swift
[332/352] Compiling OpenAPIKit RuntimeExpression.swift
[333/352] Compiling OpenAPIKit SchemaProtocols.swift
[334/352] Compiling OpenAPIKit SwiftPrimitiveTypes+OpenAPI.swift
[335/352] Compiling OpenAPIKit DereferencedJSONSchema.swift
[336/353] Wrapping AST for OpenAPIKit30 for debugging
[348/354] Wrapping AST for OpenAPIKit for debugging
[350/357] Compiling OpenAPIKitCompat Either+Map.swift
[351/357] Emitting module OpenAPIKitCompat
[352/357] Compiling OpenAPIKitCompat Compat30To31.swift
[353/358] Wrapping AST for OpenAPIKitCompat for debugging
[355/440] Emitting module _OpenAPIGeneratorCore
[356/451] Compiling _OpenAPIGeneratorCore Config.swift
[357/451] Compiling _OpenAPIGeneratorCore Diagnostics.swift
[358/451] Compiling _OpenAPIGeneratorCore DiagnosticsCollectorProvider.swift
[359/451] Compiling _OpenAPIGeneratorCore Errors.swift
[360/451] Compiling _OpenAPIGeneratorCore Foundation.swift
[361/451] Compiling _OpenAPIGeneratorCore OpenAPIKit.swift
[362/451] Compiling _OpenAPIGeneratorCore String.swift
[363/451] Compiling _OpenAPIGeneratorCore SwiftStandardLibrary.swift
[364/451] Compiling _OpenAPIGeneratorCore FeatureFlags.swift
[365/451] Compiling _OpenAPIGeneratorCore GeneratorMode.swift
[366/451] Compiling _OpenAPIGeneratorCore GeneratorPipeline.swift
[367/451] Compiling _OpenAPIGeneratorCore GeneratorPipelineStage.swift
[368/451] Compiling _OpenAPIGeneratorCore ResponseKind.swift
[369/451] Compiling _OpenAPIGeneratorCore TypedResponse.swift
[370/451] Compiling _OpenAPIGeneratorCore TypedResponseHeader.swift
[371/451] Compiling _OpenAPIGeneratorCore acceptHeaderContentTypes.swift
[372/451] Compiling _OpenAPIGeneratorCore translateResponse.swift
[373/451] Compiling _OpenAPIGeneratorCore translateResponseHeader.swift
[374/451] Compiling _OpenAPIGeneratorCore translateResponseOutcome.swift
[375/451] Compiling _OpenAPIGeneratorCore ServerTranslator.swift
[376/451] Compiling _OpenAPIGeneratorCore translateServerMethod.swift
[377/451] Compiling _OpenAPIGeneratorCore TranslatorProtocol.swift
[378/451] Compiling _OpenAPIGeneratorCore Builtins.swift
[379/451] Compiling _OpenAPIGeneratorCore translateClientMethod.swift
[380/451] Compiling _OpenAPIGeneratorCore translateAllAnyOneOf.swift
[381/451] Compiling _OpenAPIGeneratorCore translateArray.swift
[382/451] Compiling _OpenAPIGeneratorCore translateCodable.swift
[383/451] Compiling _OpenAPIGeneratorCore translateObjectStruct.swift
[384/451] Compiling _OpenAPIGeneratorCore translateRawEnum.swift
[385/451] Compiling _OpenAPIGeneratorCore translateRawRepresentableEnum.swift
[386/451] Compiling _OpenAPIGeneratorCore translateSchema.swift
[387/451] Compiling _OpenAPIGeneratorCore translateStructBlueprint.swift
[388/451] Compiling _OpenAPIGeneratorCore translateTypealias.swift
[389/451] Compiling _OpenAPIGeneratorCore Annotations.swift
[390/451] Compiling _OpenAPIGeneratorCore CommentExtensions.swift
[391/451] Compiling _OpenAPIGeneratorCore translateComponentHeaders.swift
[392/451] Compiling _OpenAPIGeneratorCore translateComponentParameters.swift
[393/451] Compiling _OpenAPIGeneratorCore translateComponentRequestBodies.swift
[394/451] Compiling _OpenAPIGeneratorCore translateComponentResponses.swift
[395/451] Compiling _OpenAPIGeneratorCore translateComponents.swift
[396/451] Compiling _OpenAPIGeneratorCore translateOperations.swift
[397/451] Compiling _OpenAPIGeneratorCore translateSchemas.swift
[398/451] Compiling _OpenAPIGeneratorCore translateServers.swift
[399/451] Compiling _OpenAPIGeneratorCore translateServersVariables.swift
[400/451] Compiling _OpenAPIGeneratorCore TypeOverrides.swift
[401/451] Compiling _OpenAPIGeneratorCore YamlFileDiagnosticsCollector.swift
[402/451] Compiling _OpenAPIGeneratorCore DocumentFilter.swift
[403/451] Compiling _OpenAPIGeneratorCore FilteredDocument.swift
[404/451] Compiling _OpenAPIGeneratorCore ParsedOpenAPIRepresentation.swift
[405/451] Compiling _OpenAPIGeneratorCore RenderedSwiftRepresentation.swift
[406/451] Compiling _OpenAPIGeneratorCore StructuredSwiftRepresentation.swift
[407/451] Compiling _OpenAPIGeneratorCore ParserProtocol.swift
[408/451] Compiling _OpenAPIGeneratorCore YamsParser.swift
[409/451] Compiling _OpenAPIGeneratorCore validateDoc.swift
[410/451] Compiling _OpenAPIGeneratorCore PlatformChecks.swift
[411/451] Compiling _OpenAPIGeneratorCore RendererProtocol.swift
[412/451] Compiling _OpenAPIGeneratorCore TextBasedRenderer.swift
[413/451] Compiling _OpenAPIGeneratorCore ClientTranslator.swift
[414/451] Compiling _OpenAPIGeneratorCore Constants.swift
[415/451] Compiling _OpenAPIGeneratorCore DiscriminatorExtensions.swift
[416/451] Compiling _OpenAPIGeneratorCore SchemaOverrides.swift
[417/451] Compiling _OpenAPIGeneratorCore StructBlueprint.swift
[418/451] Compiling _OpenAPIGeneratorCore CodingStrategy.swift
[419/451] Compiling _OpenAPIGeneratorCore ContentInspector.swift
[420/451] Compiling _OpenAPIGeneratorCore ContentType.swift
[421/451] Compiling _OpenAPIGeneratorCore SchemaContent.swift
[422/451] Compiling _OpenAPIGeneratorCore FileTranslator+FeatureFlags.swift
[423/451] Compiling _OpenAPIGeneratorCore FileTranslator.swift
[424/451] Compiling _OpenAPIGeneratorCore MultipartAdditionalProperties.swift
[425/451] Compiling _OpenAPIGeneratorCore MultipartContent.swift
[426/451] Compiling _OpenAPIGeneratorCore MultipartContentInspector.swift
[427/451] Compiling _OpenAPIGeneratorCore translateMultipart.swift
[428/451] Compiling _OpenAPIGeneratorCore MultiplexTranslator.swift
[429/451] Compiling _OpenAPIGeneratorCore OperationDescription.swift
[430/451] Compiling _OpenAPIGeneratorCore TypedParameter.swift
[431/451] Compiling _OpenAPIGeneratorCore translateParameter.swift
[432/451] Compiling _OpenAPIGeneratorCore DeclarationRecursionDetector.swift
[433/451] Compiling _OpenAPIGeneratorCore RecursionDetector.swift
[434/451] Compiling _OpenAPIGeneratorCore TypedRequestBody.swift
[435/451] Compiling _OpenAPIGeneratorCore translateRequestBody.swift
[436/451] Compiling _OpenAPIGeneratorCore HTTPStatusCodes.swift
[437/451] Compiling _OpenAPIGeneratorCore ReferenceStack.swift
[438/451] Compiling _OpenAPIGeneratorCore SafeNameGenerator.swift
[439/451] Compiling _OpenAPIGeneratorCore TypeAssigner.swift
[440/451] Compiling _OpenAPIGeneratorCore TypeLocation.swift
[441/451] Compiling _OpenAPIGeneratorCore TypeMatcher.swift
[442/451] Compiling _OpenAPIGeneratorCore TypeName.swift
[443/451] Compiling _OpenAPIGeneratorCore TypeUsage.swift
[444/451] Compiling _OpenAPIGeneratorCore isSchemaSupported.swift
[445/451] Compiling _OpenAPIGeneratorCore TypesFileTranslator.swift
[446/451] Compiling _OpenAPIGeneratorCore translateAPIProtocol.swift
[447/451] Compiling _OpenAPIGeneratorCore translateBoxedTypes.swift
[448/452] Wrapping AST for _OpenAPIGeneratorCore for debugging
[450/461] Compiling swift_openapi_generator Tool.swift
[451/461] Compiling swift_openapi_generator PluginSource.swift
[452/462] Compiling swift_openapi_generator UserConfig.swift
[453/462] Compiling swift_openapi_generator GenerateOptions+runGenerator.swift
[454/462] Compiling swift_openapi_generator GenerateCommand.swift
[455/462] Compiling swift_openapi_generator GenerateOptions.swift
[456/462] Emitting module swift_openapi_generator
[457/462] Compiling swift_openapi_generator Extensions.swift
[458/462] Compiling swift_openapi_generator FilterCommand.swift
[459/462] Compiling swift_openapi_generator runGenerator.swift
[460/463] Wrapping AST for swift-openapi-generator for debugging
[461/463] Write Objects.LinkFileList
[462/463] Linking swift-openapi-generator-tool
warning: 'starscream': found 1 file(s) which are unhandled; explicitly declare them as resources or exclude from the target
/host/spi-builder-workspace/.build/checkouts/Starscream/Sources/Info.plist
[1/1] Compiling plugin OpenAPIGeneratorCommand
[2/2] Compiling plugin OpenAPIGenerator
[3/3] Compiling plugin GenerateManual
[4/4] Compiling plugin GenerateDoccReference
Building for debugging...
[4/68] Write sources
[25/68] Compiling _NumericsShims _NumericsShims.c
[26/68] Write sources
[28/68] Copying PrivacyInfo.xcprivacy
[29/68] Compiling writer.c
[30/68] Compiling reader.c
[31/68] Write swift-version-24593BA9C3E375BF.txt
[32/68] Compiling emitter.c
[33/68] Compiling parser.c
[34/68] Compiling api.c
[35/68] Compiling scanner.c
[36/131] Wrapping AST for Yams for debugging
[37/131] Wrapping AST for RealModule for debugging
[38/131] Wrapping AST for OpenAPIKitCore for debugging
[39/131] Wrapping AST for ArgumentParserToolInfo for debugging
[40/131] Wrapping AST for OpenAPIKit30 for debugging
[41/131] Wrapping AST for OpenAPIKit for debugging
[42/131] Wrapping AST for ArgumentParser for debugging
[43/131] Wrapping AST for Algorithms for debugging
[44/131] Wrapping AST for OpenAPIKitCompat for debugging
[45/131] Wrapping AST for _OpenAPIGeneratorCore for debugging
[46/131] Wrapping AST for swift-openapi-generator for debugging
[47/131] Write Objects.LinkFileList
[48/131] Linking swift-openapi-generator-tool
Swift OpenAPI Generator is running with the following configuration:
- OpenAPI document path: /host/spi-builder-workspace/Sources/ExarotonHTTP/openapi.yml
- Configuration path: /host/spi-builder-workspace/Sources/ExarotonHTTP/openapi-generator-config.yaml
- Generator modes: types, client
- Access modifier: public
- Naming strategy: defensive
- Name overrides: <none>
- Type overrides: <none>
- Feature flags: <none>
- Output file names: Types.swift, Types+Components.swift, Types+Operations.swift, Types+Components+Schemas.swift, Types+Components+Parameters.swift, Types+Components+RequestBodies.swift, Types+Components+Responses.swift, Types+Components+Headers.swift, Client.swift
- Output directory: /host/spi-builder-workspace/.build/plugins/outputs/spi-builder-workspace/ExarotonHTTP/destination/OpenAPIGenerator/GeneratedSources
- Diagnostics output path: <none - logs to stderr>
- Current directory: /host/spi-builder-workspace
- Plugin source: build
- Is dry run: false
- Additional imports: <none>
- Additional file comments: <none>Writing data to file Client.swift...
Writing data to file Types.swift...
Writing data to file Types+Components.swift...
Writing data to file Types+Operations.swift...
Writing data to file Types+Components+Schemas.swift...
Writing data to file Types+Components+Parameters.swift...
Writing data to file Types+Components+RequestBodies.swift...
Writing data to file Types+Components+Responses.swift...
Writing data to file Types+Components+Headers.swift...
Writing data to file Server.swift...
[49/131] Running swift-openapi-generator
[50/131] Write sources
[52/131] Compiling InternalCollectionsUtilities UnsafeMutableRawBufferPointer+Extras.swift
[53/131] Compiling InternalCollectionsUtilities UnsafeRawBufferPointer+Extras.swift
[54/133] Compiling InternalCollectionsUtilities _SortedCollection.swift
[55/133] Compiling InternalCollectionsUtilities _UniqueCollection.swift
[56/133] Compiling InternalCollectionsUtilities Integer rank.swift
[57/133] Compiling InternalCollectionsUtilities UInt+first and last set bit.swift
[58/133] Compiling InternalCollectionsUtilities UInt+reversed.swift
[61/133] Compiling InternalCollectionsUtilities String+Padding.swift
[62/133] Compiling InternalCollectionsUtilities _UnsafeBitSet+Index.swift
[63/134] Compiling InternalCollectionsUtilities LifetimeOverride.swift
[64/134] Compiling InternalCollectionsUtilities RandomAccessCollection+Offsets.swift
[65/134] Compiling InternalCollectionsUtilities Span+Extras.swift
[66/134] Compiling InternalCollectionsUtilities FixedWidthInteger+roundUpToPowerOfTwo.swift
[68/134] Emitting module HTTPTypes
[69/135] Compiling InternalCollectionsUtilities Debugging.swift
[70/135] Compiling InternalCollectionsUtilities Descriptions.swift
[71/135] Compiling InternalCollectionsUtilities UnsafeBufferPointer+Extras.swift
[72/135] Compiling InternalCollectionsUtilities UnsafeMutableBufferPointer+Extras.swift
[73/135] Compiling InternalCollectionsUtilities _UnsafeBitSet+_Word.swift
[74/135] Compiling InternalCollectionsUtilities _UnsafeBitSet.swift
[76/135] Compiling Logging Logger+With.swift
[79/135] Emitting module InternalCollectionsUtilities
[80/136] Compiling Logging Logger+Attributes.swift
[82/136] Compiling HTTPTypes HTTPFields.swift
[83/136] Compiling HTTPTypes HTTPFieldValue.swift
[83/136] Wrapping AST for InternalCollectionsUtilities for debugging
[85/136] Compiling HTTPTypes HTTPRequest.swift
[86/172] Compiling Logging MetadataProvider.swift
[87/172] Compiling Logging LoggingSystem.swift
[88/172] Compiling Logging Logger.swift
[89/172] Compiling ContainersPreview BorrowingIteratorProtocol+Map.swift
[90/172] Compiling ContainersPreview BorrowingIteratorProtocol+Reduce.swift
[91/172] Compiling ContainersPreview BorrowingIteratorProtocol+SpanwiseZip.swift
[92/172] Compiling ContainersPreview BorrowingIteratorProtocol.swift
[93/172] Compiling ContainersPreview BorrowingSequence+Algorithms.swift
[94/176] Compiling ContainersPreview BorrowingSequence+Standard Conformances.swift
[95/176] Compiling ContainersPreview BorrowingSequence+Utilities.swift
[96/176] Compiling ContainersPreview BorrowingSequence.swift
[97/176] Compiling ContainersPreview BidirectionalContainer.swift
[98/176] Compiling ContainersPreview Container+Filter.swift
[99/176] Compiling ContainersPreview Producer+Map.swift
[100/176] Compiling ContainersPreview Producer+Reduce.swift
[101/176] Compiling ContainersPreview Producer.swift
[102/176] Compiling ContainersPreview InputSpan.swift
[103/176] Compiling ContainersPreview MutableRef.swift
[104/176] Compiling ContainersPreview Drain+Map.swift
[105/176] Compiling ContainersPreview Drain+Reduce.swift
[106/176] Compiling ContainersPreview Drain.swift
[107/176] Compiling ContainersPreview Producer+Collect.swift
[108/176] Compiling ContainersPreview Producer+Filter.swift
[109/176] Compiling HTTPTypes HTTPParsedFields.swift
[110/176] Compiling HTTPTypes HTTPRequest+URL.swift
[111/176] Compiling ContainersPreview OutputSpan+Extras.swift
[112/176] Compiling ContainersPreview TemporaryAllocation.swift
[113/176] Emitting module Logging
[114/176] Compiling ContainersPreview BorrowingIteratorProtocol+Copy.swift
[115/176] Compiling ContainersPreview BorrowingIteratorProtocol+ElementsEqual.swift
[116/177] Compiling ContainersPreview PermutableContainer.swift
[117/177] Compiling ContainersPreview RandomAccessContainer.swift
[118/177] Compiling ContainersPreview RangeExpression2.swift
[119/177] Compiling ContainersPreview RangeReplaceableContainer.swift
[120/177] Compiling ContainersPreview Strideable+Limits.swift
[121/177] Compiling ContainersPreview Container+SpanwiseZip.swift
[122/177] Compiling ContainersPreview Container.swift
[123/177] Compiling ContainersPreview ContainerIterator.swift
[124/177] Compiling ContainersPreview DynamicContainer.swift
[125/177] Compiling ContainersPreview MutableContainer.swift
[126/177] Wrapping AST for Logging for debugging
[128/177] Compiling AnyCodable AnyCodable.swift
[129/177] Emitting module AnyCodable
[130/177] Compiling ContainersPreview Ref.swift
[131/177] Compiling ContainersPreview Shared.swift
[132/177] Compiling ContainersPreview SpanIterator.swift
[133/177] Compiling ContainersPreview UniqueBox.swift
[138/177] Compiling ContainersPreview BorrowingIteratorProtocol+Filter.swift
[139/177] Emitting module ContainersPreview
/host/spi-builder-workspace/.build/checkouts/Starscream/Sources/Compression/WSCompression.swift:30:8: error: no such module 'zlib'
28 |
29 | import Foundation
30 | import zlib
| `- error: no such module 'zlib'
31 |
32 | public class WSCompression: CompressionHandler {
/host/spi-builder-workspace/.build/checkouts/Starscream/Sources/Compression/WSCompression.swift:30:8: error: no such module 'zlib'
28 |
29 | import Foundation
30 | import zlib
| `- error: no such module 'zlib'
31 |
32 | public class WSCompression: CompressionHandler {
/host/spi-builder-workspace/.build/checkouts/Starscream/Sources/Compression/WSCompression.swift:30:8: error: no such module 'zlib'
28 |
29 | import Foundation
30 | import zlib
| `- error: no such module 'zlib'
31 |
32 | public class WSCompression: CompressionHandler {
/host/spi-builder-workspace/.build/checkouts/Starscream/Sources/Compression/WSCompression.swift:30:8: error: no such module 'zlib'
28 |
29 | import Foundation
30 | import zlib
| `- error: no such module 'zlib'
31 |
32 | public class WSCompression: CompressionHandler {
/host/spi-builder-workspace/.build/checkouts/Starscream/Sources/Compression/WSCompression.swift:30:8: error: no such module 'zlib'
28 |
29 | import Foundation
30 | import zlib
| `- error: no such module 'zlib'
31 |
32 | public class WSCompression: CompressionHandler {
/host/spi-builder-workspace/.build/checkouts/Starscream/Sources/Compression/WSCompression.swift:30:8: error: no such module 'zlib'
28 |
29 | import Foundation
30 | import zlib
| `- error: no such module 'zlib'
31 |
32 | public class WSCompression: CompressionHandler {
/host/spi-builder-workspace/.build/checkouts/Starscream/Sources/Compression/WSCompression.swift:30:8: error: no such module 'zlib'
28 |
29 | import Foundation
30 | import zlib
| `- error: no such module 'zlib'
31 |
32 | public class WSCompression: CompressionHandler {
/host/spi-builder-workspace/.build/checkouts/Starscream/Sources/Compression/WSCompression.swift:30:8: error: no such module 'zlib'
28 |
29 | import Foundation
30 | import zlib
| `- error: no such module 'zlib'
31 |
32 | public class WSCompression: CompressionHandler {
/host/spi-builder-workspace/.build/checkouts/Starscream/Sources/Compression/WSCompression.swift:30:8: error: no such module 'zlib'
28 |
29 | import Foundation
30 | import zlib
| `- error: no such module 'zlib'
31 |
32 | public class WSCompression: CompressionHandler {
/host/spi-builder-workspace/.build/checkouts/Starscream/Sources/Compression/WSCompression.swift:30:8: error: no such module 'zlib'
28 |
29 | import Foundation
30 | import zlib
| `- error: no such module 'zlib'
31 |
32 | public class WSCompression: CompressionHandler {
/host/spi-builder-workspace/.build/checkouts/Starscream/Sources/Compression/WSCompression.swift:30:8: error: no such module 'zlib'
28 |
29 | import Foundation
30 | import zlib
| `- error: no such module 'zlib'
31 |
32 | public class WSCompression: CompressionHandler {
/host/spi-builder-workspace/.build/checkouts/Starscream/Sources/Compression/WSCompression.swift:30:8: error: no such module 'zlib'
28 |
29 | import Foundation
30 | import zlib
| `- error: no such module 'zlib'
31 |
32 | public class WSCompression: CompressionHandler {
/host/spi-builder-workspace/.build/checkouts/Starscream/Sources/Compression/WSCompression.swift:30:8: error: no such module 'zlib'
28 |
29 | import Foundation
30 | import zlib
| `- error: no such module 'zlib'
31 |
32 | public class WSCompression: CompressionHandler {
/host/spi-builder-workspace/.build/checkouts/Starscream/Sources/Compression/WSCompression.swift:30:8: error: no such module 'zlib'
28 |
29 | import Foundation
30 | import zlib
| `- error: no such module 'zlib'
31 |
32 | public class WSCompression: CompressionHandler {
/host/spi-builder-workspace/.build/checkouts/Starscream/Sources/Compression/WSCompression.swift:30:8: error: no such module 'zlib'
28 |
29 | import Foundation
30 | import zlib
| `- error: no such module 'zlib'
31 |
32 | public class WSCompression: CompressionHandler {
/host/spi-builder-workspace/.build/checkouts/Starscream/Sources/Compression/WSCompression.swift:30:8: error: no such module 'zlib'
28 |
29 | import Foundation
30 | import zlib
| `- error: no such module 'zlib'
31 |
32 | public class WSCompression: CompressionHandler {
[157/180] Compiling Starscream Transport.swift
/host/spi-builder-workspace/.build/checkouts/Starscream/Sources/Compression/WSCompression.swift:30:8: error: no such module 'zlib'
28 |
29 | import Foundation
30 | import zlib
| `- error: no such module 'zlib'
31 |
32 | public class WSCompression: CompressionHandler {
[158/180] Compiling Starscream resource_bundle_accessor.swift
/host/spi-builder-workspace/.build/checkouts/Starscream/Sources/Compression/WSCompression.swift:30:8: error: no such module 'zlib'
28 |
29 | import Foundation
30 | import zlib
| `- error: no such module 'zlib'
31 |
32 | public class WSCompression: CompressionHandler {
[159/180] Compiling HTTPTypes HTTPResponse.swift
[160/180] Compiling AnyCodable AnyEncodable.swift
[161/180] Compiling AnyCodable AnyDecodable.swift
[163/182] Wrapping AST for ContainersPreview for debugging
[164/223] Wrapping AST for AnyCodable for debugging
[165/223] Wrapping AST for HTTPTypes for debugging
[167/287] Compiling OpenAPIRuntime ServerSentEventsEncoding.swift
[168/287] Compiling OpenAPIRuntime AsyncSequenceCommon.swift
[169/287] Compiling OpenAPIRuntime ClientTransport.swift
[170/287] Compiling OpenAPIRuntime CurrencyTypes.swift
[171/287] Compiling OpenAPIRuntime ErrorHandlingMiddleware.swift
[172/287] Compiling OpenAPIRuntime HTTPBody.swift
[173/292] Compiling OpenAPIRuntime JSONLinesEncoding.swift
[174/292] Compiling OpenAPIRuntime JSONSequenceDecoding.swift
[175/292] Compiling OpenAPIRuntime JSONSequenceEncoding.swift
[176/292] Compiling OpenAPIRuntime ServerSentEvents.swift
[177/292] Compiling OpenAPIRuntime ServerSentEventsDecoding.swift
[178/292] Compiling OpenAPIRuntime RuntimeError.swift
[179/292] Compiling OpenAPIRuntime Acceptable.swift
[180/292] Compiling OpenAPIRuntime Base64EncodedData.swift
[181/292] Compiling OpenAPIRuntime ByteUtilities.swift
[182/292] Compiling OpenAPIRuntime ContentDisposition.swift
[183/292] Compiling OpenAPIRuntime CopyOnWriteBox.swift
[184/292] Compiling OpenAPIRuntime Converter+Server.swift
[185/292] Compiling OpenAPIRuntime Converter.swift
[186/292] Compiling OpenAPIRuntime CurrencyExtensions.swift
[187/292] Compiling OpenAPIRuntime ErrorExtensions.swift
[188/292] Compiling OpenAPIRuntime FoundationExtensions.swift
[189/292] Compiling OpenAPIRuntime ParameterStyles.swift
[190/292] Compiling OpenAPIRuntime UndocumentedPayload.swift
[191/292] Compiling OpenAPIRuntime WarningSuppressingAnnotations.swift
[192/292] Compiling OpenAPIRuntime CodableExtensions.swift
[193/292] Compiling OpenAPIRuntime Configuration.swift
[194/292] Compiling OpenAPIRuntime Converter+Client.swift
[195/292] Compiling OpenAPIRuntime Converter+Common.swift
[196/292] Compiling OpenAPIRuntime Lock.swift
[197/292] Compiling OpenAPIRuntime OpenAPIMIMEType.swift
[198/292] Compiling OpenAPIRuntime OpenAPIValue.swift
[199/292] Compiling OpenAPIRuntime PrettyStringConvertible.swift
[200/292] Compiling OpenAPIRuntime ServerError.swift
[201/292] Compiling OpenAPIRuntime JSONLinesDecoding.swift
[202/292] Compiling OpenAPIRuntime ServerVariable.swift
[203/292] Compiling OpenAPIRuntime URLExtensions.swift
[204/292] Compiling OpenAPIRuntime Deprecated.swift
[205/292] Compiling OpenAPIRuntime ClientError.swift
[206/292] Compiling OpenAPIRuntime CodingErrors.swift
[207/292] Compiling OpenAPIRuntime OpenAPIMIMEType+Multipart.swift
/root/.swiftpm/swift-sdks/swift-6.2-RELEASE_wasm.artifactbundle/swift-6.2-RELEASE_wasm/wasm32-unknown-wasip1/swift.xctoolchain/usr/lib/swift_static/CoreFoundation/CoreFoundation.h:28:10: note: while building module 'wasi_emulated_signal' imported from /root/.swiftpm/swift-sdks/swift-6.2-RELEASE_wasm.artifactbundle/swift-6.2-RELEASE_wasm/wasm32-unknown-wasip1/swift.xctoolchain/usr/lib/swift_static/CoreFoundation/CoreFoundation.h:28:
26 | #include <setjmp.h>
27 | #endif
28 | #include <signal.h>
| `- note: while building module 'wasi_emulated_signal' imported from /root/.swiftpm/swift-sdks/swift-6.2-RELEASE_wasm.artifactbundle/swift-6.2-RELEASE_wasm/wasm32-unknown-wasip1/swift.xctoolchain/usr/lib/swift_static/CoreFoundation/CoreFoundation.h:28:
29 | #include <stddef.h>
30 | #include <stdio.h>
<module-includes>:1:10: note: in file included from <module-includes>:1:
1 | #include "signal.h"
| `- note: in file included from <module-includes>:1:
2 |
/root/.swiftpm/swift-sdks/swift-6.2-RELEASE_wasm.artifactbundle/swift-6.2-RELEASE_wasm/wasm32-unknown-wasip1/WASI.sdk/include/wasm32-wasip1/signal.h:2:2: error: "wasm lacks signal support; to enable minimal signal emulation, compile with -D_WASI_EMULATED_SIGNAL and link with -lwasi-emulated-signal"
1 | #ifndef _WASI_EMULATED_SIGNAL
2 | #error "wasm lacks signal support; to enable minimal signal emulation, \
| `- error: "wasm lacks signal support; to enable minimal signal emulation, compile with -D_WASI_EMULATED_SIGNAL and link with -lwasi-emulated-signal"
3 | compile with -D_WASI_EMULATED_SIGNAL and link with -lwasi-emulated-signal"
4 | #else
<module-includes>:1:10: note: in file included from <module-includes>:1:
1 | #include "CoreFoundation.h"
| `- note: in file included from <module-includes>:1:
2 |
/root/.swiftpm/swift-sdks/swift-6.2-RELEASE_wasm.artifactbundle/swift-6.2-RELEASE_wasm/wasm32-unknown-wasip1/swift.xctoolchain/usr/lib/swift_static/CoreFoundation/CoreFoundation.h:28:10: error: could not build module 'wasi_emulated_signal'
26 | #include <setjmp.h>
27 | #endif
28 | #include <signal.h>
| `- error: could not build module 'wasi_emulated_signal'
29 | #include <stddef.h>
30 | #include <stdio.h>
/root/.swiftpm/swift-sdks/swift-6.2-RELEASE_wasm.artifactbundle/swift-6.2-RELEASE_wasm/wasm32-unknown-wasip1/swift.xctoolchain/usr/lib/swift_static/CoreFoundation/ForSwiftFoundationOnly.h:86:10: note: while building module 'wasi_emulated_mman' imported from /root/.swiftpm/swift-sdks/swift-6.2-RELEASE_wasm.artifactbundle/swift-6.2-RELEASE_wasm/wasm32-unknown-wasip1/swift.xctoolchain/usr/lib/swift_static/CoreFoundation/ForSwiftFoundationOnly.h:86:
84 | #undef _WASI_EMULATED_MMAN
85 | #define _WASI_EMULATED_MMAN
86 | #include <sys/mman.h>
| `- note: while building module 'wasi_emulated_mman' imported from /root/.swiftpm/swift-sdks/swift-6.2-RELEASE_wasm.artifactbundle/swift-6.2-RELEASE_wasm/wasm32-unknown-wasip1/swift.xctoolchain/usr/lib/swift_static/CoreFoundation/ForSwiftFoundationOnly.h:86:
87 | #elif TARGET_OS_LINUX
88 | #include <errno.h>
<module-includes>:1:10: note: in file included from <module-includes>:1:
1 | #include "sys/mman.h"
| `- note: in file included from <module-includes>:1:
2 |
/root/.swiftpm/swift-sdks/swift-6.2-RELEASE_wasm.artifactbundle/swift-6.2-RELEASE_wasm/wasm32-unknown-wasip1/WASI.sdk/include/wasm32-wasip1/sys/mman.h:2:2: error: "WASI lacks a true mmap; to enable minimal mmap emulation, compile with -D_WASI_EMULATED_MMAN and link with -lwasi-emulated-mman"
1 | #ifndef _WASI_EMULATED_MMAN
2 | #error "WASI lacks a true mmap; to enable minimal mmap emulation, \
| `- error: "WASI lacks a true mmap; to enable minimal mmap emulation, compile with -D_WASI_EMULATED_MMAN and link with -lwasi-emulated-mman"
3 | compile with -D_WASI_EMULATED_MMAN and link with -lwasi-emulated-mman"
4 | #else
/host/spi-builder-workspace/.build/checkouts/swift-openapi-runtime/Sources/OpenAPIRuntime/Base/OpenAPIValue.swift:22:8: error: could not build C module 'CoreFoundation'
20 |
21 | #if canImport(CoreFoundation) && (FullFoundation || canImport(Darwin))
22 | import CoreFoundation
| `- error: could not build C module 'CoreFoundation'
23 | #endif
24 |
[208/292] Compiling OpenAPIRuntime URICodeCodingKey.swift
/root/.swiftpm/swift-sdks/swift-6.2-RELEASE_wasm.artifactbundle/swift-6.2-RELEASE_wasm/wasm32-unknown-wasip1/swift.xctoolchain/usr/lib/swift_static/CoreFoundation/CoreFoundation.h:28:10: note: while building module 'wasi_emulated_signal' imported from /root/.swiftpm/swift-sdks/swift-6.2-RELEASE_wasm.artifactbundle/swift-6.2-RELEASE_wasm/wasm32-unknown-wasip1/swift.xctoolchain/usr/lib/swift_static/CoreFoundation/CoreFoundation.h:28:
26 | #include <setjmp.h>
27 | #endif
28 | #include <signal.h>
| `- note: while building module 'wasi_emulated_signal' imported from /root/.swiftpm/swift-sdks/swift-6.2-RELEASE_wasm.artifactbundle/swift-6.2-RELEASE_wasm/wasm32-unknown-wasip1/swift.xctoolchain/usr/lib/swift_static/CoreFoundation/CoreFoundation.h:28:
29 | #include <stddef.h>
30 | #include <stdio.h>
<module-includes>:1:10: note: in file included from <module-includes>:1:
1 | #include "signal.h"
| `- note: in file included from <module-includes>:1:
2 |
/root/.swiftpm/swift-sdks/swift-6.2-RELEASE_wasm.artifactbundle/swift-6.2-RELEASE_wasm/wasm32-unknown-wasip1/WASI.sdk/include/wasm32-wasip1/signal.h:2:2: error: "wasm lacks signal support; to enable minimal signal emulation, compile with -D_WASI_EMULATED_SIGNAL and link with -lwasi-emulated-signal"
1 | #ifndef _WASI_EMULATED_SIGNAL
2 | #error "wasm lacks signal support; to enable minimal signal emulation, \
| `- error: "wasm lacks signal support; to enable minimal signal emulation, compile with -D_WASI_EMULATED_SIGNAL and link with -lwasi-emulated-signal"
3 | compile with -D_WASI_EMULATED_SIGNAL and link with -lwasi-emulated-signal"
4 | #else
<module-includes>:1:10: note: in file included from <module-includes>:1:
1 | #include "CoreFoundation.h"
| `- note: in file included from <module-includes>:1:
2 |
/root/.swiftpm/swift-sdks/swift-6.2-RELEASE_wasm.artifactbundle/swift-6.2-RELEASE_wasm/wasm32-unknown-wasip1/swift.xctoolchain/usr/lib/swift_static/CoreFoundation/CoreFoundation.h:28:10: error: could not build module 'wasi_emulated_signal'
26 | #include <setjmp.h>
27 | #endif
28 | #include <signal.h>
| `- error: could not build module 'wasi_emulated_signal'
29 | #include <stddef.h>
30 | #include <stdio.h>
/root/.swiftpm/swift-sdks/swift-6.2-RELEASE_wasm.artifactbundle/swift-6.2-RELEASE_wasm/wasm32-unknown-wasip1/swift.xctoolchain/usr/lib/swift_static/CoreFoundation/ForSwiftFoundationOnly.h:86:10: note: while building module 'wasi_emulated_mman' imported from /root/.swiftpm/swift-sdks/swift-6.2-RELEASE_wasm.artifactbundle/swift-6.2-RELEASE_wasm/wasm32-unknown-wasip1/swift.xctoolchain/usr/lib/swift_static/CoreFoundation/ForSwiftFoundationOnly.h:86:
84 | #undef _WASI_EMULATED_MMAN
85 | #define _WASI_EMULATED_MMAN
86 | #include <sys/mman.h>
| `- note: while building module 'wasi_emulated_mman' imported from /root/.swiftpm/swift-sdks/swift-6.2-RELEASE_wasm.artifactbundle/swift-6.2-RELEASE_wasm/wasm32-unknown-wasip1/swift.xctoolchain/usr/lib/swift_static/CoreFoundation/ForSwiftFoundationOnly.h:86:
87 | #elif TARGET_OS_LINUX
88 | #include <errno.h>
<module-includes>:1:10: note: in file included from <module-includes>:1:
1 | #include "sys/mman.h"
| `- note: in file included from <module-includes>:1:
2 |
/root/.swiftpm/swift-sdks/swift-6.2-RELEASE_wasm.artifactbundle/swift-6.2-RELEASE_wasm/wasm32-unknown-wasip1/WASI.sdk/include/wasm32-wasip1/sys/mman.h:2:2: error: "WASI lacks a true mmap; to enable minimal mmap emulation, compile with -D_WASI_EMULATED_MMAN and link with -lwasi-emulated-mman"
1 | #ifndef _WASI_EMULATED_MMAN
2 | #error "WASI lacks a true mmap; to enable minimal mmap emulation, \
| `- error: "WASI lacks a true mmap; to enable minimal mmap emulation, compile with -D_WASI_EMULATED_MMAN and link with -lwasi-emulated-mman"
3 | compile with -D_WASI_EMULATED_MMAN and link with -lwasi-emulated-mman"
4 | #else
/host/spi-builder-workspace/.build/checkouts/swift-openapi-runtime/Sources/OpenAPIRuntime/Base/OpenAPIValue.swift:22:8: error: could not build C module 'CoreFoundation'
20 |
21 | #if canImport(CoreFoundation) && (FullFoundation || canImport(Darwin))
22 | import CoreFoundation
| `- error: could not build C module 'CoreFoundation'
23 | #endif
24 |
[209/292] Compiling OpenAPIRuntime URICoderConfiguration.swift
/root/.swiftpm/swift-sdks/swift-6.2-RELEASE_wasm.artifactbundle/swift-6.2-RELEASE_wasm/wasm32-unknown-wasip1/swift.xctoolchain/usr/lib/swift_static/CoreFoundation/CoreFoundation.h:28:10: note: while building module 'wasi_emulated_signal' imported from /root/.swiftpm/swift-sdks/swift-6.2-RELEASE_wasm.artifactbundle/swift-6.2-RELEASE_wasm/wasm32-unknown-wasip1/swift.xctoolchain/usr/lib/swift_static/CoreFoundation/CoreFoundation.h:28:
26 | #include <setjmp.h>
27 | #endif
28 | #include <signal.h>
| `- note: while building module 'wasi_emulated_signal' imported from /root/.swiftpm/swift-sdks/swift-6.2-RELEASE_wasm.artifactbundle/swift-6.2-RELEASE_wasm/wasm32-unknown-wasip1/swift.xctoolchain/usr/lib/swift_static/CoreFoundation/CoreFoundation.h:28:
29 | #include <stddef.h>
30 | #include <stdio.h>
<module-includes>:1:10: note: in file included from <module-includes>:1:
1 | #include "signal.h"
| `- note: in file included from <module-includes>:1:
2 |
/root/.swiftpm/swift-sdks/swift-6.2-RELEASE_wasm.artifactbundle/swift-6.2-RELEASE_wasm/wasm32-unknown-wasip1/WASI.sdk/include/wasm32-wasip1/signal.h:2:2: error: "wasm lacks signal support; to enable minimal signal emulation, compile with -D_WASI_EMULATED_SIGNAL and link with -lwasi-emulated-signal"
1 | #ifndef _WASI_EMULATED_SIGNAL
2 | #error "wasm lacks signal support; to enable minimal signal emulation, \
| `- error: "wasm lacks signal support; to enable minimal signal emulation, compile with -D_WASI_EMULATED_SIGNAL and link with -lwasi-emulated-signal"
3 | compile with -D_WASI_EMULATED_SIGNAL and link with -lwasi-emulated-signal"
4 | #else
<module-includes>:1:10: note: in file included from <module-includes>:1:
1 | #include "CoreFoundation.h"
| `- note: in file included from <module-includes>:1:
2 |
/root/.swiftpm/swift-sdks/swift-6.2-RELEASE_wasm.artifactbundle/swift-6.2-RELEASE_wasm/wasm32-unknown-wasip1/swift.xctoolchain/usr/lib/swift_static/CoreFoundation/CoreFoundation.h:28:10: error: could not build module 'wasi_emulated_signal'
26 | #include <setjmp.h>
27 | #endif
28 | #include <signal.h>
| `- error: could not build module 'wasi_emulated_signal'
29 | #include <stddef.h>
30 | #include <stdio.h>
/root/.swiftpm/swift-sdks/swift-6.2-RELEASE_wasm.artifactbundle/swift-6.2-RELEASE_wasm/wasm32-unknown-wasip1/swift.xctoolchain/usr/lib/swift_static/CoreFoundation/ForSwiftFoundationOnly.h:86:10: note: while building module 'wasi_emulated_mman' imported from /root/.swiftpm/swift-sdks/swift-6.2-RELEASE_wasm.artifactbundle/swift-6.2-RELEASE_wasm/wasm32-unknown-wasip1/swift.xctoolchain/usr/lib/swift_static/CoreFoundation/ForSwiftFoundationOnly.h:86:
84 | #undef _WASI_EMULATED_MMAN
85 | #define _WASI_EMULATED_MMAN
86 | #include <sys/mman.h>
| `- note: while building module 'wasi_emulated_mman' imported from /root/.swiftpm/swift-sdks/swift-6.2-RELEASE_wasm.artifactbundle/swift-6.2-RELEASE_wasm/wasm32-unknown-wasip1/swift.xctoolchain/usr/lib/swift_static/CoreFoundation/ForSwiftFoundationOnly.h:86:
87 | #elif TARGET_OS_LINUX
88 | #include <errno.h>
<module-includes>:1:10: note: in file included from <module-includes>:1:
1 | #include "sys/mman.h"
| `- note: in file included from <module-includes>:1:
2 |
/root/.swiftpm/swift-sdks/swift-6.2-RELEASE_wasm.artifactbundle/swift-6.2-RELEASE_wasm/wasm32-unknown-wasip1/WASI.sdk/include/wasm32-wasip1/sys/mman.h:2:2: error: "WASI lacks a true mmap; to enable minimal mmap emulation, compile with -D_WASI_EMULATED_MMAN and link with -lwasi-emulated-mman"
1 | #ifndef _WASI_EMULATED_MMAN
2 | #error "WASI lacks a true mmap; to enable minimal mmap emulation, \
| `- error: "WASI lacks a true mmap; to enable minimal mmap emulation, compile with -D_WASI_EMULATED_MMAN and link with -lwasi-emulated-mman"
3 | compile with -D_WASI_EMULATED_MMAN and link with -lwasi-emulated-mman"
4 | #else
/host/spi-builder-workspace/.build/checkouts/swift-openapi-runtime/Sources/OpenAPIRuntime/Base/OpenAPIValue.swift:22:8: error: could not build C module 'CoreFoundation'
20 |
21 | #if canImport(CoreFoundation) && (FullFoundation || canImport(Darwin))
22 | import CoreFoundation
| `- error: could not build C module 'CoreFoundation'
23 | #endif
24 |
[210/292] Compiling OpenAPIRuntime URIEncodedNode.swift
/root/.swiftpm/swift-sdks/swift-6.2-RELEASE_wasm.artifactbundle/swift-6.2-RELEASE_wasm/wasm32-unknown-wasip1/swift.xctoolchain/usr/lib/swift_static/CoreFoundation/CoreFoundation.h:28:10: note: while building module 'wasi_emulated_signal' imported from /root/.swiftpm/swift-sdks/swift-6.2-RELEASE_wasm.artifactbundle/swift-6.2-RELEASE_wasm/wasm32-unknown-wasip1/swift.xctoolchain/usr/lib/swift_static/CoreFoundation/CoreFoundation.h:28:
26 | #include <setjmp.h>
27 | #endif
28 | #include <signal.h>
| `- note: while building module 'wasi_emulated_signal' imported from /root/.swiftpm/swift-sdks/swift-6.2-RELEASE_wasm.artifactbundle/swift-6.2-RELEASE_wasm/wasm32-unknown-wasip1/swift.xctoolchain/usr/lib/swift_static/CoreFoundation/CoreFoundation.h:28:
29 | #include <stddef.h>
30 | #include <stdio.h>
<module-includes>:1:10: note: in file included from <module-includes>:1:
1 | #include "signal.h"
| `- note: in file included from <module-includes>:1:
2 |
/root/.swiftpm/swift-sdks/swift-6.2-RELEASE_wasm.artifactbundle/swift-6.2-RELEASE_wasm/wasm32-unknown-wasip1/WASI.sdk/include/wasm32-wasip1/signal.h:2:2: error: "wasm lacks signal support; to enable minimal signal emulation, compile with -D_WASI_EMULATED_SIGNAL and link with -lwasi-emulated-signal"
1 | #ifndef _WASI_EMULATED_SIGNAL
2 | #error "wasm lacks signal support; to enable minimal signal emulation, \
| `- error: "wasm lacks signal support; to enable minimal signal emulation, compile with -D_WASI_EMULATED_SIGNAL and link with -lwasi-emulated-signal"
3 | compile with -D_WASI_EMULATED_SIGNAL and link with -lwasi-emulated-signal"
4 | #else
<module-includes>:1:10: note: in file included from <module-includes>:1:
1 | #include "CoreFoundation.h"
| `- note: in file included from <module-includes>:1:
2 |
/root/.swiftpm/swift-sdks/swift-6.2-RELEASE_wasm.artifactbundle/swift-6.2-RELEASE_wasm/wasm32-unknown-wasip1/swift.xctoolchain/usr/lib/swift_static/CoreFoundation/CoreFoundation.h:28:10: error: could not build module 'wasi_emulated_signal'
26 | #include <setjmp.h>
27 | #endif
28 | #include <signal.h>
| `- error: could not build module 'wasi_emulated_signal'
29 | #include <stddef.h>
30 | #include <stdio.h>
/root/.swiftpm/swift-sdks/swift-6.2-RELEASE_wasm.artifactbundle/swift-6.2-RELEASE_wasm/wasm32-unknown-wasip1/swift.xctoolchain/usr/lib/swift_static/CoreFoundation/ForSwiftFoundationOnly.h:86:10: note: while building module 'wasi_emulated_mman' imported from /root/.swiftpm/swift-sdks/swift-6.2-RELEASE_wasm.artifactbundle/swift-6.2-RELEASE_wasm/wasm32-unknown-wasip1/swift.xctoolchain/usr/lib/swift_static/CoreFoundation/ForSwiftFoundationOnly.h:86:
84 | #undef _WASI_EMULATED_MMAN
85 | #define _WASI_EMULATED_MMAN
86 | #include <sys/mman.h>
| `- note: while building module 'wasi_emulated_mman' imported from /root/.swiftpm/swift-sdks/swift-6.2-RELEASE_wasm.artifactbundle/swift-6.2-RELEASE_wasm/wasm32-unknown-wasip1/swift.xctoolchain/usr/lib/swift_static/CoreFoundation/ForSwiftFoundationOnly.h:86:
87 | #elif TARGET_OS_LINUX
88 | #include <errno.h>
<module-includes>:1:10: note: in file included from <module-includes>:1:
1 | #include "sys/mman.h"
| `- note: in file included from <module-includes>:1:
2 |
/root/.swiftpm/swift-sdks/swift-6.2-RELEASE_wasm.artifactbundle/swift-6.2-RELEASE_wasm/wasm32-unknown-wasip1/WASI.sdk/include/wasm32-wasip1/sys/mman.h:2:2: error: "WASI lacks a true mmap; to enable minimal mmap emulation, compile with -D_WASI_EMULATED_MMAN and link with -lwasi-emulated-mman"
1 | #ifndef _WASI_EMULATED_MMAN
2 | #error "WASI lacks a true mmap; to enable minimal mmap emulation, \
| `- error: "WASI lacks a true mmap; to enable minimal mmap emulation, compile with -D_WASI_EMULATED_MMAN and link with -lwasi-emulated-mman"
3 | compile with -D_WASI_EMULATED_MMAN and link with -lwasi-emulated-mman"
4 | #else
/host/spi-builder-workspace/.build/checkouts/swift-openapi-runtime/Sources/OpenAPIRuntime/Base/OpenAPIValue.swift:22:8: error: could not build C module 'CoreFoundation'
20 |
21 | #if canImport(CoreFoundation) && (FullFoundation || canImport(Darwin))
22 | import CoreFoundation
| `- error: could not build C module 'CoreFoundation'
23 | #endif
24 |
[211/292] Compiling OpenAPIRuntime URIParsedTypes.swift
/root/.swiftpm/swift-sdks/swift-6.2-RELEASE_wasm.artifactbundle/swift-6.2-RELEASE_wasm/wasm32-unknown-wasip1/swift.xctoolchain/usr/lib/swift_static/CoreFoundation/CoreFoundation.h:28:10: note: while building module 'wasi_emulated_signal' imported from /root/.swiftpm/swift-sdks/swift-6.2-RELEASE_wasm.artifactbundle/swift-6.2-RELEASE_wasm/wasm32-unknown-wasip1/swift.xctoolchain/usr/lib/swift_static/CoreFoundation/CoreFoundation.h:28:
26 | #include <setjmp.h>
27 | #endif
28 | #include <signal.h>
| `- note: while building module 'wasi_emulated_signal' imported from /root/.swiftpm/swift-sdks/swift-6.2-RELEASE_wasm.artifactbundle/swift-6.2-RELEASE_wasm/wasm32-unknown-wasip1/swift.xctoolchain/usr/lib/swift_static/CoreFoundation/CoreFoundation.h:28:
29 | #include <stddef.h>
30 | #include <stdio.h>
<module-includes>:1:10: note: in file included from <module-includes>:1:
1 | #include "signal.h"
| `- note: in file included from <module-includes>:1:
2 |
/root/.swiftpm/swift-sdks/swift-6.2-RELEASE_wasm.artifactbundle/swift-6.2-RELEASE_wasm/wasm32-unknown-wasip1/WASI.sdk/include/wasm32-wasip1/signal.h:2:2: error: "wasm lacks signal support; to enable minimal signal emulation, compile with -D_WASI_EMULATED_SIGNAL and link with -lwasi-emulated-signal"
1 | #ifndef _WASI_EMULATED_SIGNAL
2 | #error "wasm lacks signal support; to enable minimal signal emulation, \
| `- error: "wasm lacks signal support; to enable minimal signal emulation, compile with -D_WASI_EMULATED_SIGNAL and link with -lwasi-emulated-signal"
3 | compile with -D_WASI_EMULATED_SIGNAL and link with -lwasi-emulated-signal"
4 | #else
<module-includes>:1:10: note: in file included from <module-includes>:1:
1 | #include "CoreFoundation.h"
| `- note: in file included from <module-includes>:1:
2 |
/root/.swiftpm/swift-sdks/swift-6.2-RELEASE_wasm.artifactbundle/swift-6.2-RELEASE_wasm/wasm32-unknown-wasip1/swift.xctoolchain/usr/lib/swift_static/CoreFoundation/CoreFoundation.h:28:10: error: could not build module 'wasi_emulated_signal'
26 | #include <setjmp.h>
27 | #endif
28 | #include <signal.h>
| `- error: could not build module 'wasi_emulated_signal'
29 | #include <stddef.h>
30 | #include <stdio.h>
/root/.swiftpm/swift-sdks/swift-6.2-RELEASE_wasm.artifactbundle/swift-6.2-RELEASE_wasm/wasm32-unknown-wasip1/swift.xctoolchain/usr/lib/swift_static/CoreFoundation/ForSwiftFoundationOnly.h:86:10: note: while building module 'wasi_emulated_mman' imported from /root/.swiftpm/swift-sdks/swift-6.2-RELEASE_wasm.artifactbundle/swift-6.2-RELEASE_wasm/wasm32-unknown-wasip1/swift.xctoolchain/usr/lib/swift_static/CoreFoundation/ForSwiftFoundationOnly.h:86:
84 | #undef _WASI_EMULATED_MMAN
85 | #define _WASI_EMULATED_MMAN
86 | #include <sys/mman.h>
| `- note: while building module 'wasi_emulated_mman' imported from /root/.swiftpm/swift-sdks/swift-6.2-RELEASE_wasm.artifactbundle/swift-6.2-RELEASE_wasm/wasm32-unknown-wasip1/swift.xctoolchain/usr/lib/swift_static/CoreFoundation/ForSwiftFoundationOnly.h:86:
87 | #elif TARGET_OS_LINUX
88 | #include <errno.h>
<module-includes>:1:10: note: in file included from <module-includes>:1:
1 | #include "sys/mman.h"
| `- note: in file included from <module-includes>:1:
2 |
/root/.swiftpm/swift-sdks/swift-6.2-RELEASE_wasm.artifactbundle/swift-6.2-RELEASE_wasm/wasm32-unknown-wasip1/WASI.sdk/include/wasm32-wasip1/sys/mman.h:2:2: error: "WASI lacks a true mmap; to enable minimal mmap emulation, compile with -D_WASI_EMULATED_MMAN and link with -lwasi-emulated-mman"
1 | #ifndef _WASI_EMULATED_MMAN
2 | #error "WASI lacks a true mmap; to enable minimal mmap emulation, \
| `- error: "WASI lacks a true mmap; to enable minimal mmap emulation, compile with -D_WASI_EMULATED_MMAN and link with -lwasi-emulated-mman"
3 | compile with -D_WASI_EMULATED_MMAN and link with -lwasi-emulated-mman"
4 | #else
/host/spi-builder-workspace/.build/checkouts/swift-openapi-runtime/Sources/OpenAPIRuntime/Base/OpenAPIValue.swift:22:8: error: could not build C module 'CoreFoundation'
20 |
21 | #if canImport(CoreFoundation) && (FullFoundation || canImport(Darwin))
22 | import CoreFoundation
| `- error: could not build C module 'CoreFoundation'
23 | #endif
24 |
[212/292] Compiling OpenAPIRuntime URIDecoder.swift
/root/.swiftpm/swift-sdks/swift-6.2-RELEASE_wasm.artifactbundle/swift-6.2-RELEASE_wasm/wasm32-unknown-wasip1/swift.xctoolchain/usr/lib/swift_static/CoreFoundation/CoreFoundation.h:28:10: note: while building module 'wasi_emulated_signal' imported from /root/.swiftpm/swift-sdks/swift-6.2-RELEASE_wasm.artifactbundle/swift-6.2-RELEASE_wasm/wasm32-unknown-wasip1/swift.xctoolchain/usr/lib/swift_static/CoreFoundation/CoreFoundation.h:28:
26 | #include <setjmp.h>
27 | #endif
28 | #include <signal.h>
| `- note: while building module 'wasi_emulated_signal' imported from /root/.swiftpm/swift-sdks/swift-6.2-RELEASE_wasm.artifactbundle/swift-6.2-RELEASE_wasm/wasm32-unknown-wasip1/swift.xctoolchain/usr/lib/swift_static/CoreFoundation/CoreFoundation.h:28:
29 | #include <stddef.h>
30 | #include <stdio.h>
<module-includes>:1:10: note: in file included from <module-includes>:1:
1 | #include "signal.h"
| `- note: in file included from <module-includes>:1:
2 |
/root/.swiftpm/swift-sdks/swift-6.2-RELEASE_wasm.artifactbundle/swift-6.2-RELEASE_wasm/wasm32-unknown-wasip1/WASI.sdk/include/wasm32-wasip1/signal.h:2:2: error: "wasm lacks signal support; to enable minimal signal emulation, compile with -D_WASI_EMULATED_SIGNAL and link with -lwasi-emulated-signal"
1 | #ifndef _WASI_EMULATED_SIGNAL
2 | #error "wasm lacks signal support; to enable minimal signal emulation, \
| `- error: "wasm lacks signal support; to enable minimal signal emulation, compile with -D_WASI_EMULATED_SIGNAL and link with -lwasi-emulated-signal"
3 | compile with -D_WASI_EMULATED_SIGNAL and link with -lwasi-emulated-signal"
4 | #else
<module-includes>:1:10: note: in file included from <module-includes>:1:
1 | #include "CoreFoundation.h"
| `- note: in file included from <module-includes>:1:
2 |
/root/.swiftpm/swift-sdks/swift-6.2-RELEASE_wasm.artifactbundle/swift-6.2-RELEASE_wasm/wasm32-unknown-wasip1/swift.xctoolchain/usr/lib/swift_static/CoreFoundation/CoreFoundation.h:28:10: error: could not build module 'wasi_emulated_signal'
26 | #include <setjmp.h>
27 | #endif
28 | #include <signal.h>
| `- error: could not build module 'wasi_emulated_signal'
29 | #include <stddef.h>
30 | #include <stdio.h>
/root/.swiftpm/swift-sdks/swift-6.2-RELEASE_wasm.artifactbundle/swift-6.2-RELEASE_wasm/wasm32-unknown-wasip1/swift.xctoolchain/usr/lib/swift_static/CoreFoundation/ForSwiftFoundationOnly.h:86:10: note: while building module 'wasi_emulated_mman' imported from /root/.swiftpm/swift-sdks/swift-6.2-RELEASE_wasm.artifactbundle/swift-6.2-RELEASE_wasm/wasm32-unknown-wasip1/swift.xctoolchain/usr/lib/swift_static/CoreFoundation/ForSwiftFoundationOnly.h:86:
84 | #undef _WASI_EMULATED_MMAN
85 | #define _WASI_EMULATED_MMAN
86 | #include <sys/mman.h>
| `- note: while building module 'wasi_emulated_mman' imported from /root/.swiftpm/swift-sdks/swift-6.2-RELEASE_wasm.artifactbundle/swift-6.2-RELEASE_wasm/wasm32-unknown-wasip1/swift.xctoolchain/usr/lib/swift_static/CoreFoundation/ForSwiftFoundationOnly.h:86:
87 | #elif TARGET_OS_LINUX
88 | #include <errno.h>
<module-includes>:1:10: note: in file included from <module-includes>:1:
1 | #include "sys/mman.h"
| `- note: in file included from <module-includes>:1:
2 |
/root/.swiftpm/swift-sdks/swift-6.2-RELEASE_wasm.artifactbundle/swift-6.2-RELEASE_wasm/wasm32-unknown-wasip1/WASI.sdk/include/wasm32-wasip1/sys/mman.h:2:2: error: "WASI lacks a true mmap; to enable minimal mmap emulation, compile with -D_WASI_EMULATED_MMAN and link with -lwasi-emulated-mman"
1 | #ifndef _WASI_EMULATED_MMAN
2 | #error "WASI lacks a true mmap; to enable minimal mmap emulation, \
| `- error: "WASI lacks a true mmap; to enable minimal mmap emulation, compile with -D_WASI_EMULATED_MMAN and link with -lwasi-emulated-mman"
3 | compile with -D_WASI_EMULATED_MMAN and link with -lwasi-emulated-mman"
4 | #else
/host/spi-builder-workspace/.build/checkouts/swift-openapi-runtime/Sources/OpenAPIRuntime/Base/OpenAPIValue.swift:22:8: error: could not build C module 'CoreFoundation'
20 |
21 | #if canImport(CoreFoundation) && (FullFoundation || canImport(Darwin))
22 | import CoreFoundation
| `- error: could not build C module 'CoreFoundation'
23 | #endif
24 |
[213/292] Compiling OpenAPIRuntime URIValueFromNodeDecoder+Keyed.swift
/root/.swiftpm/swift-sdks/swift-6.2-RELEASE_wasm.artifactbundle/swift-6.2-RELEASE_wasm/wasm32-unknown-wasip1/swift.xctoolchain/usr/lib/swift_static/CoreFoundation/CoreFoundation.h:28:10: note: while building module 'wasi_emulated_signal' imported from /root/.swiftpm/swift-sdks/swift-6.2-RELEASE_wasm.artifactbundle/swift-6.2-RELEASE_wasm/wasm32-unknown-wasip1/swift.xctoolchain/usr/lib/swift_static/CoreFoundation/CoreFoundation.h:28:
26 | #include <setjmp.h>
27 | #endif
28 | #include <signal.h>
| `- note: while building module 'wasi_emulated_signal' imported from /root/.swiftpm/swift-sdks/swift-6.2-RELEASE_wasm.artifactbundle/swift-6.2-RELEASE_wasm/wasm32-unknown-wasip1/swift.xctoolchain/usr/lib/swift_static/CoreFoundation/CoreFoundation.h:28:
29 | #include <stddef.h>
30 | #include <stdio.h>
<module-includes>:1:10: note: in file included from <module-includes>:1:
1 | #include "signal.h"
| `- note: in file included from <module-includes>:1:
2 |
/root/.swiftpm/swift-sdks/swift-6.2-RELEASE_wasm.artifactbundle/swift-6.2-RELEASE_wasm/wasm32-unknown-wasip1/WASI.sdk/include/wasm32-wasip1/signal.h:2:2: error: "wasm lacks signal support; to enable minimal signal emulation, compile with -D_WASI_EMULATED_SIGNAL and link with -lwasi-emulated-signal"
1 | #ifndef _WASI_EMULATED_SIGNAL
2 | #error "wasm lacks signal support; to enable minimal signal emulation, \
| `- error: "wasm lacks signal support; to enable minimal signal emulation, compile with -D_WASI_EMULATED_SIGNAL and link with -lwasi-emulated-signal"
3 | compile with -D_WASI_EMULATED_SIGNAL and link with -lwasi-emulated-signal"
4 | #else
<module-includes>:1:10: note: in file included from <module-includes>:1:
1 | #include "CoreFoundation.h"
| `- note: in file included from <module-includes>:1:
2 |
/root/.swiftpm/swift-sdks/swift-6.2-RELEASE_wasm.artifactbundle/swift-6.2-RELEASE_wasm/wasm32-unknown-wasip1/swift.xctoolchain/usr/lib/swift_static/CoreFoundation/CoreFoundation.h:28:10: error: could not build module 'wasi_emulated_signal'
26 | #include <setjmp.h>
27 | #endif
28 | #include <signal.h>
| `- error: could not build module 'wasi_emulated_signal'
29 | #include <stddef.h>
30 | #include <stdio.h>
/root/.swiftpm/swift-sdks/swift-6.2-RELEASE_wasm.artifactbundle/swift-6.2-RELEASE_wasm/wasm32-unknown-wasip1/swift.xctoolchain/usr/lib/swift_static/CoreFoundation/ForSwiftFoundationOnly.h:86:10: note: while building module 'wasi_emulated_mman' imported from /root/.swiftpm/swift-sdks/swift-6.2-RELEASE_wasm.artifactbundle/swift-6.2-RELEASE_wasm/wasm32-unknown-wasip1/swift.xctoolchain/usr/lib/swift_static/CoreFoundation/ForSwiftFoundationOnly.h:86:
84 | #undef _WASI_EMULATED_MMAN
85 | #define _WASI_EMULATED_MMAN
86 | #include <sys/mman.h>
| `- note: while building module 'wasi_emulated_mman' imported from /root/.swiftpm/swift-sdks/swift-6.2-RELEASE_wasm.artifactbundle/swift-6.2-RELEASE_wasm/wasm32-unknown-wasip1/swift.xctoolchain/usr/lib/swift_static/CoreFoundation/ForSwiftFoundationOnly.h:86:
87 | #elif TARGET_OS_LINUX
88 | #include <errno.h>
<module-includes>:1:10: note: in file included from <module-includes>:1:
1 | #include "sys/mman.h"
| `- note: in file included from <module-includes>:1:
2 |
/root/.swiftpm/swift-sdks/swift-6.2-RELEASE_wasm.artifactbundle/swift-6.2-RELEASE_wasm/wasm32-unknown-wasip1/WASI.sdk/include/wasm32-wasip1/sys/mman.h:2:2: error: "WASI lacks a true mmap; to enable minimal mmap emulation, compile with -D_WASI_EMULATED_MMAN and link with -lwasi-emulated-mman"
1 | #ifndef _WASI_EMULATED_MMAN
2 | #error "WASI lacks a true mmap; to enable minimal mmap emulation, \
| `- error: "WASI lacks a true mmap; to enable minimal mmap emulation, compile with -D_WASI_EMULATED_MMAN and link with -lwasi-emulated-mman"
3 | compile with -D_WASI_EMULATED_MMAN and link with -lwasi-emulated-mman"
4 | #else
/host/spi-builder-workspace/.build/checkouts/swift-openapi-runtime/Sources/OpenAPIRuntime/Base/OpenAPIValue.swift:22:8: error: could not build C module 'CoreFoundation'
20 |
21 | #if canImport(CoreFoundation) && (FullFoundation || canImport(Darwin))
22 | import CoreFoundation
| `- error: could not build C module 'CoreFoundation'
23 | #endif
24 |
[214/292] Compiling OpenAPIRuntime URIValueFromNodeDecoder+Single.swift
/root/.swiftpm/swift-sdks/swift-6.2-RELEASE_wasm.artifactbundle/swift-6.2-RELEASE_wasm/wasm32-unknown-wasip1/swift.xctoolchain/usr/lib/swift_static/CoreFoundation/CoreFoundation.h:28:10: note: while building module 'wasi_emulated_signal' imported from /root/.swiftpm/swift-sdks/swift-6.2-RELEASE_wasm.artifactbundle/swift-6.2-RELEASE_wasm/wasm32-unknown-wasip1/swift.xctoolchain/usr/lib/swift_static/CoreFoundation/CoreFoundation.h:28:
26 | #include <setjmp.h>
27 | #endif
28 | #include <signal.h>
| `- note: while building module 'wasi_emulated_signal' imported from /root/.swiftpm/swift-sdks/swift-6.2-RELEASE_wasm.artifactbundle/swift-6.2-RELEASE_wasm/wasm32-unknown-wasip1/swift.xctoolchain/usr/lib/swift_static/CoreFoundation/CoreFoundation.h:28:
29 | #include <stddef.h>
30 | #include <stdio.h>
<module-includes>:1:10: note: in file included from <module-includes>:1:
1 | #include "signal.h"
| `- note: in file included from <module-includes>:1:
2 |
/root/.swiftpm/swift-sdks/swift-6.2-RELEASE_wasm.artifactbundle/swift-6.2-RELEASE_wasm/wasm32-unknown-wasip1/WASI.sdk/include/wasm32-wasip1/signal.h:2:2: error: "wasm lacks signal support; to enable minimal signal emulation, compile with -D_WASI_EMULATED_SIGNAL and link with -lwasi-emulated-signal"
1 | #ifndef _WASI_EMULATED_SIGNAL
2 | #error "wasm lacks signal support; to enable minimal signal emulation, \
| `- error: "wasm lacks signal support; to enable minimal signal emulation, compile with -D_WASI_EMULATED_SIGNAL and link with -lwasi-emulated-signal"
3 | compile with -D_WASI_EMULATED_SIGNAL and link with -lwasi-emulated-signal"
4 | #else
<module-includes>:1:10: note: in file included from <module-includes>:1:
1 | #include "CoreFoundation.h"
| `- note: in file included from <module-includes>:1:
2 |
/root/.swiftpm/swift-sdks/swift-6.2-RELEASE_wasm.artifactbundle/swift-6.2-RELEASE_wasm/wasm32-unknown-wasip1/swift.xctoolchain/usr/lib/swift_static/CoreFoundation/CoreFoundation.h:28:10: error: could not build module 'wasi_emulated_signal'
26 | #include <setjmp.h>
27 | #endif
28 | #include <signal.h>
| `- error: could not build module 'wasi_emulated_signal'
29 | #include <stddef.h>
30 | #include <stdio.h>
/root/.swiftpm/swift-sdks/swift-6.2-RELEASE_wasm.artifactbundle/swift-6.2-RELEASE_wasm/wasm32-unknown-wasip1/swift.xctoolchain/usr/lib/swift_static/CoreFoundation/ForSwiftFoundationOnly.h:86:10: note: while building module 'wasi_emulated_mman' imported from /root/.swiftpm/swift-sdks/swift-6.2-RELEASE_wasm.artifactbundle/swift-6.2-RELEASE_wasm/wasm32-unknown-wasip1/swift.xctoolchain/usr/lib/swift_static/CoreFoundation/ForSwiftFoundationOnly.h:86:
84 | #undef _WASI_EMULATED_MMAN
85 | #define _WASI_EMULATED_MMAN
86 | #include <sys/mman.h>
| `- note: while building module 'wasi_emulated_mman' imported from /root/.swiftpm/swift-sdks/swift-6.2-RELEASE_wasm.artifactbundle/swift-6.2-RELEASE_wasm/wasm32-unknown-wasip1/swift.xctoolchain/usr/lib/swift_static/CoreFoundation/ForSwiftFoundationOnly.h:86:
87 | #elif TARGET_OS_LINUX
88 | #include <errno.h>
<module-includes>:1:10: note: in file included from <module-includes>:1:
1 | #include "sys/mman.h"
| `- note: in file included from <module-includes>:1:
2 |
/root/.swiftpm/swift-sdks/swift-6.2-RELEASE_wasm.artifactbundle/swift-6.2-RELEASE_wasm/wasm32-unknown-wasip1/WASI.sdk/include/wasm32-wasip1/sys/mman.h:2:2: error: "WASI lacks a true mmap; to enable minimal mmap emulation, compile with -D_WASI_EMULATED_MMAN and link with -lwasi-emulated-mman"
1 | #ifndef _WASI_EMULATED_MMAN
2 | #error "WASI lacks a true mmap; to enable minimal mmap emulation, \
| `- error: "WASI lacks a true mmap; to enable minimal mmap emulation, compile with -D_WASI_EMULATED_MMAN and link with -lwasi-emulated-mman"
3 | compile with -D_WASI_EMULATED_MMAN and link with -lwasi-emulated-mman"
4 | #else
/host/spi-builder-workspace/.build/checkouts/swift-openapi-runtime/Sources/OpenAPIRuntime/Base/OpenAPIValue.swift:22:8: error: could not build C module 'CoreFoundation'
20 |
21 | #if canImport(CoreFoundation) && (FullFoundation || canImport(Darwin))
22 | import CoreFoundation
| `- error: could not build C module 'CoreFoundation'
23 | #endif
24 |
[215/292] Compiling OpenAPIRuntime URIValueFromNodeDecoder+Unkeyed.swift
/root/.swiftpm/swift-sdks/swift-6.2-RELEASE_wasm.artifactbundle/swift-6.2-RELEASE_wasm/wasm32-unknown-wasip1/swift.xctoolchain/usr/lib/swift_static/CoreFoundation/CoreFoundation.h:28:10: note: while building module 'wasi_emulated_signal' imported from /root/.swiftpm/swift-sdks/swift-6.2-RELEASE_wasm.artifactbundle/swift-6.2-RELEASE_wasm/wasm32-unknown-wasip1/swift.xctoolchain/usr/lib/swift_static/CoreFoundation/CoreFoundation.h:28:
26 | #include <setjmp.h>
27 | #endif
28 | #include <signal.h>
| `- note: while building module 'wasi_emulated_signal' imported from /root/.swiftpm/swift-sdks/swift-6.2-RELEASE_wasm.artifactbundle/swift-6.2-RELEASE_wasm/wasm32-unknown-wasip1/swift.xctoolchain/usr/lib/swift_static/CoreFoundation/CoreFoundation.h:28:
29 | #include <stddef.h>
30 | #include <stdio.h>
<module-includes>:1:10: note: in file included from <module-includes>:1:
1 | #include "signal.h"
| `- note: in file included from <module-includes>:1:
2 |
/root/.swiftpm/swift-sdks/swift-6.2-RELEASE_wasm.artifactbundle/swift-6.2-RELEASE_wasm/wasm32-unknown-wasip1/WASI.sdk/include/wasm32-wasip1/signal.h:2:2: error: "wasm lacks signal support; to enable minimal signal emulation, compile with -D_WASI_EMULATED_SIGNAL and link with -lwasi-emulated-signal"
1 | #ifndef _WASI_EMULATED_SIGNAL
2 | #error "wasm lacks signal support; to enable minimal signal emulation, \
| `- error: "wasm lacks signal support; to enable minimal signal emulation, compile with -D_WASI_EMULATED_SIGNAL and link with -lwasi-emulated-signal"
3 | compile with -D_WASI_EMULATED_SIGNAL and link with -lwasi-emulated-signal"
4 | #else
<module-includes>:1:10: note: in file included from <module-includes>:1:
1 | #include "CoreFoundation.h"
| `- note: in file included from <module-includes>:1:
2 |
/root/.swiftpm/swift-sdks/swift-6.2-RELEASE_wasm.artifactbundle/swift-6.2-RELEASE_wasm/wasm32-unknown-wasip1/swift.xctoolchain/usr/lib/swift_static/CoreFoundation/CoreFoundation.h:28:10: error: could not build module 'wasi_emulated_signal'
26 | #include <setjmp.h>
27 | #endif
28 | #include <signal.h>
| `- error: could not build module 'wasi_emulated_signal'
29 | #include <stddef.h>
30 | #include <stdio.h>
/root/.swiftpm/swift-sdks/swift-6.2-RELEASE_wasm.artifactbundle/swift-6.2-RELEASE_wasm/wasm32-unknown-wasip1/swift.xctoolchain/usr/lib/swift_static/CoreFoundation/ForSwiftFoundationOnly.h:86:10: note: while building module 'wasi_emulated_mman' imported from /root/.swiftpm/swift-sdks/swift-6.2-RELEASE_wasm.artifactbundle/swift-6.2-RELEASE_wasm/wasm32-unknown-wasip1/swift.xctoolchain/usr/lib/swift_static/CoreFoundation/ForSwiftFoundationOnly.h:86:
84 | #undef _WASI_EMULATED_MMAN
85 | #define _WASI_EMULATED_MMAN
86 | #include <sys/mman.h>
| `- note: while building module 'wasi_emulated_mman' imported from /root/.swiftpm/swift-sdks/swift-6.2-RELEASE_wasm.artifactbundle/swift-6.2-RELEASE_wasm/wasm32-unknown-wasip1/swift.xctoolchain/usr/lib/swift_static/CoreFoundation/ForSwiftFoundationOnly.h:86:
87 | #elif TARGET_OS_LINUX
88 | #include <errno.h>
<module-includes>:1:10: note: in file included from <module-includes>:1:
1 | #include "sys/mman.h"
| `- note: in file included from <module-includes>:1:
2 |
/root/.swiftpm/swift-sdks/swift-6.2-RELEASE_wasm.artifactbundle/swift-6.2-RELEASE_wasm/wasm32-unknown-wasip1/WASI.sdk/include/wasm32-wasip1/sys/mman.h:2:2: error: "WASI lacks a true mmap; to enable minimal mmap emulation, compile with -D_WASI_EMULATED_MMAN and link with -lwasi-emulated-mman"
1 | #ifndef _WASI_EMULATED_MMAN
2 | #error "WASI lacks a true mmap; to enable minimal mmap emulation, \
| `- error: "WASI lacks a true mmap; to enable minimal mmap emulation, compile with -D_WASI_EMULATED_MMAN and link with -lwasi-emulated-mman"
3 | compile with -D_WASI_EMULATED_MMAN and link with -lwasi-emulated-mman"
4 | #else
/host/spi-builder-workspace/.build/checkouts/swift-openapi-runtime/Sources/OpenAPIRuntime/Base/OpenAPIValue.swift:22:8: error: could not build C module 'CoreFoundation'
20 |
21 | #if canImport(CoreFoundation) && (FullFoundation || canImport(Darwin))
22 | import CoreFoundation
| `- error: could not build C module 'CoreFoundation'
23 | #endif
24 |
/host/spi-builder-workspace/.build/checkouts/Starscream/Sources/Compression/WSCompression.swift:30:8: error: no such module 'zlib'
28 |
29 | import Foundation
30 | import zlib
| `- error: no such module 'zlib'
31 |
32 | public class WSCompression: CompressionHandler {
/host/spi-builder-workspace/.build/checkouts/Starscream/Sources/Compression/WSCompression.swift:30:8: error: no such module 'zlib'
28 |
29 | import Foundation
30 | import zlib
| `- error: no such module 'zlib'
31 |
32 | public class WSCompression: CompressionHandler {
/host/spi-builder-workspace/.build/checkouts/Starscream/Sources/Compression/WSCompression.swift:30:8: error: no such module 'zlib'
28 |
29 | import Foundation
30 | import zlib
| `- error: no such module 'zlib'
31 |
32 | public class WSCompression: CompressionHandler {
error: emit-module command failed with exit code 1 (use -v to see invocation)
[219/300] Emitting module Starscream
/host/spi-builder-workspace/.build/checkouts/Starscream/Sources/Compression/WSCompression.swift:30:8: error: no such module 'zlib'
28 |
29 | import Foundation
30 | import zlib
| `- error: no such module 'zlib'
31 |
32 | public class WSCompression: CompressionHandler {
BUILD FAILURE 6.2 wasm