Build Information
Failed to build PulsrMarkdown, reference main (8d840e), with Swift 6.4 for watchOS using Xcode 27.0 on 17 Sep 2026 18:52:03 UTC.
Build Command
env DEVELOPER_DIR=/Applications/Xcode-27.0.0-Release.Candidate.app xcrun xcodebuild -IDEClonedSourcePackagesDirPathOverride=$PWD/.dependencies -skipMacroValidation -skipPackagePluginValidation -derivedDataPath $PWD/.derivedData build -scheme PulsrMarkdown-Package -destination generic/platform=watchOSBuild Log
========================================
RunAll
========================================
Builder version: 5.1.0
Interrupt handler set up.
========================================
Checkout
========================================
Clone URL: https://github.com/Snowy1803/PulsrMarkdown.git
Reference: main
Initialized empty Git repository in /Users/admin/builder/spi-builder-workspace/.git/
From https://github.com/Snowy1803/PulsrMarkdown
* branch main -> FETCH_HEAD
* [new branch] main -> origin/main
HEAD is now at 8d840e6 Update README, add LICENSE, add documentation
Cloned https://github.com/Snowy1803/PulsrMarkdown.git
Revision (git rev-parse @):
8d840e66c9ead1c430abd1113393d10f6b2343ee
SUCCESS checkout https://github.com/Snowy1803/PulsrMarkdown.git at main
========================================
Build
========================================
Selected platform: watchOS
Swift version: 6.4
Building package at path: $PWD
https://github.com/Snowy1803/PulsrMarkdown.git
Command line invocation:
/Applications/Xcode-27.0.0-Release.Candidate.app/Contents/Developer/usr/bin/xcodebuild -IDEClonedSourcePackagesDirPathOverride=/Users/admin/builder/spi-builder-workspace/.dependencies -resolvePackageDependencies
Resolve Package Graph
Resolve Package Graph
Resolved source packages:
PulsrMarkdown: /Users/admin/builder/spi-builder-workspace
resolved source packages: PulsrMarkdown
2026-09-17 14:51:15.479 xcodebuild[529:3034] [MT] IDERunDestination: Supported platforms for the buildables in the current scheme is empty.
{
"dependencies" : [
],
"manifest_display_name" : "PulsrMarkdown",
"name" : "PulsrMarkdown",
"path" : "/Users/admin/builder/spi-builder-workspace",
"platforms" : [
{
"name" : "ios",
"version" : "13.0"
},
{
"name" : "watchos",
"version" : "6.0"
}
],
"products" : [
{
"name" : "PulsrMarkdown",
"targets" : [
"PulsrMarkdown"
],
"type" : {
"library" : [
"automatic"
]
}
},
{
"name" : "PulsrMarkdownViews",
"targets" : [
"PulsrMarkdownViews"
],
"type" : {
"library" : [
"automatic"
]
}
}
],
"targets" : [
{
"c99name" : "PulsrMarkdownViews",
"module_type" : "SwiftTarget",
"name" : "PulsrMarkdownViews",
"path" : "Sources/PulsrMarkdownViews",
"product_memberships" : [
"PulsrMarkdownViews"
],
"sources" : [
"MarkdownEditorView.swift",
"MarkdownRenderedTextView.swift",
"MarkdownView.swift"
],
"target_dependencies" : [
"PulsrMarkdown"
],
"type" : "library"
},
{
"c99name" : "PulsrMarkdownTests",
"module_type" : "SwiftTarget",
"name" : "PulsrMarkdownTests",
"path" : "Tests/PulsrMarkdownTests",
"sources" : [
"PulsrMarkdownTests.swift"
],
"target_dependencies" : [
"PulsrMarkdown"
],
"type" : "test"
},
{
"c99name" : "PulsrMarkdown",
"module_type" : "SwiftTarget",
"name" : "PulsrMarkdown",
"path" : "Sources/PulsrMarkdown",
"product_memberships" : [
"PulsrMarkdown",
"PulsrMarkdownViews"
],
"sources" : [
"MarkdownGenerator.swift",
"MarkdownRule.swift",
"UIColor+watchOS.swift"
],
"type" : "library"
}
],
"tools_version" : "5.3"
}
{
"workspace" : {
"name" : "PulsrMarkdown",
"schemes" : [
"PulsrMarkdown",
"PulsrMarkdown-Package",
"PulsrMarkdownViews"
]
}
}
2026-09-17 14:51:51.071 xcodebuild[626:3948] [MT] IDERunDestination: Supported platforms for the buildables in the current scheme is empty.
Running build ...
env DEVELOPER_DIR=/Applications/Xcode-27.0.0-Release.Candidate.app xcrun xcodebuild -IDEClonedSourcePackagesDirPathOverride=$PWD/.dependencies -skipMacroValidation -skipPackagePluginValidation -derivedDataPath $PWD/.derivedData build -scheme PulsrMarkdown-Package -destination generic/platform=watchOS
Command line invocation:
/Applications/Xcode-27.0.0-Release.Candidate.app/Contents/Developer/usr/bin/xcodebuild -IDEClonedSourcePackagesDirPathOverride=/Users/admin/builder/spi-builder-workspace/.dependencies -skipMacroValidation -skipPackagePluginValidation -derivedDataPath /Users/admin/builder/spi-builder-workspace/.derivedData build -scheme PulsrMarkdown-Package -destination generic/platform=watchOS
Resolve Package Graph
Resolved source packages:
PulsrMarkdown: /Users/admin/builder/spi-builder-workspace
ComputePackagePrebuildTargetDependencyGraph
Prepare packages
CreateBuildRequest
SendProjectDescription
CreateBuildOperation
ComputeTargetDependencyGraph
note: Building targets in dependency order
note: Target dependency graph (4 targets)
Target 'PulsrMarkdownViews-product' in project 'PulsrMarkdown'
➜ Explicit dependency on target 'PulsrMarkdownViews' in project 'PulsrMarkdown'
➜ Explicit dependency on target 'PulsrMarkdown' in project 'PulsrMarkdown'
Target 'PulsrMarkdownViews' in project 'PulsrMarkdown'
➜ Explicit dependency on target 'PulsrMarkdown' in project 'PulsrMarkdown'
Target 'PulsrMarkdown-product' in project 'PulsrMarkdown'
➜ Explicit dependency on target 'PulsrMarkdown' in project 'PulsrMarkdown'
Target 'PulsrMarkdown' in project 'PulsrMarkdown' (no dependencies)
GatherProvisioningInputs
CreateBuildDescription
ExecuteExternalTool /Applications/Xcode-27.0.0-Release.Candidate.app/Contents/Developer/Toolchains/XcodeDefault.xctoolchain/usr/bin/clang -v -E -dM -isysroot /Applications/Xcode-27.0.0-Release.Candidate.app/Contents/Developer/Platforms/WatchOS.platform/Developer/SDKs/WatchOS27.0.sdk -x c -c /dev/null
ExecuteExternalTool /Applications/Xcode-27.0.0-Release.Candidate.app/Contents/Developer/Toolchains/XcodeDefault.xctoolchain/usr/bin/swiftc --version
ExecuteExternalTool /Applications/Xcode-27.0.0-Release.Candidate.app/Contents/Developer/Toolchains/XcodeDefault.xctoolchain/usr/bin/ld -version_details
Build description signature: 1de159ea1595302fe20bb68de971f0f0
Build description path: /Users/admin/builder/spi-builder-workspace/.derivedData/Build/Intermediates.noindex/XCBuildData/1de159ea1595302fe20bb68de971f0f0.xcbuilddata
CreateBuildDirectory /Users/admin/builder/spi-builder-workspace/.derivedData/SDKExplicitPrecompiledModules
cd /Users/admin/builder/spi-builder-workspace/.swiftpm/xcode
builtin-create-build-directory /Users/admin/builder/spi-builder-workspace/.derivedData/SDKExplicitPrecompiledModules
CreateBuildDirectory /Users/admin/builder/spi-builder-workspace/.derivedData/ModuleCache.noindex
cd /Users/admin/builder/spi-builder-workspace/.swiftpm/xcode
builtin-create-build-directory /Users/admin/builder/spi-builder-workspace/.derivedData/ModuleCache.noindex
CreateBuildDirectory /Users/admin/builder/spi-builder-workspace/.derivedData/CompilationCache.noindex
cd /Users/admin/builder/spi-builder-workspace/.swiftpm/xcode
builtin-create-build-directory /Users/admin/builder/spi-builder-workspace/.derivedData/CompilationCache.noindex
CreateBuildDirectory /Users/admin/builder/spi-builder-workspace/.derivedData/Build/Intermediates.noindex
cd /Users/admin/builder/spi-builder-workspace/.swiftpm/xcode
builtin-create-build-directory /Users/admin/builder/spi-builder-workspace/.derivedData/Build/Intermediates.noindex
ClangStatCache /Applications/Xcode-27.0.0-Release.Candidate.app/Contents/Developer/Toolchains/XcodeDefault.xctoolchain/usr/bin/clang-stat-cache /Applications/Xcode-27.0.0-Release.Candidate.app/Contents/Developer/Platforms/WatchOS.platform/Developer/SDKs/WatchOS27.0.sdk /Users/admin/builder/spi-builder-workspace/.derivedData/SDKStatCaches.noindex/watchos27.0-24R360-e829b21a6f8c9b70876ba0858053c04477534ef55a1706bf4c1112bbb242f0a2.sdkstatcache
cd /Users/admin/builder/spi-builder-workspace/.swiftpm/xcode
/Applications/Xcode-27.0.0-Release.Candidate.app/Contents/Developer/Toolchains/XcodeDefault.xctoolchain/usr/bin/clang-stat-cache /Applications/Xcode-27.0.0-Release.Candidate.app/Contents/Developer/Platforms/WatchOS.platform/Developer/SDKs/WatchOS27.0.sdk -o /Users/admin/builder/spi-builder-workspace/.derivedData/SDKStatCaches.noindex/watchos27.0-24R360-e829b21a6f8c9b70876ba0858053c04477534ef55a1706bf4c1112bbb242f0a2.sdkstatcache
CreateBuildDirectory /Users/admin/builder/spi-builder-workspace/.derivedData/Build/Products
cd /Users/admin/builder/spi-builder-workspace/.swiftpm/xcode
builtin-create-build-directory /Users/admin/builder/spi-builder-workspace/.derivedData/Build/Products
CreateBuildDirectory /Users/admin/builder/spi-builder-workspace/.derivedData/Build/Intermediates.noindex/SwiftExplicitPrecompiledModules
cd /Users/admin/builder/spi-builder-workspace/.swiftpm/xcode
builtin-create-build-directory /Users/admin/builder/spi-builder-workspace/.derivedData/Build/Intermediates.noindex/SwiftExplicitPrecompiledModules
CreateBuildDirectory /Users/admin/builder/spi-builder-workspace/.derivedData/Build/Intermediates.noindex/PrecompiledHeaders
cd /Users/admin/builder/spi-builder-workspace/.swiftpm/xcode
builtin-create-build-directory /Users/admin/builder/spi-builder-workspace/.derivedData/Build/Intermediates.noindex/PrecompiledHeaders
CreateBuildDirectory /Users/admin/builder/spi-builder-workspace/.derivedData/Build/Intermediates.noindex/ExplicitPrecompiledModules
cd /Users/admin/builder/spi-builder-workspace/.swiftpm/xcode
builtin-create-build-directory /Users/admin/builder/spi-builder-workspace/.derivedData/Build/Intermediates.noindex/ExplicitPrecompiledModules
CreateBuildDirectory /Users/admin/builder/spi-builder-workspace/.derivedData/Build/Intermediates.noindex/EagerLinkingTBDs/Debug-watchos
cd /Users/admin/builder/spi-builder-workspace/.swiftpm/xcode
builtin-create-build-directory /Users/admin/builder/spi-builder-workspace/.derivedData/Build/Intermediates.noindex/EagerLinkingTBDs/Debug-watchos
CreateBuildDirectory /Users/admin/builder/spi-builder-workspace/.derivedData/Build/Products/Debug-watchos
cd /Users/admin/builder/spi-builder-workspace/.swiftpm/xcode
builtin-create-build-directory /Users/admin/builder/spi-builder-workspace/.derivedData/Build/Products/Debug-watchos
CreateBuildDirectory /Users/admin/builder/spi-builder-workspace/.derivedData/Build/Products/Debug-watchos/PackageFrameworks
cd /Users/admin/builder/spi-builder-workspace/.swiftpm/xcode
builtin-create-build-directory /Users/admin/builder/spi-builder-workspace/.derivedData/Build/Products/Debug-watchos/PackageFrameworks
WriteAuxiliaryFile /Users/admin/builder/spi-builder-workspace/.derivedData/Build/Intermediates.noindex/PulsrMarkdown.build/Debug-watchos/PulsrMarkdown-t.build/PulsrMarkdown.modulemap (in target 'PulsrMarkdown' from project 'PulsrMarkdown')
cd /Users/admin/builder/spi-builder-workspace
write-file /Users/admin/builder/spi-builder-workspace/.derivedData/Build/Intermediates.noindex/PulsrMarkdown.build/Debug-watchos/PulsrMarkdown-t.build/PulsrMarkdown.modulemap
WriteAuxiliaryFile /Users/admin/builder/spi-builder-workspace/.derivedData/Build/Intermediates.noindex/PulsrMarkdown.build/Debug-watchos/PulsrMarkdownViews-t.build/PulsrMarkdownViews.modulemap (in target 'PulsrMarkdownViews' from project 'PulsrMarkdown')
cd /Users/admin/builder/spi-builder-workspace
write-file /Users/admin/builder/spi-builder-workspace/.derivedData/Build/Intermediates.noindex/PulsrMarkdown.build/Debug-watchos/PulsrMarkdownViews-t.build/PulsrMarkdownViews.modulemap
WriteAuxiliaryFile /Users/admin/builder/spi-builder-workspace/.derivedData/Build/Intermediates.noindex/PulsrMarkdown.build/Debug-watchos/PulsrMarkdown-t.build/Objects-normal/arm64/PulsrMarkdown-OutputFileMap.json (in target 'PulsrMarkdown' from project 'PulsrMarkdown')
cd /Users/admin/builder/spi-builder-workspace
write-file /Users/admin/builder/spi-builder-workspace/.derivedData/Build/Intermediates.noindex/PulsrMarkdown.build/Debug-watchos/PulsrMarkdown-t.build/Objects-normal/arm64/PulsrMarkdown-OutputFileMap.json
WriteAuxiliaryFile /Users/admin/builder/spi-builder-workspace/.derivedData/Build/Intermediates.noindex/PulsrMarkdown.build/Debug-watchos/PulsrMarkdown-t.build/Objects-normal/arm64_32/PulsrMarkdown_const_extract_protocols.json (in target 'PulsrMarkdown' from project 'PulsrMarkdown')
cd /Users/admin/builder/spi-builder-workspace
write-file /Users/admin/builder/spi-builder-workspace/.derivedData/Build/Intermediates.noindex/PulsrMarkdown.build/Debug-watchos/PulsrMarkdown-t.build/Objects-normal/arm64_32/PulsrMarkdown_const_extract_protocols.json
WriteAuxiliaryFile /Users/admin/builder/spi-builder-workspace/.derivedData/Build/Intermediates.noindex/PulsrMarkdown.build/Debug-watchos/PulsrMarkdown-t.build/Objects-normal/arm64_32/PulsrMarkdown.SwiftConstValuesFileList (in target 'PulsrMarkdown' from project 'PulsrMarkdown')
cd /Users/admin/builder/spi-builder-workspace
write-file /Users/admin/builder/spi-builder-workspace/.derivedData/Build/Intermediates.noindex/PulsrMarkdown.build/Debug-watchos/PulsrMarkdown-t.build/Objects-normal/arm64_32/PulsrMarkdown.SwiftConstValuesFileList
WriteAuxiliaryFile /Users/admin/builder/spi-builder-workspace/.derivedData/Build/Intermediates.noindex/PulsrMarkdown.build/Debug-watchos/PulsrMarkdown-t.build/Objects-normal/arm64_32/PulsrMarkdown.SwiftFileList (in target 'PulsrMarkdown' from project 'PulsrMarkdown')
cd /Users/admin/builder/spi-builder-workspace
write-file /Users/admin/builder/spi-builder-workspace/.derivedData/Build/Intermediates.noindex/PulsrMarkdown.build/Debug-watchos/PulsrMarkdown-t.build/Objects-normal/arm64_32/PulsrMarkdown.SwiftFileList
WriteAuxiliaryFile /Users/admin/builder/spi-builder-workspace/.derivedData/Build/Intermediates.noindex/PulsrMarkdown.build/Debug-watchos/PulsrMarkdown-t.build/Objects-normal/arm64/PulsrMarkdown_const_extract_protocols.json (in target 'PulsrMarkdown' from project 'PulsrMarkdown')
cd /Users/admin/builder/spi-builder-workspace
write-file /Users/admin/builder/spi-builder-workspace/.derivedData/Build/Intermediates.noindex/PulsrMarkdown.build/Debug-watchos/PulsrMarkdown-t.build/Objects-normal/arm64/PulsrMarkdown_const_extract_protocols.json
WriteAuxiliaryFile /Users/admin/builder/spi-builder-workspace/.derivedData/Build/Intermediates.noindex/PulsrMarkdown.build/Debug-watchos/PulsrMarkdown-t.build/Objects-normal/arm64_32/PulsrMarkdown.LinkFileList (in target 'PulsrMarkdown' from project 'PulsrMarkdown')
cd /Users/admin/builder/spi-builder-workspace
write-file /Users/admin/builder/spi-builder-workspace/.derivedData/Build/Intermediates.noindex/PulsrMarkdown.build/Debug-watchos/PulsrMarkdown-t.build/Objects-normal/arm64_32/PulsrMarkdown.LinkFileList
WriteAuxiliaryFile /Users/admin/builder/spi-builder-workspace/.derivedData/Build/Intermediates.noindex/PulsrMarkdown.build/Debug-watchos/PulsrMarkdown-t.build/Objects-normal/arm64_32/PulsrMarkdown-OutputFileMap.json (in target 'PulsrMarkdown' from project 'PulsrMarkdown')
cd /Users/admin/builder/spi-builder-workspace
write-file /Users/admin/builder/spi-builder-workspace/.derivedData/Build/Intermediates.noindex/PulsrMarkdown.build/Debug-watchos/PulsrMarkdown-t.build/Objects-normal/arm64_32/PulsrMarkdown-OutputFileMap.json
WriteAuxiliaryFile /Users/admin/builder/spi-builder-workspace/.derivedData/Build/Intermediates.noindex/PulsrMarkdown.build/Debug-watchos/PulsrMarkdownViews-t.build/PulsrMarkdownViews.DependencyStaticMetadataFileList (in target 'PulsrMarkdownViews' from project 'PulsrMarkdown')
cd /Users/admin/builder/spi-builder-workspace
write-file /Users/admin/builder/spi-builder-workspace/.derivedData/Build/Intermediates.noindex/PulsrMarkdown.build/Debug-watchos/PulsrMarkdownViews-t.build/PulsrMarkdownViews.DependencyStaticMetadataFileList
WriteAuxiliaryFile /Users/admin/builder/spi-builder-workspace/.derivedData/Build/Intermediates.noindex/PulsrMarkdown.build/Debug-watchos/PulsrMarkdownViews-t.build/PulsrMarkdownViews.DependencyMetadataFileList (in target 'PulsrMarkdownViews' from project 'PulsrMarkdown')
cd /Users/admin/builder/spi-builder-workspace
write-file /Users/admin/builder/spi-builder-workspace/.derivedData/Build/Intermediates.noindex/PulsrMarkdown.build/Debug-watchos/PulsrMarkdownViews-t.build/PulsrMarkdownViews.DependencyMetadataFileList
WriteAuxiliaryFile /Users/admin/builder/spi-builder-workspace/.derivedData/Build/Intermediates.noindex/PulsrMarkdown.build/Debug-watchos/PulsrMarkdownViews-t.build/Objects-normal/arm64_32/PulsrMarkdownViews.SwiftConstValuesFileList (in target 'PulsrMarkdownViews' from project 'PulsrMarkdown')
cd /Users/admin/builder/spi-builder-workspace
write-file /Users/admin/builder/spi-builder-workspace/.derivedData/Build/Intermediates.noindex/PulsrMarkdown.build/Debug-watchos/PulsrMarkdownViews-t.build/Objects-normal/arm64_32/PulsrMarkdownViews.SwiftConstValuesFileList
WriteAuxiliaryFile /Users/admin/builder/spi-builder-workspace/.derivedData/Build/Intermediates.noindex/PulsrMarkdown.build/Debug-watchos/PulsrMarkdownViews-t.build/Objects-normal/arm64_32/PulsrMarkdownViews.LinkFileList (in target 'PulsrMarkdownViews' from project 'PulsrMarkdown')
cd /Users/admin/builder/spi-builder-workspace
write-file /Users/admin/builder/spi-builder-workspace/.derivedData/Build/Intermediates.noindex/PulsrMarkdown.build/Debug-watchos/PulsrMarkdownViews-t.build/Objects-normal/arm64_32/PulsrMarkdownViews.LinkFileList
WriteAuxiliaryFile /Users/admin/builder/spi-builder-workspace/.derivedData/Build/Intermediates.noindex/PulsrMarkdown.build/Debug-watchos/PulsrMarkdownViews-t.build/Objects-normal/arm64_32/PulsrMarkdownViews_const_extract_protocols.json (in target 'PulsrMarkdownViews' from project 'PulsrMarkdown')
cd /Users/admin/builder/spi-builder-workspace
write-file /Users/admin/builder/spi-builder-workspace/.derivedData/Build/Intermediates.noindex/PulsrMarkdown.build/Debug-watchos/PulsrMarkdownViews-t.build/Objects-normal/arm64_32/PulsrMarkdownViews_const_extract_protocols.json
WriteAuxiliaryFile /Users/admin/builder/spi-builder-workspace/.derivedData/Build/Intermediates.noindex/PulsrMarkdown.build/Debug-watchos/PulsrMarkdownViews-t.build/Objects-normal/arm64_32/PulsrMarkdownViews.SwiftFileList (in target 'PulsrMarkdownViews' from project 'PulsrMarkdown')
cd /Users/admin/builder/spi-builder-workspace
write-file /Users/admin/builder/spi-builder-workspace/.derivedData/Build/Intermediates.noindex/PulsrMarkdown.build/Debug-watchos/PulsrMarkdownViews-t.build/Objects-normal/arm64_32/PulsrMarkdownViews.SwiftFileList
WriteAuxiliaryFile /Users/admin/builder/spi-builder-workspace/.derivedData/Build/Intermediates.noindex/PulsrMarkdown.build/Debug-watchos/PulsrMarkdownViews-t.build/Objects-normal/arm64_32/PulsrMarkdownViews-OutputFileMap.json (in target 'PulsrMarkdownViews' from project 'PulsrMarkdown')
cd /Users/admin/builder/spi-builder-workspace
write-file /Users/admin/builder/spi-builder-workspace/.derivedData/Build/Intermediates.noindex/PulsrMarkdown.build/Debug-watchos/PulsrMarkdownViews-t.build/Objects-normal/arm64_32/PulsrMarkdownViews-OutputFileMap.json
WriteAuxiliaryFile /Users/admin/builder/spi-builder-workspace/.derivedData/Build/Intermediates.noindex/PulsrMarkdown.build/Debug-watchos/PulsrMarkdownViews-t.build/Objects-normal/arm64/PulsrMarkdownViews_const_extract_protocols.json (in target 'PulsrMarkdownViews' from project 'PulsrMarkdown')
cd /Users/admin/builder/spi-builder-workspace
write-file /Users/admin/builder/spi-builder-workspace/.derivedData/Build/Intermediates.noindex/PulsrMarkdown.build/Debug-watchos/PulsrMarkdownViews-t.build/Objects-normal/arm64/PulsrMarkdownViews_const_extract_protocols.json
WriteAuxiliaryFile /Users/admin/builder/spi-builder-workspace/.derivedData/Build/Intermediates.noindex/PulsrMarkdown.build/Debug-watchos/PulsrMarkdownViews-t.build/Objects-normal/arm64/PulsrMarkdownViews.SwiftFileList (in target 'PulsrMarkdownViews' from project 'PulsrMarkdown')
cd /Users/admin/builder/spi-builder-workspace
write-file /Users/admin/builder/spi-builder-workspace/.derivedData/Build/Intermediates.noindex/PulsrMarkdown.build/Debug-watchos/PulsrMarkdownViews-t.build/Objects-normal/arm64/PulsrMarkdownViews.SwiftFileList
WriteAuxiliaryFile /Users/admin/builder/spi-builder-workspace/.derivedData/Build/Intermediates.noindex/PulsrMarkdown.build/Debug-watchos/PulsrMarkdownViews-t.build/Objects-normal/arm64/PulsrMarkdownViews.SwiftConstValuesFileList (in target 'PulsrMarkdownViews' from project 'PulsrMarkdown')
cd /Users/admin/builder/spi-builder-workspace
write-file /Users/admin/builder/spi-builder-workspace/.derivedData/Build/Intermediates.noindex/PulsrMarkdown.build/Debug-watchos/PulsrMarkdownViews-t.build/Objects-normal/arm64/PulsrMarkdownViews.SwiftConstValuesFileList
WriteAuxiliaryFile /Users/admin/builder/spi-builder-workspace/.derivedData/Build/Intermediates.noindex/PulsrMarkdown.build/Debug-watchos/PulsrMarkdownViews-t.build/Objects-normal/arm64/PulsrMarkdownViews.LinkFileList (in target 'PulsrMarkdownViews' from project 'PulsrMarkdown')
cd /Users/admin/builder/spi-builder-workspace
write-file /Users/admin/builder/spi-builder-workspace/.derivedData/Build/Intermediates.noindex/PulsrMarkdown.build/Debug-watchos/PulsrMarkdownViews-t.build/Objects-normal/arm64/PulsrMarkdownViews.LinkFileList
WriteAuxiliaryFile /Users/admin/builder/spi-builder-workspace/.derivedData/Build/Intermediates.noindex/PulsrMarkdown.build/Debug-watchos/PulsrMarkdownViews-t.build/Objects-normal/arm64/PulsrMarkdownViews-OutputFileMap.json (in target 'PulsrMarkdownViews' from project 'PulsrMarkdown')
cd /Users/admin/builder/spi-builder-workspace
write-file /Users/admin/builder/spi-builder-workspace/.derivedData/Build/Intermediates.noindex/PulsrMarkdown.build/Debug-watchos/PulsrMarkdownViews-t.build/Objects-normal/arm64/PulsrMarkdownViews-OutputFileMap.json
WriteAuxiliaryFile /Users/admin/builder/spi-builder-workspace/.derivedData/Build/Intermediates.noindex/PulsrMarkdown.build/Debug-watchos/PulsrMarkdown-t.build/PulsrMarkdown.DependencyStaticMetadataFileList (in target 'PulsrMarkdown' from project 'PulsrMarkdown')
cd /Users/admin/builder/spi-builder-workspace
write-file /Users/admin/builder/spi-builder-workspace/.derivedData/Build/Intermediates.noindex/PulsrMarkdown.build/Debug-watchos/PulsrMarkdown-t.build/PulsrMarkdown.DependencyStaticMetadataFileList
Copy /Users/admin/builder/spi-builder-workspace/.derivedData/Build/Intermediates.noindex/GeneratedModuleMaps-watchos/PulsrMarkdownViews.modulemap /Users/admin/builder/spi-builder-workspace/.derivedData/Build/Intermediates.noindex/PulsrMarkdown.build/Debug-watchos/PulsrMarkdownViews-t.build/PulsrMarkdownViews.modulemap (in target 'PulsrMarkdownViews' from project 'PulsrMarkdown')
cd /Users/admin/builder/spi-builder-workspace
builtin-copy -exclude .DS_Store -exclude CVS -exclude .svn -exclude .git -exclude .hg -resolve-src-symlinks /Users/admin/builder/spi-builder-workspace/.derivedData/Build/Intermediates.noindex/PulsrMarkdown.build/Debug-watchos/PulsrMarkdownViews-t.build/PulsrMarkdownViews.modulemap /Users/admin/builder/spi-builder-workspace/.derivedData/Build/Intermediates.noindex/GeneratedModuleMaps-watchos
WriteAuxiliaryFile /Users/admin/builder/spi-builder-workspace/.derivedData/Build/Intermediates.noindex/PulsrMarkdown.build/Debug-watchos/PulsrMarkdown-t.build/PulsrMarkdown.DependencyMetadataFileList (in target 'PulsrMarkdown' from project 'PulsrMarkdown')
cd /Users/admin/builder/spi-builder-workspace
write-file /Users/admin/builder/spi-builder-workspace/.derivedData/Build/Intermediates.noindex/PulsrMarkdown.build/Debug-watchos/PulsrMarkdown-t.build/PulsrMarkdown.DependencyMetadataFileList
WriteAuxiliaryFile /Users/admin/builder/spi-builder-workspace/.derivedData/Build/Intermediates.noindex/PulsrMarkdown.build/Debug-watchos/PulsrMarkdown-t.build/Objects-normal/arm64/PulsrMarkdown.SwiftFileList (in target 'PulsrMarkdown' from project 'PulsrMarkdown')
cd /Users/admin/builder/spi-builder-workspace
write-file /Users/admin/builder/spi-builder-workspace/.derivedData/Build/Intermediates.noindex/PulsrMarkdown.build/Debug-watchos/PulsrMarkdown-t.build/Objects-normal/arm64/PulsrMarkdown.SwiftFileList
WriteAuxiliaryFile /Users/admin/builder/spi-builder-workspace/.derivedData/Build/Intermediates.noindex/PulsrMarkdown.build/Debug-watchos/PulsrMarkdown-t.build/Objects-normal/arm64/PulsrMarkdown.SwiftConstValuesFileList (in target 'PulsrMarkdown' from project 'PulsrMarkdown')
cd /Users/admin/builder/spi-builder-workspace
write-file /Users/admin/builder/spi-builder-workspace/.derivedData/Build/Intermediates.noindex/PulsrMarkdown.build/Debug-watchos/PulsrMarkdown-t.build/Objects-normal/arm64/PulsrMarkdown.SwiftConstValuesFileList
WriteAuxiliaryFile /Users/admin/builder/spi-builder-workspace/.derivedData/Build/Intermediates.noindex/PulsrMarkdown.build/Debug-watchos/PulsrMarkdown-t.build/Objects-normal/arm64/PulsrMarkdown.LinkFileList (in target 'PulsrMarkdown' from project 'PulsrMarkdown')
cd /Users/admin/builder/spi-builder-workspace
write-file /Users/admin/builder/spi-builder-workspace/.derivedData/Build/Intermediates.noindex/PulsrMarkdown.build/Debug-watchos/PulsrMarkdown-t.build/Objects-normal/arm64/PulsrMarkdown.LinkFileList
Copy /Users/admin/builder/spi-builder-workspace/.derivedData/Build/Intermediates.noindex/GeneratedModuleMaps-watchos/PulsrMarkdown.modulemap /Users/admin/builder/spi-builder-workspace/.derivedData/Build/Intermediates.noindex/PulsrMarkdown.build/Debug-watchos/PulsrMarkdown-t.build/PulsrMarkdown.modulemap (in target 'PulsrMarkdown' from project 'PulsrMarkdown')
cd /Users/admin/builder/spi-builder-workspace
builtin-copy -exclude .DS_Store -exclude CVS -exclude .svn -exclude .git -exclude .hg -resolve-src-symlinks /Users/admin/builder/spi-builder-workspace/.derivedData/Build/Intermediates.noindex/PulsrMarkdown.build/Debug-watchos/PulsrMarkdown-t.build/PulsrMarkdown.modulemap /Users/admin/builder/spi-builder-workspace/.derivedData/Build/Intermediates.noindex/GeneratedModuleMaps-watchos
SwiftDriver PulsrMarkdown normal arm64_32 com.apple.xcode.tools.swift.compiler (in target 'PulsrMarkdown' from project 'PulsrMarkdown')
cd /Users/admin/builder/spi-builder-workspace/.swiftpm/xcode
builtin-SwiftDriver -- /Applications/Xcode-27.0.0-Release.Candidate.app/Contents/Developer/Toolchains/XcodeDefault.xctoolchain/usr/bin/swiftc -parse-as-library -module-name PulsrMarkdown -Onone @/Users/admin/builder/spi-builder-workspace/.derivedData/Build/Intermediates.noindex/PulsrMarkdown.build/Debug-watchos/PulsrMarkdown-t.build/Objects-normal/arm64_32/PulsrMarkdown.SwiftFileList -DSWIFT_PACKAGE -DDEBUG -DSWIFT_MODULE_RESOURCE_BUNDLE_UNAVAILABLE -DXcode -plugin-path /Applications/Xcode-27.0.0-Release.Candidate.app/Contents/Developer/Toolchains/XcodeDefault.xctoolchain/usr/lib/swift/host/plugins/testing -enable-experimental-feature DebugDescriptionMacro -sdk /Applications/Xcode-27.0.0-Release.Candidate.app/Contents/Developer/Platforms/WatchOS.platform/Developer/SDKs/WatchOS27.0.sdk -target arm64_32-apple-watchos9.0 -g -module-cache-path /Users/admin/builder/spi-builder-workspace/.derivedData/ModuleCache.noindex -Xfrontend -serialize-debugging-options -profile-coverage-mapping -profile-generate -enable-testing -index-store-path /Users/admin/builder/spi-builder-workspace/.derivedData/Index.noindex/DataStore -Xcc -D_LIBCPP_HARDENING_MODE\=_LIBCPP_HARDENING_MODE_DEBUG -swift-version 5 -I /Users/admin/builder/spi-builder-workspace/.derivedData/Build/Products/Debug-watchos -Isystem /Applications/Xcode-27.0.0-Release.Candidate.app/Contents/Developer/Platforms/WatchOS.platform/Developer/usr/lib -F /Users/admin/builder/spi-builder-workspace/.derivedData/Build/Products/Debug-watchos -F /Applications/Xcode-27.0.0-Release.Candidate.app/Contents/Developer/Platforms/WatchOS.platform/Developer/Library/Frameworks -F /Applications/Xcode-27.0.0-Release.Candidate.app/Contents/Developer/Platforms/WatchOS.platform/Developer/SDKs/WatchOS27.0.sdk/Developer/Library/Frameworks -c -j10 -enable-batch-mode -incremental -Xcc -ivfsstatcache -Xcc /Users/admin/builder/spi-builder-workspace/.derivedData/SDKStatCaches.noindex/watchos27.0-24R360-e829b21a6f8c9b70876ba0858053c04477534ef55a1706bf4c1112bbb242f0a2.sdkstatcache -output-file-map /Users/admin/builder/spi-builder-workspace/.derivedData/Build/Intermediates.noindex/PulsrMarkdown.build/Debug-watchos/PulsrMarkdown-t.build/Objects-normal/arm64_32/PulsrMarkdown-OutputFileMap.json -save-temps -no-color-diagnostics -explicit-module-build -module-cache-path /Users/admin/builder/spi-builder-workspace/.derivedData/Build/Intermediates.noindex/SwiftExplicitPrecompiledModules -clang-scanner-module-cache-path /Users/admin/builder/spi-builder-workspace/.derivedData/ModuleCache.noindex -sdk-module-cache-path /Users/admin/builder/spi-builder-workspace/.derivedData/SDKExplicitPrecompiledModules -emit-dependencies -emit-module -emit-module-path /Users/admin/builder/spi-builder-workspace/.derivedData/Build/Intermediates.noindex/PulsrMarkdown.build/Debug-watchos/PulsrMarkdown-t.build/Objects-normal/arm64_32/PulsrMarkdown.swiftmodule -serialize-diagnostics -dependency-scan-serialize-diagnostics-path /Users/admin/builder/spi-builder-workspace/.derivedData/Build/Intermediates.noindex/PulsrMarkdown.build/Debug-watchos/PulsrMarkdown-t.build/Objects-normal/arm64_32/PulsrMarkdown-dependency-scan.dia -validate-clang-modules-once -clang-build-session-file /Users/admin/builder/spi-builder-workspace/.derivedData/ModuleCache.noindex/Session.modulevalidation -Xcc -fmodules-prune-interval\=86400 -Xcc -fmodules-prune-after\=345600 -emit-const-values -const-gather-protocols-list /Users/admin/builder/spi-builder-workspace/.derivedData/Build/Intermediates.noindex/PulsrMarkdown.build/Debug-watchos/PulsrMarkdown-t.build/Objects-normal/arm64_32/PulsrMarkdown_const_extract_protocols.json -Xcc -I/Users/admin/builder/spi-builder-workspace/.derivedData/Build/Products/Debug-watchos/include -Xcc -I/Users/admin/builder/spi-builder-workspace/.derivedData/Build/Intermediates.noindex/PulsrMarkdown.build/Debug-watchos/PulsrMarkdown-t.build/DerivedSources-normal/arm64_32 -Xcc -I/Users/admin/builder/spi-builder-workspace/.derivedData/Build/Intermediates.noindex/PulsrMarkdown.build/Debug-watchos/PulsrMarkdown-t.build/DerivedSources/arm64_32 -Xcc -I/Users/admin/builder/spi-builder-workspace/.derivedData/Build/Intermediates.noindex/PulsrMarkdown.build/Debug-watchos/PulsrMarkdown-t.build/DerivedSources -Xcc -DSWIFT_PACKAGE -Xcc -DDEBUG\=1 -emit-objc-header -emit-objc-header-path /Users/admin/builder/spi-builder-workspace/.derivedData/Build/Intermediates.noindex/PulsrMarkdown.build/Debug-watchos/PulsrMarkdown-t.build/Objects-normal/arm64_32/PulsrMarkdown-Swift.h -working-directory /Users/admin/builder/spi-builder-workspace/.swiftpm/xcode -experimental-emit-module-separately -disable-cmo
SwiftDriver PulsrMarkdown normal arm64 com.apple.xcode.tools.swift.compiler (in target 'PulsrMarkdown' from project 'PulsrMarkdown')
cd /Users/admin/builder/spi-builder-workspace/.swiftpm/xcode
builtin-SwiftDriver -- /Applications/Xcode-27.0.0-Release.Candidate.app/Contents/Developer/Toolchains/XcodeDefault.xctoolchain/usr/bin/swiftc -parse-as-library -module-name PulsrMarkdown -Onone @/Users/admin/builder/spi-builder-workspace/.derivedData/Build/Intermediates.noindex/PulsrMarkdown.build/Debug-watchos/PulsrMarkdown-t.build/Objects-normal/arm64/PulsrMarkdown.SwiftFileList -DSWIFT_PACKAGE -DDEBUG -DSWIFT_MODULE_RESOURCE_BUNDLE_UNAVAILABLE -DXcode -plugin-path /Applications/Xcode-27.0.0-Release.Candidate.app/Contents/Developer/Toolchains/XcodeDefault.xctoolchain/usr/lib/swift/host/plugins/testing -enable-experimental-feature DebugDescriptionMacro -sdk /Applications/Xcode-27.0.0-Release.Candidate.app/Contents/Developer/Platforms/WatchOS.platform/Developer/SDKs/WatchOS27.0.sdk -target arm64-apple-watchos9.0 -g -module-cache-path /Users/admin/builder/spi-builder-workspace/.derivedData/ModuleCache.noindex -Xfrontend -serialize-debugging-options -profile-coverage-mapping -profile-generate -enable-testing -index-store-path /Users/admin/builder/spi-builder-workspace/.derivedData/Index.noindex/DataStore -Xcc -D_LIBCPP_HARDENING_MODE\=_LIBCPP_HARDENING_MODE_DEBUG -swift-version 5 -I /Users/admin/builder/spi-builder-workspace/.derivedData/Build/Products/Debug-watchos -Isystem /Applications/Xcode-27.0.0-Release.Candidate.app/Contents/Developer/Platforms/WatchOS.platform/Developer/usr/lib -F /Users/admin/builder/spi-builder-workspace/.derivedData/Build/Products/Debug-watchos -F /Applications/Xcode-27.0.0-Release.Candidate.app/Contents/Developer/Platforms/WatchOS.platform/Developer/Library/Frameworks -F /Applications/Xcode-27.0.0-Release.Candidate.app/Contents/Developer/Platforms/WatchOS.platform/Developer/SDKs/WatchOS27.0.sdk/Developer/Library/Frameworks -c -j10 -enable-batch-mode -incremental -Xcc -ivfsstatcache -Xcc /Users/admin/builder/spi-builder-workspace/.derivedData/SDKStatCaches.noindex/watchos27.0-24R360-e829b21a6f8c9b70876ba0858053c04477534ef55a1706bf4c1112bbb242f0a2.sdkstatcache -output-file-map /Users/admin/builder/spi-builder-workspace/.derivedData/Build/Intermediates.noindex/PulsrMarkdown.build/Debug-watchos/PulsrMarkdown-t.build/Objects-normal/arm64/PulsrMarkdown-OutputFileMap.json -save-temps -no-color-diagnostics -explicit-module-build -module-cache-path /Users/admin/builder/spi-builder-workspace/.derivedData/Build/Intermediates.noindex/SwiftExplicitPrecompiledModules -clang-scanner-module-cache-path /Users/admin/builder/spi-builder-workspace/.derivedData/ModuleCache.noindex -sdk-module-cache-path /Users/admin/builder/spi-builder-workspace/.derivedData/SDKExplicitPrecompiledModules -emit-dependencies -emit-module -emit-module-path /Users/admin/builder/spi-builder-workspace/.derivedData/Build/Intermediates.noindex/PulsrMarkdown.build/Debug-watchos/PulsrMarkdown-t.build/Objects-normal/arm64/PulsrMarkdown.swiftmodule -serialize-diagnostics -dependency-scan-serialize-diagnostics-path /Users/admin/builder/spi-builder-workspace/.derivedData/Build/Intermediates.noindex/PulsrMarkdown.build/Debug-watchos/PulsrMarkdown-t.build/Objects-normal/arm64/PulsrMarkdown-dependency-scan.dia -validate-clang-modules-once -clang-build-session-file /Users/admin/builder/spi-builder-workspace/.derivedData/ModuleCache.noindex/Session.modulevalidation -Xcc -fmodules-prune-interval\=86400 -Xcc -fmodules-prune-after\=345600 -emit-const-values -const-gather-protocols-list /Users/admin/builder/spi-builder-workspace/.derivedData/Build/Intermediates.noindex/PulsrMarkdown.build/Debug-watchos/PulsrMarkdown-t.build/Objects-normal/arm64/PulsrMarkdown_const_extract_protocols.json -Xcc -I/Users/admin/builder/spi-builder-workspace/.derivedData/Build/Products/Debug-watchos/include -Xcc -I/Users/admin/builder/spi-builder-workspace/.derivedData/Build/Intermediates.noindex/PulsrMarkdown.build/Debug-watchos/PulsrMarkdown-t.build/DerivedSources-normal/arm64 -Xcc -I/Users/admin/builder/spi-builder-workspace/.derivedData/Build/Intermediates.noindex/PulsrMarkdown.build/Debug-watchos/PulsrMarkdown-t.build/DerivedSources/arm64 -Xcc -I/Users/admin/builder/spi-builder-workspace/.derivedData/Build/Intermediates.noindex/PulsrMarkdown.build/Debug-watchos/PulsrMarkdown-t.build/DerivedSources -Xcc -DSWIFT_PACKAGE -Xcc -DDEBUG\=1 -emit-objc-header -emit-objc-header-path /Users/admin/builder/spi-builder-workspace/.derivedData/Build/Intermediates.noindex/PulsrMarkdown.build/Debug-watchos/PulsrMarkdown-t.build/Objects-normal/arm64/PulsrMarkdown-Swift.h -working-directory /Users/admin/builder/spi-builder-workspace/.swiftpm/xcode -experimental-emit-module-separately -disable-cmo
SwiftExplicitDependencyGeneratePcm arm64 /Users/admin/builder/spi-builder-workspace/.derivedData/SDKExplicitPrecompiledModules/_Builtin_float-C0CW5Q4HGBQYKE77TC42IAFB5.pcm
SwiftExplicitDependencyGeneratePcm arm64 /Users/admin/builder/spi-builder-workspace/.derivedData/SDKExplicitPrecompiledModules/_Builtin_stdbool-83J96QSOFE9VX04AAS6310UAE.pcm
SwiftExplicitDependencyGeneratePcm arm64 /Users/admin/builder/spi-builder-workspace/.derivedData/SDKExplicitPrecompiledModules/_SwiftConcurrencyShims-659N52XSKR5F0QSB880BH2FJR.pcm
SwiftExplicitDependencyGeneratePcm arm64 /Users/admin/builder/spi-builder-workspace/.derivedData/SDKExplicitPrecompiledModules/_AvailabilityInternal-BUNV3UXM65NT37THI4W1AM0SF.pcm
SwiftExplicitDependencyGeneratePcm arm64 /Users/admin/builder/spi-builder-workspace/.derivedData/SDKExplicitPrecompiledModules/DeveloperToolsSupport-E7CNISCB36UE8XQ9IOHK9XDX1.pcm
SwiftExplicitDependencyGeneratePcm arm64 /Users/admin/builder/spi-builder-workspace/.derivedData/SDKExplicitPrecompiledModules/ptrcheck-AIF0NDOYZ8ORBNHQAQR5NNB8M.pcm
SwiftExplicitDependencyGeneratePcm arm64 /Users/admin/builder/spi-builder-workspace/.derivedData/SDKExplicitPrecompiledModules/_Builtin_stddef-1FU30Y8SWFB7OUUHMJQH5J6FM.pcm
SwiftExplicitDependencyGeneratePcm arm64 /Users/admin/builder/spi-builder-workspace/.derivedData/SDKExplicitPrecompiledModules/ptrauth-3TZ9WJCGLYD25HQPWH4968ONX.pcm
SwiftExplicitDependencyGeneratePcm arm64 /Users/admin/builder/spi-builder-workspace/.derivedData/SDKExplicitPrecompiledModules/SwiftShims-4MXFZPV6FEB0XBYXCGPWAMQGL.pcm
SwiftExplicitDependencyGeneratePcm arm64 /Users/admin/builder/spi-builder-workspace/.derivedData/SDKExplicitPrecompiledModules/_Builtin_stdarg-A7UU8LE6MP85SM26YO7PBZNUQ.pcm
SwiftExplicitDependencyGeneratePcm arm64_32 /Users/admin/builder/spi-builder-workspace/.derivedData/SDKExplicitPrecompiledModules/SwiftShims-9CQQGWTSNTN9EB5NSHDWUJICH.pcm
SwiftExplicitDependencyGeneratePcm arm64_32 /Users/admin/builder/spi-builder-workspace/.derivedData/SDKExplicitPrecompiledModules/ptrcheck-7ELIH9BTIGVKX3UBITM9N72WD.pcm
SwiftExplicitDependencyGeneratePcm arm64_32 /Users/admin/builder/spi-builder-workspace/.derivedData/SDKExplicitPrecompiledModules/_Builtin_stddef-H44EFHQX6XSS5MZ7QP6YJZ76.pcm
SwiftExplicitDependencyGeneratePcm arm64_32 /Users/admin/builder/spi-builder-workspace/.derivedData/SDKExplicitPrecompiledModules/_Builtin_float-6KO8O3PEWRCA4WC6PPLOYO6WJ.pcm
SwiftExplicitDependencyGeneratePcm arm64_32 /Users/admin/builder/spi-builder-workspace/.derivedData/SDKExplicitPrecompiledModules/_Builtin_stdbool-A967K8W8YUYEC9SN52KJ7OO88.pcm
SwiftExplicitDependencyGeneratePcm arm64_32 /Users/admin/builder/spi-builder-workspace/.derivedData/SDKExplicitPrecompiledModules/_AvailabilityInternal-244WAN3Z1QBT7PIA64EZEFY1R.pcm
SwiftExplicitDependencyGeneratePcm arm64_32 /Users/admin/builder/spi-builder-workspace/.derivedData/SDKExplicitPrecompiledModules/DeveloperToolsSupport-DZU5G1OCMNWU0AQRULIFHUJ1Z.pcm
SwiftExplicitDependencyGeneratePcm arm64_32 /Users/admin/builder/spi-builder-workspace/.derivedData/SDKExplicitPrecompiledModules/_SwiftConcurrencyShims-6RTBPQ03V7BM9SPRK8SUE055H.pcm
SwiftExplicitDependencyGeneratePcm arm64_32 /Users/admin/builder/spi-builder-workspace/.derivedData/SDKExplicitPrecompiledModules/_Builtin_stdarg-D305JG44A2WPI6CJY37X3QJE8.pcm
SwiftExplicitDependencyGeneratePcm arm64 /Users/admin/builder/spi-builder-workspace/.derivedData/SDKExplicitPrecompiledModules/_DarwinFoundation1-7SPX3MD0HMP55E4OLNCPNDQ53.pcm
SwiftExplicitDependencyGeneratePcm arm64_32 /Users/admin/builder/spi-builder-workspace/.derivedData/SDKExplicitPrecompiledModules/ptrauth-BFXF358ME5AK535N5A9Z766WU.pcm
SwiftExplicitDependencyGeneratePcm arm64_32 /Users/admin/builder/spi-builder-workspace/.derivedData/SDKExplicitPrecompiledModules/_DarwinFoundation1-2GWF9RFMPLQW4PDHS3NARVI3G.pcm
SwiftExplicitDependencyGeneratePcm arm64 /Users/admin/builder/spi-builder-workspace/.derivedData/SDKExplicitPrecompiledModules/_DarwinFoundation2-D0XAPJU49S5E9XMKYOFGSTB1Q.pcm
SwiftExplicitDependencyGeneratePcm arm64 /Users/admin/builder/spi-builder-workspace/.derivedData/SDKExplicitPrecompiledModules/_Builtin_limits-9GWPA2B0H20DYUNYHYCWKABJG.pcm
SwiftExplicitDependencyGeneratePcm arm64_32 /Users/admin/builder/spi-builder-workspace/.derivedData/SDKExplicitPrecompiledModules/_Builtin_limits-3VKBU2AFTD65PAJZ5CJ3LHFM2.pcm
SwiftExplicitDependencyGeneratePcm arm64_32 /Users/admin/builder/spi-builder-workspace/.derivedData/SDKExplicitPrecompiledModules/_DarwinFoundation2-9MY8GOSYRO0M9MKNXF6D3MBNK.pcm
SwiftExplicitDependencyGeneratePcm arm64 /Users/admin/builder/spi-builder-workspace/.derivedData/SDKExplicitPrecompiledModules/_Builtin_tgmath-8NQ96OZ0YHXEC24JI95P01UF8.pcm
SwiftExplicitDependencyGeneratePcm arm64 /Users/admin/builder/spi-builder-workspace/.derivedData/SDKExplicitPrecompiledModules/string_h-E6PRXK75PHIPCZFWOFCQ3QBMK.pcm
SwiftExplicitDependencyGeneratePcm arm64 /Users/admin/builder/spi-builder-workspace/.derivedData/SDKExplicitPrecompiledModules/_Builtin_stdint-8XMILLJZEGRN2XG7XZUXZ5RLX.pcm
SwiftExplicitDependencyGeneratePcm arm64 /Users/admin/builder/spi-builder-workspace/.derivedData/SDKExplicitPrecompiledModules/sys_types-2KXQLI78OUCDP779AE68GZJ2.pcm
SwiftExplicitDependencyGeneratePcm arm64_32 /Users/admin/builder/spi-builder-workspace/.derivedData/SDKExplicitPrecompiledModules/string_h-BFVLUQUSBZWYMLCU9QI7VZALW.pcm
SwiftExplicitDependencyGeneratePcm arm64_32 /Users/admin/builder/spi-builder-workspace/.derivedData/SDKExplicitPrecompiledModules/sys_types-8TLLMW08ZJWDGIIPKOYFGHHZW.pcm
SwiftExplicitDependencyGeneratePcm arm64_32 /Users/admin/builder/spi-builder-workspace/.derivedData/SDKExplicitPrecompiledModules/_Builtin_tgmath-23PGCKURCQILXMK0MYZRYDCOU.pcm
SwiftExplicitDependencyGeneratePcm arm64_32 /Users/admin/builder/spi-builder-workspace/.derivedData/SDKExplicitPrecompiledModules/_Builtin_stdint-1HMXWI3V0V4TXHRWZOMZGZ80Y.pcm
SwiftExplicitDependencyGeneratePcm arm64 /Users/admin/builder/spi-builder-workspace/.derivedData/SDKExplicitPrecompiledModules/_DarwinFoundation3-B97LRG0E9GON2NUE65TVG81HU.pcm
SwiftExplicitDependencyGeneratePcm arm64 /Users/admin/builder/spi-builder-workspace/.derivedData/SDKExplicitPrecompiledModules/_Builtin_stdatomic-7JEFA3KBJJJN6TKJWY3OG1VG5.pcm
SwiftExplicitDependencyGeneratePcm arm64 /Users/admin/builder/spi-builder-workspace/.derivedData/SDKExplicitPrecompiledModules/_Builtin_intrinsics-75960HIPCIYA06IUW8FIIPQT.pcm
SwiftExplicitDependencyGeneratePcm arm64_32 /Users/admin/builder/spi-builder-workspace/.derivedData/SDKExplicitPrecompiledModules/_Builtin_intrinsics-196IIAKDQVU42DLOZP9OQCV76.pcm
SwiftExplicitDependencyGeneratePcm arm64_32 /Users/admin/builder/spi-builder-workspace/.derivedData/SDKExplicitPrecompiledModules/_DarwinFoundation3-3DUTYQDQSD9HUAAVY947NMWOI.pcm
SwiftExplicitDependencyGeneratePcm arm64_32 /Users/admin/builder/spi-builder-workspace/.derivedData/SDKExplicitPrecompiledModules/_Builtin_stdatomic-1TY035TURL76BF2U98PZPPZRX.pcm
SwiftExplicitDependencyGeneratePcm arm64 /Users/admin/builder/spi-builder-workspace/.derivedData/SDKExplicitPrecompiledModules/_Builtin_inttypes-3UQSCM7WNM9EK4HZML8TY5J3D.pcm
SwiftExplicitDependencyGeneratePcm arm64_32 /Users/admin/builder/spi-builder-workspace/.derivedData/SDKExplicitPrecompiledModules/_Builtin_inttypes-D2KPCR4PEX9AQA33NGLUT5SBR.pcm
SwiftExplicitDependencyGeneratePcm arm64 /Users/admin/builder/spi-builder-workspace/.derivedData/SDKExplicitPrecompiledModules/Darwin-3984OXKFNSPE77NT743WK8SEX.pcm
SwiftExplicitDependencyGeneratePcm arm64_32 /Users/admin/builder/spi-builder-workspace/.derivedData/SDKExplicitPrecompiledModules/Darwin-3FVT1SKLN2ZQ5RVOABMTQBB34.pcm
SwiftExplicitDependencyGeneratePcm arm64 /Users/admin/builder/spi-builder-workspace/.derivedData/SDKExplicitPrecompiledModules/simd-EH08NODU6574T74ZKU61VP9BW.pcm
SwiftExplicitDependencyGeneratePcm arm64_32 /Users/admin/builder/spi-builder-workspace/.derivedData/SDKExplicitPrecompiledModules/simd-21UNWYOBUZI1LVSQ99S1XBLMO.pcm
SwiftExplicitDependencyGeneratePcm arm64 /Users/admin/builder/spi-builder-workspace/.derivedData/SDKExplicitPrecompiledModules/MachO-2U90NNSAQILBNBPS1SA4F8TYP.pcm
SwiftExplicitDependencyGeneratePcm arm64 /Users/admin/builder/spi-builder-workspace/.derivedData/SDKExplicitPrecompiledModules/ObjectiveC-72IVD3VS2RS8Q28D9PIMY0KQP.pcm
SwiftExplicitDependencyGeneratePcm arm64_32 /Users/admin/builder/spi-builder-workspace/.derivedData/SDKExplicitPrecompiledModules/MachO-56838ZJ0NC1EBAJ0O6O8QMPDX.pcm
SwiftExplicitDependencyGeneratePcm arm64_32 /Users/admin/builder/spi-builder-workspace/.derivedData/SDKExplicitPrecompiledModules/ObjectiveC-6IJNELR2E80E7LUKESVCP2KET.pcm
SwiftExplicitDependencyGeneratePcm arm64 /Users/admin/builder/spi-builder-workspace/.derivedData/SDKExplicitPrecompiledModules/os_object-3SDKD7F87FTZ26OON37DRYT6O.pcm
SwiftExplicitDependencyGeneratePcm arm64 /Users/admin/builder/spi-builder-workspace/.derivedData/SDKExplicitPrecompiledModules/os_workgroup-89GG5G7YC2D0ZTK6AZXXQ20DH.pcm
SwiftExplicitDependencyGeneratePcm arm64_32 /Users/admin/builder/spi-builder-workspace/.derivedData/SDKExplicitPrecompiledModules/os_object-5YWTC6L4756IWSTPGXS5NM0D0.pcm
SwiftExplicitDependencyGeneratePcm arm64 /Users/admin/builder/spi-builder-workspace/.derivedData/SDKExplicitPrecompiledModules/Spatial-44FJGYXFAT2AQAW9Z6T7YS02U.pcm
SwiftExplicitDependencyGeneratePcm arm64_32 /Users/admin/builder/spi-builder-workspace/.derivedData/SDKExplicitPrecompiledModules/os_workgroup-5JHTPDMNBUNHLJI8LPHKQK1JK.pcm
SwiftExplicitDependencyGeneratePcm arm64 /Users/admin/builder/spi-builder-workspace/.derivedData/SDKExplicitPrecompiledModules/Dispatch-1NLJOVAK60XP0DUB05XA59EIM.pcm
SwiftExplicitDependencyGeneratePcm arm64_32 /Users/admin/builder/spi-builder-workspace/.derivedData/SDKExplicitPrecompiledModules/Spatial-CWVWNML3T0NXVHZDKVLD3X1YZ.pcm
SwiftExplicitDependencyGeneratePcm arm64_32 /Users/admin/builder/spi-builder-workspace/.derivedData/SDKExplicitPrecompiledModules/Dispatch-2P62F1T4XV63S4P99TUDTOK2Q.pcm
SwiftExplicitDependencyGeneratePcm arm64 /Users/admin/builder/spi-builder-workspace/.derivedData/SDKExplicitPrecompiledModules/XPC-40DR0X1DHKGCV4J1IOLFS8MOU.pcm
SwiftExplicitDependencyGeneratePcm arm64 /Users/admin/builder/spi-builder-workspace/.derivedData/SDKExplicitPrecompiledModules/CoreFoundation-8T2L24YC5NU7WO6WQJWRY7W08.pcm
SwiftExplicitDependencyGeneratePcm arm64_32 /Users/admin/builder/spi-builder-workspace/.derivedData/SDKExplicitPrecompiledModules/CoreFoundation-8E6Y4BA3EXYKUGJ24GT9LGV3N.pcm
SwiftExplicitDependencyGeneratePcm arm64_32 /Users/admin/builder/spi-builder-workspace/.derivedData/SDKExplicitPrecompiledModules/XPC-81Y45QFY96XYYFCW2GT6FY8S4.pcm
SwiftExplicitDependencyGeneratePcm arm64 /Users/admin/builder/spi-builder-workspace/.derivedData/SDKExplicitPrecompiledModules/os-5DIL6Z9LFIGLMZAHM7X2T5435.pcm
SwiftExplicitDependencyGeneratePcm arm64 /Users/admin/builder/spi-builder-workspace/.derivedData/SDKExplicitPrecompiledModules/CoreGraphics-DWNZ73GEH98SBJXZ7DEXB420K.pcm
SwiftExplicitDependencyGeneratePcm arm64 /Users/admin/builder/spi-builder-workspace/.derivedData/SDKExplicitPrecompiledModules/Security-6RZ6YBRU8WCUHRFFRVUK5WKMM.pcm
SwiftExplicitDependencyGeneratePcm arm64_32 /Users/admin/builder/spi-builder-workspace/.derivedData/SDKExplicitPrecompiledModules/os-E5IGB442IA6SBB25TTCOLK2OC.pcm
SwiftExplicitDependencyGeneratePcm arm64_32 /Users/admin/builder/spi-builder-workspace/.derivedData/SDKExplicitPrecompiledModules/CoreGraphics-9FDXYX6BKBUT6TJ2VF819E7T5.pcm
SwiftExplicitDependencyGeneratePcm arm64_32 /Users/admin/builder/spi-builder-workspace/.derivedData/SDKExplicitPrecompiledModules/Security-D7TOWF88VWF67TB9HAFP5UWB1.pcm
SwiftExplicitDependencyGeneratePcm arm64 /Users/admin/builder/spi-builder-workspace/.derivedData/SDKExplicitPrecompiledModules/Foundation-DLBKUSGXN8QHAT8W0OARR9S8A.pcm
SwiftExplicitDependencyGeneratePcm arm64 /Users/admin/builder/spi-builder-workspace/.derivedData/SDKExplicitPrecompiledModules/CoreVideo-8MRR5MNWUOAW2DBPGUQ8FKK4.pcm
SwiftExplicitDependencyGeneratePcm arm64 /Users/admin/builder/spi-builder-workspace/.derivedData/SDKExplicitPrecompiledModules/CoreText-970YJN6NIYGK1316L35Z0O8QT.pcm
SwiftExplicitDependencyGeneratePcm arm64_32 /Users/admin/builder/spi-builder-workspace/.derivedData/SDKExplicitPrecompiledModules/Foundation-BJ2VQGI3OGR34500MEQ1VKHPH.pcm
SwiftExplicitDependencyGeneratePcm arm64_32 /Users/admin/builder/spi-builder-workspace/.derivedData/SDKExplicitPrecompiledModules/CoreVideo-2P8HI0403J99LBDPKNFJ5D4DL.pcm
SwiftExplicitDependencyGeneratePcm arm64_32 /Users/admin/builder/spi-builder-workspace/.derivedData/SDKExplicitPrecompiledModules/CoreText-C9X2REPZN2V5BSU4G80FCETDR.pcm
SwiftExplicitDependencyGeneratePcm arm64 /Users/admin/builder/spi-builder-workspace/.derivedData/SDKExplicitPrecompiledModules/DataDetection-7BNVI1SZW5ISQL5SX4WL2X7I5.pcm
SwiftExplicitDependencyGeneratePcm arm64 /Users/admin/builder/spi-builder-workspace/.derivedData/SDKExplicitPrecompiledModules/QuartzCore-94KFMWNOU7ZLUZNB4T5DLZC9D.pcm
SwiftExplicitDependencyGeneratePcm arm64 /Users/admin/builder/spi-builder-workspace/.derivedData/SDKExplicitPrecompiledModules/OSLog-B7VGO357Y3GJG35TST7DKDSI3.pcm
SwiftExplicitDependencyGeneratePcm arm64 /Users/admin/builder/spi-builder-workspace/.derivedData/SDKExplicitPrecompiledModules/CoreTransferable-9PPG3SLJ55T4LITIFYX2M0NOZ.pcm
SwiftExplicitDependencyGeneratePcm arm64 /Users/admin/builder/spi-builder-workspace/.derivedData/SDKExplicitPrecompiledModules/_LocationEssentials-5ZZDGDXB6HLQUC72SJW7YJ7MK.pcm
SwiftExplicitDependencyGeneratePcm arm64 /Users/admin/builder/spi-builder-workspace/.derivedData/SDKExplicitPrecompiledModules/UserNotifications-ARAH8MEQ0C2L0FBO39HITJMAO.pcm
SwiftExplicitDependencyGeneratePcm arm64 /Users/admin/builder/spi-builder-workspace/.derivedData/SDKExplicitPrecompiledModules/UIUtilities-IR7RNW23VAUKYI9MLCS9NL9A.pcm
SwiftExplicitDependencyGeneratePcm arm64 /Users/admin/builder/spi-builder-workspace/.derivedData/SDKExplicitPrecompiledModules/Accessibility-27QMG6ZQ1NKYTNBYFPM1XKNFC.pcm
SwiftExplicitDependencyGeneratePcm arm64 /Users/admin/builder/spi-builder-workspace/.derivedData/SDKExplicitPrecompiledModules/Symbols-3EFABTJ9L5PQDJ7RQCYQWEJMM.pcm
SwiftExplicitDependencyGeneratePcm arm64 /Users/admin/builder/spi-builder-workspace/.derivedData/SDKExplicitPrecompiledModules/UniformTypeIdentifiers-8L08Q8DQJV8C4AW84YVGFGTRN.pcm
SwiftExplicitDependencyGeneratePcm arm64_32 /Users/admin/builder/spi-builder-workspace/.derivedData/SDKExplicitPrecompiledModules/UniformTypeIdentifiers-CJZ3NTHPSBH4XWX5EVOG56UZS.pcm
SwiftExplicitDependencyGeneratePcm arm64_32 /Users/admin/builder/spi-builder-workspace/.derivedData/SDKExplicitPrecompiledModules/OSLog-D9AVFY0KWO7RVBIQ73CBIJVCN.pcm
SwiftExplicitDependencyGeneratePcm arm64_32 /Users/admin/builder/spi-builder-workspace/.derivedData/SDKExplicitPrecompiledModules/Accessibility-F385OMZ5GYBUY5O4QAJB4NRII.pcm
SwiftExplicitDependencyGeneratePcm arm64_32 /Users/admin/builder/spi-builder-workspace/.derivedData/SDKExplicitPrecompiledModules/UserNotifications-6TBN8TEAKO014N1T2QD926XED.pcm
SwiftExplicitDependencyGeneratePcm arm64_32 /Users/admin/builder/spi-builder-workspace/.derivedData/SDKExplicitPrecompiledModules/QuartzCore-6375NPYACK5NYVHPMC1QQ8MC2.pcm
SwiftExplicitDependencyGeneratePcm arm64_32 /Users/admin/builder/spi-builder-workspace/.derivedData/SDKExplicitPrecompiledModules/_LocationEssentials-AQ1OL9QKC3LQLY5CNSRM1HB53.pcm
SwiftExplicitDependencyGeneratePcm arm64_32 /Users/admin/builder/spi-builder-workspace/.derivedData/SDKExplicitPrecompiledModules/Symbols-1H97WMG76HU94F5VGJR19PXFY.pcm
SwiftExplicitDependencyGeneratePcm arm64 /Users/admin/builder/spi-builder-workspace/.derivedData/SDKExplicitPrecompiledModules/CoreLocation-ACKJ9K7ABI14F97Y46Y6SRR17.pcm
SwiftExplicitDependencyGeneratePcm arm64_32 /Users/admin/builder/spi-builder-workspace/.derivedData/SDKExplicitPrecompiledModules/UIUtilities-9YFVNIMRC5HRVOIARNWHP1E3H.pcm
SwiftExplicitDependencyGeneratePcm arm64 /Users/admin/builder/spi-builder-workspace/.derivedData/SDKExplicitPrecompiledModules/SwiftUICore-C1DST1IX2Z0PTH5SJJZ1IULRB.pcm
SwiftExplicitDependencyGeneratePcm arm64_32 /Users/admin/builder/spi-builder-workspace/.derivedData/SDKExplicitPrecompiledModules/CoreTransferable-5D4IR6X37682FPHJ5CBPTKQV6.pcm
SwiftExplicitDependencyGeneratePcm arm64_32 /Users/admin/builder/spi-builder-workspace/.derivedData/SDKExplicitPrecompiledModules/DataDetection-U9BF7WHFVA6BZGFXXXP272PS.pcm
SwiftExplicitDependencyGeneratePcm arm64_32 /Users/admin/builder/spi-builder-workspace/.derivedData/SDKExplicitPrecompiledModules/CoreLocation-8XU5YMYM4P11RQMYCQAG65ITK.pcm
SwiftExplicitDependencyGeneratePcm arm64 /Users/admin/builder/spi-builder-workspace/.derivedData/SDKExplicitPrecompiledModules/CoreMotion-6RD5K48QT1F4L9CATNFD2O7YB.pcm
SwiftExplicitDependencyGeneratePcm arm64_32 /Users/admin/builder/spi-builder-workspace/.derivedData/SDKExplicitPrecompiledModules/SwiftUICore-3Q7WLRD8MR9R3NGIPUBQCP6F6.pcm
SwiftExplicitDependencyGeneratePcm arm64_32 /Users/admin/builder/spi-builder-workspace/.derivedData/SDKExplicitPrecompiledModules/CoreMotion-1XGTVTE5PP32UHME8AC63TL6.pcm
SwiftExplicitDependencyGeneratePcm arm64 /Users/admin/builder/spi-builder-workspace/.derivedData/SDKExplicitPrecompiledModules/UIKit-27R3P1YMV4C6JLDT661G3MRIA.pcm
SwiftExplicitDependencyGeneratePcm arm64_32 /Users/admin/builder/spi-builder-workspace/.derivedData/SDKExplicitPrecompiledModules/UIKit-6PPV7YPZ89CZPHYAP072QH8B6.pcm
SwiftCompile normal arm64 Compiling\ UIColor+watchOS.swift /Users/admin/builder/spi-builder-workspace/Sources/PulsrMarkdown/UIColor+watchOS.swift (in target 'PulsrMarkdown' from project 'PulsrMarkdown')
SwiftCompile normal arm64 /Users/admin/builder/spi-builder-workspace/Sources/PulsrMarkdown/UIColor+watchOS.swift (in target 'PulsrMarkdown' from project 'PulsrMarkdown')
cd /Users/admin/builder/spi-builder-workspace/.swiftpm/xcode
builtin-SwiftPerFileCompile UIColor+watchOS.swift
SwiftEmitModule normal arm64 Emitting\ module\ for\ PulsrMarkdown (in target 'PulsrMarkdown' from project 'PulsrMarkdown')
SwiftCompile normal arm64 (in target 'PulsrMarkdown' from project 'PulsrMarkdown')
cd /Users/admin/builder/spi-builder-workspace/.swiftpm/xcode
SwiftCompile normal arm64 Compiling\ MarkdownGenerator.swift /Users/admin/builder/spi-builder-workspace/Sources/PulsrMarkdown/MarkdownGenerator.swift (in target 'PulsrMarkdown' from project 'PulsrMarkdown')
SwiftCompile normal arm64 /Users/admin/builder/spi-builder-workspace/Sources/PulsrMarkdown/MarkdownGenerator.swift (in target 'PulsrMarkdown' from project 'PulsrMarkdown')
cd /Users/admin/builder/spi-builder-workspace/.swiftpm/xcode
builtin-SwiftPerFileCompile MarkdownGenerator.swift
SwiftCompile normal arm64 Compiling\ MarkdownRule.swift /Users/admin/builder/spi-builder-workspace/Sources/PulsrMarkdown/MarkdownRule.swift (in target 'PulsrMarkdown' from project 'PulsrMarkdown')
SwiftCompile normal arm64 /Users/admin/builder/spi-builder-workspace/Sources/PulsrMarkdown/MarkdownRule.swift (in target 'PulsrMarkdown' from project 'PulsrMarkdown')
cd /Users/admin/builder/spi-builder-workspace/.swiftpm/xcode
builtin-SwiftPerFileCompile MarkdownRule.swift
SwiftEmitModule normal arm64_32 Emitting\ module\ for\ PulsrMarkdown (in target 'PulsrMarkdown' from project 'PulsrMarkdown')
SwiftCompile normal arm64_32 (in target 'PulsrMarkdown' from project 'PulsrMarkdown')
cd /Users/admin/builder/spi-builder-workspace/.swiftpm/xcode
SwiftCompile normal arm64_32 Compiling\ MarkdownRule.swift /Users/admin/builder/spi-builder-workspace/Sources/PulsrMarkdown/MarkdownRule.swift (in target 'PulsrMarkdown' from project 'PulsrMarkdown')
SwiftCompile normal arm64_32 /Users/admin/builder/spi-builder-workspace/Sources/PulsrMarkdown/MarkdownRule.swift (in target 'PulsrMarkdown' from project 'PulsrMarkdown')
cd /Users/admin/builder/spi-builder-workspace/.swiftpm/xcode
builtin-SwiftPerFileCompile MarkdownRule.swift
SwiftCompile normal arm64_32 Compiling\ MarkdownGenerator.swift /Users/admin/builder/spi-builder-workspace/Sources/PulsrMarkdown/MarkdownGenerator.swift (in target 'PulsrMarkdown' from project 'PulsrMarkdown')
SwiftCompile normal arm64_32 /Users/admin/builder/spi-builder-workspace/Sources/PulsrMarkdown/MarkdownGenerator.swift (in target 'PulsrMarkdown' from project 'PulsrMarkdown')
cd /Users/admin/builder/spi-builder-workspace/.swiftpm/xcode
builtin-SwiftPerFileCompile MarkdownGenerator.swift
SwiftCompile normal arm64_32 Compiling\ UIColor+watchOS.swift /Users/admin/builder/spi-builder-workspace/Sources/PulsrMarkdown/UIColor+watchOS.swift (in target 'PulsrMarkdown' from project 'PulsrMarkdown')
SwiftCompile normal arm64_32 /Users/admin/builder/spi-builder-workspace/Sources/PulsrMarkdown/UIColor+watchOS.swift (in target 'PulsrMarkdown' from project 'PulsrMarkdown')
cd /Users/admin/builder/spi-builder-workspace/.swiftpm/xcode
builtin-SwiftPerFileCompile UIColor+watchOS.swift
SwiftDriverJobDiscovery normal arm64 Emitting module for PulsrMarkdown (in target 'PulsrMarkdown' from project 'PulsrMarkdown')
SwiftDriver\ Compilation\ Requirements PulsrMarkdown normal arm64 com.apple.xcode.tools.swift.compiler (in target 'PulsrMarkdown' from project 'PulsrMarkdown')
cd /Users/admin/builder/spi-builder-workspace/.swiftpm/xcode
builtin-Swift-Compilation-Requirements -- /Applications/Xcode-27.0.0-Release.Candidate.app/Contents/Developer/Toolchains/XcodeDefault.xctoolchain/usr/bin/swiftc -parse-as-library -module-name PulsrMarkdown -Onone @/Users/admin/builder/spi-builder-workspace/.derivedData/Build/Intermediates.noindex/PulsrMarkdown.build/Debug-watchos/PulsrMarkdown-t.build/Objects-normal/arm64/PulsrMarkdown.SwiftFileList -DSWIFT_PACKAGE -DDEBUG -DSWIFT_MODULE_RESOURCE_BUNDLE_UNAVAILABLE -DXcode -plugin-path /Applications/Xcode-27.0.0-Release.Candidate.app/Contents/Developer/Toolchains/XcodeDefault.xctoolchain/usr/lib/swift/host/plugins/testing -enable-experimental-feature DebugDescriptionMacro -sdk /Applications/Xcode-27.0.0-Release.Candidate.app/Contents/Developer/Platforms/WatchOS.platform/Developer/SDKs/WatchOS27.0.sdk -target arm64-apple-watchos9.0 -g -module-cache-path /Users/admin/builder/spi-builder-workspace/.derivedData/ModuleCache.noindex -Xfrontend -serialize-debugging-options -profile-coverage-mapping -profile-generate -enable-testing -index-store-path /Users/admin/builder/spi-builder-workspace/.derivedData/Index.noindex/DataStore -Xcc -D_LIBCPP_HARDENING_MODE\=_LIBCPP_HARDENING_MODE_DEBUG -swift-version 5 -I /Users/admin/builder/spi-builder-workspace/.derivedData/Build/Products/Debug-watchos -Isystem /Applications/Xcode-27.0.0-Release.Candidate.app/Contents/Developer/Platforms/WatchOS.platform/Developer/usr/lib -F /Users/admin/builder/spi-builder-workspace/.derivedData/Build/Products/Debug-watchos -F /Applications/Xcode-27.0.0-Release.Candidate.app/Contents/Developer/Platforms/WatchOS.platform/Developer/Library/Frameworks -F /Applications/Xcode-27.0.0-Release.Candidate.app/Contents/Developer/Platforms/WatchOS.platform/Developer/SDKs/WatchOS27.0.sdk/Developer/Library/Frameworks -c -j10 -enable-batch-mode -incremental -Xcc -ivfsstatcache -Xcc /Users/admin/builder/spi-builder-workspace/.derivedData/SDKStatCaches.noindex/watchos27.0-24R360-e829b21a6f8c9b70876ba0858053c04477534ef55a1706bf4c1112bbb242f0a2.sdkstatcache -output-file-map /Users/admin/builder/spi-builder-workspace/.derivedData/Build/Intermediates.noindex/PulsrMarkdown.build/Debug-watchos/PulsrMarkdown-t.build/Objects-normal/arm64/PulsrMarkdown-OutputFileMap.json -save-temps -no-color-diagnostics -explicit-module-build -module-cache-path /Users/admin/builder/spi-builder-workspace/.derivedData/Build/Intermediates.noindex/SwiftExplicitPrecompiledModules -clang-scanner-module-cache-path /Users/admin/builder/spi-builder-workspace/.derivedData/ModuleCache.noindex -sdk-module-cache-path /Users/admin/builder/spi-builder-workspace/.derivedData/SDKExplicitPrecompiledModules -emit-dependencies -emit-module -emit-module-path /Users/admin/builder/spi-builder-workspace/.derivedData/Build/Intermediates.noindex/PulsrMarkdown.build/Debug-watchos/PulsrMarkdown-t.build/Objects-normal/arm64/PulsrMarkdown.swiftmodule -serialize-diagnostics -dependency-scan-serialize-diagnostics-path /Users/admin/builder/spi-builder-workspace/.derivedData/Build/Intermediates.noindex/PulsrMarkdown.build/Debug-watchos/PulsrMarkdown-t.build/Objects-normal/arm64/PulsrMarkdown-dependency-scan.dia -validate-clang-modules-once -clang-build-session-file /Users/admin/builder/spi-builder-workspace/.derivedData/ModuleCache.noindex/Session.modulevalidation -Xcc -fmodules-prune-interval\=86400 -Xcc -fmodules-prune-after\=345600 -emit-const-values -const-gather-protocols-list /Users/admin/builder/spi-builder-workspace/.derivedData/Build/Intermediates.noindex/PulsrMarkdown.build/Debug-watchos/PulsrMarkdown-t.build/Objects-normal/arm64/PulsrMarkdown_const_extract_protocols.json -Xcc -I/Users/admin/builder/spi-builder-workspace/.derivedData/Build/Products/Debug-watchos/include -Xcc -I/Users/admin/builder/spi-builder-workspace/.derivedData/Build/Intermediates.noindex/PulsrMarkdown.build/Debug-watchos/PulsrMarkdown-t.build/DerivedSources-normal/arm64 -Xcc -I/Users/admin/builder/spi-builder-workspace/.derivedData/Build/Intermediates.noindex/PulsrMarkdown.build/Debug-watchos/PulsrMarkdown-t.build/DerivedSources/arm64 -Xcc -I/Users/admin/builder/spi-builder-workspace/.derivedData/Build/Intermediates.noindex/PulsrMarkdown.build/Debug-watchos/PulsrMarkdown-t.build/DerivedSources -Xcc -DSWIFT_PACKAGE -Xcc -DDEBUG\=1 -emit-objc-header -emit-objc-header-path /Users/admin/builder/spi-builder-workspace/.derivedData/Build/Intermediates.noindex/PulsrMarkdown.build/Debug-watchos/PulsrMarkdown-t.build/Objects-normal/arm64/PulsrMarkdown-Swift.h -working-directory /Users/admin/builder/spi-builder-workspace/.swiftpm/xcode -experimental-emit-module-separately -disable-cmo
Copy /Users/admin/builder/spi-builder-workspace/.derivedData/Build/Products/Debug-watchos/PulsrMarkdown.swiftmodule/arm64-apple-watchos.swiftmodule /Users/admin/builder/spi-builder-workspace/.derivedData/Build/Intermediates.noindex/PulsrMarkdown.build/Debug-watchos/PulsrMarkdown-t.build/Objects-normal/arm64/PulsrMarkdown.swiftmodule (in target 'PulsrMarkdown' from project 'PulsrMarkdown')
cd /Users/admin/builder/spi-builder-workspace
builtin-copy -exclude .DS_Store -exclude CVS -exclude .svn -exclude .git -exclude .hg -resolve-src-symlinks -rename /Users/admin/builder/spi-builder-workspace/.derivedData/Build/Intermediates.noindex/PulsrMarkdown.build/Debug-watchos/PulsrMarkdown-t.build/Objects-normal/arm64/PulsrMarkdown.swiftmodule /Users/admin/builder/spi-builder-workspace/.derivedData/Build/Products/Debug-watchos/PulsrMarkdown.swiftmodule/arm64-apple-watchos.swiftmodule
Copy /Users/admin/builder/spi-builder-workspace/.derivedData/Build/Products/Debug-watchos/PulsrMarkdown.swiftmodule/arm64-apple-watchos.abi.json /Users/admin/builder/spi-builder-workspace/.derivedData/Build/Intermediates.noindex/PulsrMarkdown.build/Debug-watchos/PulsrMarkdown-t.build/Objects-normal/arm64/PulsrMarkdown.abi.json (in target 'PulsrMarkdown' from project 'PulsrMarkdown')
cd /Users/admin/builder/spi-builder-workspace
builtin-copy -exclude .DS_Store -exclude CVS -exclude .svn -exclude .git -exclude .hg -resolve-src-symlinks -rename /Users/admin/builder/spi-builder-workspace/.derivedData/Build/Intermediates.noindex/PulsrMarkdown.build/Debug-watchos/PulsrMarkdown-t.build/Objects-normal/arm64/PulsrMarkdown.abi.json /Users/admin/builder/spi-builder-workspace/.derivedData/Build/Products/Debug-watchos/PulsrMarkdown.swiftmodule/arm64-apple-watchos.abi.json
Copy /Users/admin/builder/spi-builder-workspace/.derivedData/Build/Products/Debug-watchos/PulsrMarkdown.swiftmodule/arm64-apple-watchos.swiftdoc /Users/admin/builder/spi-builder-workspace/.derivedData/Build/Intermediates.noindex/PulsrMarkdown.build/Debug-watchos/PulsrMarkdown-t.build/Objects-normal/arm64/PulsrMarkdown.swiftdoc (in target 'PulsrMarkdown' from project 'PulsrMarkdown')
cd /Users/admin/builder/spi-builder-workspace
builtin-copy -exclude .DS_Store -exclude CVS -exclude .svn -exclude .git -exclude .hg -resolve-src-symlinks -rename /Users/admin/builder/spi-builder-workspace/.derivedData/Build/Intermediates.noindex/PulsrMarkdown.build/Debug-watchos/PulsrMarkdown-t.build/Objects-normal/arm64/PulsrMarkdown.swiftdoc /Users/admin/builder/spi-builder-workspace/.derivedData/Build/Products/Debug-watchos/PulsrMarkdown.swiftmodule/arm64-apple-watchos.swiftdoc
Copy /Users/admin/builder/spi-builder-workspace/.derivedData/Build/Products/Debug-watchos/PulsrMarkdown.swiftmodule/Project/arm64-apple-watchos.swiftsourceinfo /Users/admin/builder/spi-builder-workspace/.derivedData/Build/Intermediates.noindex/PulsrMarkdown.build/Debug-watchos/PulsrMarkdown-t.build/Objects-normal/arm64/PulsrMarkdown.swiftsourceinfo (in target 'PulsrMarkdown' from project 'PulsrMarkdown')
cd /Users/admin/builder/spi-builder-workspace
builtin-copy -exclude .DS_Store -exclude CVS -exclude .svn -exclude .git -exclude .hg -resolve-src-symlinks -rename /Users/admin/builder/spi-builder-workspace/.derivedData/Build/Intermediates.noindex/PulsrMarkdown.build/Debug-watchos/PulsrMarkdown-t.build/Objects-normal/arm64/PulsrMarkdown.swiftsourceinfo /Users/admin/builder/spi-builder-workspace/.derivedData/Build/Products/Debug-watchos/PulsrMarkdown.swiftmodule/Project/arm64-apple-watchos.swiftsourceinfo
SwiftDriverJobDiscovery normal arm64_32 Emitting module for PulsrMarkdown (in target 'PulsrMarkdown' from project 'PulsrMarkdown')
SwiftDriver\ Compilation\ Requirements PulsrMarkdown normal arm64_32 com.apple.xcode.tools.swift.compiler (in target 'PulsrMarkdown' from project 'PulsrMarkdown')
cd /Users/admin/builder/spi-builder-workspace/.swiftpm/xcode
builtin-Swift-Compilation-Requirements -- /Applications/Xcode-27.0.0-Release.Candidate.app/Contents/Developer/Toolchains/XcodeDefault.xctoolchain/usr/bin/swiftc -parse-as-library -module-name PulsrMarkdown -Onone @/Users/admin/builder/spi-builder-workspace/.derivedData/Build/Intermediates.noindex/PulsrMarkdown.build/Debug-watchos/PulsrMarkdown-t.build/Objects-normal/arm64_32/PulsrMarkdown.SwiftFileList -DSWIFT_PACKAGE -DDEBUG -DSWIFT_MODULE_RESOURCE_BUNDLE_UNAVAILABLE -DXcode -plugin-path /Applications/Xcode-27.0.0-Release.Candidate.app/Contents/Developer/Toolchains/XcodeDefault.xctoolchain/usr/lib/swift/host/plugins/testing -enable-experimental-feature DebugDescriptionMacro -sdk /Applications/Xcode-27.0.0-Release.Candidate.app/Contents/Developer/Platforms/WatchOS.platform/Developer/SDKs/WatchOS27.0.sdk -target arm64_32-apple-watchos9.0 -g -module-cache-path /Users/admin/builder/spi-builder-workspace/.derivedData/ModuleCache.noindex -Xfrontend -serialize-debugging-options -profile-coverage-mapping -profile-generate -enable-testing -index-store-path /Users/admin/builder/spi-builder-workspace/.derivedData/Index.noindex/DataStore -Xcc -D_LIBCPP_HARDENING_MODE\=_LIBCPP_HARDENING_MODE_DEBUG -swift-version 5 -I /Users/admin/builder/spi-builder-workspace/.derivedData/Build/Products/Debug-watchos -Isystem /Applications/Xcode-27.0.0-Release.Candidate.app/Contents/Developer/Platforms/WatchOS.platform/Developer/usr/lib -F /Users/admin/builder/spi-builder-workspace/.derivedData/Build/Products/Debug-watchos -F /Applications/Xcode-27.0.0-Release.Candidate.app/Contents/Developer/Platforms/WatchOS.platform/Developer/Library/Frameworks -F /Applications/Xcode-27.0.0-Release.Candidate.app/Contents/Developer/Platforms/WatchOS.platform/Developer/SDKs/WatchOS27.0.sdk/Developer/Library/Frameworks -c -j10 -enable-batch-mode -incremental -Xcc -ivfsstatcache -Xcc /Users/admin/builder/spi-builder-workspace/.derivedData/SDKStatCaches.noindex/watchos27.0-24R360-e829b21a6f8c9b70876ba0858053c04477534ef55a1706bf4c1112bbb242f0a2.sdkstatcache -output-file-map /Users/admin/builder/spi-builder-workspace/.derivedData/Build/Intermediates.noindex/PulsrMarkdown.build/Debug-watchos/PulsrMarkdown-t.build/Objects-normal/arm64_32/PulsrMarkdown-OutputFileMap.json -save-temps -no-color-diagnostics -explicit-module-build -module-cache-path /Users/admin/builder/spi-builder-workspace/.derivedData/Build/Intermediates.noindex/SwiftExplicitPrecompiledModules -clang-scanner-module-cache-path /Users/admin/builder/spi-builder-workspace/.derivedData/ModuleCache.noindex -sdk-module-cache-path /Users/admin/builder/spi-builder-workspace/.derivedData/SDKExplicitPrecompiledModules -emit-dependencies -emit-module -emit-module-path /Users/admin/builder/spi-builder-workspace/.derivedData/Build/Intermediates.noindex/PulsrMarkdown.build/Debug-watchos/PulsrMarkdown-t.build/Objects-normal/arm64_32/PulsrMarkdown.swiftmodule -serialize-diagnostics -dependency-scan-serialize-diagnostics-path /Users/admin/builder/spi-builder-workspace/.derivedData/Build/Intermediates.noindex/PulsrMarkdown.build/Debug-watchos/PulsrMarkdown-t.build/Objects-normal/arm64_32/PulsrMarkdown-dependency-scan.dia -validate-clang-modules-once -clang-build-session-file /Users/admin/builder/spi-builder-workspace/.derivedData/ModuleCache.noindex/Session.modulevalidation -Xcc -fmodules-prune-interval\=86400 -Xcc -fmodules-prune-after\=345600 -emit-const-values -const-gather-protocols-list /Users/admin/builder/spi-builder-workspace/.derivedData/Build/Intermediates.noindex/PulsrMarkdown.build/Debug-watchos/PulsrMarkdown-t.build/Objects-normal/arm64_32/PulsrMarkdown_const_extract_protocols.json -Xcc -I/Users/admin/builder/spi-builder-workspace/.derivedData/Build/Products/Debug-watchos/include -Xcc -I/Users/admin/builder/spi-builder-workspace/.derivedData/Build/Intermediates.noindex/PulsrMarkdown.build/Debug-watchos/PulsrMarkdown-t.build/DerivedSources-normal/arm64_32 -Xcc -I/Users/admin/builder/spi-builder-workspace/.derivedData/Build/Intermediates.noindex/PulsrMarkdown.build/Debug-watchos/PulsrMarkdown-t.build/DerivedSources/arm64_32 -Xcc -I/Users/admin/builder/spi-builder-workspace/.derivedData/Build/Intermediates.noindex/PulsrMarkdown.build/Debug-watchos/PulsrMarkdown-t.build/DerivedSources -Xcc -DSWIFT_PACKAGE -Xcc -DDEBUG\=1 -emit-objc-header -emit-objc-header-path /Users/admin/builder/spi-builder-workspace/.derivedData/Build/Intermediates.noindex/PulsrMarkdown.build/Debug-watchos/PulsrMarkdown-t.build/Objects-normal/arm64_32/PulsrMarkdown-Swift.h -working-directory /Users/admin/builder/spi-builder-workspace/.swiftpm/xcode -experimental-emit-module-separately -disable-cmo
SwiftMergeGeneratedHeaders /Users/admin/builder/spi-builder-workspace/.derivedData/Build/Intermediates.noindex/GeneratedModuleMaps-watchos/PulsrMarkdown-Swift.h /Users/admin/builder/spi-builder-workspace/.derivedData/Build/Intermediates.noindex/PulsrMarkdown.build/Debug-watchos/PulsrMarkdown-t.build/Objects-normal/arm64/PulsrMarkdown-Swift.h /Users/admin/builder/spi-builder-workspace/.derivedData/Build/Intermediates.noindex/PulsrMarkdown.build/Debug-watchos/PulsrMarkdown-t.build/Objects-normal/arm64_32/PulsrMarkdown-Swift.h (in target 'PulsrMarkdown' from project 'PulsrMarkdown')
cd /Users/admin/builder/spi-builder-workspace
builtin-swiftHeaderTool -arch arm64 /Users/admin/builder/spi-builder-workspace/.derivedData/Build/Intermediates.noindex/PulsrMarkdown.build/Debug-watchos/PulsrMarkdown-t.build/Objects-normal/arm64/PulsrMarkdown-Swift.h -arch arm64_32 /Users/admin/builder/spi-builder-workspace/.derivedData/Build/Intermediates.noindex/PulsrMarkdown.build/Debug-watchos/PulsrMarkdown-t.build/Objects-normal/arm64_32/PulsrMarkdown-Swift.h -o /Users/admin/builder/spi-builder-workspace/.derivedData/Build/Intermediates.noindex/GeneratedModuleMaps-watchos/PulsrMarkdown-Swift.h
Copy /Users/admin/builder/spi-builder-workspace/.derivedData/Build/Products/Debug-watchos/PulsrMarkdown.swiftmodule/arm64_32-apple-watchos.swiftmodule /Users/admin/builder/spi-builder-workspace/.derivedData/Build/Intermediates.noindex/PulsrMarkdown.build/Debug-watchos/PulsrMarkdown-t.build/Objects-normal/arm64_32/PulsrMarkdown.swiftmodule (in target 'PulsrMarkdown' from project 'PulsrMarkdown')
cd /Users/admin/builder/spi-builder-workspace
builtin-copy -exclude .DS_Store -exclude CVS -exclude .svn -exclude .git -exclude .hg -resolve-src-symlinks -rename /Users/admin/builder/spi-builder-workspace/.derivedData/Build/Intermediates.noindex/PulsrMarkdown.build/Debug-watchos/PulsrMarkdown-t.build/Objects-normal/arm64_32/PulsrMarkdown.swiftmodule /Users/admin/builder/spi-builder-workspace/.derivedData/Build/Products/Debug-watchos/PulsrMarkdown.swiftmodule/arm64_32-apple-watchos.swiftmodule
Copy /Users/admin/builder/spi-builder-workspace/.derivedData/Build/Products/Debug-watchos/PulsrMarkdown.swiftmodule/arm64_32-apple-watchos.swiftdoc /Users/admin/builder/spi-builder-workspace/.derivedData/Build/Intermediates.noindex/PulsrMarkdown.build/Debug-watchos/PulsrMarkdown-t.build/Objects-normal/arm64_32/PulsrMarkdown.swiftdoc (in target 'PulsrMarkdown' from project 'PulsrMarkdown')
cd /Users/admin/builder/spi-builder-workspace
builtin-copy -exclude .DS_Store -exclude CVS -exclude .svn -exclude .git -exclude .hg -resolve-src-symlinks -rename /Users/admin/builder/spi-builder-workspace/.derivedData/Build/Intermediates.noindex/PulsrMarkdown.build/Debug-watchos/PulsrMarkdown-t.build/Objects-normal/arm64_32/PulsrMarkdown.swiftdoc /Users/admin/builder/spi-builder-workspace/.derivedData/Build/Products/Debug-watchos/PulsrMarkdown.swiftmodule/arm64_32-apple-watchos.swiftdoc
Copy /Users/admin/builder/spi-builder-workspace/.derivedData/Build/Products/Debug-watchos/PulsrMarkdown.swiftmodule/arm64_32-apple-watchos.abi.json /Users/admin/builder/spi-builder-workspace/.derivedData/Build/Intermediates.noindex/PulsrMarkdown.build/Debug-watchos/PulsrMarkdown-t.build/Objects-normal/arm64_32/PulsrMarkdown.abi.json (in target 'PulsrMarkdown' from project 'PulsrMarkdown')
cd /Users/admin/builder/spi-builder-workspace
builtin-copy -exclude .DS_Store -exclude CVS -exclude .svn -exclude .git -exclude .hg -resolve-src-symlinks -rename /Users/admin/builder/spi-builder-workspace/.derivedData/Build/Intermediates.noindex/PulsrMarkdown.build/Debug-watchos/PulsrMarkdown-t.build/Objects-normal/arm64_32/PulsrMarkdown.abi.json /Users/admin/builder/spi-builder-workspace/.derivedData/Build/Products/Debug-watchos/PulsrMarkdown.swiftmodule/arm64_32-apple-watchos.abi.json
Copy /Users/admin/builder/spi-builder-workspace/.derivedData/Build/Products/Debug-watchos/PulsrMarkdown.swiftmodule/Project/arm64_32-apple-watchos.swiftsourceinfo /Users/admin/builder/spi-builder-workspace/.derivedData/Build/Intermediates.noindex/PulsrMarkdown.build/Debug-watchos/PulsrMarkdown-t.build/Objects-normal/arm64_32/PulsrMarkdown.swiftsourceinfo (in target 'PulsrMarkdown' from project 'PulsrMarkdown')
cd /Users/admin/builder/spi-builder-workspace
builtin-copy -exclude .DS_Store -exclude CVS -exclude .svn -exclude .git -exclude .hg -resolve-src-symlinks -rename /Users/admin/builder/spi-builder-workspace/.derivedData/Build/Intermediates.noindex/PulsrMarkdown.build/Debug-watchos/PulsrMarkdown-t.build/Objects-normal/arm64_32/PulsrMarkdown.swiftsourceinfo /Users/admin/builder/spi-builder-workspace/.derivedData/Build/Products/Debug-watchos/PulsrMarkdown.swiftmodule/Project/arm64_32-apple-watchos.swiftsourceinfo
SwiftDriver PulsrMarkdownViews normal arm64 com.apple.xcode.tools.swift.compiler (in target 'PulsrMarkdownViews' from project 'PulsrMarkdown')
cd /Users/admin/builder/spi-builder-workspace/.swiftpm/xcode
builtin-SwiftDriver -- /Applications/Xcode-27.0.0-Release.Candidate.app/Contents/Developer/Toolchains/XcodeDefault.xctoolchain/usr/bin/swiftc -parse-as-library -module-name PulsrMarkdownViews -Onone @/Users/admin/builder/spi-builder-workspace/.derivedData/Build/Intermediates.noindex/PulsrMarkdown.build/Debug-watchos/PulsrMarkdownViews-t.build/Objects-normal/arm64/PulsrMarkdownViews.SwiftFileList -DSWIFT_PACKAGE -DDEBUG -DSWIFT_MODULE_RESOURCE_BUNDLE_UNAVAILABLE -DXcode -plugin-path /Applications/Xcode-27.0.0-Release.Candidate.app/Contents/Developer/Toolchains/XcodeDefault.xctoolchain/usr/lib/swift/host/plugins/testing -enable-experimental-feature DebugDescriptionMacro -sdk /Applications/Xcode-27.0.0-Release.Candidate.app/Contents/Developer/Platforms/WatchOS.platform/Developer/SDKs/WatchOS27.0.sdk -target arm64-apple-watchos9.0 -g -module-cache-path /Users/admin/builder/spi-builder-workspace/.derivedData/ModuleCache.noindex -Xfrontend -serialize-debugging-options -profile-coverage-mapping -profile-generate -enable-testing -index-store-path /Users/admin/builder/spi-builder-workspace/.derivedData/Index.noindex/DataStore -Xcc -D_LIBCPP_HARDENING_MODE\=_LIBCPP_HARDENING_MODE_DEBUG -swift-version 5 -I /Users/admin/builder/spi-builder-workspace/.derivedData/Build/Products/Debug-watchos -Isystem /Applications/Xcode-27.0.0-Release.Candidate.app/Contents/Developer/Platforms/WatchOS.platform/Developer/usr/lib -F /Users/admin/builder/spi-builder-workspace/.derivedData/Build/Products/Debug-watchos/PackageFrameworks -F /Users/admin/builder/spi-builder-workspace/.derivedData/Build/Products/Debug-watchos -F /Applications/Xcode-27.0.0-Release.Candidate.app/Contents/Developer/Platforms/WatchOS.platform/Developer/Library/Frameworks -F /Applications/Xcode-27.0.0-Release.Candidate.app/Contents/Developer/Platforms/WatchOS.platform/Developer/SDKs/WatchOS27.0.sdk/Developer/Library/Frameworks -c -j10 -enable-batch-mode -incremental -Xcc -ivfsstatcache -Xcc /Users/admin/builder/spi-builder-workspace/.derivedData/SDKStatCaches.noindex/watchos27.0-24R360-e829b21a6f8c9b70876ba0858053c04477534ef55a1706bf4c1112bbb242f0a2.sdkstatcache -output-file-map /Users/admin/builder/spi-builder-workspace/.derivedData/Build/Intermediates.noindex/PulsrMarkdown.build/Debug-watchos/PulsrMarkdownViews-t.build/Objects-normal/arm64/PulsrMarkdownViews-OutputFileMap.json -save-temps -no-color-diagnostics -explicit-module-build -module-cache-path /Users/admin/builder/spi-builder-workspace/.derivedData/Build/Intermediates.noindex/SwiftExplicitPrecompiledModules -clang-scanner-module-cache-path /Users/admin/builder/spi-builder-workspace/.derivedData/ModuleCache.noindex -sdk-module-cache-path /Users/admin/builder/spi-builder-workspace/.derivedData/SDKExplicitPrecompiledModules -emit-dependencies -emit-module -emit-module-path /Users/admin/builder/spi-builder-workspace/.derivedData/Build/Intermediates.noindex/PulsrMarkdown.build/Debug-watchos/PulsrMarkdownViews-t.build/Objects-normal/arm64/PulsrMarkdownViews.swiftmodule -serialize-diagnostics -dependency-scan-serialize-diagnostics-path /Users/admin/builder/spi-builder-workspace/.derivedData/Build/Intermediates.noindex/PulsrMarkdown.build/Debug-watchos/PulsrMarkdownViews-t.build/Objects-normal/arm64/PulsrMarkdownViews-dependency-scan.dia -validate-clang-modules-once -clang-build-session-file /Users/admin/builder/spi-builder-workspace/.derivedData/ModuleCache.noindex/Session.modulevalidation -Xcc -fmodules-prune-interval\=86400 -Xcc -fmodules-prune-after\=345600 -emit-const-values -const-gather-protocols-list /Users/admin/builder/spi-builder-workspace/.derivedData/Build/Intermediates.noindex/PulsrMarkdown.build/Debug-watchos/PulsrMarkdownViews-t.build/Objects-normal/arm64/PulsrMarkdownViews_const_extract_protocols.json -Xcc -I/Users/admin/builder/spi-builder-workspace/.derivedData/Build/Products/Debug-watchos/include -Xcc -I/Users/admin/builder/spi-builder-workspace/.derivedData/Build/Intermediates.noindex/PulsrMarkdown.build/Debug-watchos/PulsrMarkdownViews-t.build/DerivedSources-normal/arm64 -Xcc -I/Users/admin/builder/spi-builder-workspace/.derivedData/Build/Intermediates.noindex/PulsrMarkdown.build/Debug-watchos/PulsrMarkdownViews-t.build/DerivedSources/arm64 -Xcc -I/Users/admin/builder/spi-builder-workspace/.derivedData/Build/Intermediates.noindex/PulsrMarkdown.build/Debug-watchos/PulsrMarkdownViews-t.build/DerivedSources -Xcc -DSWIFT_PACKAGE -Xcc -DDEBUG\=1 -emit-objc-header -emit-objc-header-path /Users/admin/builder/spi-builder-workspace/.derivedData/Build/Intermediates.noindex/PulsrMarkdown.build/Debug-watchos/PulsrMarkdownViews-t.build/Objects-normal/arm64/PulsrMarkdownViews-Swift.h -working-directory /Users/admin/builder/spi-builder-workspace/.swiftpm/xcode -experimental-emit-module-separately -disable-cmo
SwiftDriver PulsrMarkdownViews normal arm64_32 com.apple.xcode.tools.swift.compiler (in target 'PulsrMarkdownViews' from project 'PulsrMarkdown')
cd /Users/admin/builder/spi-builder-workspace/.swiftpm/xcode
builtin-SwiftDriver -- /Applications/Xcode-27.0.0-Release.Candidate.app/Contents/Developer/Toolchains/XcodeDefault.xctoolchain/usr/bin/swiftc -parse-as-library -module-name PulsrMarkdownViews -Onone @/Users/admin/builder/spi-builder-workspace/.derivedData/Build/Intermediates.noindex/PulsrMarkdown.build/Debug-watchos/PulsrMarkdownViews-t.build/Objects-normal/arm64_32/PulsrMarkdownViews.SwiftFileList -DSWIFT_PACKAGE -DDEBUG -DSWIFT_MODULE_RESOURCE_BUNDLE_UNAVAILABLE -DXcode -plugin-path /Applications/Xcode-27.0.0-Release.Candidate.app/Contents/Developer/Toolchains/XcodeDefault.xctoolchain/usr/lib/swift/host/plugins/testing -enable-experimental-feature DebugDescriptionMacro -sdk /Applications/Xcode-27.0.0-Release.Candidate.app/Contents/Developer/Platforms/WatchOS.platform/Developer/SDKs/WatchOS27.0.sdk -target arm64_32-apple-watchos9.0 -g -module-cache-path /Users/admin/builder/spi-builder-workspace/.derivedData/ModuleCache.noindex -Xfrontend -serialize-debugging-options -profile-coverage-mapping -profile-generate -enable-testing -index-store-path /Users/admin/builder/spi-builder-workspace/.derivedData/Index.noindex/DataStore -Xcc -D_LIBCPP_HARDENING_MODE\=_LIBCPP_HARDENING_MODE_DEBUG -swift-version 5 -I /Users/admin/builder/spi-builder-workspace/.derivedData/Build/Products/Debug-watchos -Isystem /Applications/Xcode-27.0.0-Release.Candidate.app/Contents/Developer/Platforms/WatchOS.platform/Developer/usr/lib -F /Users/admin/builder/spi-builder-workspace/.derivedData/Build/Products/Debug-watchos/PackageFrameworks -F /Users/admin/builder/spi-builder-workspace/.derivedData/Build/Products/Debug-watchos -F /Applications/Xcode-27.0.0-Release.Candidate.app/Contents/Developer/Platforms/WatchOS.platform/Developer/Library/Frameworks -F /Applications/Xcode-27.0.0-Release.Candidate.app/Contents/Developer/Platforms/WatchOS.platform/Developer/SDKs/WatchOS27.0.sdk/Developer/Library/Frameworks -c -j10 -enable-batch-mode -incremental -Xcc -ivfsstatcache -Xcc /Users/admin/builder/spi-builder-workspace/.derivedData/SDKStatCaches.noindex/watchos27.0-24R360-e829b21a6f8c9b70876ba0858053c04477534ef55a1706bf4c1112bbb242f0a2.sdkstatcache -output-file-map /Users/admin/builder/spi-builder-workspace/.derivedData/Build/Intermediates.noindex/PulsrMarkdown.build/Debug-watchos/PulsrMarkdownViews-t.build/Objects-normal/arm64_32/PulsrMarkdownViews-OutputFileMap.json -save-temps -no-color-diagnostics -explicit-module-build -module-cache-path /Users/admin/builder/spi-builder-workspace/.derivedData/Build/Intermediates.noindex/SwiftExplicitPrecompiledModules -clang-scanner-module-cache-path /Users/admin/builder/spi-builder-workspace/.derivedData/ModuleCache.noindex -sdk-module-cache-path /Users/admin/builder/spi-builder-workspace/.derivedData/SDKExplicitPrecompiledModules -emit-dependencies -emit-module -emit-module-path /Users/admin/builder/spi-builder-workspace/.derivedData/Build/Intermediates.noindex/PulsrMarkdown.build/Debug-watchos/PulsrMarkdownViews-t.build/Objects-normal/arm64_32/PulsrMarkdownViews.swiftmodule -serialize-diagnostics -dependency-scan-serialize-diagnostics-path /Users/admin/builder/spi-builder-workspace/.derivedData/Build/Intermediates.noindex/PulsrMarkdown.build/Debug-watchos/PulsrMarkdownViews-t.build/Objects-normal/arm64_32/PulsrMarkdownViews-dependency-scan.dia -validate-clang-modules-once -clang-build-session-file /Users/admin/builder/spi-builder-workspace/.derivedData/ModuleCache.noindex/Session.modulevalidation -Xcc -fmodules-prune-interval\=86400 -Xcc -fmodules-prune-after\=345600 -emit-const-values -const-gather-protocols-list /Users/admin/builder/spi-builder-workspace/.derivedData/Build/Intermediates.noindex/PulsrMarkdown.build/Debug-watchos/PulsrMarkdownViews-t.build/Objects-normal/arm64_32/PulsrMarkdownViews_const_extract_protocols.json -Xcc -I/Users/admin/builder/spi-builder-workspace/.derivedData/Build/Products/Debug-watchos/include -Xcc -I/Users/admin/builder/spi-builder-workspace/.derivedData/Build/Intermediates.noindex/PulsrMarkdown.build/Debug-watchos/PulsrMarkdownViews-t.build/DerivedSources-normal/arm64_32 -Xcc -I/Users/admin/builder/spi-builder-workspace/.derivedData/Build/Intermediates.noindex/PulsrMarkdown.build/Debug-watchos/PulsrMarkdownViews-t.build/DerivedSources/arm64_32 -Xcc -I/Users/admin/builder/spi-builder-workspace/.derivedData/Build/Intermediates.noindex/PulsrMarkdown.build/Debug-watchos/PulsrMarkdownViews-t.build/DerivedSources -Xcc -DSWIFT_PACKAGE -Xcc -DDEBUG\=1 -emit-objc-header -emit-objc-header-path /Users/admin/builder/spi-builder-workspace/.derivedData/Build/Intermediates.noindex/PulsrMarkdown.build/Debug-watchos/PulsrMarkdownViews-t.build/Objects-normal/arm64_32/PulsrMarkdownViews-Swift.h -working-directory /Users/admin/builder/spi-builder-workspace/.swiftpm/xcode -experimental-emit-module-separately -disable-cmo
SwiftCompile normal arm64 Compiling\ MarkdownRenderedTextView.swift /Users/admin/builder/spi-builder-workspace/Sources/PulsrMarkdownViews/MarkdownRenderedTextView.swift (in target 'PulsrMarkdownViews' from project 'PulsrMarkdown')
/Users/admin/builder/spi-builder-workspace/Sources/PulsrMarkdownViews/MarkdownRenderedTextView.swift:31:44: error: 'UITapGestureRecognizer' is unavailable in watchOS
29 | }
30 |
31 | @objc open func didTapRender(_ sender: UITapGestureRecognizer) {
| `- error: 'UITapGestureRecognizer' is unavailable in watchOS
32 | guard sender.state == .ended,
33 | let position = closestPosition(to: sender.location(in: textInputView)),
/Applications/Xcode-27.0.0-Release.Candidate.app/Contents/Developer/Platforms/WatchOS.platform/Developer/SDKs/WatchOS27.0.sdk/System/Library/Frameworks/UIKit.framework/Headers/UITapGestureRecognizer.h:23:12: note: 'UITapGestureRecognizer' has been explicitly marked unavailable here
21 |
22 | UIKIT_EXTERN API_AVAILABLE(ios(3.2)) API_UNAVAILABLE(watchos) NS_SWIFT_UI_ACTOR
23 | @interface UITapGestureRecognizer : UIGestureRecognizer
| `- note: 'UITapGestureRecognizer' has been explicitly marked unavailable here
24 |
25 | @property (nonatomic) NSUInteger numberOfTapsRequired; // Default is 1. The number of taps required to match
/Users/admin/builder/spi-builder-workspace/Sources/PulsrMarkdownViews/MarkdownRenderedTextView.swift:54:56: error: 'UIGestureRecognizer' is unavailable in watchOS
52 | }
53 |
54 | public func gestureRecognizer(_ gestureRecognizer: UIGestureRecognizer, shouldRecognizeSimultaneouslyWith otherGestureRecognizer: UIGestureRecognizer) -> Bool {
| `- error: 'UIGestureRecognizer' is unavailable in watchOS
55 | return true // opening links and revealing spoilers should both work
56 | }
/Applications/Xcode-27.0.0-Release.Candidate.app/Contents/Developer/Platforms/WatchOS.platform/Developer/SDKs/WatchOS27.0.sdk/System/Library/Frameworks/UIKit.framework/Headers/UIGestureRecognizer.h:35:12: note: 'UIGestureRecognizer' has been explicitly marked unavailable here
33 |
34 | UIKIT_EXTERN API_AVAILABLE(ios(3.2)) API_UNAVAILABLE(watchos) NS_SWIFT_UI_ACTOR
35 | @interface UIGestureRecognizer : NSObject
| `- note: 'UIGestureRecognizer' has been explicitly marked unavailable here
36 |
37 | // Valid action method signatures:
/Users/admin/builder/spi-builder-workspace/Sources/PulsrMarkdownViews/MarkdownRenderedTextView.swift:54:135: error: 'UIGestureRecognizer' is unavailable in watchOS
52 | }
53 |
54 | public func gestureRecognizer(_ gestureRecognizer: UIGestureRecognizer, shouldRecognizeSimultaneouslyWith otherGestureRecognizer: UIGestureRecognizer) -> Bool {
| `- error: 'UIGestureRecognizer' is unavailable in watchOS
55 | return true // opening links and revealing spoilers should both work
56 | }
/Applications/Xcode-27.0.0-Release.Candidate.app/Contents/Developer/Platforms/WatchOS.platform/Developer/SDKs/WatchOS27.0.sdk/System/Library/Frameworks/UIKit.framework/Headers/UIGestureRecognizer.h:35:12: note: 'UIGestureRecognizer' has been explicitly marked unavailable here
33 |
34 | UIKIT_EXTERN API_AVAILABLE(ios(3.2)) API_UNAVAILABLE(watchos) NS_SWIFT_UI_ACTOR
35 | @interface UIGestureRecognizer : NSObject
| `- note: 'UIGestureRecognizer' has been explicitly marked unavailable here
36 |
37 | // Valid action method signatures:
/Users/admin/builder/spi-builder-workspace/Sources/PulsrMarkdownViews/MarkdownRenderedTextView.swift:11:52: error: 'UIGestureRecognizerDelegate' is unavailable in watchOS
9 | import PulsrMarkdown
10 |
11 | open class MarkdownRenderedTextView: MarkdownView, UIGestureRecognizerDelegate {
| `- error: 'UIGestureRecognizerDelegate' is unavailable in watchOS
12 |
13 | public var revealed: Set<Int> = []
/Applications/Xcode-27.0.0-Release.Candidate.app/Contents/Developer/Platforms/WatchOS.platform/Developer/SDKs/WatchOS27.0.sdk/System/Library/Frameworks/UIKit.framework/Headers/UIGestureRecognizer.h:91:11: note: 'UIGestureRecognizerDelegate' has been explicitly marked unavailable here
89 |
90 | API_UNAVAILABLE(watchos) NS_SWIFT_UI_ACTOR
91 | @protocol UIGestureRecognizerDelegate <NSObject>
| `- note: 'UIGestureRecognizerDelegate' has been explicitly marked unavailable here
92 | @optional
93 | // called when a gesture recognizer attempts to transition out of UIGestureRecognizerStatePossible. returning NO causes it to transition to UIGestureRecognizerStateFailed
/Users/admin/builder/spi-builder-workspace/Sources/PulsrMarkdownViews/MarkdownRenderedTextView.swift:20:19: error: 'UITapGestureRecognizer' is unavailable in watchOS
18 | allowsEditingTextAttributes = true
19 |
20 | let tap = UITapGestureRecognizer(target: self, action: #selector(didTapRender))
| `- error: 'UITapGestureRecognizer' is unavailable in watchOS
21 | tap.cancelsTouchesInView = false // doesn't do anything...
22 | tap.delegate = self
/Applications/Xcode-27.0.0-Release.Candidate.app/Contents/Developer/Platforms/WatchOS.platform/Developer/SDKs/WatchOS27.0.sdk/System/Library/Frameworks/UIKit.framework/Headers/UITapGestureRecognizer.h:23:12: note: 'UITapGestureRecognizer' has been explicitly marked unavailable here
21 |
22 | UIKIT_EXTERN API_AVAILABLE(ios(3.2)) API_UNAVAILABLE(watchos) NS_SWIFT_UI_ACTOR
23 | @interface UITapGestureRecognizer : UIGestureRecognizer
| `- note: 'UITapGestureRecognizer' has been explicitly marked unavailable here
24 |
25 | @property (nonatomic) NSUInteger numberOfTapsRequired; // Default is 1. The number of taps required to match
SwiftCompile normal arm64 /Users/admin/builder/spi-builder-workspace/Sources/PulsrMarkdownViews/MarkdownRenderedTextView.swift (in target 'PulsrMarkdownViews' from project 'PulsrMarkdown')
cd /Users/admin/builder/spi-builder-workspace/.swiftpm/xcode
builtin-SwiftPerFileCompile MarkdownRenderedTextView.swift
SwiftEmitModule normal arm64 Emitting\ module\ for\ PulsrMarkdownViews (in target 'PulsrMarkdownViews' from project 'PulsrMarkdown')
/Users/admin/builder/spi-builder-workspace/Sources/PulsrMarkdownViews/MarkdownRenderedTextView.swift:31:44: error: 'UITapGestureRecognizer' is unavailable in watchOS
29 | }
30 |
31 | @objc open func didTapRender(_ sender: UITapGestureRecognizer) {
| `- error: 'UITapGestureRecognizer' is unavailable in watchOS
32 | guard sender.state == .ended,
33 | let position = closestPosition(to: sender.location(in: textInputView)),
/Applications/Xcode-27.0.0-Release.Candidate.app/Contents/Developer/Platforms/WatchOS.platform/Developer/SDKs/WatchOS27.0.sdk/System/Library/Frameworks/UIKit.framework/Headers/UITapGestureRecognizer.h:23:12: note: 'UITapGestureRecognizer' has been explicitly marked unavailable here
21 |
22 | UIKIT_EXTERN API_AVAILABLE(ios(3.2)) API_UNAVAILABLE(watchos) NS_SWIFT_UI_ACTOR
23 | @interface UITapGestureRecognizer : UIGestureRecognizer
| `- note: 'UITapGestureRecognizer' has been explicitly marked unavailable here
24 |
25 | @property (nonatomic) NSUInteger numberOfTapsRequired; // Default is 1. The number of taps required to match
/Users/admin/builder/spi-builder-workspace/Sources/PulsrMarkdownViews/MarkdownRenderedTextView.swift:54:56: error: 'UIGestureRecognizer' is unavailable in watchOS
52 | }
53 |
54 | public func gestureRecognizer(_ gestureRecognizer: UIGestureRecognizer, shouldRecognizeSimultaneouslyWith otherGestureRecognizer: UIGestureRecognizer) -> Bool {
| `- error: 'UIGestureRecognizer' is unavailable in watchOS
55 | return true // opening links and revealing spoilers should both work
56 | }
/Applications/Xcode-27.0.0-Release.Candidate.app/Contents/Developer/Platforms/WatchOS.platform/Developer/SDKs/WatchOS27.0.sdk/System/Library/Frameworks/UIKit.framework/Headers/UIGestureRecognizer.h:35:12: note: 'UIGestureRecognizer' has been explicitly marked unavailable here
33 |
34 | UIKIT_EXTERN API_AVAILABLE(ios(3.2)) API_UNAVAILABLE(watchos) NS_SWIFT_UI_ACTOR
35 | @interface UIGestureRecognizer : NSObject
| `- note: 'UIGestureRecognizer' has been explicitly marked unavailable here
36 |
37 | // Valid action method signatures:
/Users/admin/builder/spi-builder-workspace/Sources/PulsrMarkdownViews/MarkdownRenderedTextView.swift:54:135: error: 'UIGestureRecognizer' is unavailable in watchOS
52 | }
53 |
54 | public func gestureRecognizer(_ gestureRecognizer: UIGestureRecognizer, shouldRecognizeSimultaneouslyWith otherGestureRecognizer: UIGestureRecognizer) -> Bool {
| `- error: 'UIGestureRecognizer' is unavailable in watchOS
55 | return true // opening links and revealing spoilers should both work
56 | }
/Applications/Xcode-27.0.0-Release.Candidate.app/Contents/Developer/Platforms/WatchOS.platform/Developer/SDKs/WatchOS27.0.sdk/System/Library/Frameworks/UIKit.framework/Headers/UIGestureRecognizer.h:35:12: note: 'UIGestureRecognizer' has been explicitly marked unavailable here
33 |
34 | UIKIT_EXTERN API_AVAILABLE(ios(3.2)) API_UNAVAILABLE(watchos) NS_SWIFT_UI_ACTOR
35 | @interface UIGestureRecognizer : NSObject
| `- note: 'UIGestureRecognizer' has been explicitly marked unavailable here
36 |
37 | // Valid action method signatures:
/Users/admin/builder/spi-builder-workspace/Sources/PulsrMarkdownViews/MarkdownRenderedTextView.swift:11:52: error: 'UIGestureRecognizerDelegate' is unavailable in watchOS
9 | import PulsrMarkdown
10 |
11 | open class MarkdownRenderedTextView: MarkdownView, UIGestureRecognizerDelegate {
| `- error: 'UIGestureRecognizerDelegate' is unavailable in watchOS
12 |
13 | public var revealed: Set<Int> = []
/Applications/Xcode-27.0.0-Release.Candidate.app/Contents/Developer/Platforms/WatchOS.platform/Developer/SDKs/WatchOS27.0.sdk/System/Library/Frameworks/UIKit.framework/Headers/UIGestureRecognizer.h:91:11: note: 'UIGestureRecognizerDelegate' has been explicitly marked unavailable here
89 |
90 | API_UNAVAILABLE(watchos) NS_SWIFT_UI_ACTOR
91 | @protocol UIGestureRecognizerDelegate <NSObject>
| `- note: 'UIGestureRecognizerDelegate' has been explicitly marked unavailable here
92 | @optional
93 | // called when a gesture recognizer attempts to transition out of UIGestureRecognizerStatePossible. returning NO causes it to transition to UIGestureRecognizerStateFailed
/Users/admin/builder/spi-builder-workspace/Sources/PulsrMarkdownViews/MarkdownView.swift:182:44: error: 'UIMenuItem' is unavailable in watchOS
180 |
181 | /// None by default. Override to add additional rules, such as Strikethrough and Spoiler
182 | open var additionalFormattingOptions: [UIMenuItem] {
| `- error: 'UIMenuItem' is unavailable in watchOS
183 | []
184 | }
/Applications/Xcode-27.0.0-Release.Candidate.app/Contents/Developer/Platforms/WatchOS.platform/Developer/SDKs/WatchOS27.0.sdk/System/Library/Frameworks/UIKit.framework/Headers/UIMenuController.h:58:12: note: 'UIMenuItem' has been explicitly marked unavailable here
56 |
57 | UIKIT_EXTERN API_DEPRECATED("UIMenuItem is deprecated. Use UIEditMenuInteraction instead.", ios(3.2, 16.0), visionos(1.0, 1.0)) API_UNAVAILABLE(tvos) API_UNAVAILABLE(watchos) NS_SWIFT_UI_ACTOR
58 | @interface UIMenuItem : NSObject
| `- note: 'UIMenuItem' has been explicitly marked unavailable here
59 |
60 | - (instancetype)initWithTitle:(NSString *)title action:(SEL)action NS_DESIGNATED_INITIALIZER;
/Users/admin/builder/spi-builder-workspace/Sources/PulsrMarkdownViews/MarkdownView.swift:11:26: error: 'UITextView' is unavailable in watchOS
9 | import PulsrMarkdown
10 |
11 | open class MarkdownView: UITextView {
| `- error: 'UITextView' is unavailable in watchOS
12 |
13 | public var generator: MarkdownGenerator
/Applications/Xcode-27.0.0-Release.Candidate.app/Contents/Developer/Platforms/WatchOS.platform/Developer/SDKs/WatchOS27.0.sdk/System/Library/Frameworks/UIKit.framework/Headers/UITextView.h:223:12: note: 'UITextView' has been explicitly marked unavailable here
221 |
222 | UIKIT_EXTERN API_AVAILABLE(ios(2.0)) API_UNAVAILABLE(watchos) NS_SWIFT_UI_ACTOR
223 | @interface UITextView : UIScrollView <UITextInput, UIContentSizeCategoryAdjusting, UILetterformAwareAdjusting, NSTextViewportLayoutControllerDelegate>
| `- note: 'UITextView' has been explicitly marked unavailable here
224 |
225 | @property(nullable,nonatomic,weak) id<UITextViewDelegate> delegate;
/Users/admin/builder/spi-builder-workspace/Sources/PulsrMarkdownViews/MarkdownView.swift:188:24: error: cannot override 'toggleItalics' which has been marked unavailable
186 |
187 | extension MarkdownView {
188 | open override func toggleItalics(_ sender: Any?) {
| |- error: cannot override 'toggleItalics' which has been marked unavailable
| `- note: remove 'override' modifier to declare a new 'toggleItalics'
189 | toggleRule(.italicAsterisk)
190 | }
/Applications/Xcode-27.0.0-Release.Candidate.app/Contents/Developer/Platforms/WatchOS.platform/Developer/SDKs/WatchOS27.0.sdk/System/Library/Frameworks/UIKit.framework/Headers/UIResponder.h:47:1: note: 'toggleItalics' has been explicitly marked unavailable here
45 | - (void)makeTextWritingDirectionRightToLeft:(nullable id)sender API_AVAILABLE(ios(5.0)) API_UNAVAILABLE(watchos);
46 | - (void)toggleBoldface:(nullable id)sender API_AVAILABLE(ios(6.0)) API_UNAVAILABLE(watchos);
47 | - (void)toggleItalics:(nullable id)sender API_AVAILABLE(ios(6.0)) API_UNAVAILABLE(watchos);
| `- note: 'toggleItalics' has been explicitly marked unavailable here
48 | - (void)toggleUnderline:(nullable id)sender API_AVAILABLE(ios(6.0)) API_UNAVAILABLE(watchos);
49 |
/Users/admin/builder/spi-builder-workspace/Sources/PulsrMarkdownViews/MarkdownView.swift:192:24: error: cannot override 'toggleBoldface' which has been marked unavailable
190 | }
191 |
192 | open override func toggleBoldface(_ sender: Any?) {
| |- error: cannot override 'toggleBoldface' which has been marked unavailable
| `- note: remove 'override' modifier to declare a new 'toggleBoldface'
193 | toggleRule(.bold)
194 | }
/Applications/Xcode-27.0.0-Release.Candidate.app/Contents/Developer/Platforms/WatchOS.platform/Developer/SDKs/WatchOS27.0.sdk/System/Library/Frameworks/UIKit.framework/Headers/UIResponder.h:46:1: note: 'toggleBoldface' has been explicitly marked unavailable here
44 | - (void)makeTextWritingDirectionLeftToRight:(nullable id)sender API_AVAILABLE(ios(5.0)) API_UNAVAILABLE(watchos);
45 | - (void)makeTextWritingDirectionRightToLeft:(nullable id)sender API_AVAILABLE(ios(5.0)) API_UNAVAILABLE(watchos);
46 | - (void)toggleBoldface:(nullable id)sender API_AVAILABLE(ios(6.0)) API_UNAVAILABLE(watchos);
| `- note: 'toggleBoldface' has been explicitly marked unavailable here
47 | - (void)toggleItalics:(nullable id)sender API_AVAILABLE(ios(6.0)) API_UNAVAILABLE(watchos);
48 | - (void)toggleUnderline:(nullable id)sender API_AVAILABLE(ios(6.0)) API_UNAVAILABLE(watchos);
/Users/admin/builder/spi-builder-workspace/Sources/PulsrMarkdownViews/MarkdownView.swift:196:24: error: cannot override 'toggleUnderline' which has been marked unavailable
194 | }
195 |
196 | open override func toggleUnderline(_ sender: Any?) {
| |- error: cannot override 'toggleUnderline' which has been marked unavailable
| `- note: remove 'override' modifier to declare a new 'toggleUnderline'
197 | toggleRule(.underline)
198 | }
/Applications/Xcode-27.0.0-Release.Candidate.app/Contents/Developer/Platforms/WatchOS.platform/Developer/SDKs/WatchOS27.0.sdk/System/Library/Frameworks/UIKit.framework/Headers/UIResponder.h:48:1: note: 'toggleUnderline' has been explicitly marked unavailable here
46 | - (void)toggleBoldface:(nullable id)sender API_AVAILABLE(ios(6.0)) API_UNAVAILABLE(watchos);
47 | - (void)toggleItalics:(nullable id)sender API_AVAILABLE(ios(6.0)) API_UNAVAILABLE(watchos);
48 | - (void)toggleUnderline:(nullable id)sender API_AVAILABLE(ios(6.0)) API_UNAVAILABLE(watchos);
| `- note: 'toggleUnderline' has been explicitly marked unavailable here
49 |
50 | - (void)increaseSize:(nullable id)sender API_AVAILABLE(ios(7.0)) API_UNAVAILABLE(watchos);
/Users/admin/builder/spi-builder-workspace/Sources/PulsrMarkdownViews/MarkdownView.swift:240:35: error: 'UIView' is unavailable in watchOS
238 | }
239 |
240 | internal class CustomDrawingView: UIView {
| `- error: 'UIView' is unavailable in watchOS
241 |
242 | var customDrawing: () -> Void
/Applications/Xcode-27.0.0-Release.Candidate.app/Contents/Developer/Platforms/WatchOS.platform/Developer/SDKs/WatchOS27.0.sdk/System/Library/Frameworks/UIKit.framework/Headers/UIView.h:152:12: note: 'UIView' has been explicitly marked unavailable here
150 |
151 | UIKIT_EXTERN API_AVAILABLE(ios(2.0)) API_UNAVAILABLE(watchos) NS_SWIFT_UI_ACTOR
152 | @interface UIView : UIResponder <NSCoding, UIAppearance, UIAppearanceContainer, UIDynamicItem, UITraitEnvironment, UICoordinateSpace, UIFocusItem, UIFocusItemContainer, CALayerDelegate>
| `- note: 'UIView' has been explicitly marked unavailable here
153 |
154 | @property(class, nonatomic, readonly) Class layerClass; // default is [CALayer class]. Used when creating the underlying layer for the view.
Failed frontend command:
/Applications/Xcode-27.0.0-Release.Candidate.app/Contents/Developer/Toolchains/XcodeDefault.xctoolchain/usr/bin/swift-frontend -frontend -emit-module -experimental-skip-non-inlinable-function-bodies-without-types /Users/admin/builder/spi-builder-workspace/Sources/PulsrMarkdownViews/MarkdownEditorView.swift /Users/admin/builder/spi-builder-workspace/Sources/PulsrMarkdownViews/MarkdownRenderedTextView.swift /Users/admin/builder/spi-builder-workspace/Sources/PulsrMarkdownViews/MarkdownView.swift -target arm64-apple-watchos9.0 -disable-cross-import-overlay-search -load-resolved-plugin /Applications/Xcode-27.0.0-Release.Candidate.app/Contents/Developer/Platforms/WatchOS.platform/Developer/usr/lib/swift/host/plugins/libFoundationMacros.dylib\#/Applications/Xcode-27.0.0-Release.Candidate.app/Contents/Developer/Platforms/WatchOS.platform/Developer/usr/bin/swift-plugin-server\#FoundationMacros -load-resolved-plugin /Applications/Xcode-27.0.0-Release.Candidate.app/Contents/Developer/Platforms/WatchOS.platform/Developer/usr/lib/swift/host/plugins/libObservationMacros.dylib\#/Applications/Xcode-27.0.0-Release.Candidate.app/Contents/Developer/Platforms/WatchOS.platform/Developer/usr/bin/swift-plugin-server\#ObservationMacros -load-resolved-plugin /Applications/Xcode-27.0.0-Release.Candidate.app/Contents/Developer/Platforms/WatchOS.platform/Developer/usr/lib/swift/host/plugins/libSwiftMacros.dylib\#/Applications/Xcode-27.0.0-Release.Candidate.app/Contents/Developer/Platforms/WatchOS.platform/Developer/usr/bin/swift-plugin-server\#SwiftMacros -load-resolved-plugin /Applications/Xcode-27.0.0-Release.Candidate.app/Contents/Developer/Platforms/WatchOS.platform/Developer/usr/lib/swift/host/plugins/libSwiftUIMacros.dylib\#/Applications/Xcode-27.0.0-Release.Candidate.app/Contents/Developer/Platforms/WatchOS.platform/Developer/usr/bin/swift-plugin-server\#SwiftUIMacros -disable-implicit-swift-modules -Xcc -fno-implicit-modules -Xcc -fno-implicit-module-maps -explicit-swift-module-map-file /Users/admin/builder/spi-builder-workspace/.derivedData/Build/Intermediates.noindex/PulsrMarkdown.build/Debug-watchos/PulsrMarkdownViews-t.build/Objects-normal/arm64/PulsrMarkdownViews-dependencies-1.json -Xllvm -aarch64-use-tbi -enable-objc-interop -stack-check -sdk /Applications/Xcode-27.0.0-Release.Candidate.app/Contents/Developer/Platforms/WatchOS.platform/Developer/SDKs/WatchOS27.0.sdk -I /Users/admin/builder/spi-builder-workspace/.derivedData/Build/Products/Debug-watchos -Isystem /Applications/Xcode-27.0.0-Release.Candidate.app/Contents/Developer/Platforms/WatchOS.platform/Developer/usr/lib -F /Users/admin/builder/spi-builder-workspace/.derivedData/Build/Products/Debug-watchos/PackageFrameworks -F /Users/admin/builder/spi-builder-workspace/.derivedData/Build/Products/Debug-watchos -F /Applications/Xcode-27.0.0-Release.Candidate.app/Contents/Developer/Platforms/WatchOS.platform/Developer/Library/Frameworks -F /Applications/Xcode-27.0.0-Release.Candidate.app/Contents/Developer/Platforms/WatchOS.platform/Developer/SDKs/WatchOS27.0.sdk/Developer/Library/Frameworks -module-cache-path /Users/admin/builder/spi-builder-workspace/.derivedData/Build/Intermediates.noindex/SwiftExplicitPrecompiledModules -no-color-diagnostics -Xcc -fno-color-diagnostics -enable-testing -g -debug-info-format\=dwarf -dwarf-version\=4 -profile-generate -profile-coverage-mapping -swift-version 5 -Onone -D SWIFT_PACKAGE -D DEBUG -D SWIFT_MODULE_RESOURCE_BUNDLE_UNAVAILABLE -D Xcode -serialize-debugging-options -enable-experimental-feature DebugDescriptionMacro -empty-abi-descriptor -validate-clang-modules-once -clang-build-session-file /Users/admin/builder/spi-builder-workspace/.derivedData/ModuleCache.noindex/Session.modulevalidation -Xcc -working-directory -Xcc /Users/admin/builder/spi-builder-workspace/.swiftpm/xcode -enable-anonymous-context-mangled-names -file-compilation-dir /Users/admin/builder/spi-builder-workspace/.swiftpm/xcode -Xcc -D_LIBCPP_HARDENING_MODE\=_LIBCPP_HARDENING_MODE_DEBUG -Xcc -ivfsstatcache -Xcc /Users/admin/builder/spi-builder-workspace/.derivedData/SDKStatCaches.noindex/watchos27.0-24R360-e829b21a6f8c9b70876ba0858053c04477534ef55a1706bf4c1112bbb242f0a2.sdkstatcache -Xcc -fmodules-prune-interval\=86400 -Xcc -fmodules-prune-after\=345600 -Xcc -I/Users/admin/builder/spi-builder-workspace/.derivedData/Build/Products/Debug-watchos/include -Xcc -I/Users/admin/builder/spi-builder-workspace/.derivedData/Build/Intermediates.noindex/PulsrMarkdown.build/Debug-watchos/PulsrMarkdownViews-t.build/DerivedSources-normal/arm64 -Xcc -I/Users/admin/builder/spi-builder-workspace/.derivedData/Build/Intermediates.noindex/PulsrMarkdown.build/Debug-watchos/PulsrMarkdownViews-t.build/DerivedSources/arm64 -Xcc -I/Users/admin/builder/spi-builder-workspace/.derivedData/Build/Intermediates.noindex/PulsrMarkdown.build/Debug-watchos/PulsrMarkdownViews-t.build/DerivedSources -Xcc -DSWIFT_PACKAGE -Xcc -DDEBUG\=1 -no-auto-bridging-header-chaining -module-name PulsrMarkdownViews -const-gather-protocols-file /Users/admin/builder/spi-builder-workspace/.derivedData/Build/Intermediates.noindex/PulsrMarkdown.build/Debug-watchos/PulsrMarkdownViews-t.build/Objects-normal/arm64/PulsrMarkdownViews_const_extract_protocols.json -disable-clang-spi -clang-target arm64-apple-watchos27.0 -target-sdk-version 27.0 -target-sdk-name watchos27.0 -in-process-plugin-server-path /Applications/Xcode-27.0.0-Release.Candidate.app/Contents/Developer/Toolchains/XcodeDefault.xctoolchain/usr/lib/swift/host/libSwiftInProcPluginServer.dylib -emit-module-doc-path /Users/admin/builder/spi-builder-workspace/.derivedData/Build/Intermediates.noindex/PulsrMarkdown.build/Debug-watchos/PulsrMarkdownViews-t.build/Objects-normal/arm64/PulsrMarkdownViews.swiftdoc -emit-module-source-info-path /Users/admin/builder/spi-builder-workspace/.derivedData/Build/Intermediates.noindex/PulsrMarkdown.build/Debug-watchos/PulsrMarkdownViews-t.build/Objects-normal/arm64/PulsrMarkdownViews.swiftsourceinfo -emit-objc-header-path /Users/admin/builder/spi-builder-workspace/.derivedData/Build/Intermediates.noindex/PulsrMarkdown.build/Debug-watchos/PulsrMarkdownViews-t.build/Objects-normal/arm64/PulsrMarkdownViews-Swift.h -serialize-diagnostics-path /Users/admin/builder/spi-builder-workspace/.derivedData/Build/Intermediates.noindex/PulsrMarkdown.build/Debug-watchos/PulsrMarkdownViews-t.build/Objects-normal/arm64/PulsrMarkdownViews-primary-emit-module.dia -emit-dependencies-path /Users/admin/builder/spi-builder-workspace/.derivedData/Build/Intermediates.noindex/PulsrMarkdown.build/Debug-watchos/PulsrMarkdownViews-t.build/Objects-normal/arm64/PulsrMarkdownViews-primary-emit-module.d -parse-as-library -o /Users/admin/builder/spi-builder-workspace/.derivedData/Build/Intermediates.noindex/PulsrMarkdown.build/Debug-watchos/PulsrMarkdownViews-t.build/Objects-normal/arm64/PulsrMarkdownViews.swiftmodule -emit-abi-descriptor-path /Users/admin/builder/spi-builder-workspace/.derivedData/Build/Intermediates.noindex/PulsrMarkdown.build/Debug-watchos/PulsrMarkdownViews-t.build/Objects-normal/arm64/PulsrMarkdownViews.abi.json
SwiftCompile normal arm64 (in target 'PulsrMarkdownViews' from project 'PulsrMarkdown')
cd /Users/admin/builder/spi-builder-workspace/.swiftpm/xcode
SwiftEmitModule normal arm64_32 Emitting\ module\ for\ PulsrMarkdownViews (in target 'PulsrMarkdownViews' from project 'PulsrMarkdown')
/Users/admin/builder/spi-builder-workspace/Sources/PulsrMarkdownViews/MarkdownRenderedTextView.swift:31:44: error: 'UITapGestureRecognizer' is unavailable in watchOS
29 | }
30 |
31 | @objc open func didTapRender(_ sender: UITapGestureRecognizer) {
| `- error: 'UITapGestureRecognizer' is unavailable in watchOS
32 | guard sender.state == .ended,
33 | let position = closestPosition(to: sender.location(in: textInputView)),
/Applications/Xcode-27.0.0-Release.Candidate.app/Contents/Developer/Platforms/WatchOS.platform/Developer/SDKs/WatchOS27.0.sdk/System/Library/Frameworks/UIKit.framework/Headers/UITapGestureRecognizer.h:23:12: note: 'UITapGestureRecognizer' has been explicitly marked unavailable here
21 |
22 | UIKIT_EXTERN API_AVAILABLE(ios(3.2)) API_UNAVAILABLE(watchos) NS_SWIFT_UI_ACTOR
23 | @interface UITapGestureRecognizer : UIGestureRecognizer
| `- note: 'UITapGestureRecognizer' has been explicitly marked unavailable here
24 |
25 | @property (nonatomic) NSUInteger numberOfTapsRequired; // Default is 1. The number of taps required to match
/Users/admin/builder/spi-builder-workspace/Sources/PulsrMarkdownViews/MarkdownRenderedTextView.swift:54:56: error: 'UIGestureRecognizer' is unavailable in watchOS
52 | }
53 |
54 | public func gestureRecognizer(_ gestureRecognizer: UIGestureRecognizer, shouldRecognizeSimultaneouslyWith otherGestureRecognizer: UIGestureRecognizer) -> Bool {
| `- error: 'UIGestureRecognizer' is unavailable in watchOS
55 | return true // opening links and revealing spoilers should both work
56 | }
/Applications/Xcode-27.0.0-Release.Candidate.app/Contents/Developer/Platforms/WatchOS.platform/Developer/SDKs/WatchOS27.0.sdk/System/Library/Frameworks/UIKit.framework/Headers/UIGestureRecognizer.h:35:12: note: 'UIGestureRecognizer' has been explicitly marked unavailable here
33 |
34 | UIKIT_EXTERN API_AVAILABLE(ios(3.2)) API_UNAVAILABLE(watchos) NS_SWIFT_UI_ACTOR
35 | @interface UIGestureRecognizer : NSObject
| `- note: 'UIGestureRecognizer' has been explicitly marked unavailable here
36 |
37 | // Valid action method signatures:
/Users/admin/builder/spi-builder-workspace/Sources/PulsrMarkdownViews/MarkdownRenderedTextView.swift:54:135: error: 'UIGestureRecognizer' is unavailable in watchOS
52 | }
53 |
54 | public func gestureRecognizer(_ gestureRecognizer: UIGestureRecognizer, shouldRecognizeSimultaneouslyWith otherGestureRecognizer: UIGestureRecognizer) -> Bool {
| `- error: 'UIGestureRecognizer' is unavailable in watchOS
55 | return true // opening links and revealing spoilers should both work
56 | }
/Applications/Xcode-27.0.0-Release.Candidate.app/Contents/Developer/Platforms/WatchOS.platform/Developer/SDKs/WatchOS27.0.sdk/System/Library/Frameworks/UIKit.framework/Headers/UIGestureRecognizer.h:35:12: note: 'UIGestureRecognizer' has been explicitly marked unavailable here
33 |
34 | UIKIT_EXTERN API_AVAILABLE(ios(3.2)) API_UNAVAILABLE(watchos) NS_SWIFT_UI_ACTOR
35 | @interface UIGestureRecognizer : NSObject
| `- note: 'UIGestureRecognizer' has been explicitly marked unavailable here
36 |
37 | // Valid action method signatures:
/Users/admin/builder/spi-builder-workspace/Sources/PulsrMarkdownViews/MarkdownRenderedTextView.swift:11:52: error: 'UIGestureRecognizerDelegate' is unavailable in watchOS
9 | import PulsrMarkdown
10 |
11 | open class MarkdownRenderedTextView: MarkdownView, UIGestureRecognizerDelegate {
| `- error: 'UIGestureRecognizerDelegate' is unavailable in watchOS
12 |
13 | public var revealed: Set<Int> = []
/Applications/Xcode-27.0.0-Release.Candidate.app/Contents/Developer/Platforms/WatchOS.platform/Developer/SDKs/WatchOS27.0.sdk/System/Library/Frameworks/UIKit.framework/Headers/UIGestureRecognizer.h:91:11: note: 'UIGestureRecognizerDelegate' has been explicitly marked unavailable here
89 |
90 | API_UNAVAILABLE(watchos) NS_SWIFT_UI_ACTOR
91 | @protocol UIGestureRecognizerDelegate <NSObject>
| `- note: 'UIGestureRecognizerDelegate' has been explicitly marked unavailable here
92 | @optional
93 | // called when a gesture recognizer attempts to transition out of UIGestureRecognizerStatePossible. returning NO causes it to transition to UIGestureRecognizerStateFailed
/Users/admin/builder/spi-builder-workspace/Sources/PulsrMarkdownViews/MarkdownView.swift:182:44: error: 'UIMenuItem' is unavailable in watchOS
180 |
181 | /// None by default. Override to add additional rules, such as Strikethrough and Spoiler
182 | open var additionalFormattingOptions: [UIMenuItem] {
| `- error: 'UIMenuItem' is unavailable in watchOS
183 | []
184 | }
/Applications/Xcode-27.0.0-Release.Candidate.app/Contents/Developer/Platforms/WatchOS.platform/Developer/SDKs/WatchOS27.0.sdk/System/Library/Frameworks/UIKit.framework/Headers/UIMenuController.h:58:12: note: 'UIMenuItem' has been explicitly marked unavailable here
56 |
57 | UIKIT_EXTERN API_DEPRECATED("UIMenuItem is deprecated. Use UIEditMenuInteraction instead.", ios(3.2, 16.0), visionos(1.0, 1.0)) API_UNAVAILABLE(tvos) API_UNAVAILABLE(watchos) NS_SWIFT_UI_ACTOR
58 | @interface UIMenuItem : NSObject
| `- note: 'UIMenuItem' has been explicitly marked unavailable here
59 |
60 | - (instancetype)initWithTitle:(NSString *)title action:(SEL)action NS_DESIGNATED_INITIALIZER;
/Users/admin/builder/spi-builder-workspace/Sources/PulsrMarkdownViews/MarkdownView.swift:11:26: error: 'UITextView' is unavailable in watchOS
9 | import PulsrMarkdown
10 |
11 | open class MarkdownView: UITextView {
| `- error: 'UITextView' is unavailable in watchOS
12 |
13 | public var generator: MarkdownGenerator
/Applications/Xcode-27.0.0-Release.Candidate.app/Contents/Developer/Platforms/WatchOS.platform/Developer/SDKs/WatchOS27.0.sdk/System/Library/Frameworks/UIKit.framework/Headers/UITextView.h:223:12: note: 'UITextView' has been explicitly marked unavailable here
221 |
222 | UIKIT_EXTERN API_AVAILABLE(ios(2.0)) API_UNAVAILABLE(watchos) NS_SWIFT_UI_ACTOR
223 | @interface UITextView : UIScrollView <UITextInput, UIContentSizeCategoryAdjusting, UILetterformAwareAdjusting, NSTextViewportLayoutControllerDelegate>
| `- note: 'UITextView' has been explicitly marked unavailable here
224 |
225 | @property(nullable,nonatomic,weak) id<UITextViewDelegate> delegate;
/Users/admin/builder/spi-builder-workspace/Sources/PulsrMarkdownViews/MarkdownView.swift:188:24: error: cannot override 'toggleItalics' which has been marked unavailable
186 |
187 | extension MarkdownView {
188 | open override func toggleItalics(_ sender: Any?) {
| |- error: cannot override 'toggleItalics' which has been marked unavailable
| `- note: remove 'override' modifier to declare a new 'toggleItalics'
189 | toggleRule(.italicAsterisk)
190 | }
/Applications/Xcode-27.0.0-Release.Candidate.app/Contents/Developer/Platforms/WatchOS.platform/Developer/SDKs/WatchOS27.0.sdk/System/Library/Frameworks/UIKit.framework/Headers/UIResponder.h:47:1: note: 'toggleItalics' has been explicitly marked unavailable here
45 | - (void)makeTextWritingDirectionRightToLeft:(nullable id)sender API_AVAILABLE(ios(5.0)) API_UNAVAILABLE(watchos);
46 | - (void)toggleBoldface:(nullable id)sender API_AVAILABLE(ios(6.0)) API_UNAVAILABLE(watchos);
47 | - (void)toggleItalics:(nullable id)sender API_AVAILABLE(ios(6.0)) API_UNAVAILABLE(watchos);
| `- note: 'toggleItalics' has been explicitly marked unavailable here
48 | - (void)toggleUnderline:(nullable id)sender API_AVAILABLE(ios(6.0)) API_UNAVAILABLE(watchos);
49 |
/Users/admin/builder/spi-builder-workspace/Sources/PulsrMarkdownViews/MarkdownView.swift:192:24: error: cannot override 'toggleBoldface' which has been marked unavailable
190 | }
191 |
192 | open override func toggleBoldface(_ sender: Any?) {
| |- error: cannot override 'toggleBoldface' which has been marked unavailable
| `- note: remove 'override' modifier to declare a new 'toggleBoldface'
193 | toggleRule(.bold)
194 | }
/Applications/Xcode-27.0.0-Release.Candidate.app/Contents/Developer/Platforms/WatchOS.platform/Developer/SDKs/WatchOS27.0.sdk/System/Library/Frameworks/UIKit.framework/Headers/UIResponder.h:46:1: note: 'toggleBoldface' has been explicitly marked unavailable here
44 | - (void)makeTextWritingDirectionLeftToRight:(nullable id)sender API_AVAILABLE(ios(5.0)) API_UNAVAILABLE(watchos);
45 | - (void)makeTextWritingDirectionRightToLeft:(nullable id)sender API_AVAILABLE(ios(5.0)) API_UNAVAILABLE(watchos);
46 | - (void)toggleBoldface:(nullable id)sender API_AVAILABLE(ios(6.0)) API_UNAVAILABLE(watchos);
| `- note: 'toggleBoldface' has been explicitly marked unavailable here
47 | - (void)toggleItalics:(nullable id)sender API_AVAILABLE(ios(6.0)) API_UNAVAILABLE(watchos);
48 | - (void)toggleUnderline:(nullable id)sender API_AVAILABLE(ios(6.0)) API_UNAVAILABLE(watchos);
/Users/admin/builder/spi-builder-workspace/Sources/PulsrMarkdownViews/MarkdownView.swift:196:24: error: cannot override 'toggleUnderline' which has been marked unavailable
194 | }
195 |
196 | open override func toggleUnderline(_ sender: Any?) {
| |- error: cannot override 'toggleUnderline' which has been marked unavailable
| `- note: remove 'override' modifier to declare a new 'toggleUnderline'
197 | toggleRule(.underline)
198 | }
/Applications/Xcode-27.0.0-Release.Candidate.app/Contents/Developer/Platforms/WatchOS.platform/Developer/SDKs/WatchOS27.0.sdk/System/Library/Frameworks/UIKit.framework/Headers/UIResponder.h:48:1: note: 'toggleUnderline' has been explicitly marked unavailable here
46 | - (void)toggleBoldface:(nullable id)sender API_AVAILABLE(ios(6.0)) API_UNAVAILABLE(watchos);
47 | - (void)toggleItalics:(nullable id)sender API_AVAILABLE(ios(6.0)) API_UNAVAILABLE(watchos);
48 | - (void)toggleUnderline:(nullable id)sender API_AVAILABLE(ios(6.0)) API_UNAVAILABLE(watchos);
| `- note: 'toggleUnderline' has been explicitly marked unavailable here
49 |
50 | - (void)increaseSize:(nullable id)sender API_AVAILABLE(ios(7.0)) API_UNAVAILABLE(watchos);
/Users/admin/builder/spi-builder-workspace/Sources/PulsrMarkdownViews/MarkdownView.swift:240:35: error: 'UIView' is unavailable in watchOS
238 | }
239 |
240 | internal class CustomDrawingView: UIView {
| `- error: 'UIView' is unavailable in watchOS
241 |
242 | var customDrawing: () -> Void
/Applications/Xcode-27.0.0-Release.Candidate.app/Contents/Developer/Platforms/WatchOS.platform/Developer/SDKs/WatchOS27.0.sdk/System/Library/Frameworks/UIKit.framework/Headers/UIView.h:152:12: note: 'UIView' has been explicitly marked unavailable here
150 |
151 | UIKIT_EXTERN API_AVAILABLE(ios(2.0)) API_UNAVAILABLE(watchos) NS_SWIFT_UI_ACTOR
152 | @interface UIView : UIResponder <NSCoding, UIAppearance, UIAppearanceContainer, UIDynamicItem, UITraitEnvironment, UICoordinateSpace, UIFocusItem, UIFocusItemContainer, CALayerDelegate>
| `- note: 'UIView' has been explicitly marked unavailable here
153 |
154 | @property(class, nonatomic, readonly) Class layerClass; // default is [CALayer class]. Used when creating the underlying layer for the view.
Failed frontend command:
/Applications/Xcode-27.0.0-Release.Candidate.app/Contents/Developer/Toolchains/XcodeDefault.xctoolchain/usr/bin/swift-frontend -frontend -emit-module -experimental-skip-non-inlinable-function-bodies-without-types /Users/admin/builder/spi-builder-workspace/Sources/PulsrMarkdownViews/MarkdownEditorView.swift /Users/admin/builder/spi-builder-workspace/Sources/PulsrMarkdownViews/MarkdownRenderedTextView.swift /Users/admin/builder/spi-builder-workspace/Sources/PulsrMarkdownViews/MarkdownView.swift -target arm64_32-apple-watchos9.0 -disable-cross-import-overlay-search -load-resolved-plugin /Applications/Xcode-27.0.0-Release.Candidate.app/Contents/Developer/Platforms/WatchOS.platform/Developer/usr/lib/swift/host/plugins/libFoundationMacros.dylib\#/Applications/Xcode-27.0.0-Release.Candidate.app/Contents/Developer/Platforms/WatchOS.platform/Developer/usr/bin/swift-plugin-server\#FoundationMacros -load-resolved-plugin /Applications/Xcode-27.0.0-Release.Candidate.app/Contents/Developer/Platforms/WatchOS.platform/Developer/usr/lib/swift/host/plugins/libObservationMacros.dylib\#/Applications/Xcode-27.0.0-Release.Candidate.app/Contents/Developer/Platforms/WatchOS.platform/Developer/usr/bin/swift-plugin-server\#ObservationMacros -load-resolved-plugin /Applications/Xcode-27.0.0-Release.Candidate.app/Contents/Developer/Platforms/WatchOS.platform/Developer/usr/lib/swift/host/plugins/libSwiftMacros.dylib\#/Applications/Xcode-27.0.0-Release.Candidate.app/Contents/Developer/Platforms/WatchOS.platform/Developer/usr/bin/swift-plugin-server\#SwiftMacros -load-resolved-plugin /Applications/Xcode-27.0.0-Release.Candidate.app/Contents/Developer/Platforms/WatchOS.platform/Developer/usr/lib/swift/host/plugins/libSwiftUIMacros.dylib\#/Applications/Xcode-27.0.0-Release.Candidate.app/Contents/Developer/Platforms/WatchOS.platform/Developer/usr/bin/swift-plugin-server\#SwiftUIMacros -disable-implicit-swift-modules -Xcc -fno-implicit-modules -Xcc -fno-implicit-module-maps -explicit-swift-module-map-file /Users/admin/builder/spi-builder-workspace/.derivedData/Build/Intermediates.noindex/PulsrMarkdown.build/Debug-watchos/PulsrMarkdownViews-t.build/Objects-normal/arm64_32/PulsrMarkdownViews-dependencies-2.json -enable-objc-interop -sdk /Applications/Xcode-27.0.0-Release.Candidate.app/Contents/Developer/Platforms/WatchOS.platform/Developer/SDKs/WatchOS27.0.sdk -I /Users/admin/builder/spi-builder-workspace/.derivedData/Build/Products/Debug-watchos -Isystem /Applications/Xcode-27.0.0-Release.Candidate.app/Contents/Developer/Platforms/WatchOS.platform/Developer/usr/lib -F /Users/admin/builder/spi-builder-workspace/.derivedData/Build/Products/Debug-watchos/PackageFrameworks -F /Users/admin/builder/spi-builder-workspace/.derivedData/Build/Products/Debug-watchos -F /Applications/Xcode-27.0.0-Release.Candidate.app/Contents/Developer/Platforms/WatchOS.platform/Developer/Library/Frameworks -F /Applications/Xcode-27.0.0-Release.Candidate.app/Contents/Developer/Platforms/WatchOS.platform/Developer/SDKs/WatchOS27.0.sdk/Developer/Library/Frameworks -module-cache-path /Users/admin/builder/spi-builder-workspace/.derivedData/Build/Intermediates.noindex/SwiftExplicitPrecompiledModules -no-color-diagnostics -Xcc -fno-color-diagnostics -enable-testing -g -debug-info-format\=dwarf -dwarf-version\=4 -profile-generate -profile-coverage-mapping -swift-version 5 -Onone -D SWIFT_PACKAGE -D DEBUG -D SWIFT_MODULE_RESOURCE_BUNDLE_UNAVAILABLE -D Xcode -serialize-debugging-options -enable-experimental-feature DebugDescriptionMacro -empty-abi-descriptor -validate-clang-modules-once -clang-build-session-file /Users/admin/builder/spi-builder-workspace/.derivedData/ModuleCache.noindex/Session.modulevalidation -Xcc -working-directory -Xcc /Users/admin/builder/spi-builder-workspace/.swiftpm/xcode -enable-anonymous-context-mangled-names -file-compilation-dir /Users/admin/builder/spi-builder-workspace/.swiftpm/xcode -Xcc -D_LIBCPP_HARDENING_MODE\=_LIBCPP_HARDENING_MODE_DEBUG -Xcc -ivfsstatcache -Xcc /Users/admin/builder/spi-builder-workspace/.derivedData/SDKStatCaches.noindex/watchos27.0-24R360-e829b21a6f8c9b70876ba0858053c04477534ef55a1706bf4c1112bbb242f0a2.sdkstatcache -Xcc -fmodules-prune-interval\=86400 -Xcc -fmodules-prune-after\=345600 -Xcc -I/Users/admin/builder/spi-builder-workspace/.derivedData/Build/Products/Debug-watchos/include -Xcc -I/Users/admin/builder/spi-builder-workspace/.derivedData/Build/Intermediates.noindex/PulsrMarkdown.build/Debug-watchos/PulsrMarkdownViews-t.build/DerivedSources-normal/arm64_32 -Xcc -I/Users/admin/builder/spi-builder-workspace/.derivedData/Build/Intermediates.noindex/PulsrMarkdown.build/Debug-watchos/PulsrMarkdownViews-t.build/DerivedSources/arm64_32 -Xcc -I/Users/admin/builder/spi-builder-workspace/.derivedData/Build/Intermediates.noindex/PulsrMarkdown.build/Debug-watchos/PulsrMarkdownViews-t.build/DerivedSources -Xcc -DSWIFT_PACKAGE -Xcc -DDEBUG\=1 -no-auto-bridging-header-chaining -module-name PulsrMarkdownViews -const-gather-protocols-file /Users/admin/builder/spi-builder-workspace/.derivedData/Build/Intermediates.noindex/PulsrMarkdown.build/Debug-watchos/PulsrMarkdownViews-t.build/Objects-normal/arm64_32/PulsrMarkdownViews_const_extract_protocols.json -disable-clang-spi -clang-target arm64_32-apple-watchos27.0 -target-sdk-version 27.0 -target-sdk-name watchos27.0 -in-process-plugin-server-path /Applications/Xcode-27.0.0-Release.Candidate.app/Contents/Developer/Toolchains/XcodeDefault.xctoolchain/usr/lib/swift/host/libSwiftInProcPluginServer.dylib -emit-module-doc-path /Users/admin/builder/spi-builder-workspace/.derivedData/Build/Intermediates.noindex/PulsrMarkdown.build/Debug-watchos/PulsrMarkdownViews-t.build/Objects-normal/arm64_32/PulsrMarkdownViews.swiftdoc -emit-module-source-info-path /Users/admin/builder/spi-builder-workspace/.derivedData/Build/Intermediates.noindex/PulsrMarkdown.build/Debug-watchos/PulsrMarkdownViews-t.build/Objects-normal/arm64_32/PulsrMarkdownViews.swiftsourceinfo -emit-objc-header-path /Users/admin/builder/spi-builder-workspace/.derivedData/Build/Intermediates.noindex/PulsrMarkdown.build/Debug-watchos/PulsrMarkdownViews-t.build/Objects-normal/arm64_32/PulsrMarkdownViews-Swift.h -serialize-diagnostics-path /Users/admin/builder/spi-builder-workspace/.derivedData/Build/Intermediates.noindex/PulsrMarkdown.build/Debug-watchos/PulsrMarkdownViews-t.build/Objects-normal/arm64_32/PulsrMarkdownViews-primary-emit-module.dia -emit-dependencies-path /Users/admin/builder/spi-builder-workspace/.derivedData/Build/Intermediates.noindex/PulsrMarkdown.build/Debug-watchos/PulsrMarkdownViews-t.build/Objects-normal/arm64_32/PulsrMarkdownViews-primary-emit-module.d -parse-as-library -o /Users/admin/builder/spi-builder-workspace/.derivedData/Build/Intermediates.noindex/PulsrMarkdown.build/Debug-watchos/PulsrMarkdownViews-t.build/Objects-normal/arm64_32/PulsrMarkdownViews.swiftmodule -emit-abi-descriptor-path /Users/admin/builder/spi-builder-workspace/.derivedData/Build/Intermediates.noindex/PulsrMarkdown.build/Debug-watchos/PulsrMarkdownViews-t.build/Objects-normal/arm64_32/PulsrMarkdownViews.abi.json
SwiftCompile normal arm64_32 (in target 'PulsrMarkdownViews' from project 'PulsrMarkdown')
cd /Users/admin/builder/spi-builder-workspace/.swiftpm/xcode
SwiftCompile normal arm64 Compiling\ MarkdownView.swift /Users/admin/builder/spi-builder-workspace/Sources/PulsrMarkdownViews/MarkdownView.swift (in target 'PulsrMarkdownViews' from project 'PulsrMarkdown')
/Users/admin/builder/spi-builder-workspace/Sources/PulsrMarkdownViews/MarkdownView.swift:182:44: error: 'UIMenuItem' is unavailable in watchOS
180 |
181 | /// None by default. Override to add additional rules, such as Strikethrough and Spoiler
182 | open var additionalFormattingOptions: [UIMenuItem] {
| `- error: 'UIMenuItem' is unavailable in watchOS
183 | []
184 | }
/Applications/Xcode-27.0.0-Release.Candidate.app/Contents/Developer/Platforms/WatchOS.platform/Developer/SDKs/WatchOS27.0.sdk/System/Library/Frameworks/UIKit.framework/Headers/UIMenuController.h:58:12: note: 'UIMenuItem' has been explicitly marked unavailable here
56 |
57 | UIKIT_EXTERN API_DEPRECATED("UIMenuItem is deprecated. Use UIEditMenuInteraction instead.", ios(3.2, 16.0), visionos(1.0, 1.0)) API_UNAVAILABLE(tvos) API_UNAVAILABLE(watchos) NS_SWIFT_UI_ACTOR
58 | @interface UIMenuItem : NSObject
| `- note: 'UIMenuItem' has been explicitly marked unavailable here
59 |
60 | - (instancetype)initWithTitle:(NSString *)title action:(SEL)action NS_DESIGNATED_INITIALIZER;
/Users/admin/builder/spi-builder-workspace/Sources/PulsrMarkdownViews/MarkdownView.swift:11:26: error: 'UITextView' is unavailable in watchOS
9 | import PulsrMarkdown
10 |
11 | open class MarkdownView: UITextView {
| `- error: 'UITextView' is unavailable in watchOS
12 |
13 | public var generator: MarkdownGenerator
/Applications/Xcode-27.0.0-Release.Candidate.app/Contents/Developer/Platforms/WatchOS.platform/Developer/SDKs/WatchOS27.0.sdk/System/Library/Frameworks/UIKit.framework/Headers/UITextView.h:223:12: note: 'UITextView' has been explicitly marked unavailable here
221 |
222 | UIKIT_EXTERN API_AVAILABLE(ios(2.0)) API_UNAVAILABLE(watchos) NS_SWIFT_UI_ACTOR
223 | @interface UITextView : UIScrollView <UITextInput, UIContentSizeCategoryAdjusting, UILetterformAwareAdjusting, NSTextViewportLayoutControllerDelegate>
| `- note: 'UITextView' has been explicitly marked unavailable here
224 |
225 | @property(nullable,nonatomic,weak) id<UITextViewDelegate> delegate;
/Users/admin/builder/spi-builder-workspace/Sources/PulsrMarkdownViews/MarkdownView.swift:188:24: error: cannot override 'toggleItalics' which has been marked unavailable
186 |
187 | extension MarkdownView {
188 | open override func toggleItalics(_ sender: Any?) {
| |- error: cannot override 'toggleItalics' which has been marked unavailable
| `- note: remove 'override' modifier to declare a new 'toggleItalics'
189 | toggleRule(.italicAsterisk)
190 | }
/Applications/Xcode-27.0.0-Release.Candidate.app/Contents/Developer/Platforms/WatchOS.platform/Developer/SDKs/WatchOS27.0.sdk/System/Library/Frameworks/UIKit.framework/Headers/UIResponder.h:47:1: note: 'toggleItalics' has been explicitly marked unavailable here
45 | - (void)makeTextWritingDirectionRightToLeft:(nullable id)sender API_AVAILABLE(ios(5.0)) API_UNAVAILABLE(watchos);
46 | - (void)toggleBoldface:(nullable id)sender API_AVAILABLE(ios(6.0)) API_UNAVAILABLE(watchos);
47 | - (void)toggleItalics:(nullable id)sender API_AVAILABLE(ios(6.0)) API_UNAVAILABLE(watchos);
| `- note: 'toggleItalics' has been explicitly marked unavailable here
48 | - (void)toggleUnderline:(nullable id)sender API_AVAILABLE(ios(6.0)) API_UNAVAILABLE(watchos);
49 |
/Users/admin/builder/spi-builder-workspace/Sources/PulsrMarkdownViews/MarkdownView.swift:192:24: error: cannot override 'toggleBoldface' which has been marked unavailable
190 | }
191 |
192 | open override func toggleBoldface(_ sender: Any?) {
| |- error: cannot override 'toggleBoldface' which has been marked unavailable
| `- note: remove 'override' modifier to declare a new 'toggleBoldface'
193 | toggleRule(.bold)
194 | }
/Applications/Xcode-27.0.0-Release.Candidate.app/Contents/Developer/Platforms/WatchOS.platform/Developer/SDKs/WatchOS27.0.sdk/System/Library/Frameworks/UIKit.framework/Headers/UIResponder.h:46:1: note: 'toggleBoldface' has been explicitly marked unavailable here
44 | - (void)makeTextWritingDirectionLeftToRight:(nullable id)sender API_AVAILABLE(ios(5.0)) API_UNAVAILABLE(watchos);
45 | - (void)makeTextWritingDirectionRightToLeft:(nullable id)sender API_AVAILABLE(ios(5.0)) API_UNAVAILABLE(watchos);
46 | - (void)toggleBoldface:(nullable id)sender API_AVAILABLE(ios(6.0)) API_UNAVAILABLE(watchos);
| `- note: 'toggleBoldface' has been explicitly marked unavailable here
47 | - (void)toggleItalics:(nullable id)sender API_AVAILABLE(ios(6.0)) API_UNAVAILABLE(watchos);
48 | - (void)toggleUnderline:(nullable id)sender API_AVAILABLE(ios(6.0)) API_UNAVAILABLE(watchos);
/Users/admin/builder/spi-builder-workspace/Sources/PulsrMarkdownViews/MarkdownView.swift:196:24: error: cannot override 'toggleUnderline' which has been marked unavailable
194 | }
195 |
196 | open override func toggleUnderline(_ sender: Any?) {
| |- error: cannot override 'toggleUnderline' which has been marked unavailable
| `- note: remove 'override' modifier to declare a new 'toggleUnderline'
197 | toggleRule(.underline)
198 | }
/Applications/Xcode-27.0.0-Release.Candidate.app/Contents/Developer/Platforms/WatchOS.platform/Developer/SDKs/WatchOS27.0.sdk/System/Library/Frameworks/UIKit.framework/Headers/UIResponder.h:48:1: note: 'toggleUnderline' has been explicitly marked unavailable here
46 | - (void)toggleBoldface:(nullable id)sender API_AVAILABLE(ios(6.0)) API_UNAVAILABLE(watchos);
47 | - (void)toggleItalics:(nullable id)sender API_AVAILABLE(ios(6.0)) API_UNAVAILABLE(watchos);
48 | - (void)toggleUnderline:(nullable id)sender API_AVAILABLE(ios(6.0)) API_UNAVAILABLE(watchos);
| `- note: 'toggleUnderline' has been explicitly marked unavailable here
49 |
50 | - (void)increaseSize:(nullable id)sender API_AVAILABLE(ios(7.0)) API_UNAVAILABLE(watchos);
/Users/admin/builder/spi-builder-workspace/Sources/PulsrMarkdownViews/MarkdownView.swift:240:35: error: 'UIView' is unavailable in watchOS
238 | }
239 |
240 | internal class CustomDrawingView: UIView {
| `- error: 'UIView' is unavailable in watchOS
241 |
242 | var customDrawing: () -> Void
/Applications/Xcode-27.0.0-Release.Candidate.app/Contents/Developer/Platforms/WatchOS.platform/Developer/SDKs/WatchOS27.0.sdk/System/Library/Frameworks/UIKit.framework/Headers/UIView.h:152:12: note: 'UIView' has been explicitly marked unavailable here
150 |
151 | UIKIT_EXTERN API_AVAILABLE(ios(2.0)) API_UNAVAILABLE(watchos) NS_SWIFT_UI_ACTOR
152 | @interface UIView : UIResponder <NSCoding, UIAppearance, UIAppearanceContainer, UIDynamicItem, UITraitEnvironment, UICoordinateSpace, UIFocusItem, UIFocusItemContainer, CALayerDelegate>
| `- note: 'UIView' has been explicitly marked unavailable here
153 |
154 | @property(class, nonatomic, readonly) Class layerClass; // default is [CALayer class]. Used when creating the underlying layer for the view.
SwiftCompile normal arm64 /Users/admin/builder/spi-builder-workspace/Sources/PulsrMarkdownViews/MarkdownView.swift (in target 'PulsrMarkdownViews' from project 'PulsrMarkdown')
cd /Users/admin/builder/spi-builder-workspace/.swiftpm/xcode
builtin-SwiftPerFileCompile MarkdownView.swift
SwiftCompile normal arm64_32 Compiling\ MarkdownView.swift /Users/admin/builder/spi-builder-workspace/Sources/PulsrMarkdownViews/MarkdownView.swift (in target 'PulsrMarkdownViews' from project 'PulsrMarkdown')
SwiftCompile normal arm64_32 /Users/admin/builder/spi-builder-workspace/Sources/PulsrMarkdownViews/MarkdownView.swift (in target 'PulsrMarkdownViews' from project 'PulsrMarkdown')
cd /Users/admin/builder/spi-builder-workspace/.swiftpm/xcode
builtin-SwiftPerFileCompile MarkdownView.swift
PruneExplicitPrecompiledModules /Users/admin/builder/spi-builder-workspace/.derivedData/SDKExplicitPrecompiledModules
PruneExplicitPrecompiledModules /Users/admin/builder/spi-builder-workspace/.derivedData/Build/Intermediates.noindex/ExplicitPrecompiledModules
PruneExplicitPrecompiledModules /Users/admin/builder/spi-builder-workspace/.derivedData/Build/Intermediates.noindex/SwiftExplicitPrecompiledModules
2026-09-17 14:51:52.662 xcodebuild[628:4016] [MT] IDERunDestination: Supported platforms for the buildables in the current scheme is empty.
** BUILD FAILED **
The following build commands failed:
SwiftEmitModule normal arm64 Emitting\ module\ for\ PulsrMarkdownViews (in target 'PulsrMarkdownViews' from project 'PulsrMarkdown')
SwiftCompile normal arm64 (in target 'PulsrMarkdownViews' from project 'PulsrMarkdown')
SwiftEmitModule normal arm64_32 Emitting\ module\ for\ PulsrMarkdownViews (in target 'PulsrMarkdownViews' from project 'PulsrMarkdown')
SwiftCompile normal arm64_32 (in target 'PulsrMarkdownViews' from project 'PulsrMarkdown')
Building workspace PulsrMarkdown with scheme PulsrMarkdown-Package
(5 failures)
Command line invocation:
/Applications/Xcode-27.0.0-Release.Candidate.app/Contents/Developer/usr/bin/xcodebuild -IDEClonedSourcePackagesDirPathOverride=/Users/admin/builder/spi-builder-workspace/.dependencies -resolvePackageDependencies
Resolve Package Graph
Resolved source packages:
PulsrMarkdown: /Users/admin/builder/spi-builder-workspace
resolved source packages: PulsrMarkdown
2026-09-17 14:51:59.452 xcodebuild[777:4796] [MT] IDERunDestination: Supported platforms for the buildables in the current scheme is empty.
{
"dependencies" : [
],
"manifest_display_name" : "PulsrMarkdown",
"name" : "PulsrMarkdown",
"path" : "/Users/admin/builder/spi-builder-workspace",
"platforms" : [
{
"name" : "ios",
"version" : "13.0"
},
{
"name" : "watchos",
"version" : "6.0"
}
],
"products" : [
{
"name" : "PulsrMarkdown",
"targets" : [
"PulsrMarkdown"
],
"type" : {
"library" : [
"automatic"
]
}
},
{
"name" : "PulsrMarkdownViews",
"targets" : [
"PulsrMarkdownViews"
],
"type" : {
"library" : [
"automatic"
]
}
}
],
"targets" : [
{
"c99name" : "PulsrMarkdownViews",
"module_type" : "SwiftTarget",
"name" : "PulsrMarkdownViews",
"path" : "Sources/PulsrMarkdownViews",
"product_memberships" : [
"PulsrMarkdownViews"
],
"sources" : [
"MarkdownEditorView.swift",
"MarkdownRenderedTextView.swift",
"MarkdownView.swift"
],
"target_dependencies" : [
"PulsrMarkdown"
],
"type" : "library"
},
{
"c99name" : "PulsrMarkdownTests",
"module_type" : "SwiftTarget",
"name" : "PulsrMarkdownTests",
"path" : "Tests/PulsrMarkdownTests",
"sources" : [
"PulsrMarkdownTests.swift"
],
"target_dependencies" : [
"PulsrMarkdown"
],
"type" : "test"
},
{
"c99name" : "PulsrMarkdown",
"module_type" : "SwiftTarget",
"name" : "PulsrMarkdown",
"path" : "Sources/PulsrMarkdown",
"product_memberships" : [
"PulsrMarkdown",
"PulsrMarkdownViews"
],
"sources" : [
"MarkdownGenerator.swift",
"MarkdownRule.swift",
"UIColor+watchOS.swift"
],
"type" : "library"
}
],
"tools_version" : "5.3"
}
{
"workspace" : {
"name" : "PulsrMarkdown",
"schemes" : [
"PulsrMarkdown",
"PulsrMarkdown-Package",
"PulsrMarkdownViews"
]
}
}
2026-09-17 14:52:00.733 xcodebuild[785:4863] [MT] IDERunDestination: Supported platforms for the buildables in the current scheme is empty.
Running build ...
env DEVELOPER_DIR=/Applications/Xcode-27.0.0-Release.Candidate.app xcrun xcodebuild -IDEClonedSourcePackagesDirPathOverride=$PWD/.dependencies -skipMacroValidation -skipPackagePluginValidation -derivedDataPath $PWD/.derivedData build -scheme PulsrMarkdown-Package -destination generic/platform=watchOS
Command line invocation:
/Applications/Xcode-27.0.0-Release.Candidate.app/Contents/Developer/usr/bin/xcodebuild -IDEClonedSourcePackagesDirPathOverride=/Users/admin/builder/spi-builder-workspace/.dependencies -skipMacroValidation -skipPackagePluginValidation -derivedDataPath /Users/admin/builder/spi-builder-workspace/.derivedData build -scheme PulsrMarkdown-Package -destination generic/platform=watchOS
Resolve Package Graph
Resolved source packages:
PulsrMarkdown: /Users/admin/builder/spi-builder-workspace
ComputePackagePrebuildTargetDependencyGraph
Prepare packages
CreateBuildRequest
SendProjectDescription
CreateBuildOperation
ComputeTargetDependencyGraph
note: Building targets in dependency order
note: Target dependency graph (4 targets)
Target 'PulsrMarkdownViews-product' in project 'PulsrMarkdown'
➜ Explicit dependency on target 'PulsrMarkdownViews' in project 'PulsrMarkdown'
➜ Explicit dependency on target 'PulsrMarkdown' in project 'PulsrMarkdown'
Target 'PulsrMarkdownViews' in project 'PulsrMarkdown'
➜ Explicit dependency on target 'PulsrMarkdown' in project 'PulsrMarkdown'
Target 'PulsrMarkdown-product' in project 'PulsrMarkdown'
➜ Explicit dependency on target 'PulsrMarkdown' in project 'PulsrMarkdown'
Target 'PulsrMarkdown' in project 'PulsrMarkdown' (no dependencies)
GatherProvisioningInputs
CreateBuildDescription
ClangStatCache /Applications/Xcode-27.0.0-Release.Candidate.app/Contents/Developer/Toolchains/XcodeDefault.xctoolchain/usr/bin/clang-stat-cache /Applications/Xcode-27.0.0-Release.Candidate.app/Contents/Developer/Platforms/WatchOS.platform/Developer/SDKs/WatchOS27.0.sdk /Users/admin/builder/spi-builder-workspace/.derivedData/SDKStatCaches.noindex/watchos27.0-24R360-e829b21a6f8c9b70876ba0858053c04477534ef55a1706bf4c1112bbb242f0a2.sdkstatcache
cd /Users/admin/builder/spi-builder-workspace/.swiftpm/xcode
/Applications/Xcode-27.0.0-Release.Candidate.app/Contents/Developer/Toolchains/XcodeDefault.xctoolchain/usr/bin/clang-stat-cache /Applications/Xcode-27.0.0-Release.Candidate.app/Contents/Developer/Platforms/WatchOS.platform/Developer/SDKs/WatchOS27.0.sdk -o /Users/admin/builder/spi-builder-workspace/.derivedData/SDKStatCaches.noindex/watchos27.0-24R360-e829b21a6f8c9b70876ba0858053c04477534ef55a1706bf4c1112bbb242f0a2.sdkstatcache
SwiftDriver PulsrMarkdown normal arm64_32 com.apple.xcode.tools.swift.compiler (in target 'PulsrMarkdown' from project 'PulsrMarkdown')
cd /Users/admin/builder/spi-builder-workspace/.swiftpm/xcode
builtin-SwiftDriver -- /Applications/Xcode-27.0.0-Release.Candidate.app/Contents/Developer/Toolchains/XcodeDefault.xctoolchain/usr/bin/swiftc -parse-as-library -module-name PulsrMarkdown -Onone @/Users/admin/builder/spi-builder-workspace/.derivedData/Build/Intermediates.noindex/PulsrMarkdown.build/Debug-watchos/PulsrMarkdown-t.build/Objects-normal/arm64_32/PulsrMarkdown.SwiftFileList -DSWIFT_PACKAGE -DDEBUG -DSWIFT_MODULE_RESOURCE_BUNDLE_UNAVAILABLE -DXcode -plugin-path /Applications/Xcode-27.0.0-Release.Candidate.app/Contents/Developer/Toolchains/XcodeDefault.xctoolchain/usr/lib/swift/host/plugins/testing -enable-experimental-feature DebugDescriptionMacro -sdk /Applications/Xcode-27.0.0-Release.Candidate.app/Contents/Developer/Platforms/WatchOS.platform/Developer/SDKs/WatchOS27.0.sdk -target arm64_32-apple-watchos9.0 -g -module-cache-path /Users/admin/builder/spi-builder-workspace/.derivedData/ModuleCache.noindex -Xfrontend -serialize-debugging-options -profile-coverage-mapping -profile-generate -enable-testing -index-store-path /Users/admin/builder/spi-builder-workspace/.derivedData/Index.noindex/DataStore -Xcc -D_LIBCPP_HARDENING_MODE\=_LIBCPP_HARDENING_MODE_DEBUG -swift-version 5 -I /Users/admin/builder/spi-builder-workspace/.derivedData/Build/Products/Debug-watchos -Isystem /Applications/Xcode-27.0.0-Release.Candidate.app/Contents/Developer/Platforms/WatchOS.platform/Developer/usr/lib -F /Users/admin/builder/spi-builder-workspace/.derivedData/Build/Products/Debug-watchos -F /Applications/Xcode-27.0.0-Release.Candidate.app/Contents/Developer/Platforms/WatchOS.platform/Developer/Library/Frameworks -F /Applications/Xcode-27.0.0-Release.Candidate.app/Contents/Developer/Platforms/WatchOS.platform/Developer/SDKs/WatchOS27.0.sdk/Developer/Library/Frameworks -c -j10 -enable-batch-mode -incremental -Xcc -ivfsstatcache -Xcc /Users/admin/builder/spi-builder-workspace/.derivedData/SDKStatCaches.noindex/watchos27.0-24R360-e829b21a6f8c9b70876ba0858053c04477534ef55a1706bf4c1112bbb242f0a2.sdkstatcache -output-file-map /Users/admin/builder/spi-builder-workspace/.derivedData/Build/Intermediates.noindex/PulsrMarkdown.build/Debug-watchos/PulsrMarkdown-t.build/Objects-normal/arm64_32/PulsrMarkdown-OutputFileMap.json -save-temps -no-color-diagnostics -explicit-module-build -module-cache-path /Users/admin/builder/spi-builder-workspace/.derivedData/Build/Intermediates.noindex/SwiftExplicitPrecompiledModules -clang-scanner-module-cache-path /Users/admin/builder/spi-builder-workspace/.derivedData/ModuleCache.noindex -sdk-module-cache-path /Users/admin/builder/spi-builder-workspace/.derivedData/SDKExplicitPrecompiledModules -emit-dependencies -emit-module -emit-module-path /Users/admin/builder/spi-builder-workspace/.derivedData/Build/Intermediates.noindex/PulsrMarkdown.build/Debug-watchos/PulsrMarkdown-t.build/Objects-normal/arm64_32/PulsrMarkdown.swiftmodule -serialize-diagnostics -dependency-scan-serialize-diagnostics-path /Users/admin/builder/spi-builder-workspace/.derivedData/Build/Intermediates.noindex/PulsrMarkdown.build/Debug-watchos/PulsrMarkdown-t.build/Objects-normal/arm64_32/PulsrMarkdown-dependency-scan.dia -validate-clang-modules-once -clang-build-session-file /Users/admin/builder/spi-builder-workspace/.derivedData/ModuleCache.noindex/Session.modulevalidation -Xcc -fmodules-prune-interval\=86400 -Xcc -fmodules-prune-after\=345600 -emit-const-values -const-gather-protocols-list /Users/admin/builder/spi-builder-workspace/.derivedData/Build/Intermediates.noindex/PulsrMarkdown.build/Debug-watchos/PulsrMarkdown-t.build/Objects-normal/arm64_32/PulsrMarkdown_const_extract_protocols.json -Xcc -I/Users/admin/builder/spi-builder-workspace/.derivedData/Build/Products/Debug-watchos/include -Xcc -I/Users/admin/builder/spi-builder-workspace/.derivedData/Build/Intermediates.noindex/PulsrMarkdown.build/Debug-watchos/PulsrMarkdown-t.build/DerivedSources-normal/arm64_32 -Xcc -I/Users/admin/builder/spi-builder-workspace/.derivedData/Build/Intermediates.noindex/PulsrMarkdown.build/Debug-watchos/PulsrMarkdown-t.build/DerivedSources/arm64_32 -Xcc -I/Users/admin/builder/spi-builder-workspace/.derivedData/Build/Intermediates.noindex/PulsrMarkdown.build/Debug-watchos/PulsrMarkdown-t.build/DerivedSources -Xcc -DSWIFT_PACKAGE -Xcc -DDEBUG\=1 -emit-objc-header -emit-objc-header-path /Users/admin/builder/spi-builder-workspace/.derivedData/Build/Intermediates.noindex/PulsrMarkdown.build/Debug-watchos/PulsrMarkdown-t.build/Objects-normal/arm64_32/PulsrMarkdown-Swift.h -working-directory /Users/admin/builder/spi-builder-workspace/.swiftpm/xcode -experimental-emit-module-separately -disable-cmo
SwiftDriver PulsrMarkdown normal arm64 com.apple.xcode.tools.swift.compiler (in target 'PulsrMarkdown' from project 'PulsrMarkdown')
cd /Users/admin/builder/spi-builder-workspace/.swiftpm/xcode
builtin-SwiftDriver -- /Applications/Xcode-27.0.0-Release.Candidate.app/Contents/Developer/Toolchains/XcodeDefault.xctoolchain/usr/bin/swiftc -parse-as-library -module-name PulsrMarkdown -Onone @/Users/admin/builder/spi-builder-workspace/.derivedData/Build/Intermediates.noindex/PulsrMarkdown.build/Debug-watchos/PulsrMarkdown-t.build/Objects-normal/arm64/PulsrMarkdown.SwiftFileList -DSWIFT_PACKAGE -DDEBUG -DSWIFT_MODULE_RESOURCE_BUNDLE_UNAVAILABLE -DXcode -plugin-path /Applications/Xcode-27.0.0-Release.Candidate.app/Contents/Developer/Toolchains/XcodeDefault.xctoolchain/usr/lib/swift/host/plugins/testing -enable-experimental-feature DebugDescriptionMacro -sdk /Applications/Xcode-27.0.0-Release.Candidate.app/Contents/Developer/Platforms/WatchOS.platform/Developer/SDKs/WatchOS27.0.sdk -target arm64-apple-watchos9.0 -g -module-cache-path /Users/admin/builder/spi-builder-workspace/.derivedData/ModuleCache.noindex -Xfrontend -serialize-debugging-options -profile-coverage-mapping -profile-generate -enable-testing -index-store-path /Users/admin/builder/spi-builder-workspace/.derivedData/Index.noindex/DataStore -Xcc -D_LIBCPP_HARDENING_MODE\=_LIBCPP_HARDENING_MODE_DEBUG -swift-version 5 -I /Users/admin/builder/spi-builder-workspace/.derivedData/Build/Products/Debug-watchos -Isystem /Applications/Xcode-27.0.0-Release.Candidate.app/Contents/Developer/Platforms/WatchOS.platform/Developer/usr/lib -F /Users/admin/builder/spi-builder-workspace/.derivedData/Build/Products/Debug-watchos -F /Applications/Xcode-27.0.0-Release.Candidate.app/Contents/Developer/Platforms/WatchOS.platform/Developer/Library/Frameworks -F /Applications/Xcode-27.0.0-Release.Candidate.app/Contents/Developer/Platforms/WatchOS.platform/Developer/SDKs/WatchOS27.0.sdk/Developer/Library/Frameworks -c -j10 -enable-batch-mode -incremental -Xcc -ivfsstatcache -Xcc /Users/admin/builder/spi-builder-workspace/.derivedData/SDKStatCaches.noindex/watchos27.0-24R360-e829b21a6f8c9b70876ba0858053c04477534ef55a1706bf4c1112bbb242f0a2.sdkstatcache -output-file-map /Users/admin/builder/spi-builder-workspace/.derivedData/Build/Intermediates.noindex/PulsrMarkdown.build/Debug-watchos/PulsrMarkdown-t.build/Objects-normal/arm64/PulsrMarkdown-OutputFileMap.json -save-temps -no-color-diagnostics -explicit-module-build -module-cache-path /Users/admin/builder/spi-builder-workspace/.derivedData/Build/Intermediates.noindex/SwiftExplicitPrecompiledModules -clang-scanner-module-cache-path /Users/admin/builder/spi-builder-workspace/.derivedData/ModuleCache.noindex -sdk-module-cache-path /Users/admin/builder/spi-builder-workspace/.derivedData/SDKExplicitPrecompiledModules -emit-dependencies -emit-module -emit-module-path /Users/admin/builder/spi-builder-workspace/.derivedData/Build/Intermediates.noindex/PulsrMarkdown.build/Debug-watchos/PulsrMarkdown-t.build/Objects-normal/arm64/PulsrMarkdown.swiftmodule -serialize-diagnostics -dependency-scan-serialize-diagnostics-path /Users/admin/builder/spi-builder-workspace/.derivedData/Build/Intermediates.noindex/PulsrMarkdown.build/Debug-watchos/PulsrMarkdown-t.build/Objects-normal/arm64/PulsrMarkdown-dependency-scan.dia -validate-clang-modules-once -clang-build-session-file /Users/admin/builder/spi-builder-workspace/.derivedData/ModuleCache.noindex/Session.modulevalidation -Xcc -fmodules-prune-interval\=86400 -Xcc -fmodules-prune-after\=345600 -emit-const-values -const-gather-protocols-list /Users/admin/builder/spi-builder-workspace/.derivedData/Build/Intermediates.noindex/PulsrMarkdown.build/Debug-watchos/PulsrMarkdown-t.build/Objects-normal/arm64/PulsrMarkdown_const_extract_protocols.json -Xcc -I/Users/admin/builder/spi-builder-workspace/.derivedData/Build/Products/Debug-watchos/include -Xcc -I/Users/admin/builder/spi-builder-workspace/.derivedData/Build/Intermediates.noindex/PulsrMarkdown.build/Debug-watchos/PulsrMarkdown-t.build/DerivedSources-normal/arm64 -Xcc -I/Users/admin/builder/spi-builder-workspace/.derivedData/Build/Intermediates.noindex/PulsrMarkdown.build/Debug-watchos/PulsrMarkdown-t.build/DerivedSources/arm64 -Xcc -I/Users/admin/builder/spi-builder-workspace/.derivedData/Build/Intermediates.noindex/PulsrMarkdown.build/Debug-watchos/PulsrMarkdown-t.build/DerivedSources -Xcc -DSWIFT_PACKAGE -Xcc -DDEBUG\=1 -emit-objc-header -emit-objc-header-path /Users/admin/builder/spi-builder-workspace/.derivedData/Build/Intermediates.noindex/PulsrMarkdown.build/Debug-watchos/PulsrMarkdown-t.build/Objects-normal/arm64/PulsrMarkdown-Swift.h -working-directory /Users/admin/builder/spi-builder-workspace/.swiftpm/xcode -experimental-emit-module-separately -disable-cmo
SwiftDriver PulsrMarkdownViews normal arm64 com.apple.xcode.tools.swift.compiler (in target 'PulsrMarkdownViews' from project 'PulsrMarkdown')
cd /Users/admin/builder/spi-builder-workspace/.swiftpm/xcode
builtin-SwiftDriver -- /Applications/Xcode-27.0.0-Release.Candidate.app/Contents/Developer/Toolchains/XcodeDefault.xctoolchain/usr/bin/swiftc -parse-as-library -module-name PulsrMarkdownViews -Onone @/Users/admin/builder/spi-builder-workspace/.derivedData/Build/Intermediates.noindex/PulsrMarkdown.build/Debug-watchos/PulsrMarkdownViews-t.build/Objects-normal/arm64/PulsrMarkdownViews.SwiftFileList -DSWIFT_PACKAGE -DDEBUG -DSWIFT_MODULE_RESOURCE_BUNDLE_UNAVAILABLE -DXcode -plugin-path /Applications/Xcode-27.0.0-Release.Candidate.app/Contents/Developer/Toolchains/XcodeDefault.xctoolchain/usr/lib/swift/host/plugins/testing -enable-experimental-feature DebugDescriptionMacro -sdk /Applications/Xcode-27.0.0-Release.Candidate.app/Contents/Developer/Platforms/WatchOS.platform/Developer/SDKs/WatchOS27.0.sdk -target arm64-apple-watchos9.0 -g -module-cache-path /Users/admin/builder/spi-builder-workspace/.derivedData/ModuleCache.noindex -Xfrontend -serialize-debugging-options -profile-coverage-mapping -profile-generate -enable-testing -index-store-path /Users/admin/builder/spi-builder-workspace/.derivedData/Index.noindex/DataStore -Xcc -D_LIBCPP_HARDENING_MODE\=_LIBCPP_HARDENING_MODE_DEBUG -swift-version 5 -I /Users/admin/builder/spi-builder-workspace/.derivedData/Build/Products/Debug-watchos -Isystem /Applications/Xcode-27.0.0-Release.Candidate.app/Contents/Developer/Platforms/WatchOS.platform/Developer/usr/lib -F /Users/admin/builder/spi-builder-workspace/.derivedData/Build/Products/Debug-watchos/PackageFrameworks -F /Users/admin/builder/spi-builder-workspace/.derivedData/Build/Products/Debug-watchos -F /Applications/Xcode-27.0.0-Release.Candidate.app/Contents/Developer/Platforms/WatchOS.platform/Developer/Library/Frameworks -F /Applications/Xcode-27.0.0-Release.Candidate.app/Contents/Developer/Platforms/WatchOS.platform/Developer/SDKs/WatchOS27.0.sdk/Developer/Library/Frameworks -c -j10 -enable-batch-mode -incremental -Xcc -ivfsstatcache -Xcc /Users/admin/builder/spi-builder-workspace/.derivedData/SDKStatCaches.noindex/watchos27.0-24R360-e829b21a6f8c9b70876ba0858053c04477534ef55a1706bf4c1112bbb242f0a2.sdkstatcache -output-file-map /Users/admin/builder/spi-builder-workspace/.derivedData/Build/Intermediates.noindex/PulsrMarkdown.build/Debug-watchos/PulsrMarkdownViews-t.build/Objects-normal/arm64/PulsrMarkdownViews-OutputFileMap.json -save-temps -no-color-diagnostics -explicit-module-build -module-cache-path /Users/admin/builder/spi-builder-workspace/.derivedData/Build/Intermediates.noindex/SwiftExplicitPrecompiledModules -clang-scanner-module-cache-path /Users/admin/builder/spi-builder-workspace/.derivedData/ModuleCache.noindex -sdk-module-cache-path /Users/admin/builder/spi-builder-workspace/.derivedData/SDKExplicitPrecompiledModules -emit-dependencies -emit-module -emit-module-path /Users/admin/builder/spi-builder-workspace/.derivedData/Build/Intermediates.noindex/PulsrMarkdown.build/Debug-watchos/PulsrMarkdownViews-t.build/Objects-normal/arm64/PulsrMarkdownViews.swiftmodule -serialize-diagnostics -dependency-scan-serialize-diagnostics-path /Users/admin/builder/spi-builder-workspace/.derivedData/Build/Intermediates.noindex/PulsrMarkdown.build/Debug-watchos/PulsrMarkdownViews-t.build/Objects-normal/arm64/PulsrMarkdownViews-dependency-scan.dia -validate-clang-modules-once -clang-build-session-file /Users/admin/builder/spi-builder-workspace/.derivedData/ModuleCache.noindex/Session.modulevalidation -Xcc -fmodules-prune-interval\=86400 -Xcc -fmodules-prune-after\=345600 -emit-const-values -const-gather-protocols-list /Users/admin/builder/spi-builder-workspace/.derivedData/Build/Intermediates.noindex/PulsrMarkdown.build/Debug-watchos/PulsrMarkdownViews-t.build/Objects-normal/arm64/PulsrMarkdownViews_const_extract_protocols.json -Xcc -I/Users/admin/builder/spi-builder-workspace/.derivedData/Build/Products/Debug-watchos/include -Xcc -I/Users/admin/builder/spi-builder-workspace/.derivedData/Build/Intermediates.noindex/PulsrMarkdown.build/Debug-watchos/PulsrMarkdownViews-t.build/DerivedSources-normal/arm64 -Xcc -I/Users/admin/builder/spi-builder-workspace/.derivedData/Build/Intermediates.noindex/PulsrMarkdown.build/Debug-watchos/PulsrMarkdownViews-t.build/DerivedSources/arm64 -Xcc -I/Users/admin/builder/spi-builder-workspace/.derivedData/Build/Intermediates.noindex/PulsrMarkdown.build/Debug-watchos/PulsrMarkdownViews-t.build/DerivedSources -Xcc -DSWIFT_PACKAGE -Xcc -DDEBUG\=1 -emit-objc-header -emit-objc-header-path /Users/admin/builder/spi-builder-workspace/.derivedData/Build/Intermediates.noindex/PulsrMarkdown.build/Debug-watchos/PulsrMarkdownViews-t.build/Objects-normal/arm64/PulsrMarkdownViews-Swift.h -working-directory /Users/admin/builder/spi-builder-workspace/.swiftpm/xcode -experimental-emit-module-separately -disable-cmo
SwiftDriver PulsrMarkdownViews normal arm64_32 com.apple.xcode.tools.swift.compiler (in target 'PulsrMarkdownViews' from project 'PulsrMarkdown')
cd /Users/admin/builder/spi-builder-workspace/.swiftpm/xcode
builtin-SwiftDriver -- /Applications/Xcode-27.0.0-Release.Candidate.app/Contents/Developer/Toolchains/XcodeDefault.xctoolchain/usr/bin/swiftc -parse-as-library -module-name PulsrMarkdownViews -Onone @/Users/admin/builder/spi-builder-workspace/.derivedData/Build/Intermediates.noindex/PulsrMarkdown.build/Debug-watchos/PulsrMarkdownViews-t.build/Objects-normal/arm64_32/PulsrMarkdownViews.SwiftFileList -DSWIFT_PACKAGE -DDEBUG -DSWIFT_MODULE_RESOURCE_BUNDLE_UNAVAILABLE -DXcode -plugin-path /Applications/Xcode-27.0.0-Release.Candidate.app/Contents/Developer/Toolchains/XcodeDefault.xctoolchain/usr/lib/swift/host/plugins/testing -enable-experimental-feature DebugDescriptionMacro -sdk /Applications/Xcode-27.0.0-Release.Candidate.app/Contents/Developer/Platforms/WatchOS.platform/Developer/SDKs/WatchOS27.0.sdk -target arm64_32-apple-watchos9.0 -g -module-cache-path /Users/admin/builder/spi-builder-workspace/.derivedData/ModuleCache.noindex -Xfrontend -serialize-debugging-options -profile-coverage-mapping -profile-generate -enable-testing -index-store-path /Users/admin/builder/spi-builder-workspace/.derivedData/Index.noindex/DataStore -Xcc -D_LIBCPP_HARDENING_MODE\=_LIBCPP_HARDENING_MODE_DEBUG -swift-version 5 -I /Users/admin/builder/spi-builder-workspace/.derivedData/Build/Products/Debug-watchos -Isystem /Applications/Xcode-27.0.0-Release.Candidate.app/Contents/Developer/Platforms/WatchOS.platform/Developer/usr/lib -F /Users/admin/builder/spi-builder-workspace/.derivedData/Build/Products/Debug-watchos/PackageFrameworks -F /Users/admin/builder/spi-builder-workspace/.derivedData/Build/Products/Debug-watchos -F /Applications/Xcode-27.0.0-Release.Candidate.app/Contents/Developer/Platforms/WatchOS.platform/Developer/Library/Frameworks -F /Applications/Xcode-27.0.0-Release.Candidate.app/Contents/Developer/Platforms/WatchOS.platform/Developer/SDKs/WatchOS27.0.sdk/Developer/Library/Frameworks -c -j10 -enable-batch-mode -incremental -Xcc -ivfsstatcache -Xcc /Users/admin/builder/spi-builder-workspace/.derivedData/SDKStatCaches.noindex/watchos27.0-24R360-e829b21a6f8c9b70876ba0858053c04477534ef55a1706bf4c1112bbb242f0a2.sdkstatcache -output-file-map /Users/admin/builder/spi-builder-workspace/.derivedData/Build/Intermediates.noindex/PulsrMarkdown.build/Debug-watchos/PulsrMarkdownViews-t.build/Objects-normal/arm64_32/PulsrMarkdownViews-OutputFileMap.json -save-temps -no-color-diagnostics -explicit-module-build -module-cache-path /Users/admin/builder/spi-builder-workspace/.derivedData/Build/Intermediates.noindex/SwiftExplicitPrecompiledModules -clang-scanner-module-cache-path /Users/admin/builder/spi-builder-workspace/.derivedData/ModuleCache.noindex -sdk-module-cache-path /Users/admin/builder/spi-builder-workspace/.derivedData/SDKExplicitPrecompiledModules -emit-dependencies -emit-module -emit-module-path /Users/admin/builder/spi-builder-workspace/.derivedData/Build/Intermediates.noindex/PulsrMarkdown.build/Debug-watchos/PulsrMarkdownViews-t.build/Objects-normal/arm64_32/PulsrMarkdownViews.swiftmodule -serialize-diagnostics -dependency-scan-serialize-diagnostics-path /Users/admin/builder/spi-builder-workspace/.derivedData/Build/Intermediates.noindex/PulsrMarkdown.build/Debug-watchos/PulsrMarkdownViews-t.build/Objects-normal/arm64_32/PulsrMarkdownViews-dependency-scan.dia -validate-clang-modules-once -clang-build-session-file /Users/admin/builder/spi-builder-workspace/.derivedData/ModuleCache.noindex/Session.modulevalidation -Xcc -fmodules-prune-interval\=86400 -Xcc -fmodules-prune-after\=345600 -emit-const-values -const-gather-protocols-list /Users/admin/builder/spi-builder-workspace/.derivedData/Build/Intermediates.noindex/PulsrMarkdown.build/Debug-watchos/PulsrMarkdownViews-t.build/Objects-normal/arm64_32/PulsrMarkdownViews_const_extract_protocols.json -Xcc -I/Users/admin/builder/spi-builder-workspace/.derivedData/Build/Products/Debug-watchos/include -Xcc -I/Users/admin/builder/spi-builder-workspace/.derivedData/Build/Intermediates.noindex/PulsrMarkdown.build/Debug-watchos/PulsrMarkdownViews-t.build/DerivedSources-normal/arm64_32 -Xcc -I/Users/admin/builder/spi-builder-workspace/.derivedData/Build/Intermediates.noindex/PulsrMarkdown.build/Debug-watchos/PulsrMarkdownViews-t.build/DerivedSources/arm64_32 -Xcc -I/Users/admin/builder/spi-builder-workspace/.derivedData/Build/Intermediates.noindex/PulsrMarkdown.build/Debug-watchos/PulsrMarkdownViews-t.build/DerivedSources -Xcc -DSWIFT_PACKAGE -Xcc -DDEBUG\=1 -emit-objc-header -emit-objc-header-path /Users/admin/builder/spi-builder-workspace/.derivedData/Build/Intermediates.noindex/PulsrMarkdown.build/Debug-watchos/PulsrMarkdownViews-t.build/Objects-normal/arm64_32/PulsrMarkdownViews-Swift.h -working-directory /Users/admin/builder/spi-builder-workspace/.swiftpm/xcode -experimental-emit-module-separately -disable-cmo
SwiftEmitModule normal arm64 Emitting\ module\ for\ PulsrMarkdown (in target 'PulsrMarkdown' from project 'PulsrMarkdown')
SwiftCompile normal arm64 (in target 'PulsrMarkdown' from project 'PulsrMarkdown')
cd /Users/admin/builder/spi-builder-workspace/.swiftpm/xcode
SwiftCompile normal arm64 Compiling\ UIColor+watchOS.swift /Users/admin/builder/spi-builder-workspace/Sources/PulsrMarkdown/UIColor+watchOS.swift (in target 'PulsrMarkdown' from project 'PulsrMarkdown')
SwiftCompile normal arm64 /Users/admin/builder/spi-builder-workspace/Sources/PulsrMarkdown/UIColor+watchOS.swift (in target 'PulsrMarkdown' from project 'PulsrMarkdown')
cd /Users/admin/builder/spi-builder-workspace/.swiftpm/xcode
builtin-SwiftPerFileCompile UIColor+watchOS.swift
SwiftCompile normal arm64 Compiling\ MarkdownGenerator.swift /Users/admin/builder/spi-builder-workspace/Sources/PulsrMarkdown/MarkdownGenerator.swift (in target 'PulsrMarkdown' from project 'PulsrMarkdown')
SwiftCompile normal arm64 /Users/admin/builder/spi-builder-workspace/Sources/PulsrMarkdown/MarkdownGenerator.swift (in target 'PulsrMarkdown' from project 'PulsrMarkdown')
cd /Users/admin/builder/spi-builder-workspace/.swiftpm/xcode
builtin-SwiftPerFileCompile MarkdownGenerator.swift
SwiftCompile normal arm64 Compiling\ MarkdownRule.swift /Users/admin/builder/spi-builder-workspace/Sources/PulsrMarkdown/MarkdownRule.swift (in target 'PulsrMarkdown' from project 'PulsrMarkdown')
SwiftCompile normal arm64 /Users/admin/builder/spi-builder-workspace/Sources/PulsrMarkdown/MarkdownRule.swift (in target 'PulsrMarkdown' from project 'PulsrMarkdown')
cd /Users/admin/builder/spi-builder-workspace/.swiftpm/xcode
builtin-SwiftPerFileCompile MarkdownRule.swift
SwiftCompile normal arm64_32 Compiling\ MarkdownRule.swift /Users/admin/builder/spi-builder-workspace/Sources/PulsrMarkdown/MarkdownRule.swift (in target 'PulsrMarkdown' from project 'PulsrMarkdown')
SwiftCompile normal arm64_32 /Users/admin/builder/spi-builder-workspace/Sources/PulsrMarkdown/MarkdownRule.swift (in target 'PulsrMarkdown' from project 'PulsrMarkdown')
cd /Users/admin/builder/spi-builder-workspace/.swiftpm/xcode
builtin-SwiftPerFileCompile MarkdownRule.swift
SwiftCompile normal arm64 Compiling\ MarkdownEditorView.swift /Users/admin/builder/spi-builder-workspace/Sources/PulsrMarkdownViews/MarkdownEditorView.swift (in target 'PulsrMarkdownViews' from project 'PulsrMarkdown')
/Users/admin/builder/spi-builder-workspace/Sources/PulsrMarkdownViews/MarkdownEditorView.swift:15:96: error: 'UITextView' is unavailable in watchOS
13 | public override init(generator: MarkdownGenerator) {
14 | super.init(generator: generator.keepingSpecifiers())
15 | NotificationCenter.default.addObserver(self, selector: #selector(textDidChange), name: UITextView.textDidChangeNotification, object: self)
| `- error: 'UITextView' is unavailable in watchOS
16 | }
17 |
/Applications/Xcode-27.0.0-Release.Candidate.app/Contents/Developer/Platforms/WatchOS.platform/Developer/SDKs/WatchOS27.0.sdk/System/Library/Frameworks/UIKit.framework/Headers/UITextView.h:223:12: note: 'UITextView' has been explicitly marked unavailable here
221 |
222 | UIKIT_EXTERN API_AVAILABLE(ios(2.0)) API_UNAVAILABLE(watchos) NS_SWIFT_UI_ACTOR
223 | @interface UITextView : UIScrollView <UITextInput, UIContentSizeCategoryAdjusting, UILetterformAwareAdjusting, NSTextViewportLayoutControllerDelegate>
| `- note: 'UITextView' has been explicitly marked unavailable here
224 |
225 | @property(nullable,nonatomic,weak) id<UITextViewDelegate> delegate;
SwiftCompile normal arm64 /Users/admin/builder/spi-builder-workspace/Sources/PulsrMarkdownViews/MarkdownEditorView.swift (in target 'PulsrMarkdownViews' from project 'PulsrMarkdown')
cd /Users/admin/builder/spi-builder-workspace/.swiftpm/xcode
builtin-SwiftPerFileCompile MarkdownEditorView.swift
SwiftEmitModule normal arm64_32 Emitting\ module\ for\ PulsrMarkdown (in target 'PulsrMarkdown' from project 'PulsrMarkdown')
SwiftCompile normal arm64_32 (in target 'PulsrMarkdown' from project 'PulsrMarkdown')
cd /Users/admin/builder/spi-builder-workspace/.swiftpm/xcode
SwiftEmitModule normal arm64_32 Emitting\ module\ for\ PulsrMarkdownViews (in target 'PulsrMarkdownViews' from project 'PulsrMarkdown')
/Users/admin/builder/spi-builder-workspace/Sources/PulsrMarkdownViews/MarkdownRenderedTextView.swift:31:44: error: 'UITapGestureRecognizer' is unavailable in watchOS
29 | }
30 |
31 | @objc open func didTapRender(_ sender: UITapGestureRecognizer) {
| `- error: 'UITapGestureRecognizer' is unavailable in watchOS
32 | guard sender.state == .ended,
33 | let position = closestPosition(to: sender.location(in: textInputView)),
/Applications/Xcode-27.0.0-Release.Candidate.app/Contents/Developer/Platforms/WatchOS.platform/Developer/SDKs/WatchOS27.0.sdk/System/Library/Frameworks/UIKit.framework/Headers/UITapGestureRecognizer.h:23:12: note: 'UITapGestureRecognizer' has been explicitly marked unavailable here
21 |
22 | UIKIT_EXTERN API_AVAILABLE(ios(3.2)) API_UNAVAILABLE(watchos) NS_SWIFT_UI_ACTOR
23 | @interface UITapGestureRecognizer : UIGestureRecognizer
| `- note: 'UITapGestureRecognizer' has been explicitly marked unavailable here
24 |
25 | @property (nonatomic) NSUInteger numberOfTapsRequired; // Default is 1. The number of taps required to match
/Users/admin/builder/spi-builder-workspace/Sources/PulsrMarkdownViews/MarkdownRenderedTextView.swift:54:56: error: 'UIGestureRecognizer' is unavailable in watchOS
52 | }
53 |
54 | public func gestureRecognizer(_ gestureRecognizer: UIGestureRecognizer, shouldRecognizeSimultaneouslyWith otherGestureRecognizer: UIGestureRecognizer) -> Bool {
| `- error: 'UIGestureRecognizer' is unavailable in watchOS
55 | return true // opening links and revealing spoilers should both work
56 | }
/Applications/Xcode-27.0.0-Release.Candidate.app/Contents/Developer/Platforms/WatchOS.platform/Developer/SDKs/WatchOS27.0.sdk/System/Library/Frameworks/UIKit.framework/Headers/UIGestureRecognizer.h:35:12: note: 'UIGestureRecognizer' has been explicitly marked unavailable here
33 |
34 | UIKIT_EXTERN API_AVAILABLE(ios(3.2)) API_UNAVAILABLE(watchos) NS_SWIFT_UI_ACTOR
35 | @interface UIGestureRecognizer : NSObject
| `- note: 'UIGestureRecognizer' has been explicitly marked unavailable here
36 |
37 | // Valid action method signatures:
/Users/admin/builder/spi-builder-workspace/Sources/PulsrMarkdownViews/MarkdownRenderedTextView.swift:54:135: error: 'UIGestureRecognizer' is unavailable in watchOS
52 | }
53 |
54 | public func gestureRecognizer(_ gestureRecognizer: UIGestureRecognizer, shouldRecognizeSimultaneouslyWith otherGestureRecognizer: UIGestureRecognizer) -> Bool {
| `- error: 'UIGestureRecognizer' is unavailable in watchOS
55 | return true // opening links and revealing spoilers should both work
56 | }
/Applications/Xcode-27.0.0-Release.Candidate.app/Contents/Developer/Platforms/WatchOS.platform/Developer/SDKs/WatchOS27.0.sdk/System/Library/Frameworks/UIKit.framework/Headers/UIGestureRecognizer.h:35:12: note: 'UIGestureRecognizer' has been explicitly marked unavailable here
33 |
34 | UIKIT_EXTERN API_AVAILABLE(ios(3.2)) API_UNAVAILABLE(watchos) NS_SWIFT_UI_ACTOR
35 | @interface UIGestureRecognizer : NSObject
| `- note: 'UIGestureRecognizer' has been explicitly marked unavailable here
36 |
37 | // Valid action method signatures:
/Users/admin/builder/spi-builder-workspace/Sources/PulsrMarkdownViews/MarkdownRenderedTextView.swift:11:52: error: 'UIGestureRecognizerDelegate' is unavailable in watchOS
9 | import PulsrMarkdown
10 |
11 | open class MarkdownRenderedTextView: MarkdownView, UIGestureRecognizerDelegate {
| `- error: 'UIGestureRecognizerDelegate' is unavailable in watchOS
12 |
13 | public var revealed: Set<Int> = []
/Applications/Xcode-27.0.0-Release.Candidate.app/Contents/Developer/Platforms/WatchOS.platform/Developer/SDKs/WatchOS27.0.sdk/System/Library/Frameworks/UIKit.framework/Headers/UIGestureRecognizer.h:91:11: note: 'UIGestureRecognizerDelegate' has been explicitly marked unavailable here
89 |
90 | API_UNAVAILABLE(watchos) NS_SWIFT_UI_ACTOR
91 | @protocol UIGestureRecognizerDelegate <NSObject>
| `- note: 'UIGestureRecognizerDelegate' has been explicitly marked unavailable here
92 | @optional
93 | // called when a gesture recognizer attempts to transition out of UIGestureRecognizerStatePossible. returning NO causes it to transition to UIGestureRecognizerStateFailed
/Users/admin/builder/spi-builder-workspace/Sources/PulsrMarkdownViews/MarkdownView.swift:182:44: error: 'UIMenuItem' is unavailable in watchOS
180 |
181 | /// None by default. Override to add additional rules, such as Strikethrough and Spoiler
182 | open var additionalFormattingOptions: [UIMenuItem] {
| `- error: 'UIMenuItem' is unavailable in watchOS
183 | []
184 | }
/Applications/Xcode-27.0.0-Release.Candidate.app/Contents/Developer/Platforms/WatchOS.platform/Developer/SDKs/WatchOS27.0.sdk/System/Library/Frameworks/UIKit.framework/Headers/UIMenuController.h:58:12: note: 'UIMenuItem' has been explicitly marked unavailable here
56 |
57 | UIKIT_EXTERN API_DEPRECATED("UIMenuItem is deprecated. Use UIEditMenuInteraction instead.", ios(3.2, 16.0), visionos(1.0, 1.0)) API_UNAVAILABLE(tvos) API_UNAVAILABLE(watchos) NS_SWIFT_UI_ACTOR
58 | @interface UIMenuItem : NSObject
| `- note: 'UIMenuItem' has been explicitly marked unavailable here
59 |
60 | - (instancetype)initWithTitle:(NSString *)title action:(SEL)action NS_DESIGNATED_INITIALIZER;
/Users/admin/builder/spi-builder-workspace/Sources/PulsrMarkdownViews/MarkdownView.swift:11:26: error: 'UITextView' is unavailable in watchOS
9 | import PulsrMarkdown
10 |
11 | open class MarkdownView: UITextView {
| `- error: 'UITextView' is unavailable in watchOS
12 |
13 | public var generator: MarkdownGenerator
/Applications/Xcode-27.0.0-Release.Candidate.app/Contents/Developer/Platforms/WatchOS.platform/Developer/SDKs/WatchOS27.0.sdk/System/Library/Frameworks/UIKit.framework/Headers/UITextView.h:223:12: note: 'UITextView' has been explicitly marked unavailable here
221 |
222 | UIKIT_EXTERN API_AVAILABLE(ios(2.0)) API_UNAVAILABLE(watchos) NS_SWIFT_UI_ACTOR
223 | @interface UITextView : UIScrollView <UITextInput, UIContentSizeCategoryAdjusting, UILetterformAwareAdjusting, NSTextViewportLayoutControllerDelegate>
| `- note: 'UITextView' has been explicitly marked unavailable here
224 |
225 | @property(nullable,nonatomic,weak) id<UITextViewDelegate> delegate;
/Users/admin/builder/spi-builder-workspace/Sources/PulsrMarkdownViews/MarkdownView.swift:188:24: error: cannot override 'toggleItalics' which has been marked unavailable
186 |
187 | extension MarkdownView {
188 | open override func toggleItalics(_ sender: Any?) {
| |- error: cannot override 'toggleItalics' which has been marked unavailable
| `- note: remove 'override' modifier to declare a new 'toggleItalics'
189 | toggleRule(.italicAsterisk)
190 | }
/Applications/Xcode-27.0.0-Release.Candidate.app/Contents/Developer/Platforms/WatchOS.platform/Developer/SDKs/WatchOS27.0.sdk/System/Library/Frameworks/UIKit.framework/Headers/UIResponder.h:47:1: note: 'toggleItalics' has been explicitly marked unavailable here
45 | - (void)makeTextWritingDirectionRightToLeft:(nullable id)sender API_AVAILABLE(ios(5.0)) API_UNAVAILABLE(watchos);
46 | - (void)toggleBoldface:(nullable id)sender API_AVAILABLE(ios(6.0)) API_UNAVAILABLE(watchos);
47 | - (void)toggleItalics:(nullable id)sender API_AVAILABLE(ios(6.0)) API_UNAVAILABLE(watchos);
| `- note: 'toggleItalics' has been explicitly marked unavailable here
48 | - (void)toggleUnderline:(nullable id)sender API_AVAILABLE(ios(6.0)) API_UNAVAILABLE(watchos);
49 |
/Users/admin/builder/spi-builder-workspace/Sources/PulsrMarkdownViews/MarkdownView.swift:192:24: error: cannot override 'toggleBoldface' which has been marked unavailable
190 | }
191 |
192 | open override func toggleBoldface(_ sender: Any?) {
| |- error: cannot override 'toggleBoldface' which has been marked unavailable
| `- note: remove 'override' modifier to declare a new 'toggleBoldface'
193 | toggleRule(.bold)
194 | }
/Applications/Xcode-27.0.0-Release.Candidate.app/Contents/Developer/Platforms/WatchOS.platform/Developer/SDKs/WatchOS27.0.sdk/System/Library/Frameworks/UIKit.framework/Headers/UIResponder.h:46:1: note: 'toggleBoldface' has been explicitly marked unavailable here
44 | - (void)makeTextWritingDirectionLeftToRight:(nullable id)sender API_AVAILABLE(ios(5.0)) API_UNAVAILABLE(watchos);
45 | - (void)makeTextWritingDirectionRightToLeft:(nullable id)sender API_AVAILABLE(ios(5.0)) API_UNAVAILABLE(watchos);
46 | - (void)toggleBoldface:(nullable id)sender API_AVAILABLE(ios(6.0)) API_UNAVAILABLE(watchos);
| `- note: 'toggleBoldface' has been explicitly marked unavailable here
47 | - (void)toggleItalics:(nullable id)sender API_AVAILABLE(ios(6.0)) API_UNAVAILABLE(watchos);
48 | - (void)toggleUnderline:(nullable id)sender API_AVAILABLE(ios(6.0)) API_UNAVAILABLE(watchos);
/Users/admin/builder/spi-builder-workspace/Sources/PulsrMarkdownViews/MarkdownView.swift:196:24: error: cannot override 'toggleUnderline' which has been marked unavailable
194 | }
195 |
196 | open override func toggleUnderline(_ sender: Any?) {
| |- error: cannot override 'toggleUnderline' which has been marked unavailable
| `- note: remove 'override' modifier to declare a new 'toggleUnderline'
197 | toggleRule(.underline)
198 | }
/Applications/Xcode-27.0.0-Release.Candidate.app/Contents/Developer/Platforms/WatchOS.platform/Developer/SDKs/WatchOS27.0.sdk/System/Library/Frameworks/UIKit.framework/Headers/UIResponder.h:48:1: note: 'toggleUnderline' has been explicitly marked unavailable here
46 | - (void)toggleBoldface:(nullable id)sender API_AVAILABLE(ios(6.0)) API_UNAVAILABLE(watchos);
47 | - (void)toggleItalics:(nullable id)sender API_AVAILABLE(ios(6.0)) API_UNAVAILABLE(watchos);
48 | - (void)toggleUnderline:(nullable id)sender API_AVAILABLE(ios(6.0)) API_UNAVAILABLE(watchos);
| `- note: 'toggleUnderline' has been explicitly marked unavailable here
49 |
50 | - (void)increaseSize:(nullable id)sender API_AVAILABLE(ios(7.0)) API_UNAVAILABLE(watchos);
/Users/admin/builder/spi-builder-workspace/Sources/PulsrMarkdownViews/MarkdownView.swift:240:35: error: 'UIView' is unavailable in watchOS
238 | }
239 |
240 | internal class CustomDrawingView: UIView {
| `- error: 'UIView' is unavailable in watchOS
241 |
242 | var customDrawing: () -> Void
/Applications/Xcode-27.0.0-Release.Candidate.app/Contents/Developer/Platforms/WatchOS.platform/Developer/SDKs/WatchOS27.0.sdk/System/Library/Frameworks/UIKit.framework/Headers/UIView.h:152:12: note: 'UIView' has been explicitly marked unavailable here
150 |
151 | UIKIT_EXTERN API_AVAILABLE(ios(2.0)) API_UNAVAILABLE(watchos) NS_SWIFT_UI_ACTOR
152 | @interface UIView : UIResponder <NSCoding, UIAppearance, UIAppearanceContainer, UIDynamicItem, UITraitEnvironment, UICoordinateSpace, UIFocusItem, UIFocusItemContainer, CALayerDelegate>
| `- note: 'UIView' has been explicitly marked unavailable here
153 |
154 | @property(class, nonatomic, readonly) Class layerClass; // default is [CALayer class]. Used when creating the underlying layer for the view.
Failed frontend command:
/Applications/Xcode-27.0.0-Release.Candidate.app/Contents/Developer/Toolchains/XcodeDefault.xctoolchain/usr/bin/swift-frontend -frontend -emit-module -experimental-skip-non-inlinable-function-bodies-without-types /Users/admin/builder/spi-builder-workspace/Sources/PulsrMarkdownViews/MarkdownEditorView.swift /Users/admin/builder/spi-builder-workspace/Sources/PulsrMarkdownViews/MarkdownRenderedTextView.swift /Users/admin/builder/spi-builder-workspace/Sources/PulsrMarkdownViews/MarkdownView.swift -target arm64_32-apple-watchos9.0 -disable-cross-import-overlay-search -load-resolved-plugin /Applications/Xcode-27.0.0-Release.Candidate.app/Contents/Developer/Platforms/WatchOS.platform/Developer/usr/lib/swift/host/plugins/libFoundationMacros.dylib\#/Applications/Xcode-27.0.0-Release.Candidate.app/Contents/Developer/Platforms/WatchOS.platform/Developer/usr/bin/swift-plugin-server\#FoundationMacros -load-resolved-plugin /Applications/Xcode-27.0.0-Release.Candidate.app/Contents/Developer/Platforms/WatchOS.platform/Developer/usr/lib/swift/host/plugins/libObservationMacros.dylib\#/Applications/Xcode-27.0.0-Release.Candidate.app/Contents/Developer/Platforms/WatchOS.platform/Developer/usr/bin/swift-plugin-server\#ObservationMacros -load-resolved-plugin /Applications/Xcode-27.0.0-Release.Candidate.app/Contents/Developer/Platforms/WatchOS.platform/Developer/usr/lib/swift/host/plugins/libSwiftMacros.dylib\#/Applications/Xcode-27.0.0-Release.Candidate.app/Contents/Developer/Platforms/WatchOS.platform/Developer/usr/bin/swift-plugin-server\#SwiftMacros -load-resolved-plugin /Applications/Xcode-27.0.0-Release.Candidate.app/Contents/Developer/Platforms/WatchOS.platform/Developer/usr/lib/swift/host/plugins/libSwiftUIMacros.dylib\#/Applications/Xcode-27.0.0-Release.Candidate.app/Contents/Developer/Platforms/WatchOS.platform/Developer/usr/bin/swift-plugin-server\#SwiftUIMacros -disable-implicit-swift-modules -Xcc -fno-implicit-modules -Xcc -fno-implicit-module-maps -explicit-swift-module-map-file /Users/admin/builder/spi-builder-workspace/.derivedData/Build/Intermediates.noindex/PulsrMarkdown.build/Debug-watchos/PulsrMarkdownViews-t.build/Objects-normal/arm64_32/PulsrMarkdownViews-dependencies-2.json -enable-objc-interop -sdk /Applications/Xcode-27.0.0-Release.Candidate.app/Contents/Developer/Platforms/WatchOS.platform/Developer/SDKs/WatchOS27.0.sdk -I /Users/admin/builder/spi-builder-workspace/.derivedData/Build/Products/Debug-watchos -Isystem /Applications/Xcode-27.0.0-Release.Candidate.app/Contents/Developer/Platforms/WatchOS.platform/Developer/usr/lib -F /Users/admin/builder/spi-builder-workspace/.derivedData/Build/Products/Debug-watchos/PackageFrameworks -F /Users/admin/builder/spi-builder-workspace/.derivedData/Build/Products/Debug-watchos -F /Applications/Xcode-27.0.0-Release.Candidate.app/Contents/Developer/Platforms/WatchOS.platform/Developer/Library/Frameworks -F /Applications/Xcode-27.0.0-Release.Candidate.app/Contents/Developer/Platforms/WatchOS.platform/Developer/SDKs/WatchOS27.0.sdk/Developer/Library/Frameworks -module-cache-path /Users/admin/builder/spi-builder-workspace/.derivedData/Build/Intermediates.noindex/SwiftExplicitPrecompiledModules -no-color-diagnostics -Xcc -fno-color-diagnostics -enable-testing -g -debug-info-format\=dwarf -dwarf-version\=4 -profile-generate -profile-coverage-mapping -swift-version 5 -Onone -D SWIFT_PACKAGE -D DEBUG -D SWIFT_MODULE_RESOURCE_BUNDLE_UNAVAILABLE -D Xcode -serialize-debugging-options -enable-experimental-feature DebugDescriptionMacro -empty-abi-descriptor -validate-clang-modules-once -clang-build-session-file /Users/admin/builder/spi-builder-workspace/.derivedData/ModuleCache.noindex/Session.modulevalidation -Xcc -working-directory -Xcc /Users/admin/builder/spi-builder-workspace/.swiftpm/xcode -enable-anonymous-context-mangled-names -file-compilation-dir /Users/admin/builder/spi-builder-workspace/.swiftpm/xcode -Xcc -D_LIBCPP_HARDENING_MODE\=_LIBCPP_HARDENING_MODE_DEBUG -Xcc -ivfsstatcache -Xcc /Users/admin/builder/spi-builder-workspace/.derivedData/SDKStatCaches.noindex/watchos27.0-24R360-e829b21a6f8c9b70876ba0858053c04477534ef55a1706bf4c1112bbb242f0a2.sdkstatcache -Xcc -fmodules-prune-interval\=86400 -Xcc -fmodules-prune-after\=345600 -Xcc -I/Users/admin/builder/spi-builder-workspace/.derivedData/Build/Products/Debug-watchos/include -Xcc -I/Users/admin/builder/spi-builder-workspace/.derivedData/Build/Intermediates.noindex/PulsrMarkdown.build/Debug-watchos/PulsrMarkdownViews-t.build/DerivedSources-normal/arm64_32 -Xcc -I/Users/admin/builder/spi-builder-workspace/.derivedData/Build/Intermediates.noindex/PulsrMarkdown.build/Debug-watchos/PulsrMarkdownViews-t.build/DerivedSources/arm64_32 -Xcc -I/Users/admin/builder/spi-builder-workspace/.derivedData/Build/Intermediates.noindex/PulsrMarkdown.build/Debug-watchos/PulsrMarkdownViews-t.build/DerivedSources -Xcc -DSWIFT_PACKAGE -Xcc -DDEBUG\=1 -no-auto-bridging-header-chaining -module-name PulsrMarkdownViews -const-gather-protocols-file /Users/admin/builder/spi-builder-workspace/.derivedData/Build/Intermediates.noindex/PulsrMarkdown.build/Debug-watchos/PulsrMarkdownViews-t.build/Objects-normal/arm64_32/PulsrMarkdownViews_const_extract_protocols.json -disable-clang-spi -clang-target arm64_32-apple-watchos27.0 -target-sdk-version 27.0 -target-sdk-name watchos27.0 -in-process-plugin-server-path /Applications/Xcode-27.0.0-Release.Candidate.app/Contents/Developer/Toolchains/XcodeDefault.xctoolchain/usr/lib/swift/host/libSwiftInProcPluginServer.dylib -emit-module-doc-path /Users/admin/builder/spi-builder-workspace/.derivedData/Build/Intermediates.noindex/PulsrMarkdown.build/Debug-watchos/PulsrMarkdownViews-t.build/Objects-normal/arm64_32/PulsrMarkdownViews.swiftdoc -emit-module-source-info-path /Users/admin/builder/spi-builder-workspace/.derivedData/Build/Intermediates.noindex/PulsrMarkdown.build/Debug-watchos/PulsrMarkdownViews-t.build/Objects-normal/arm64_32/PulsrMarkdownViews.swiftsourceinfo -emit-objc-header-path /Users/admin/builder/spi-builder-workspace/.derivedData/Build/Intermediates.noindex/PulsrMarkdown.build/Debug-watchos/PulsrMarkdownViews-t.build/Objects-normal/arm64_32/PulsrMarkdownViews-Swift.h -serialize-diagnostics-path /Users/admin/builder/spi-builder-workspace/.derivedData/Build/Intermediates.noindex/PulsrMarkdown.build/Debug-watchos/PulsrMarkdownViews-t.build/Objects-normal/arm64_32/PulsrMarkdownViews-primary-emit-module.dia -emit-dependencies-path /Users/admin/builder/spi-builder-workspace/.derivedData/Build/Intermediates.noindex/PulsrMarkdown.build/Debug-watchos/PulsrMarkdownViews-t.build/Objects-normal/arm64_32/PulsrMarkdownViews-primary-emit-module.d -parse-as-library -o /Users/admin/builder/spi-builder-workspace/.derivedData/Build/Intermediates.noindex/PulsrMarkdown.build/Debug-watchos/PulsrMarkdownViews-t.build/Objects-normal/arm64_32/PulsrMarkdownViews.swiftmodule -emit-abi-descriptor-path /Users/admin/builder/spi-builder-workspace/.derivedData/Build/Intermediates.noindex/PulsrMarkdown.build/Debug-watchos/PulsrMarkdownViews-t.build/Objects-normal/arm64_32/PulsrMarkdownViews.abi.json
SwiftCompile normal arm64_32 (in target 'PulsrMarkdownViews' from project 'PulsrMarkdown')
cd /Users/admin/builder/spi-builder-workspace/.swiftpm/xcode
SwiftCompile normal arm64_32 Compiling\ MarkdownEditorView.swift /Users/admin/builder/spi-builder-workspace/Sources/PulsrMarkdownViews/MarkdownEditorView.swift (in target 'PulsrMarkdownViews' from project 'PulsrMarkdown')
/Users/admin/builder/spi-builder-workspace/Sources/PulsrMarkdownViews/MarkdownEditorView.swift:15:96: error: 'UITextView' is unavailable in watchOS
13 | public override init(generator: MarkdownGenerator) {
14 | super.init(generator: generator.keepingSpecifiers())
15 | NotificationCenter.default.addObserver(self, selector: #selector(textDidChange), name: UITextView.textDidChangeNotification, object: self)
| `- error: 'UITextView' is unavailable in watchOS
16 | }
17 |
/Applications/Xcode-27.0.0-Release.Candidate.app/Contents/Developer/Platforms/WatchOS.platform/Developer/SDKs/WatchOS27.0.sdk/System/Library/Frameworks/UIKit.framework/Headers/UITextView.h:223:12: note: 'UITextView' has been explicitly marked unavailable here
221 |
222 | UIKIT_EXTERN API_AVAILABLE(ios(2.0)) API_UNAVAILABLE(watchos) NS_SWIFT_UI_ACTOR
223 | @interface UITextView : UIScrollView <UITextInput, UIContentSizeCategoryAdjusting, UILetterformAwareAdjusting, NSTextViewportLayoutControllerDelegate>
| `- note: 'UITextView' has been explicitly marked unavailable here
224 |
225 | @property(nullable,nonatomic,weak) id<UITextViewDelegate> delegate;
SwiftCompile normal arm64_32 /Users/admin/builder/spi-builder-workspace/Sources/PulsrMarkdownViews/MarkdownEditorView.swift (in target 'PulsrMarkdownViews' from project 'PulsrMarkdown')
cd /Users/admin/builder/spi-builder-workspace/.swiftpm/xcode
builtin-SwiftPerFileCompile MarkdownEditorView.swift
SwiftCompile normal arm64_32 Compiling\ MarkdownRenderedTextView.swift /Users/admin/builder/spi-builder-workspace/Sources/PulsrMarkdownViews/MarkdownRenderedTextView.swift (in target 'PulsrMarkdownViews' from project 'PulsrMarkdown')
/Users/admin/builder/spi-builder-workspace/Sources/PulsrMarkdownViews/MarkdownRenderedTextView.swift:31:44: error: 'UITapGestureRecognizer' is unavailable in watchOS
29 | }
30 |
31 | @objc open func didTapRender(_ sender: UITapGestureRecognizer) {
| `- error: 'UITapGestureRecognizer' is unavailable in watchOS
32 | guard sender.state == .ended,
33 | let position = closestPosition(to: sender.location(in: textInputView)),
/Applications/Xcode-27.0.0-Release.Candidate.app/Contents/Developer/Platforms/WatchOS.platform/Developer/SDKs/WatchOS27.0.sdk/System/Library/Frameworks/UIKit.framework/Headers/UITapGestureRecognizer.h:23:12: note: 'UITapGestureRecognizer' has been explicitly marked unavailable here
21 |
22 | UIKIT_EXTERN API_AVAILABLE(ios(3.2)) API_UNAVAILABLE(watchos) NS_SWIFT_UI_ACTOR
23 | @interface UITapGestureRecognizer : UIGestureRecognizer
| `- note: 'UITapGestureRecognizer' has been explicitly marked unavailable here
24 |
25 | @property (nonatomic) NSUInteger numberOfTapsRequired; // Default is 1. The number of taps required to match
/Users/admin/builder/spi-builder-workspace/Sources/PulsrMarkdownViews/MarkdownRenderedTextView.swift:54:56: error: 'UIGestureRecognizer' is unavailable in watchOS
52 | }
53 |
54 | public func gestureRecognizer(_ gestureRecognizer: UIGestureRecognizer, shouldRecognizeSimultaneouslyWith otherGestureRecognizer: UIGestureRecognizer) -> Bool {
| `- error: 'UIGestureRecognizer' is unavailable in watchOS
55 | return true // opening links and revealing spoilers should both work
56 | }
/Applications/Xcode-27.0.0-Release.Candidate.app/Contents/Developer/Platforms/WatchOS.platform/Developer/SDKs/WatchOS27.0.sdk/System/Library/Frameworks/UIKit.framework/Headers/UIGestureRecognizer.h:35:12: note: 'UIGestureRecognizer' has been explicitly marked unavailable here
33 |
34 | UIKIT_EXTERN API_AVAILABLE(ios(3.2)) API_UNAVAILABLE(watchos) NS_SWIFT_UI_ACTOR
35 | @interface UIGestureRecognizer : NSObject
| `- note: 'UIGestureRecognizer' has been explicitly marked unavailable here
36 |
37 | // Valid action method signatures:
/Users/admin/builder/spi-builder-workspace/Sources/PulsrMarkdownViews/MarkdownRenderedTextView.swift:54:135: error: 'UIGestureRecognizer' is unavailable in watchOS
52 | }
53 |
54 | public func gestureRecognizer(_ gestureRecognizer: UIGestureRecognizer, shouldRecognizeSimultaneouslyWith otherGestureRecognizer: UIGestureRecognizer) -> Bool {
| `- error: 'UIGestureRecognizer' is unavailable in watchOS
55 | return true // opening links and revealing spoilers should both work
56 | }
/Applications/Xcode-27.0.0-Release.Candidate.app/Contents/Developer/Platforms/WatchOS.platform/Developer/SDKs/WatchOS27.0.sdk/System/Library/Frameworks/UIKit.framework/Headers/UIGestureRecognizer.h:35:12: note: 'UIGestureRecognizer' has been explicitly marked unavailable here
33 |
34 | UIKIT_EXTERN API_AVAILABLE(ios(3.2)) API_UNAVAILABLE(watchos) NS_SWIFT_UI_ACTOR
35 | @interface UIGestureRecognizer : NSObject
| `- note: 'UIGestureRecognizer' has been explicitly marked unavailable here
36 |
37 | // Valid action method signatures:
/Users/admin/builder/spi-builder-workspace/Sources/PulsrMarkdownViews/MarkdownRenderedTextView.swift:11:52: error: 'UIGestureRecognizerDelegate' is unavailable in watchOS
9 | import PulsrMarkdown
10 |
11 | open class MarkdownRenderedTextView: MarkdownView, UIGestureRecognizerDelegate {
| `- error: 'UIGestureRecognizerDelegate' is unavailable in watchOS
12 |
13 | public var revealed: Set<Int> = []
/Applications/Xcode-27.0.0-Release.Candidate.app/Contents/Developer/Platforms/WatchOS.platform/Developer/SDKs/WatchOS27.0.sdk/System/Library/Frameworks/UIKit.framework/Headers/UIGestureRecognizer.h:91:11: note: 'UIGestureRecognizerDelegate' has been explicitly marked unavailable here
89 |
90 | API_UNAVAILABLE(watchos) NS_SWIFT_UI_ACTOR
91 | @protocol UIGestureRecognizerDelegate <NSObject>
| `- note: 'UIGestureRecognizerDelegate' has been explicitly marked unavailable here
92 | @optional
93 | // called when a gesture recognizer attempts to transition out of UIGestureRecognizerStatePossible. returning NO causes it to transition to UIGestureRecognizerStateFailed
/Users/admin/builder/spi-builder-workspace/Sources/PulsrMarkdownViews/MarkdownRenderedTextView.swift:20:19: error: 'UITapGestureRecognizer' is unavailable in watchOS
18 | allowsEditingTextAttributes = true
19 |
20 | let tap = UITapGestureRecognizer(target: self, action: #selector(didTapRender))
| `- error: 'UITapGestureRecognizer' is unavailable in watchOS
21 | tap.cancelsTouchesInView = false // doesn't do anything...
22 | tap.delegate = self
/Applications/Xcode-27.0.0-Release.Candidate.app/Contents/Developer/Platforms/WatchOS.platform/Developer/SDKs/WatchOS27.0.sdk/System/Library/Frameworks/UIKit.framework/Headers/UITapGestureRecognizer.h:23:12: note: 'UITapGestureRecognizer' has been explicitly marked unavailable here
21 |
22 | UIKIT_EXTERN API_AVAILABLE(ios(3.2)) API_UNAVAILABLE(watchos) NS_SWIFT_UI_ACTOR
23 | @interface UITapGestureRecognizer : UIGestureRecognizer
| `- note: 'UITapGestureRecognizer' has been explicitly marked unavailable here
24 |
25 | @property (nonatomic) NSUInteger numberOfTapsRequired; // Default is 1. The number of taps required to match
SwiftCompile normal arm64_32 /Users/admin/builder/spi-builder-workspace/Sources/PulsrMarkdownViews/MarkdownRenderedTextView.swift (in target 'PulsrMarkdownViews' from project 'PulsrMarkdown')
cd /Users/admin/builder/spi-builder-workspace/.swiftpm/xcode
builtin-SwiftPerFileCompile MarkdownRenderedTextView.swift
SwiftEmitModule normal arm64 Emitting\ module\ for\ PulsrMarkdownViews (in target 'PulsrMarkdownViews' from project 'PulsrMarkdown')
SwiftCompile normal arm64 (in target 'PulsrMarkdownViews' from project 'PulsrMarkdown')
cd /Users/admin/builder/spi-builder-workspace/.swiftpm/xcode
SwiftCompile normal arm64 Compiling\ MarkdownRenderedTextView.swift /Users/admin/builder/spi-builder-workspace/Sources/PulsrMarkdownViews/MarkdownRenderedTextView.swift (in target 'PulsrMarkdownViews' from project 'PulsrMarkdown')
SwiftCompile normal arm64 /Users/admin/builder/spi-builder-workspace/Sources/PulsrMarkdownViews/MarkdownRenderedTextView.swift (in target 'PulsrMarkdownViews' from project 'PulsrMarkdown')
cd /Users/admin/builder/spi-builder-workspace/.swiftpm/xcode
builtin-SwiftPerFileCompile MarkdownRenderedTextView.swift
SwiftCompile normal arm64_32 Compiling\ MarkdownView.swift /Users/admin/builder/spi-builder-workspace/Sources/PulsrMarkdownViews/MarkdownView.swift (in target 'PulsrMarkdownViews' from project 'PulsrMarkdown')
SwiftCompile normal arm64_32 /Users/admin/builder/spi-builder-workspace/Sources/PulsrMarkdownViews/MarkdownView.swift (in target 'PulsrMarkdownViews' from project 'PulsrMarkdown')
cd /Users/admin/builder/spi-builder-workspace/.swiftpm/xcode
builtin-SwiftPerFileCompile MarkdownView.swift
PruneExplicitPrecompiledModules /Users/admin/builder/spi-builder-workspace/.derivedData/Build/Intermediates.noindex/SwiftExplicitPrecompiledModules
PruneExplicitPrecompiledModules /Users/admin/builder/spi-builder-workspace/.derivedData/SDKExplicitPrecompiledModules
PruneExplicitPrecompiledModules /Users/admin/builder/spi-builder-workspace/.derivedData/Build/Intermediates.noindex/ExplicitPrecompiledModules
2026-09-17 14:52:01.708 xcodebuild[786:4891] [MT] IDERunDestination: Supported platforms for the buildables in the current scheme is empty.
** BUILD FAILED **
The following build commands failed:
SwiftEmitModule normal arm64_32 Emitting\ module\ for\ PulsrMarkdownViews (in target 'PulsrMarkdownViews' from project 'PulsrMarkdown')
SwiftCompile normal arm64_32 (in target 'PulsrMarkdownViews' from project 'PulsrMarkdown')
Building workspace PulsrMarkdown with scheme PulsrMarkdown-Package
(3 failures)
BUILD FAILURE 6.4 watchOS