Build Information
Failed to build SwiftGodot, reference main (a8ceee), with Swift 6.2 for visionOS using Xcode 26.3 on 29 Jun 2026 01:36:08 UTC.
Build Command
No build command. This typically means the build failed at an early stage where we determine the build command.Build Log
========================================
RunAll
========================================
Builder version: undefined version: run 'make version' to update
Interrupt handler set up.
========================================
Checkout
========================================
Clone URL: https://github.com/adamwatters/SwiftGodot.git
Reference: main
Initialized empty Git repository in /Users/admin/builder/spi-builder-workspace/.git/
From https://github.com/adamwatters/SwiftGodot
* branch main -> FETCH_HEAD
* [new branch] main -> origin/main
HEAD is now at a8ceee7 use local
Cloned https://github.com/adamwatters/SwiftGodot.git
Revision (git rev-parse @):
a8ceee7f4bc71a8c635bd8d6887077f2773f13e5
SPI manifest file found: $PWD/.spi.yml
SUCCESS checkout https://github.com/adamwatters/SwiftGodot.git at main
========================================
Build
========================================
Selected platform: visionOS
Swift version: 6.2
Building package at path: $PWD
https://github.com/adamwatters/SwiftGodot.git
Command line invocation:
/Applications/Xcode-26.3.0.app/Contents/Developer/usr/bin/xcodebuild -IDEClonedSourcePackagesDirPathOverride=/Users/admin/builder/spi-builder-workspace/.dependencies -resolvePackageDependencies
Resolve Package Graph
Fetching from https://github.com/swiftlang/swift-docc-plugin
Fetching from https://github.com/swiftlang/swift-syntax
Fetching from https://github.com/apple/swift-argument-parser
Fetching from https://github.com/swiftlang/swift-docc-symbolkit
Creating working copy of package ‘swift-syntax’
Checking out 510.0.3 of package ‘swift-syntax’
Creating working copy of package ‘swift-docc-symbolkit’
Checking out 1.0.0 of package ‘swift-docc-symbolkit’
Creating working copy of package ‘swift-argument-parser’
Checking out 1.8.2 of package ‘swift-argument-parser’
Creating working copy of package ‘swift-docc-plugin’
Checking out 1.5.0 of package ‘swift-docc-plugin’
local binary target 'libgodot_tests' at '/Users/admin/builder/spi-builder-workspace/libgodot.xcframework' does not contain a binary artifact.fatalErrorResolve Package Graph
local binary target 'libgodot_tests' at '/Users/admin/builder/spi-builder-workspace/libgodot.xcframework' does not contain a binary artifact.fatalError
Resolved source packages:
spi-builder-workspace: (null)
2026-06-28 21:36:07.110 xcodebuild[538:3094] Writing error result bundle to /var/folders/xq/y_g06wb113726d38xsyx71_h0000gn/T/ResultBundle_2026-28-06_21-36-0007.xcresult
xcodebuild: error: Could not resolve package dependencies:
local binary target 'libgodot_tests' at '/Users/admin/builder/spi-builder-workspace/libgodot.xcframework' does not contain a binary artifact.
fatalError
Command line invocation:
/Applications/Xcode-26.3.0.app/Contents/Developer/usr/bin/xcodebuild -IDEClonedSourcePackagesDirPathOverride=/Users/admin/builder/spi-builder-workspace/.dependencies -resolvePackageDependencies
Resolve Package Graph
local binary target 'libgodot_tests' at '/Users/admin/builder/spi-builder-workspace/libgodot.xcframework' does not contain a binary artifact.fatalError
Resolved source packages:
spi-builder-workspace: (null)
2026-06-28 21:36:08.041 xcodebuild[828:4924] Writing error result bundle to /var/folders/xq/y_g06wb113726d38xsyx71_h0000gn/T/ResultBundle_2026-28-06_21-36-0008.xcresult
xcodebuild: error: Could not resolve package dependencies:
local binary target 'libgodot_tests' at '/Users/admin/builder/spi-builder-workspace/libgodot.xcframework' does not contain a binary artifact.
fatalError
BUILD FAILURE 6.2 visionOS