The Swift Package Index logo.Swift Package Index

Build Information

Failed to build BearerTokenAuthMiddleware, reference 2.0.0 (0372f8), with Swift 6.1 for Wasm on 20 Sep 2026 08:36:40 UTC.

Build Command

bash -c docker run --pull=always --rm -v "checkouts-53886770-1":/host -w "$PWD" -e JAVA_HOME="/root/.sdkman/candidates/java/current" -e SPI_BUILD="1" -e SPI_PROCESSING="1" registry.gitlab.com/saguaro1/spi-images:wasm-6.1-latest swift build --swift-sdk wasm32-unknown-wasi 2>&1

Build Log

 84 | #undef _WASI_EMULATED_MMAN
 85 | #define _WASI_EMULATED_MMAN
 86 | #include <sys/mman.h>
    |          `- note: while building module 'wasi_emulated_mman' imported from /root/.swiftpm/swift-sdks/swift-wasm-6.1-RELEASE-wasm32-unknown-wasi.artifactbundle/6.1-RELEASE-wasm32-unknown-wasi/wasm32-unknown-wasi/swift.xctoolchain/usr/lib/swift_static/CoreFoundation/ForSwiftFoundationOnly.h:86:
 87 | #elif TARGET_OS_LINUX
 88 | #include <errno.h>
<module-includes>:1:10: note: in file included from <module-includes>:1:
1 | #include "sys/mman.h"
  |          `- note: in file included from <module-includes>:1:
2 |
/root/.swiftpm/swift-sdks/swift-wasm-6.1-RELEASE-wasm32-unknown-wasi.artifactbundle/6.1-RELEASE-wasm32-unknown-wasi/wasm32-unknown-wasi/WASI.sdk/include/wasm32-wasi/sys/mman.h:2:2: error: "WASI lacks a true mmap; to enable minimal mmap emulation, compile with -D_WASI_EMULATED_MMAN and link with -lwasi-emulated-mman"
  1 | #ifndef _WASI_EMULATED_MMAN
  2 | #error "WASI lacks a true mmap; to enable minimal mmap emulation, \
    |  `- error: "WASI lacks a true mmap; to enable minimal mmap emulation, compile with -D_WASI_EMULATED_MMAN and link with -lwasi-emulated-mman"
  3 | compile with -D_WASI_EMULATED_MMAN and link with -lwasi-emulated-mman"
  4 | #else
/host/spi-builder-workspace/.build/checkouts/swift-openapi-runtime/Sources/OpenAPIRuntime/Base/OpenAPIValue.swift:22:8: error: could not build C module 'CoreFoundation'
 20 |
 21 | #if canImport(CoreFoundation) && (FullFoundation || canImport(Darwin))
 22 | import CoreFoundation
    |        `- error: could not build C module 'CoreFoundation'
 23 | #endif
 24 |
<unknown>:0: warning: upcoming feature 'InferSendableFromCaptures' is already enabled as of Swift version 6
<unknown>:0: warning: upcoming feature 'GlobalActorIsolatedTypesUsability' is already enabled as of Swift version 6
<unknown>:0: warning: upcoming feature 'DisableOutwardActorInference' is already enabled as of Swift version 6
/root/.swiftpm/swift-sdks/swift-wasm-6.1-RELEASE-wasm32-unknown-wasi.artifactbundle/6.1-RELEASE-wasm32-unknown-wasi/wasm32-unknown-wasi/swift.xctoolchain/usr/lib/swift_static/CoreFoundation/CoreFoundation.h:28:10: note: while building module 'wasi_emulated_signal' imported from /root/.swiftpm/swift-sdks/swift-wasm-6.1-RELEASE-wasm32-unknown-wasi.artifactbundle/6.1-RELEASE-wasm32-unknown-wasi/wasm32-unknown-wasi/swift.xctoolchain/usr/lib/swift_static/CoreFoundation/CoreFoundation.h:28:
 26 | #include <setjmp.h>
 27 | #endif
 28 | #include <signal.h>
    |          `- note: while building module 'wasi_emulated_signal' imported from /root/.swiftpm/swift-sdks/swift-wasm-6.1-RELEASE-wasm32-unknown-wasi.artifactbundle/6.1-RELEASE-wasm32-unknown-wasi/wasm32-unknown-wasi/swift.xctoolchain/usr/lib/swift_static/CoreFoundation/CoreFoundation.h:28:
 29 | #include <stddef.h>
 30 | #include <stdio.h>
<module-includes>:1:10: note: in file included from <module-includes>:1:
1 | #include "signal.h"
  |          `- note: in file included from <module-includes>:1:
2 |
/root/.swiftpm/swift-sdks/swift-wasm-6.1-RELEASE-wasm32-unknown-wasi.artifactbundle/6.1-RELEASE-wasm32-unknown-wasi/wasm32-unknown-wasi/WASI.sdk/include/wasm32-wasi/signal.h:2:2: error: "wasm lacks signal support; to enable minimal signal emulation, compile with -D_WASI_EMULATED_SIGNAL and link with -lwasi-emulated-signal"
  1 | #ifndef _WASI_EMULATED_SIGNAL
  2 | #error "wasm lacks signal support; to enable minimal signal emulation, \
    |  `- error: "wasm lacks signal support; to enable minimal signal emulation, compile with -D_WASI_EMULATED_SIGNAL and link with -lwasi-emulated-signal"
  3 | compile with -D_WASI_EMULATED_SIGNAL and link with -lwasi-emulated-signal"
  4 | #else
<module-includes>:1:10: note: in file included from <module-includes>:1:
1 | #include "CoreFoundation.h"
  |          `- note: in file included from <module-includes>:1:
2 |
/root/.swiftpm/swift-sdks/swift-wasm-6.1-RELEASE-wasm32-unknown-wasi.artifactbundle/6.1-RELEASE-wasm32-unknown-wasi/wasm32-unknown-wasi/swift.xctoolchain/usr/lib/swift_static/CoreFoundation/CoreFoundation.h:28:10: error: could not build module 'wasi_emulated_signal'
 26 | #include <setjmp.h>
 27 | #endif
 28 | #include <signal.h>
    |          `- error: could not build module 'wasi_emulated_signal'
 29 | #include <stddef.h>
 30 | #include <stdio.h>
/root/.swiftpm/swift-sdks/swift-wasm-6.1-RELEASE-wasm32-unknown-wasi.artifactbundle/6.1-RELEASE-wasm32-unknown-wasi/wasm32-unknown-wasi/swift.xctoolchain/usr/lib/swift_static/CoreFoundation/ForSwiftFoundationOnly.h:86:10: note: while building module 'wasi_emulated_mman' imported from /root/.swiftpm/swift-sdks/swift-wasm-6.1-RELEASE-wasm32-unknown-wasi.artifactbundle/6.1-RELEASE-wasm32-unknown-wasi/wasm32-unknown-wasi/swift.xctoolchain/usr/lib/swift_static/CoreFoundation/ForSwiftFoundationOnly.h:86:
 84 | #undef _WASI_EMULATED_MMAN
 85 | #define _WASI_EMULATED_MMAN
 86 | #include <sys/mman.h>
    |          `- note: while building module 'wasi_emulated_mman' imported from /root/.swiftpm/swift-sdks/swift-wasm-6.1-RELEASE-wasm32-unknown-wasi.artifactbundle/6.1-RELEASE-wasm32-unknown-wasi/wasm32-unknown-wasi/swift.xctoolchain/usr/lib/swift_static/CoreFoundation/ForSwiftFoundationOnly.h:86:
 87 | #elif TARGET_OS_LINUX
 88 | #include <errno.h>
<module-includes>:1:10: note: in file included from <module-includes>:1:
1 | #include "sys/mman.h"
  |          `- note: in file included from <module-includes>:1:
2 |
/root/.swiftpm/swift-sdks/swift-wasm-6.1-RELEASE-wasm32-unknown-wasi.artifactbundle/6.1-RELEASE-wasm32-unknown-wasi/wasm32-unknown-wasi/WASI.sdk/include/wasm32-wasi/sys/mman.h:2:2: error: "WASI lacks a true mmap; to enable minimal mmap emulation, compile with -D_WASI_EMULATED_MMAN and link with -lwasi-emulated-mman"
  1 | #ifndef _WASI_EMULATED_MMAN
  2 | #error "WASI lacks a true mmap; to enable minimal mmap emulation, \
    |  `- error: "WASI lacks a true mmap; to enable minimal mmap emulation, compile with -D_WASI_EMULATED_MMAN and link with -lwasi-emulated-mman"
  3 | compile with -D_WASI_EMULATED_MMAN and link with -lwasi-emulated-mman"
  4 | #else
/host/spi-builder-workspace/.build/checkouts/swift-openapi-runtime/Sources/OpenAPIRuntime/Base/OpenAPIValue.swift:22:8: error: could not build C module 'CoreFoundation'
 20 |
 21 | #if canImport(CoreFoundation) && (FullFoundation || canImport(Darwin))
 22 | import CoreFoundation
    |        `- error: could not build C module 'CoreFoundation'
 23 | #endif
 24 |
<unknown>:0: warning: upcoming feature 'InferSendableFromCaptures' is already enabled as of Swift version 6
<unknown>:0: warning: upcoming feature 'GlobalActorIsolatedTypesUsability' is already enabled as of Swift version 6
<unknown>:0: warning: upcoming feature 'DisableOutwardActorInference' is already enabled as of Swift version 6
/root/.swiftpm/swift-sdks/swift-wasm-6.1-RELEASE-wasm32-unknown-wasi.artifactbundle/6.1-RELEASE-wasm32-unknown-wasi/wasm32-unknown-wasi/swift.xctoolchain/usr/lib/swift_static/CoreFoundation/CoreFoundation.h:28:10: note: while building module 'wasi_emulated_signal' imported from /root/.swiftpm/swift-sdks/swift-wasm-6.1-RELEASE-wasm32-unknown-wasi.artifactbundle/6.1-RELEASE-wasm32-unknown-wasi/wasm32-unknown-wasi/swift.xctoolchain/usr/lib/swift_static/CoreFoundation/CoreFoundation.h:28:
 26 | #include <setjmp.h>
 27 | #endif
 28 | #include <signal.h>
    |          `- note: while building module 'wasi_emulated_signal' imported from /root/.swiftpm/swift-sdks/swift-wasm-6.1-RELEASE-wasm32-unknown-wasi.artifactbundle/6.1-RELEASE-wasm32-unknown-wasi/wasm32-unknown-wasi/swift.xctoolchain/usr/lib/swift_static/CoreFoundation/CoreFoundation.h:28:
 29 | #include <stddef.h>
 30 | #include <stdio.h>
<module-includes>:1:10: note: in file included from <module-includes>:1:
1 | #include "signal.h"
  |          `- note: in file included from <module-includes>:1:
2 |
/root/.swiftpm/swift-sdks/swift-wasm-6.1-RELEASE-wasm32-unknown-wasi.artifactbundle/6.1-RELEASE-wasm32-unknown-wasi/wasm32-unknown-wasi/WASI.sdk/include/wasm32-wasi/signal.h:2:2: error: "wasm lacks signal support; to enable minimal signal emulation, compile with -D_WASI_EMULATED_SIGNAL and link with -lwasi-emulated-signal"
  1 | #ifndef _WASI_EMULATED_SIGNAL
  2 | #error "wasm lacks signal support; to enable minimal signal emulation, \
    |  `- error: "wasm lacks signal support; to enable minimal signal emulation, compile with -D_WASI_EMULATED_SIGNAL and link with -lwasi-emulated-signal"
  3 | compile with -D_WASI_EMULATED_SIGNAL and link with -lwasi-emulated-signal"
  4 | #else
<module-includes>:1:10: note: in file included from <module-includes>:1:
1 | #include "CoreFoundation.h"
  |          `- note: in file included from <module-includes>:1:
2 |
/root/.swiftpm/swift-sdks/swift-wasm-6.1-RELEASE-wasm32-unknown-wasi.artifactbundle/6.1-RELEASE-wasm32-unknown-wasi/wasm32-unknown-wasi/swift.xctoolchain/usr/lib/swift_static/CoreFoundation/CoreFoundation.h:28:10: error: could not build module 'wasi_emulated_signal'
 26 | #include <setjmp.h>
 27 | #endif
 28 | #include <signal.h>
    |          `- error: could not build module 'wasi_emulated_signal'
 29 | #include <stddef.h>
 30 | #include <stdio.h>
/root/.swiftpm/swift-sdks/swift-wasm-6.1-RELEASE-wasm32-unknown-wasi.artifactbundle/6.1-RELEASE-wasm32-unknown-wasi/wasm32-unknown-wasi/swift.xctoolchain/usr/lib/swift_static/CoreFoundation/ForSwiftFoundationOnly.h:86:10: note: while building module 'wasi_emulated_mman' imported from /root/.swiftpm/swift-sdks/swift-wasm-6.1-RELEASE-wasm32-unknown-wasi.artifactbundle/6.1-RELEASE-wasm32-unknown-wasi/wasm32-unknown-wasi/swift.xctoolchain/usr/lib/swift_static/CoreFoundation/ForSwiftFoundationOnly.h:86:
 84 | #undef _WASI_EMULATED_MMAN
 85 | #define _WASI_EMULATED_MMAN
 86 | #include <sys/mman.h>
    |          `- note: while building module 'wasi_emulated_mman' imported from /root/.swiftpm/swift-sdks/swift-wasm-6.1-RELEASE-wasm32-unknown-wasi.artifactbundle/6.1-RELEASE-wasm32-unknown-wasi/wasm32-unknown-wasi/swift.xctoolchain/usr/lib/swift_static/CoreFoundation/ForSwiftFoundationOnly.h:86:
 87 | #elif TARGET_OS_LINUX
 88 | #include <errno.h>
<module-includes>:1:10: note: in file included from <module-includes>:1:
1 | #include "sys/mman.h"
  |          `- note: in file included from <module-includes>:1:
2 |
/root/.swiftpm/swift-sdks/swift-wasm-6.1-RELEASE-wasm32-unknown-wasi.artifactbundle/6.1-RELEASE-wasm32-unknown-wasi/wasm32-unknown-wasi/WASI.sdk/include/wasm32-wasi/sys/mman.h:2:2: error: "WASI lacks a true mmap; to enable minimal mmap emulation, compile with -D_WASI_EMULATED_MMAN and link with -lwasi-emulated-mman"
  1 | #ifndef _WASI_EMULATED_MMAN
  2 | #error "WASI lacks a true mmap; to enable minimal mmap emulation, \
    |  `- error: "WASI lacks a true mmap; to enable minimal mmap emulation, compile with -D_WASI_EMULATED_MMAN and link with -lwasi-emulated-mman"
  3 | compile with -D_WASI_EMULATED_MMAN and link with -lwasi-emulated-mman"
  4 | #else
/host/spi-builder-workspace/.build/checkouts/swift-openapi-runtime/Sources/OpenAPIRuntime/Base/OpenAPIValue.swift:22:8: error: could not build C module 'CoreFoundation'
 20 |
 21 | #if canImport(CoreFoundation) && (FullFoundation || canImport(Darwin))
 22 | import CoreFoundation
    |        `- error: could not build C module 'CoreFoundation'
 23 | #endif
 24 |
<unknown>:0: warning: upcoming feature 'InferSendableFromCaptures' is already enabled as of Swift version 6
<unknown>:0: warning: upcoming feature 'GlobalActorIsolatedTypesUsability' is already enabled as of Swift version 6
<unknown>:0: warning: upcoming feature 'DisableOutwardActorInference' is already enabled as of Swift version 6
/root/.swiftpm/swift-sdks/swift-wasm-6.1-RELEASE-wasm32-unknown-wasi.artifactbundle/6.1-RELEASE-wasm32-unknown-wasi/wasm32-unknown-wasi/swift.xctoolchain/usr/lib/swift_static/CoreFoundation/CoreFoundation.h:28:10: note: while building module 'wasi_emulated_signal' imported from /root/.swiftpm/swift-sdks/swift-wasm-6.1-RELEASE-wasm32-unknown-wasi.artifactbundle/6.1-RELEASE-wasm32-unknown-wasi/wasm32-unknown-wasi/swift.xctoolchain/usr/lib/swift_static/CoreFoundation/CoreFoundation.h:28:
 26 | #include <setjmp.h>
 27 | #endif
 28 | #include <signal.h>
    |          `- note: while building module 'wasi_emulated_signal' imported from /root/.swiftpm/swift-sdks/swift-wasm-6.1-RELEASE-wasm32-unknown-wasi.artifactbundle/6.1-RELEASE-wasm32-unknown-wasi/wasm32-unknown-wasi/swift.xctoolchain/usr/lib/swift_static/CoreFoundation/CoreFoundation.h:28:
 29 | #include <stddef.h>
 30 | #include <stdio.h>
<module-includes>:1:10: note: in file included from <module-includes>:1:
1 | #include "signal.h"
  |          `- note: in file included from <module-includes>:1:
2 |
/root/.swiftpm/swift-sdks/swift-wasm-6.1-RELEASE-wasm32-unknown-wasi.artifactbundle/6.1-RELEASE-wasm32-unknown-wasi/wasm32-unknown-wasi/WASI.sdk/include/wasm32-wasi/signal.h:2:2: error: "wasm lacks signal support; to enable minimal signal emulation, compile with -D_WASI_EMULATED_SIGNAL and link with -lwasi-emulated-signal"
  1 | #ifndef _WASI_EMULATED_SIGNAL
  2 | #error "wasm lacks signal support; to enable minimal signal emulation, \
    |  `- error: "wasm lacks signal support; to enable minimal signal emulation, compile with -D_WASI_EMULATED_SIGNAL and link with -lwasi-emulated-signal"
  3 | compile with -D_WASI_EMULATED_SIGNAL and link with -lwasi-emulated-signal"
  4 | #else
<module-includes>:1:10: note: in file included from <module-includes>:1:
1 | #include "CoreFoundation.h"
  |          `- note: in file included from <module-includes>:1:
2 |
/root/.swiftpm/swift-sdks/swift-wasm-6.1-RELEASE-wasm32-unknown-wasi.artifactbundle/6.1-RELEASE-wasm32-unknown-wasi/wasm32-unknown-wasi/swift.xctoolchain/usr/lib/swift_static/CoreFoundation/CoreFoundation.h:28:10: error: could not build module 'wasi_emulated_signal'
 26 | #include <setjmp.h>
 27 | #endif
 28 | #include <signal.h>
    |          `- error: could not build module 'wasi_emulated_signal'
 29 | #include <stddef.h>
 30 | #include <stdio.h>
/root/.swiftpm/swift-sdks/swift-wasm-6.1-RELEASE-wasm32-unknown-wasi.artifactbundle/6.1-RELEASE-wasm32-unknown-wasi/wasm32-unknown-wasi/swift.xctoolchain/usr/lib/swift_static/CoreFoundation/ForSwiftFoundationOnly.h:86:10: note: while building module 'wasi_emulated_mman' imported from /root/.swiftpm/swift-sdks/swift-wasm-6.1-RELEASE-wasm32-unknown-wasi.artifactbundle/6.1-RELEASE-wasm32-unknown-wasi/wasm32-unknown-wasi/swift.xctoolchain/usr/lib/swift_static/CoreFoundation/ForSwiftFoundationOnly.h:86:
 84 | #undef _WASI_EMULATED_MMAN
 85 | #define _WASI_EMULATED_MMAN
 86 | #include <sys/mman.h>
    |          `- note: while building module 'wasi_emulated_mman' imported from /root/.swiftpm/swift-sdks/swift-wasm-6.1-RELEASE-wasm32-unknown-wasi.artifactbundle/6.1-RELEASE-wasm32-unknown-wasi/wasm32-unknown-wasi/swift.xctoolchain/usr/lib/swift_static/CoreFoundation/ForSwiftFoundationOnly.h:86:
 87 | #elif TARGET_OS_LINUX
 88 | #include <errno.h>
<module-includes>:1:10: note: in file included from <module-includes>:1:
1 | #include "sys/mman.h"
  |          `- note: in file included from <module-includes>:1:
2 |
/root/.swiftpm/swift-sdks/swift-wasm-6.1-RELEASE-wasm32-unknown-wasi.artifactbundle/6.1-RELEASE-wasm32-unknown-wasi/wasm32-unknown-wasi/WASI.sdk/include/wasm32-wasi/sys/mman.h:2:2: error: "WASI lacks a true mmap; to enable minimal mmap emulation, compile with -D_WASI_EMULATED_MMAN and link with -lwasi-emulated-mman"
  1 | #ifndef _WASI_EMULATED_MMAN
  2 | #error "WASI lacks a true mmap; to enable minimal mmap emulation, \
    |  `- error: "WASI lacks a true mmap; to enable minimal mmap emulation, compile with -D_WASI_EMULATED_MMAN and link with -lwasi-emulated-mman"
  3 | compile with -D_WASI_EMULATED_MMAN and link with -lwasi-emulated-mman"
  4 | #else
/host/spi-builder-workspace/.build/checkouts/swift-openapi-runtime/Sources/OpenAPIRuntime/Base/OpenAPIValue.swift:22:8: error: could not build C module 'CoreFoundation'
 20 |
 21 | #if canImport(CoreFoundation) && (FullFoundation || canImport(Darwin))
 22 | import CoreFoundation
    |        `- error: could not build C module 'CoreFoundation'
 23 | #endif
 24 |
<unknown>:0: warning: upcoming feature 'InferSendableFromCaptures' is already enabled as of Swift version 6
<unknown>:0: warning: upcoming feature 'GlobalActorIsolatedTypesUsability' is already enabled as of Swift version 6
<unknown>:0: warning: upcoming feature 'DisableOutwardActorInference' is already enabled as of Swift version 6
/root/.swiftpm/swift-sdks/swift-wasm-6.1-RELEASE-wasm32-unknown-wasi.artifactbundle/6.1-RELEASE-wasm32-unknown-wasi/wasm32-unknown-wasi/swift.xctoolchain/usr/lib/swift_static/CoreFoundation/CoreFoundation.h:28:10: note: while building module 'wasi_emulated_signal' imported from /root/.swiftpm/swift-sdks/swift-wasm-6.1-RELEASE-wasm32-unknown-wasi.artifactbundle/6.1-RELEASE-wasm32-unknown-wasi/wasm32-unknown-wasi/swift.xctoolchain/usr/lib/swift_static/CoreFoundation/CoreFoundation.h:28:
 26 | #include <setjmp.h>
 27 | #endif
 28 | #include <signal.h>
    |          `- note: while building module 'wasi_emulated_signal' imported from /root/.swiftpm/swift-sdks/swift-wasm-6.1-RELEASE-wasm32-unknown-wasi.artifactbundle/6.1-RELEASE-wasm32-unknown-wasi/wasm32-unknown-wasi/swift.xctoolchain/usr/lib/swift_static/CoreFoundation/CoreFoundation.h:28:
 29 | #include <stddef.h>
 30 | #include <stdio.h>
<module-includes>:1:10: note: in file included from <module-includes>:1:
1 | #include "signal.h"
  |          `- note: in file included from <module-includes>:1:
2 |
/root/.swiftpm/swift-sdks/swift-wasm-6.1-RELEASE-wasm32-unknown-wasi.artifactbundle/6.1-RELEASE-wasm32-unknown-wasi/wasm32-unknown-wasi/WASI.sdk/include/wasm32-wasi/signal.h:2:2: error: "wasm lacks signal support; to enable minimal signal emulation, compile with -D_WASI_EMULATED_SIGNAL and link with -lwasi-emulated-signal"
  1 | #ifndef _WASI_EMULATED_SIGNAL
  2 | #error "wasm lacks signal support; to enable minimal signal emulation, \
    |  `- error: "wasm lacks signal support; to enable minimal signal emulation, compile with -D_WASI_EMULATED_SIGNAL and link with -lwasi-emulated-signal"
  3 | compile with -D_WASI_EMULATED_SIGNAL and link with -lwasi-emulated-signal"
  4 | #else
<module-includes>:1:10: note: in file included from <module-includes>:1:
1 | #include "CoreFoundation.h"
  |          `- note: in file included from <module-includes>:1:
2 |
/root/.swiftpm/swift-sdks/swift-wasm-6.1-RELEASE-wasm32-unknown-wasi.artifactbundle/6.1-RELEASE-wasm32-unknown-wasi/wasm32-unknown-wasi/swift.xctoolchain/usr/lib/swift_static/CoreFoundation/CoreFoundation.h:28:10: error: could not build module 'wasi_emulated_signal'
 26 | #include <setjmp.h>
 27 | #endif
 28 | #include <signal.h>
    |          `- error: could not build module 'wasi_emulated_signal'
 29 | #include <stddef.h>
 30 | #include <stdio.h>
/root/.swiftpm/swift-sdks/swift-wasm-6.1-RELEASE-wasm32-unknown-wasi.artifactbundle/6.1-RELEASE-wasm32-unknown-wasi/wasm32-unknown-wasi/swift.xctoolchain/usr/lib/swift_static/CoreFoundation/ForSwiftFoundationOnly.h:86:10: note: while building module 'wasi_emulated_mman' imported from /root/.swiftpm/swift-sdks/swift-wasm-6.1-RELEASE-wasm32-unknown-wasi.artifactbundle/6.1-RELEASE-wasm32-unknown-wasi/wasm32-unknown-wasi/swift.xctoolchain/usr/lib/swift_static/CoreFoundation/ForSwiftFoundationOnly.h:86:
 84 | #undef _WASI_EMULATED_MMAN
 85 | #define _WASI_EMULATED_MMAN
 86 | #include <sys/mman.h>
    |          `- note: while building module 'wasi_emulated_mman' imported from /root/.swiftpm/swift-sdks/swift-wasm-6.1-RELEASE-wasm32-unknown-wasi.artifactbundle/6.1-RELEASE-wasm32-unknown-wasi/wasm32-unknown-wasi/swift.xctoolchain/usr/lib/swift_static/CoreFoundation/ForSwiftFoundationOnly.h:86:
 87 | #elif TARGET_OS_LINUX
 88 | #include <errno.h>
<module-includes>:1:10: note: in file included from <module-includes>:1:
1 | #include "sys/mman.h"
  |          `- note: in file included from <module-includes>:1:
2 |
/root/.swiftpm/swift-sdks/swift-wasm-6.1-RELEASE-wasm32-unknown-wasi.artifactbundle/6.1-RELEASE-wasm32-unknown-wasi/wasm32-unknown-wasi/WASI.sdk/include/wasm32-wasi/sys/mman.h:2:2: error: "WASI lacks a true mmap; to enable minimal mmap emulation, compile with -D_WASI_EMULATED_MMAN and link with -lwasi-emulated-mman"
  1 | #ifndef _WASI_EMULATED_MMAN
  2 | #error "WASI lacks a true mmap; to enable minimal mmap emulation, \
    |  `- error: "WASI lacks a true mmap; to enable minimal mmap emulation, compile with -D_WASI_EMULATED_MMAN and link with -lwasi-emulated-mman"
  3 | compile with -D_WASI_EMULATED_MMAN and link with -lwasi-emulated-mman"
  4 | #else
/host/spi-builder-workspace/.build/checkouts/swift-openapi-runtime/Sources/OpenAPIRuntime/Base/OpenAPIValue.swift:22:8: error: could not build C module 'CoreFoundation'
 20 |
 21 | #if canImport(CoreFoundation) && (FullFoundation || canImport(Darwin))
 22 | import CoreFoundation
    |        `- error: could not build C module 'CoreFoundation'
 23 | #endif
 24 |
<unknown>:0: warning: upcoming feature 'InferSendableFromCaptures' is already enabled as of Swift version 6
<unknown>:0: warning: upcoming feature 'GlobalActorIsolatedTypesUsability' is already enabled as of Swift version 6
<unknown>:0: warning: upcoming feature 'DisableOutwardActorInference' is already enabled as of Swift version 6
/root/.swiftpm/swift-sdks/swift-wasm-6.1-RELEASE-wasm32-unknown-wasi.artifactbundle/6.1-RELEASE-wasm32-unknown-wasi/wasm32-unknown-wasi/swift.xctoolchain/usr/lib/swift_static/CoreFoundation/CoreFoundation.h:28:10: note: while building module 'wasi_emulated_signal' imported from /root/.swiftpm/swift-sdks/swift-wasm-6.1-RELEASE-wasm32-unknown-wasi.artifactbundle/6.1-RELEASE-wasm32-unknown-wasi/wasm32-unknown-wasi/swift.xctoolchain/usr/lib/swift_static/CoreFoundation/CoreFoundation.h:28:
 26 | #include <setjmp.h>
 27 | #endif
 28 | #include <signal.h>
    |          `- note: while building module 'wasi_emulated_signal' imported from /root/.swiftpm/swift-sdks/swift-wasm-6.1-RELEASE-wasm32-unknown-wasi.artifactbundle/6.1-RELEASE-wasm32-unknown-wasi/wasm32-unknown-wasi/swift.xctoolchain/usr/lib/swift_static/CoreFoundation/CoreFoundation.h:28:
 29 | #include <stddef.h>
 30 | #include <stdio.h>
<module-includes>:1:10: note: in file included from <module-includes>:1:
1 | #include "signal.h"
  |          `- note: in file included from <module-includes>:1:
2 |
/root/.swiftpm/swift-sdks/swift-wasm-6.1-RELEASE-wasm32-unknown-wasi.artifactbundle/6.1-RELEASE-wasm32-unknown-wasi/wasm32-unknown-wasi/WASI.sdk/include/wasm32-wasi/signal.h:2:2: error: "wasm lacks signal support; to enable minimal signal emulation, compile with -D_WASI_EMULATED_SIGNAL and link with -lwasi-emulated-signal"
  1 | #ifndef _WASI_EMULATED_SIGNAL
  2 | #error "wasm lacks signal support; to enable minimal signal emulation, \
    |  `- error: "wasm lacks signal support; to enable minimal signal emulation, compile with -D_WASI_EMULATED_SIGNAL and link with -lwasi-emulated-signal"
  3 | compile with -D_WASI_EMULATED_SIGNAL and link with -lwasi-emulated-signal"
  4 | #else
<module-includes>:1:10: note: in file included from <module-includes>:1:
1 | #include "CoreFoundation.h"
  |          `- note: in file included from <module-includes>:1:
2 |
/root/.swiftpm/swift-sdks/swift-wasm-6.1-RELEASE-wasm32-unknown-wasi.artifactbundle/6.1-RELEASE-wasm32-unknown-wasi/wasm32-unknown-wasi/swift.xctoolchain/usr/lib/swift_static/CoreFoundation/CoreFoundation.h:28:10: error: could not build module 'wasi_emulated_signal'
 26 | #include <setjmp.h>
 27 | #endif
 28 | #include <signal.h>
    |          `- error: could not build module 'wasi_emulated_signal'
 29 | #include <stddef.h>
 30 | #include <stdio.h>
/root/.swiftpm/swift-sdks/swift-wasm-6.1-RELEASE-wasm32-unknown-wasi.artifactbundle/6.1-RELEASE-wasm32-unknown-wasi/wasm32-unknown-wasi/swift.xctoolchain/usr/lib/swift_static/CoreFoundation/ForSwiftFoundationOnly.h:86:10: note: while building module 'wasi_emulated_mman' imported from /root/.swiftpm/swift-sdks/swift-wasm-6.1-RELEASE-wasm32-unknown-wasi.artifactbundle/6.1-RELEASE-wasm32-unknown-wasi/wasm32-unknown-wasi/swift.xctoolchain/usr/lib/swift_static/CoreFoundation/ForSwiftFoundationOnly.h:86:
 84 | #undef _WASI_EMULATED_MMAN
 85 | #define _WASI_EMULATED_MMAN
 86 | #include <sys/mman.h>
    |          `- note: while building module 'wasi_emulated_mman' imported from /root/.swiftpm/swift-sdks/swift-wasm-6.1-RELEASE-wasm32-unknown-wasi.artifactbundle/6.1-RELEASE-wasm32-unknown-wasi/wasm32-unknown-wasi/swift.xctoolchain/usr/lib/swift_static/CoreFoundation/ForSwiftFoundationOnly.h:86:
 87 | #elif TARGET_OS_LINUX
 88 | #include <errno.h>
<module-includes>:1:10: note: in file included from <module-includes>:1:
1 | #include "sys/mman.h"
  |          `- note: in file included from <module-includes>:1:
2 |
/root/.swiftpm/swift-sdks/swift-wasm-6.1-RELEASE-wasm32-unknown-wasi.artifactbundle/6.1-RELEASE-wasm32-unknown-wasi/wasm32-unknown-wasi/WASI.sdk/include/wasm32-wasi/sys/mman.h:2:2: error: "WASI lacks a true mmap; to enable minimal mmap emulation, compile with -D_WASI_EMULATED_MMAN and link with -lwasi-emulated-mman"
  1 | #ifndef _WASI_EMULATED_MMAN
  2 | #error "WASI lacks a true mmap; to enable minimal mmap emulation, \
    |  `- error: "WASI lacks a true mmap; to enable minimal mmap emulation, compile with -D_WASI_EMULATED_MMAN and link with -lwasi-emulated-mman"
  3 | compile with -D_WASI_EMULATED_MMAN and link with -lwasi-emulated-mman"
  4 | #else
/host/spi-builder-workspace/.build/checkouts/swift-openapi-runtime/Sources/OpenAPIRuntime/Base/OpenAPIValue.swift:22:8: error: could not build C module 'CoreFoundation'
 20 |
 21 | #if canImport(CoreFoundation) && (FullFoundation || canImport(Darwin))
 22 | import CoreFoundation
    |        `- error: could not build C module 'CoreFoundation'
 23 | #endif
 24 |
[569/1431] Compiling RoutingKit Parameters.swift
[570/1431] Compiling RoutingKit AnyRouter.swift
[571/1432] Emitting module _RopeModule
<unknown>:0: warning: upcoming feature 'InferSendableFromCaptures' is already enabled as of Swift version 6
<unknown>:0: warning: upcoming feature 'GlobalActorIsolatedTypesUsability' is already enabled as of Swift version 6
<unknown>:0: warning: upcoming feature 'DisableOutwardActorInference' is already enabled as of Swift version 6
/root/.swiftpm/swift-sdks/swift-wasm-6.1-RELEASE-wasm32-unknown-wasi.artifactbundle/6.1-RELEASE-wasm32-unknown-wasi/wasm32-unknown-wasi/swift.xctoolchain/usr/lib/swift_static/CoreFoundation/CoreFoundation.h:28:10: note: while building module 'wasi_emulated_signal' imported from /root/.swiftpm/swift-sdks/swift-wasm-6.1-RELEASE-wasm32-unknown-wasi.artifactbundle/6.1-RELEASE-wasm32-unknown-wasi/wasm32-unknown-wasi/swift.xctoolchain/usr/lib/swift_static/CoreFoundation/CoreFoundation.h:28:
 26 | #include <setjmp.h>
 27 | #endif
 28 | #include <signal.h>
    |          `- note: while building module 'wasi_emulated_signal' imported from /root/.swiftpm/swift-sdks/swift-wasm-6.1-RELEASE-wasm32-unknown-wasi.artifactbundle/6.1-RELEASE-wasm32-unknown-wasi/wasm32-unknown-wasi/swift.xctoolchain/usr/lib/swift_static/CoreFoundation/CoreFoundation.h:28:
 29 | #include <stddef.h>
 30 | #include <stdio.h>
<module-includes>:1:10: note: in file included from <module-includes>:1:
1 | #include "signal.h"
  |          `- note: in file included from <module-includes>:1:
2 |
/root/.swiftpm/swift-sdks/swift-wasm-6.1-RELEASE-wasm32-unknown-wasi.artifactbundle/6.1-RELEASE-wasm32-unknown-wasi/wasm32-unknown-wasi/WASI.sdk/include/wasm32-wasi/signal.h:2:2: error: "wasm lacks signal support; to enable minimal signal emulation, compile with -D_WASI_EMULATED_SIGNAL and link with -lwasi-emulated-signal"
  1 | #ifndef _WASI_EMULATED_SIGNAL
  2 | #error "wasm lacks signal support; to enable minimal signal emulation, \
    |  `- error: "wasm lacks signal support; to enable minimal signal emulation, compile with -D_WASI_EMULATED_SIGNAL and link with -lwasi-emulated-signal"
  3 | compile with -D_WASI_EMULATED_SIGNAL and link with -lwasi-emulated-signal"
  4 | #else
<module-includes>:1:10: note: in file included from <module-includes>:1:
1 | #include "CoreFoundation.h"
  |          `- note: in file included from <module-includes>:1:
2 |
/root/.swiftpm/swift-sdks/swift-wasm-6.1-RELEASE-wasm32-unknown-wasi.artifactbundle/6.1-RELEASE-wasm32-unknown-wasi/wasm32-unknown-wasi/swift.xctoolchain/usr/lib/swift_static/CoreFoundation/CoreFoundation.h:28:10: error: could not build module 'wasi_emulated_signal'
 26 | #include <setjmp.h>
 27 | #endif
 28 | #include <signal.h>
    |          `- error: could not build module 'wasi_emulated_signal'
 29 | #include <stddef.h>
 30 | #include <stdio.h>
/root/.swiftpm/swift-sdks/swift-wasm-6.1-RELEASE-wasm32-unknown-wasi.artifactbundle/6.1-RELEASE-wasm32-unknown-wasi/wasm32-unknown-wasi/swift.xctoolchain/usr/lib/swift_static/CoreFoundation/ForSwiftFoundationOnly.h:86:10: note: while building module 'wasi_emulated_mman' imported from /root/.swiftpm/swift-sdks/swift-wasm-6.1-RELEASE-wasm32-unknown-wasi.artifactbundle/6.1-RELEASE-wasm32-unknown-wasi/wasm32-unknown-wasi/swift.xctoolchain/usr/lib/swift_static/CoreFoundation/ForSwiftFoundationOnly.h:86:
 84 | #undef _WASI_EMULATED_MMAN
 85 | #define _WASI_EMULATED_MMAN
 86 | #include <sys/mman.h>
    |          `- note: while building module 'wasi_emulated_mman' imported from /root/.swiftpm/swift-sdks/swift-wasm-6.1-RELEASE-wasm32-unknown-wasi.artifactbundle/6.1-RELEASE-wasm32-unknown-wasi/wasm32-unknown-wasi/swift.xctoolchain/usr/lib/swift_static/CoreFoundation/ForSwiftFoundationOnly.h:86:
 87 | #elif TARGET_OS_LINUX
 88 | #include <errno.h>
<module-includes>:1:10: note: in file included from <module-includes>:1:
1 | #include "sys/mman.h"
  |          `- note: in file included from <module-includes>:1:
2 |
/root/.swiftpm/swift-sdks/swift-wasm-6.1-RELEASE-wasm32-unknown-wasi.artifactbundle/6.1-RELEASE-wasm32-unknown-wasi/wasm32-unknown-wasi/WASI.sdk/include/wasm32-wasi/sys/mman.h:2:2: error: "WASI lacks a true mmap; to enable minimal mmap emulation, compile with -D_WASI_EMULATED_MMAN and link with -lwasi-emulated-mman"
  1 | #ifndef _WASI_EMULATED_MMAN
  2 | #error "WASI lacks a true mmap; to enable minimal mmap emulation, \
    |  `- error: "WASI lacks a true mmap; to enable minimal mmap emulation, compile with -D_WASI_EMULATED_MMAN and link with -lwasi-emulated-mman"
  3 | compile with -D_WASI_EMULATED_MMAN and link with -lwasi-emulated-mman"
  4 | #else
/host/spi-builder-workspace/.build/checkouts/swift-openapi-runtime/Sources/OpenAPIRuntime/Base/OpenAPIValue.swift:22:8: error: could not build C module 'CoreFoundation'
 20 |
 21 | #if canImport(CoreFoundation) && (FullFoundation || canImport(Darwin))
 22 | import CoreFoundation
    |        `- error: could not build C module 'CoreFoundation'
 23 | #endif
 24 |
<unknown>:0: warning: upcoming feature 'InferSendableFromCaptures' is already enabled as of Swift version 6
<unknown>:0: warning: upcoming feature 'GlobalActorIsolatedTypesUsability' is already enabled as of Swift version 6
<unknown>:0: warning: upcoming feature 'DisableOutwardActorInference' is already enabled as of Swift version 6
/root/.swiftpm/swift-sdks/swift-wasm-6.1-RELEASE-wasm32-unknown-wasi.artifactbundle/6.1-RELEASE-wasm32-unknown-wasi/wasm32-unknown-wasi/swift.xctoolchain/usr/lib/swift_static/CoreFoundation/CoreFoundation.h:28:10: note: while building module 'wasi_emulated_signal' imported from /root/.swiftpm/swift-sdks/swift-wasm-6.1-RELEASE-wasm32-unknown-wasi.artifactbundle/6.1-RELEASE-wasm32-unknown-wasi/wasm32-unknown-wasi/swift.xctoolchain/usr/lib/swift_static/CoreFoundation/CoreFoundation.h:28:
 26 | #include <setjmp.h>
 27 | #endif
 28 | #include <signal.h>
    |          `- note: while building module 'wasi_emulated_signal' imported from /root/.swiftpm/swift-sdks/swift-wasm-6.1-RELEASE-wasm32-unknown-wasi.artifactbundle/6.1-RELEASE-wasm32-unknown-wasi/wasm32-unknown-wasi/swift.xctoolchain/usr/lib/swift_static/CoreFoundation/CoreFoundation.h:28:
 29 | #include <stddef.h>
 30 | #include <stdio.h>
<module-includes>:1:10: note: in file included from <module-includes>:1:
1 | #include "signal.h"
  |          `- note: in file included from <module-includes>:1:
2 |
/root/.swiftpm/swift-sdks/swift-wasm-6.1-RELEASE-wasm32-unknown-wasi.artifactbundle/6.1-RELEASE-wasm32-unknown-wasi/wasm32-unknown-wasi/WASI.sdk/include/wasm32-wasi/signal.h:2:2: error: "wasm lacks signal support; to enable minimal signal emulation, compile with -D_WASI_EMULATED_SIGNAL and link with -lwasi-emulated-signal"
  1 | #ifndef _WASI_EMULATED_SIGNAL
  2 | #error "wasm lacks signal support; to enable minimal signal emulation, \
    |  `- error: "wasm lacks signal support; to enable minimal signal emulation, compile with -D_WASI_EMULATED_SIGNAL and link with -lwasi-emulated-signal"
  3 | compile with -D_WASI_EMULATED_SIGNAL and link with -lwasi-emulated-signal"
  4 | #else
<module-includes>:1:10: note: in file included from <module-includes>:1:
1 | #include "CoreFoundation.h"
  |          `- note: in file included from <module-includes>:1:
2 |
/root/.swiftpm/swift-sdks/swift-wasm-6.1-RELEASE-wasm32-unknown-wasi.artifactbundle/6.1-RELEASE-wasm32-unknown-wasi/wasm32-unknown-wasi/swift.xctoolchain/usr/lib/swift_static/CoreFoundation/CoreFoundation.h:28:10: error: could not build module 'wasi_emulated_signal'
 26 | #include <setjmp.h>
 27 | #endif
 28 | #include <signal.h>
    |          `- error: could not build module 'wasi_emulated_signal'
 29 | #include <stddef.h>
 30 | #include <stdio.h>
/root/.swiftpm/swift-sdks/swift-wasm-6.1-RELEASE-wasm32-unknown-wasi.artifactbundle/6.1-RELEASE-wasm32-unknown-wasi/wasm32-unknown-wasi/swift.xctoolchain/usr/lib/swift_static/CoreFoundation/ForSwiftFoundationOnly.h:86:10: note: while building module 'wasi_emulated_mman' imported from /root/.swiftpm/swift-sdks/swift-wasm-6.1-RELEASE-wasm32-unknown-wasi.artifactbundle/6.1-RELEASE-wasm32-unknown-wasi/wasm32-unknown-wasi/swift.xctoolchain/usr/lib/swift_static/CoreFoundation/ForSwiftFoundationOnly.h:86:
 84 | #undef _WASI_EMULATED_MMAN
 85 | #define _WASI_EMULATED_MMAN
 86 | #include <sys/mman.h>
    |          `- note: while building module 'wasi_emulated_mman' imported from /root/.swiftpm/swift-sdks/swift-wasm-6.1-RELEASE-wasm32-unknown-wasi.artifactbundle/6.1-RELEASE-wasm32-unknown-wasi/wasm32-unknown-wasi/swift.xctoolchain/usr/lib/swift_static/CoreFoundation/ForSwiftFoundationOnly.h:86:
 87 | #elif TARGET_OS_LINUX
 88 | #include <errno.h>
<module-includes>:1:10: note: in file included from <module-includes>:1:
1 | #include "sys/mman.h"
  |          `- note: in file included from <module-includes>:1:
2 |
/root/.swiftpm/swift-sdks/swift-wasm-6.1-RELEASE-wasm32-unknown-wasi.artifactbundle/6.1-RELEASE-wasm32-unknown-wasi/wasm32-unknown-wasi/WASI.sdk/include/wasm32-wasi/sys/mman.h:2:2: error: "WASI lacks a true mmap; to enable minimal mmap emulation, compile with -D_WASI_EMULATED_MMAN and link with -lwasi-emulated-mman"
  1 | #ifndef _WASI_EMULATED_MMAN
  2 | #error "WASI lacks a true mmap; to enable minimal mmap emulation, \
    |  `- error: "WASI lacks a true mmap; to enable minimal mmap emulation, compile with -D_WASI_EMULATED_MMAN and link with -lwasi-emulated-mman"
  3 | compile with -D_WASI_EMULATED_MMAN and link with -lwasi-emulated-mman"
  4 | #else
/host/spi-builder-workspace/.build/checkouts/swift-openapi-runtime/Sources/OpenAPIRuntime/Base/OpenAPIValue.swift:22:8: error: could not build C module 'CoreFoundation'
 20 |
 21 | #if canImport(CoreFoundation) && (FullFoundation || canImport(Darwin))
 22 | import CoreFoundation
    |        `- error: could not build C module 'CoreFoundation'
 23 | #endif
 24 |
<unknown>:0: warning: upcoming feature 'InferSendableFromCaptures' is already enabled as of Swift version 6
<unknown>:0: warning: upcoming feature 'GlobalActorIsolatedTypesUsability' is already enabled as of Swift version 6
<unknown>:0: warning: upcoming feature 'DisableOutwardActorInference' is already enabled as of Swift version 6
/root/.swiftpm/swift-sdks/swift-wasm-6.1-RELEASE-wasm32-unknown-wasi.artifactbundle/6.1-RELEASE-wasm32-unknown-wasi/wasm32-unknown-wasi/swift.xctoolchain/usr/lib/swift_static/CoreFoundation/CoreFoundation.h:28:10: note: while building module 'wasi_emulated_signal' imported from /root/.swiftpm/swift-sdks/swift-wasm-6.1-RELEASE-wasm32-unknown-wasi.artifactbundle/6.1-RELEASE-wasm32-unknown-wasi/wasm32-unknown-wasi/swift.xctoolchain/usr/lib/swift_static/CoreFoundation/CoreFoundation.h:28:
 26 | #include <setjmp.h>
 27 | #endif
 28 | #include <signal.h>
    |          `- note: while building module 'wasi_emulated_signal' imported from /root/.swiftpm/swift-sdks/swift-wasm-6.1-RELEASE-wasm32-unknown-wasi.artifactbundle/6.1-RELEASE-wasm32-unknown-wasi/wasm32-unknown-wasi/swift.xctoolchain/usr/lib/swift_static/CoreFoundation/CoreFoundation.h:28:
 29 | #include <stddef.h>
 30 | #include <stdio.h>
<module-includes>:1:10: note: in file included from <module-includes>:1:
1 | #include "signal.h"
  |          `- note: in file included from <module-includes>:1:
2 |
/root/.swiftpm/swift-sdks/swift-wasm-6.1-RELEASE-wasm32-unknown-wasi.artifactbundle/6.1-RELEASE-wasm32-unknown-wasi/wasm32-unknown-wasi/WASI.sdk/include/wasm32-wasi/signal.h:2:2: error: "wasm lacks signal support; to enable minimal signal emulation, compile with -D_WASI_EMULATED_SIGNAL and link with -lwasi-emulated-signal"
  1 | #ifndef _WASI_EMULATED_SIGNAL
  2 | #error "wasm lacks signal support; to enable minimal signal emulation, \
    |  `- error: "wasm lacks signal support; to enable minimal signal emulation, compile with -D_WASI_EMULATED_SIGNAL and link with -lwasi-emulated-signal"
  3 | compile with -D_WASI_EMULATED_SIGNAL and link with -lwasi-emulated-signal"
  4 | #else
<module-includes>:1:10: note: in file included from <module-includes>:1:
1 | #include "CoreFoundation.h"
  |          `- note: in file included from <module-includes>:1:
2 |
/root/.swiftpm/swift-sdks/swift-wasm-6.1-RELEASE-wasm32-unknown-wasi.artifactbundle/6.1-RELEASE-wasm32-unknown-wasi/wasm32-unknown-wasi/swift.xctoolchain/usr/lib/swift_static/CoreFoundation/CoreFoundation.h:28:10: error: could not build module 'wasi_emulated_signal'
 26 | #include <setjmp.h>
 27 | #endif
 28 | #include <signal.h>
    |          `- error: could not build module 'wasi_emulated_signal'
 29 | #include <stddef.h>
 30 | #include <stdio.h>
/root/.swiftpm/swift-sdks/swift-wasm-6.1-RELEASE-wasm32-unknown-wasi.artifactbundle/6.1-RELEASE-wasm32-unknown-wasi/wasm32-unknown-wasi/swift.xctoolchain/usr/lib/swift_static/CoreFoundation/ForSwiftFoundationOnly.h:86:10: note: while building module 'wasi_emulated_mman' imported from /root/.swiftpm/swift-sdks/swift-wasm-6.1-RELEASE-wasm32-unknown-wasi.artifactbundle/6.1-RELEASE-wasm32-unknown-wasi/wasm32-unknown-wasi/swift.xctoolchain/usr/lib/swift_static/CoreFoundation/ForSwiftFoundationOnly.h:86:
 84 | #undef _WASI_EMULATED_MMAN
 85 | #define _WASI_EMULATED_MMAN
 86 | #include <sys/mman.h>
    |          `- note: while building module 'wasi_emulated_mman' imported from /root/.swiftpm/swift-sdks/swift-wasm-6.1-RELEASE-wasm32-unknown-wasi.artifactbundle/6.1-RELEASE-wasm32-unknown-wasi/wasm32-unknown-wasi/swift.xctoolchain/usr/lib/swift_static/CoreFoundation/ForSwiftFoundationOnly.h:86:
 87 | #elif TARGET_OS_LINUX
 88 | #include <errno.h>
<module-includes>:1:10: note: in file included from <module-includes>:1:
1 | #include "sys/mman.h"
  |          `- note: in file included from <module-includes>:1:
2 |
/root/.swiftpm/swift-sdks/swift-wasm-6.1-RELEASE-wasm32-unknown-wasi.artifactbundle/6.1-RELEASE-wasm32-unknown-wasi/wasm32-unknown-wasi/WASI.sdk/include/wasm32-wasi/sys/mman.h:2:2: error: "WASI lacks a true mmap; to enable minimal mmap emulation, compile with -D_WASI_EMULATED_MMAN and link with -lwasi-emulated-mman"
  1 | #ifndef _WASI_EMULATED_MMAN
  2 | #error "WASI lacks a true mmap; to enable minimal mmap emulation, \
    |  `- error: "WASI lacks a true mmap; to enable minimal mmap emulation, compile with -D_WASI_EMULATED_MMAN and link with -lwasi-emulated-mman"
  3 | compile with -D_WASI_EMULATED_MMAN and link with -lwasi-emulated-mman"
  4 | #else
/host/spi-builder-workspace/.build/checkouts/swift-openapi-runtime/Sources/OpenAPIRuntime/Base/OpenAPIValue.swift:22:8: error: could not build C module 'CoreFoundation'
 20 |
 21 | #if canImport(CoreFoundation) && (FullFoundation || canImport(Darwin))
 22 | import CoreFoundation
    |        `- error: could not build C module 'CoreFoundation'
 23 | #endif
 24 |
<unknown>:0: warning: upcoming feature 'InferSendableFromCaptures' is already enabled as of Swift version 6
<unknown>:0: warning: upcoming feature 'GlobalActorIsolatedTypesUsability' is already enabled as of Swift version 6
<unknown>:0: warning: upcoming feature 'DisableOutwardActorInference' is already enabled as of Swift version 6
/root/.swiftpm/swift-sdks/swift-wasm-6.1-RELEASE-wasm32-unknown-wasi.artifactbundle/6.1-RELEASE-wasm32-unknown-wasi/wasm32-unknown-wasi/swift.xctoolchain/usr/lib/swift_static/CoreFoundation/CoreFoundation.h:28:10: note: while building module 'wasi_emulated_signal' imported from /root/.swiftpm/swift-sdks/swift-wasm-6.1-RELEASE-wasm32-unknown-wasi.artifactbundle/6.1-RELEASE-wasm32-unknown-wasi/wasm32-unknown-wasi/swift.xctoolchain/usr/lib/swift_static/CoreFoundation/CoreFoundation.h:28:
 26 | #include <setjmp.h>
 27 | #endif
 28 | #include <signal.h>
    |          `- note: while building module 'wasi_emulated_signal' imported from /root/.swiftpm/swift-sdks/swift-wasm-6.1-RELEASE-wasm32-unknown-wasi.artifactbundle/6.1-RELEASE-wasm32-unknown-wasi/wasm32-unknown-wasi/swift.xctoolchain/usr/lib/swift_static/CoreFoundation/CoreFoundation.h:28:
 29 | #include <stddef.h>
 30 | #include <stdio.h>
<module-includes>:1:10: note: in file included from <module-includes>:1:
1 | #include "signal.h"
  |          `- note: in file included from <module-includes>:1:
2 |
/root/.swiftpm/swift-sdks/swift-wasm-6.1-RELEASE-wasm32-unknown-wasi.artifactbundle/6.1-RELEASE-wasm32-unknown-wasi/wasm32-unknown-wasi/WASI.sdk/include/wasm32-wasi/signal.h:2:2: error: "wasm lacks signal support; to enable minimal signal emulation, compile with -D_WASI_EMULATED_SIGNAL and link with -lwasi-emulated-signal"
  1 | #ifndef _WASI_EMULATED_SIGNAL
  2 | #error "wasm lacks signal support; to enable minimal signal emulation, \
    |  `- error: "wasm lacks signal support; to enable minimal signal emulation, compile with -D_WASI_EMULATED_SIGNAL and link with -lwasi-emulated-signal"
  3 | compile with -D_WASI_EMULATED_SIGNAL and link with -lwasi-emulated-signal"
  4 | #else
<module-includes>:1:10: note: in file included from <module-includes>:1:
1 | #include "CoreFoundation.h"
  |          `- note: in file included from <module-includes>:1:
2 |
/root/.swiftpm/swift-sdks/swift-wasm-6.1-RELEASE-wasm32-unknown-wasi.artifactbundle/6.1-RELEASE-wasm32-unknown-wasi/wasm32-unknown-wasi/swift.xctoolchain/usr/lib/swift_static/CoreFoundation/CoreFoundation.h:28:10: error: could not build module 'wasi_emulated_signal'
 26 | #include <setjmp.h>
 27 | #endif
 28 | #include <signal.h>
    |          `- error: could not build module 'wasi_emulated_signal'
 29 | #include <stddef.h>
 30 | #include <stdio.h>
/root/.swiftpm/swift-sdks/swift-wasm-6.1-RELEASE-wasm32-unknown-wasi.artifactbundle/6.1-RELEASE-wasm32-unknown-wasi/wasm32-unknown-wasi/swift.xctoolchain/usr/lib/swift_static/CoreFoundation/ForSwiftFoundationOnly.h:86:10: note: while building module 'wasi_emulated_mman' imported from /root/.swiftpm/swift-sdks/swift-wasm-6.1-RELEASE-wasm32-unknown-wasi.artifactbundle/6.1-RELEASE-wasm32-unknown-wasi/wasm32-unknown-wasi/swift.xctoolchain/usr/lib/swift_static/CoreFoundation/ForSwiftFoundationOnly.h:86:
 84 | #undef _WASI_EMULATED_MMAN
 85 | #define _WASI_EMULATED_MMAN
 86 | #include <sys/mman.h>
    |          `- note: while building module 'wasi_emulated_mman' imported from /root/.swiftpm/swift-sdks/swift-wasm-6.1-RELEASE-wasm32-unknown-wasi.artifactbundle/6.1-RELEASE-wasm32-unknown-wasi/wasm32-unknown-wasi/swift.xctoolchain/usr/lib/swift_static/CoreFoundation/ForSwiftFoundationOnly.h:86:
 87 | #elif TARGET_OS_LINUX
 88 | #include <errno.h>
<module-includes>:1:10: note: in file included from <module-includes>:1:
1 | #include "sys/mman.h"
  |          `- note: in file included from <module-includes>:1:
2 |
/root/.swiftpm/swift-sdks/swift-wasm-6.1-RELEASE-wasm32-unknown-wasi.artifactbundle/6.1-RELEASE-wasm32-unknown-wasi/wasm32-unknown-wasi/WASI.sdk/include/wasm32-wasi/sys/mman.h:2:2: error: "WASI lacks a true mmap; to enable minimal mmap emulation, compile with -D_WASI_EMULATED_MMAN and link with -lwasi-emulated-mman"
  1 | #ifndef _WASI_EMULATED_MMAN
  2 | #error "WASI lacks a true mmap; to enable minimal mmap emulation, \
    |  `- error: "WASI lacks a true mmap; to enable minimal mmap emulation, compile with -D_WASI_EMULATED_MMAN and link with -lwasi-emulated-mman"
  3 | compile with -D_WASI_EMULATED_MMAN and link with -lwasi-emulated-mman"
  4 | #else
/host/spi-builder-workspace/.build/checkouts/swift-openapi-runtime/Sources/OpenAPIRuntime/Base/OpenAPIValue.swift:22:8: error: could not build C module 'CoreFoundation'
 20 |
 21 | #if canImport(CoreFoundation) && (FullFoundation || canImport(Darwin))
 22 | import CoreFoundation
    |        `- error: could not build C module 'CoreFoundation'
 23 | #endif
 24 |
<unknown>:0: warning: upcoming feature 'InferSendableFromCaptures' is already enabled as of Swift version 6
<unknown>:0: warning: upcoming feature 'GlobalActorIsolatedTypesUsability' is already enabled as of Swift version 6
<unknown>:0: warning: upcoming feature 'DisableOutwardActorInference' is already enabled as of Swift version 6
/root/.swiftpm/swift-sdks/swift-wasm-6.1-RELEASE-wasm32-unknown-wasi.artifactbundle/6.1-RELEASE-wasm32-unknown-wasi/wasm32-unknown-wasi/swift.xctoolchain/usr/lib/swift_static/CoreFoundation/CoreFoundation.h:28:10: note: while building module 'wasi_emulated_signal' imported from /root/.swiftpm/swift-sdks/swift-wasm-6.1-RELEASE-wasm32-unknown-wasi.artifactbundle/6.1-RELEASE-wasm32-unknown-wasi/wasm32-unknown-wasi/swift.xctoolchain/usr/lib/swift_static/CoreFoundation/CoreFoundation.h:28:
 26 | #include <setjmp.h>
 27 | #endif
 28 | #include <signal.h>
    |          `- note: while building module 'wasi_emulated_signal' imported from /root/.swiftpm/swift-sdks/swift-wasm-6.1-RELEASE-wasm32-unknown-wasi.artifactbundle/6.1-RELEASE-wasm32-unknown-wasi/wasm32-unknown-wasi/swift.xctoolchain/usr/lib/swift_static/CoreFoundation/CoreFoundation.h:28:
 29 | #include <stddef.h>
 30 | #include <stdio.h>
<module-includes>:1:10: note: in file included from <module-includes>:1:
1 | #include "signal.h"
  |          `- note: in file included from <module-includes>:1:
2 |
/root/.swiftpm/swift-sdks/swift-wasm-6.1-RELEASE-wasm32-unknown-wasi.artifactbundle/6.1-RELEASE-wasm32-unknown-wasi/wasm32-unknown-wasi/WASI.sdk/include/wasm32-wasi/signal.h:2:2: error: "wasm lacks signal support; to enable minimal signal emulation, compile with -D_WASI_EMULATED_SIGNAL and link with -lwasi-emulated-signal"
  1 | #ifndef _WASI_EMULATED_SIGNAL
  2 | #error "wasm lacks signal support; to enable minimal signal emulation, \
    |  `- error: "wasm lacks signal support; to enable minimal signal emulation, compile with -D_WASI_EMULATED_SIGNAL and link with -lwasi-emulated-signal"
  3 | compile with -D_WASI_EMULATED_SIGNAL and link with -lwasi-emulated-signal"
  4 | #else
<module-includes>:1:10: note: in file included from <module-includes>:1:
1 | #include "CoreFoundation.h"
  |          `- note: in file included from <module-includes>:1:
2 |
/root/.swiftpm/swift-sdks/swift-wasm-6.1-RELEASE-wasm32-unknown-wasi.artifactbundle/6.1-RELEASE-wasm32-unknown-wasi/wasm32-unknown-wasi/swift.xctoolchain/usr/lib/swift_static/CoreFoundation/CoreFoundation.h:28:10: error: could not build module 'wasi_emulated_signal'
 26 | #include <setjmp.h>
 27 | #endif
 28 | #include <signal.h>
    |          `- error: could not build module 'wasi_emulated_signal'
 29 | #include <stddef.h>
 30 | #include <stdio.h>
/root/.swiftpm/swift-sdks/swift-wasm-6.1-RELEASE-wasm32-unknown-wasi.artifactbundle/6.1-RELEASE-wasm32-unknown-wasi/wasm32-unknown-wasi/swift.xctoolchain/usr/lib/swift_static/CoreFoundation/ForSwiftFoundationOnly.h:86:10: note: while building module 'wasi_emulated_mman' imported from /root/.swiftpm/swift-sdks/swift-wasm-6.1-RELEASE-wasm32-unknown-wasi.artifactbundle/6.1-RELEASE-wasm32-unknown-wasi/wasm32-unknown-wasi/swift.xctoolchain/usr/lib/swift_static/CoreFoundation/ForSwiftFoundationOnly.h:86:
 84 | #undef _WASI_EMULATED_MMAN
 85 | #define _WASI_EMULATED_MMAN
 86 | #include <sys/mman.h>
    |          `- note: while building module 'wasi_emulated_mman' imported from /root/.swiftpm/swift-sdks/swift-wasm-6.1-RELEASE-wasm32-unknown-wasi.artifactbundle/6.1-RELEASE-wasm32-unknown-wasi/wasm32-unknown-wasi/swift.xctoolchain/usr/lib/swift_static/CoreFoundation/ForSwiftFoundationOnly.h:86:
 87 | #elif TARGET_OS_LINUX
 88 | #include <errno.h>
<module-includes>:1:10: note: in file included from <module-includes>:1:
1 | #include "sys/mman.h"
  |          `- note: in file included from <module-includes>:1:
2 |
/root/.swiftpm/swift-sdks/swift-wasm-6.1-RELEASE-wasm32-unknown-wasi.artifactbundle/6.1-RELEASE-wasm32-unknown-wasi/wasm32-unknown-wasi/WASI.sdk/include/wasm32-wasi/sys/mman.h:2:2: error: "WASI lacks a true mmap; to enable minimal mmap emulation, compile with -D_WASI_EMULATED_MMAN and link with -lwasi-emulated-mman"
  1 | #ifndef _WASI_EMULATED_MMAN
  2 | #error "WASI lacks a true mmap; to enable minimal mmap emulation, \
    |  `- error: "WASI lacks a true mmap; to enable minimal mmap emulation, compile with -D_WASI_EMULATED_MMAN and link with -lwasi-emulated-mman"
  3 | compile with -D_WASI_EMULATED_MMAN and link with -lwasi-emulated-mman"
  4 | #else
/host/spi-builder-workspace/.build/checkouts/swift-openapi-runtime/Sources/OpenAPIRuntime/Base/OpenAPIValue.swift:22:8: error: could not build C module 'CoreFoundation'
 20 |
 21 | #if canImport(CoreFoundation) && (FullFoundation || canImport(Darwin))
 22 | import CoreFoundation
    |        `- error: could not build C module 'CoreFoundation'
 23 | #endif
 24 |
<unknown>:0: warning: upcoming feature 'InferSendableFromCaptures' is already enabled as of Swift version 6
<unknown>:0: warning: upcoming feature 'GlobalActorIsolatedTypesUsability' is already enabled as of Swift version 6
<unknown>:0: warning: upcoming feature 'DisableOutwardActorInference' is already enabled as of Swift version 6
/root/.swiftpm/swift-sdks/swift-wasm-6.1-RELEASE-wasm32-unknown-wasi.artifactbundle/6.1-RELEASE-wasm32-unknown-wasi/wasm32-unknown-wasi/swift.xctoolchain/usr/lib/swift_static/CoreFoundation/CoreFoundation.h:28:10: note: while building module 'wasi_emulated_signal' imported from /root/.swiftpm/swift-sdks/swift-wasm-6.1-RELEASE-wasm32-unknown-wasi.artifactbundle/6.1-RELEASE-wasm32-unknown-wasi/wasm32-unknown-wasi/swift.xctoolchain/usr/lib/swift_static/CoreFoundation/CoreFoundation.h:28:
 26 | #include <setjmp.h>
 27 | #endif
 28 | #include <signal.h>
    |          `- note: while building module 'wasi_emulated_signal' imported from /root/.swiftpm/swift-sdks/swift-wasm-6.1-RELEASE-wasm32-unknown-wasi.artifactbundle/6.1-RELEASE-wasm32-unknown-wasi/wasm32-unknown-wasi/swift.xctoolchain/usr/lib/swift_static/CoreFoundation/CoreFoundation.h:28:
 29 | #include <stddef.h>
 30 | #include <stdio.h>
<module-includes>:1:10: note: in file included from <module-includes>:1:
1 | #include "signal.h"
  |          `- note: in file included from <module-includes>:1:
2 |
/root/.swiftpm/swift-sdks/swift-wasm-6.1-RELEASE-wasm32-unknown-wasi.artifactbundle/6.1-RELEASE-wasm32-unknown-wasi/wasm32-unknown-wasi/WASI.sdk/include/wasm32-wasi/signal.h:2:2: error: "wasm lacks signal support; to enable minimal signal emulation, compile with -D_WASI_EMULATED_SIGNAL and link with -lwasi-emulated-signal"
  1 | #ifndef _WASI_EMULATED_SIGNAL
  2 | #error "wasm lacks signal support; to enable minimal signal emulation, \
    |  `- error: "wasm lacks signal support; to enable minimal signal emulation, compile with -D_WASI_EMULATED_SIGNAL and link with -lwasi-emulated-signal"
  3 | compile with -D_WASI_EMULATED_SIGNAL and link with -lwasi-emulated-signal"
  4 | #else
<module-includes>:1:10: note: in file included from <module-includes>:1:
1 | #include "CoreFoundation.h"
  |          `- note: in file included from <module-includes>:1:
2 |
/root/.swiftpm/swift-sdks/swift-wasm-6.1-RELEASE-wasm32-unknown-wasi.artifactbundle/6.1-RELEASE-wasm32-unknown-wasi/wasm32-unknown-wasi/swift.xctoolchain/usr/lib/swift_static/CoreFoundation/CoreFoundation.h:28:10: error: could not build module 'wasi_emulated_signal'
 26 | #include <setjmp.h>
 27 | #endif
 28 | #include <signal.h>
    |          `- error: could not build module 'wasi_emulated_signal'
 29 | #include <stddef.h>
 30 | #include <stdio.h>
/root/.swiftpm/swift-sdks/swift-wasm-6.1-RELEASE-wasm32-unknown-wasi.artifactbundle/6.1-RELEASE-wasm32-unknown-wasi/wasm32-unknown-wasi/swift.xctoolchain/usr/lib/swift_static/CoreFoundation/ForSwiftFoundationOnly.h:86:10: note: while building module 'wasi_emulated_mman' imported from /root/.swiftpm/swift-sdks/swift-wasm-6.1-RELEASE-wasm32-unknown-wasi.artifactbundle/6.1-RELEASE-wasm32-unknown-wasi/wasm32-unknown-wasi/swift.xctoolchain/usr/lib/swift_static/CoreFoundation/ForSwiftFoundationOnly.h:86:
 84 | #undef _WASI_EMULATED_MMAN
 85 | #define _WASI_EMULATED_MMAN
 86 | #include <sys/mman.h>
    |          `- note: while building module 'wasi_emulated_mman' imported from /root/.swiftpm/swift-sdks/swift-wasm-6.1-RELEASE-wasm32-unknown-wasi.artifactbundle/6.1-RELEASE-wasm32-unknown-wasi/wasm32-unknown-wasi/swift.xctoolchain/usr/lib/swift_static/CoreFoundation/ForSwiftFoundationOnly.h:86:
 87 | #elif TARGET_OS_LINUX
 88 | #include <errno.h>
<module-includes>:1:10: note: in file included from <module-includes>:1:
1 | #include "sys/mman.h"
  |          `- note: in file included from <module-includes>:1:
2 |
/root/.swiftpm/swift-sdks/swift-wasm-6.1-RELEASE-wasm32-unknown-wasi.artifactbundle/6.1-RELEASE-wasm32-unknown-wasi/wasm32-unknown-wasi/WASI.sdk/include/wasm32-wasi/sys/mman.h:2:2: error: "WASI lacks a true mmap; to enable minimal mmap emulation, compile with -D_WASI_EMULATED_MMAN and link with -lwasi-emulated-mman"
  1 | #ifndef _WASI_EMULATED_MMAN
  2 | #error "WASI lacks a true mmap; to enable minimal mmap emulation, \
    |  `- error: "WASI lacks a true mmap; to enable minimal mmap emulation, compile with -D_WASI_EMULATED_MMAN and link with -lwasi-emulated-mman"
  3 | compile with -D_WASI_EMULATED_MMAN and link with -lwasi-emulated-mman"
  4 | #else
/host/spi-builder-workspace/.build/checkouts/swift-openapi-runtime/Sources/OpenAPIRuntime/Base/OpenAPIValue.swift:22:8: error: could not build C module 'CoreFoundation'
 20 |
 21 | #if canImport(CoreFoundation) && (FullFoundation || canImport(Darwin))
 22 | import CoreFoundation
    |        `- error: could not build C module 'CoreFoundation'
 23 | #endif
 24 |
<unknown>:0: warning: upcoming feature 'InferSendableFromCaptures' is already enabled as of Swift version 6
<unknown>:0: warning: upcoming feature 'GlobalActorIsolatedTypesUsability' is already enabled as of Swift version 6
<unknown>:0: warning: upcoming feature 'DisableOutwardActorInference' is already enabled as of Swift version 6
/root/.swiftpm/swift-sdks/swift-wasm-6.1-RELEASE-wasm32-unknown-wasi.artifactbundle/6.1-RELEASE-wasm32-unknown-wasi/wasm32-unknown-wasi/swift.xctoolchain/usr/lib/swift_static/CoreFoundation/CoreFoundation.h:28:10: note: while building module 'wasi_emulated_signal' imported from /root/.swiftpm/swift-sdks/swift-wasm-6.1-RELEASE-wasm32-unknown-wasi.artifactbundle/6.1-RELEASE-wasm32-unknown-wasi/wasm32-unknown-wasi/swift.xctoolchain/usr/lib/swift_static/CoreFoundation/CoreFoundation.h:28:
 26 | #include <setjmp.h>
 27 | #endif
 28 | #include <signal.h>
    |          `- note: while building module 'wasi_emulated_signal' imported from /root/.swiftpm/swift-sdks/swift-wasm-6.1-RELEASE-wasm32-unknown-wasi.artifactbundle/6.1-RELEASE-wasm32-unknown-wasi/wasm32-unknown-wasi/swift.xctoolchain/usr/lib/swift_static/CoreFoundation/CoreFoundation.h:28:
 29 | #include <stddef.h>
 30 | #include <stdio.h>
<module-includes>:1:10: note: in file included from <module-includes>:1:
1 | #include "signal.h"
  |          `- note: in file included from <module-includes>:1:
2 |
/root/.swiftpm/swift-sdks/swift-wasm-6.1-RELEASE-wasm32-unknown-wasi.artifactbundle/6.1-RELEASE-wasm32-unknown-wasi/wasm32-unknown-wasi/WASI.sdk/include/wasm32-wasi/signal.h:2:2: error: "wasm lacks signal support; to enable minimal signal emulation, compile with -D_WASI_EMULATED_SIGNAL and link with -lwasi-emulated-signal"
  1 | #ifndef _WASI_EMULATED_SIGNAL
  2 | #error "wasm lacks signal support; to enable minimal signal emulation, \
    |  `- error: "wasm lacks signal support; to enable minimal signal emulation, compile with -D_WASI_EMULATED_SIGNAL and link with -lwasi-emulated-signal"
  3 | compile with -D_WASI_EMULATED_SIGNAL and link with -lwasi-emulated-signal"
  4 | #else
<module-includes>:1:10: note: in file included from <module-includes>:1:
1 | #include "CoreFoundation.h"
  |          `- note: in file included from <module-includes>:1:
2 |
/root/.swiftpm/swift-sdks/swift-wasm-6.1-RELEASE-wasm32-unknown-wasi.artifactbundle/6.1-RELEASE-wasm32-unknown-wasi/wasm32-unknown-wasi/swift.xctoolchain/usr/lib/swift_static/CoreFoundation/CoreFoundation.h:28:10: error: could not build module 'wasi_emulated_signal'
 26 | #include <setjmp.h>
 27 | #endif
 28 | #include <signal.h>
    |          `- error: could not build module 'wasi_emulated_signal'
 29 | #include <stddef.h>
 30 | #include <stdio.h>
/root/.swiftpm/swift-sdks/swift-wasm-6.1-RELEASE-wasm32-unknown-wasi.artifactbundle/6.1-RELEASE-wasm32-unknown-wasi/wasm32-unknown-wasi/swift.xctoolchain/usr/lib/swift_static/CoreFoundation/ForSwiftFoundationOnly.h:86:10: note: while building module 'wasi_emulated_mman' imported from /root/.swiftpm/swift-sdks/swift-wasm-6.1-RELEASE-wasm32-unknown-wasi.artifactbundle/6.1-RELEASE-wasm32-unknown-wasi/wasm32-unknown-wasi/swift.xctoolchain/usr/lib/swift_static/CoreFoundation/ForSwiftFoundationOnly.h:86:
 84 | #undef _WASI_EMULATED_MMAN
 85 | #define _WASI_EMULATED_MMAN
 86 | #include <sys/mman.h>
    |          `- note: while building module 'wasi_emulated_mman' imported from /root/.swiftpm/swift-sdks/swift-wasm-6.1-RELEASE-wasm32-unknown-wasi.artifactbundle/6.1-RELEASE-wasm32-unknown-wasi/wasm32-unknown-wasi/swift.xctoolchain/usr/lib/swift_static/CoreFoundation/ForSwiftFoundationOnly.h:86:
 87 | #elif TARGET_OS_LINUX
 88 | #include <errno.h>
<module-includes>:1:10: note: in file included from <module-includes>:1:
1 | #include "sys/mman.h"
  |          `- note: in file included from <module-includes>:1:
2 |
/root/.swiftpm/swift-sdks/swift-wasm-6.1-RELEASE-wasm32-unknown-wasi.artifactbundle/6.1-RELEASE-wasm32-unknown-wasi/wasm32-unknown-wasi/WASI.sdk/include/wasm32-wasi/sys/mman.h:2:2: error: "WASI lacks a true mmap; to enable minimal mmap emulation, compile with -D_WASI_EMULATED_MMAN and link with -lwasi-emulated-mman"
  1 | #ifndef _WASI_EMULATED_MMAN
  2 | #error "WASI lacks a true mmap; to enable minimal mmap emulation, \
    |  `- error: "WASI lacks a true mmap; to enable minimal mmap emulation, compile with -D_WASI_EMULATED_MMAN and link with -lwasi-emulated-mman"
  3 | compile with -D_WASI_EMULATED_MMAN and link with -lwasi-emulated-mman"
  4 | #else
/host/spi-builder-workspace/.build/checkouts/swift-openapi-runtime/Sources/OpenAPIRuntime/Base/OpenAPIValue.swift:22:8: error: could not build C module 'CoreFoundation'
 20 |
 21 | #if canImport(CoreFoundation) && (FullFoundation || canImport(Darwin))
 22 | import CoreFoundation
    |        `- error: could not build C module 'CoreFoundation'
 23 | #endif
 24 |
<unknown>:0: warning: upcoming feature 'InferSendableFromCaptures' is already enabled as of Swift version 6
<unknown>:0: warning: upcoming feature 'GlobalActorIsolatedTypesUsability' is already enabled as of Swift version 6
<unknown>:0: warning: upcoming feature 'DisableOutwardActorInference' is already enabled as of Swift version 6
/root/.swiftpm/swift-sdks/swift-wasm-6.1-RELEASE-wasm32-unknown-wasi.artifactbundle/6.1-RELEASE-wasm32-unknown-wasi/wasm32-unknown-wasi/swift.xctoolchain/usr/lib/swift_static/CoreFoundation/CoreFoundation.h:28:10: note: while building module 'wasi_emulated_signal' imported from /root/.swiftpm/swift-sdks/swift-wasm-6.1-RELEASE-wasm32-unknown-wasi.artifactbundle/6.1-RELEASE-wasm32-unknown-wasi/wasm32-unknown-wasi/swift.xctoolchain/usr/lib/swift_static/CoreFoundation/CoreFoundation.h:28:
 26 | #include <setjmp.h>
 27 | #endif
 28 | #include <signal.h>
    |          `- note: while building module 'wasi_emulated_signal' imported from /root/.swiftpm/swift-sdks/swift-wasm-6.1-RELEASE-wasm32-unknown-wasi.artifactbundle/6.1-RELEASE-wasm32-unknown-wasi/wasm32-unknown-wasi/swift.xctoolchain/usr/lib/swift_static/CoreFoundation/CoreFoundation.h:28:
 29 | #include <stddef.h>
 30 | #include <stdio.h>
<module-includes>:1:10: note: in file included from <module-includes>:1:
1 | #include "signal.h"
  |          `- note: in file included from <module-includes>:1:
2 |
/root/.swiftpm/swift-sdks/swift-wasm-6.1-RELEASE-wasm32-unknown-wasi.artifactbundle/6.1-RELEASE-wasm32-unknown-wasi/wasm32-unknown-wasi/WASI.sdk/include/wasm32-wasi/signal.h:2:2: error: "wasm lacks signal support; to enable minimal signal emulation, compile with -D_WASI_EMULATED_SIGNAL and link with -lwasi-emulated-signal"
  1 | #ifndef _WASI_EMULATED_SIGNAL
  2 | #error "wasm lacks signal support; to enable minimal signal emulation, \
    |  `- error: "wasm lacks signal support; to enable minimal signal emulation, compile with -D_WASI_EMULATED_SIGNAL and link with -lwasi-emulated-signal"
  3 | compile with -D_WASI_EMULATED_SIGNAL and link with -lwasi-emulated-signal"
  4 | #else
<module-includes>:1:10: note: in file included from <module-includes>:1:
1 | #include "CoreFoundation.h"
  |          `- note: in file included from <module-includes>:1:
2 |
/root/.swiftpm/swift-sdks/swift-wasm-6.1-RELEASE-wasm32-unknown-wasi.artifactbundle/6.1-RELEASE-wasm32-unknown-wasi/wasm32-unknown-wasi/swift.xctoolchain/usr/lib/swift_static/CoreFoundation/CoreFoundation.h:28:10: error: could not build module 'wasi_emulated_signal'
 26 | #include <setjmp.h>
 27 | #endif
 28 | #include <signal.h>
    |          `- error: could not build module 'wasi_emulated_signal'
 29 | #include <stddef.h>
 30 | #include <stdio.h>
/root/.swiftpm/swift-sdks/swift-wasm-6.1-RELEASE-wasm32-unknown-wasi.artifactbundle/6.1-RELEASE-wasm32-unknown-wasi/wasm32-unknown-wasi/swift.xctoolchain/usr/lib/swift_static/CoreFoundation/ForSwiftFoundationOnly.h:86:10: note: while building module 'wasi_emulated_mman' imported from /root/.swiftpm/swift-sdks/swift-wasm-6.1-RELEASE-wasm32-unknown-wasi.artifactbundle/6.1-RELEASE-wasm32-unknown-wasi/wasm32-unknown-wasi/swift.xctoolchain/usr/lib/swift_static/CoreFoundation/ForSwiftFoundationOnly.h:86:
 84 | #undef _WASI_EMULATED_MMAN
 85 | #define _WASI_EMULATED_MMAN
 86 | #include <sys/mman.h>
    |          `- note: while building module 'wasi_emulated_mman' imported from /root/.swiftpm/swift-sdks/swift-wasm-6.1-RELEASE-wasm32-unknown-wasi.artifactbundle/6.1-RELEASE-wasm32-unknown-wasi/wasm32-unknown-wasi/swift.xctoolchain/usr/lib/swift_static/CoreFoundation/ForSwiftFoundationOnly.h:86:
 87 | #elif TARGET_OS_LINUX
 88 | #include <errno.h>
<module-includes>:1:10: note: in file included from <module-includes>:1:
1 | #include "sys/mman.h"
  |          `- note: in file included from <module-includes>:1:
2 |
/root/.swiftpm/swift-sdks/swift-wasm-6.1-RELEASE-wasm32-unknown-wasi.artifactbundle/6.1-RELEASE-wasm32-unknown-wasi/wasm32-unknown-wasi/WASI.sdk/include/wasm32-wasi/sys/mman.h:2:2: error: "WASI lacks a true mmap; to enable minimal mmap emulation, compile with -D_WASI_EMULATED_MMAN and link with -lwasi-emulated-mman"
  1 | #ifndef _WASI_EMULATED_MMAN
  2 | #error "WASI lacks a true mmap; to enable minimal mmap emulation, \
    |  `- error: "WASI lacks a true mmap; to enable minimal mmap emulation, compile with -D_WASI_EMULATED_MMAN and link with -lwasi-emulated-mman"
  3 | compile with -D_WASI_EMULATED_MMAN and link with -lwasi-emulated-mman"
  4 | #else
/host/spi-builder-workspace/.build/checkouts/swift-openapi-runtime/Sources/OpenAPIRuntime/Base/OpenAPIValue.swift:22:8: error: could not build C module 'CoreFoundation'
 20 |
 21 | #if canImport(CoreFoundation) && (FullFoundation || canImport(Darwin))
 22 | import CoreFoundation
    |        `- error: could not build C module 'CoreFoundation'
 23 | #endif
 24 |
<unknown>:0: warning: upcoming feature 'InferSendableFromCaptures' is already enabled as of Swift version 6
<unknown>:0: warning: upcoming feature 'GlobalActorIsolatedTypesUsability' is already enabled as of Swift version 6
<unknown>:0: warning: upcoming feature 'DisableOutwardActorInference' is already enabled as of Swift version 6
/root/.swiftpm/swift-sdks/swift-wasm-6.1-RELEASE-wasm32-unknown-wasi.artifactbundle/6.1-RELEASE-wasm32-unknown-wasi/wasm32-unknown-wasi/swift.xctoolchain/usr/lib/swift_static/CoreFoundation/CoreFoundation.h:28:10: note: while building module 'wasi_emulated_signal' imported from /root/.swiftpm/swift-sdks/swift-wasm-6.1-RELEASE-wasm32-unknown-wasi.artifactbundle/6.1-RELEASE-wasm32-unknown-wasi/wasm32-unknown-wasi/swift.xctoolchain/usr/lib/swift_static/CoreFoundation/CoreFoundation.h:28:
 26 | #include <setjmp.h>
 27 | #endif
 28 | #include <signal.h>
    |          `- note: while building module 'wasi_emulated_signal' imported from /root/.swiftpm/swift-sdks/swift-wasm-6.1-RELEASE-wasm32-unknown-wasi.artifactbundle/6.1-RELEASE-wasm32-unknown-wasi/wasm32-unknown-wasi/swift.xctoolchain/usr/lib/swift_static/CoreFoundation/CoreFoundation.h:28:
 29 | #include <stddef.h>
 30 | #include <stdio.h>
<module-includes>:1:10: note: in file included from <module-includes>:1:
1 | #include "signal.h"
  |          `- note: in file included from <module-includes>:1:
2 |
/root/.swiftpm/swift-sdks/swift-wasm-6.1-RELEASE-wasm32-unknown-wasi.artifactbundle/6.1-RELEASE-wasm32-unknown-wasi/wasm32-unknown-wasi/WASI.sdk/include/wasm32-wasi/signal.h:2:2: error: "wasm lacks signal support; to enable minimal signal emulation, compile with -D_WASI_EMULATED_SIGNAL and link with -lwasi-emulated-signal"
  1 | #ifndef _WASI_EMULATED_SIGNAL
  2 | #error "wasm lacks signal support; to enable minimal signal emulation, \
    |  `- error: "wasm lacks signal support; to enable minimal signal emulation, compile with -D_WASI_EMULATED_SIGNAL and link with -lwasi-emulated-signal"
  3 | compile with -D_WASI_EMULATED_SIGNAL and link with -lwasi-emulated-signal"
  4 | #else
<module-includes>:1:10: note: in file included from <module-includes>:1:
1 | #include "CoreFoundation.h"
  |          `- note: in file included from <module-includes>:1:
2 |
/root/.swiftpm/swift-sdks/swift-wasm-6.1-RELEASE-wasm32-unknown-wasi.artifactbundle/6.1-RELEASE-wasm32-unknown-wasi/wasm32-unknown-wasi/swift.xctoolchain/usr/lib/swift_static/CoreFoundation/CoreFoundation.h:28:10: error: could not build module 'wasi_emulated_signal'
 26 | #include <setjmp.h>
 27 | #endif
 28 | #include <signal.h>
    |          `- error: could not build module 'wasi_emulated_signal'
 29 | #include <stddef.h>
 30 | #include <stdio.h>
/root/.swiftpm/swift-sdks/swift-wasm-6.1-RELEASE-wasm32-unknown-wasi.artifactbundle/6.1-RELEASE-wasm32-unknown-wasi/wasm32-unknown-wasi/swift.xctoolchain/usr/lib/swift_static/CoreFoundation/ForSwiftFoundationOnly.h:86:10: note: while building module 'wasi_emulated_mman' imported from /root/.swiftpm/swift-sdks/swift-wasm-6.1-RELEASE-wasm32-unknown-wasi.artifactbundle/6.1-RELEASE-wasm32-unknown-wasi/wasm32-unknown-wasi/swift.xctoolchain/usr/lib/swift_static/CoreFoundation/ForSwiftFoundationOnly.h:86:
 84 | #undef _WASI_EMULATED_MMAN
 85 | #define _WASI_EMULATED_MMAN
 86 | #include <sys/mman.h>
    |          `- note: while building module 'wasi_emulated_mman' imported from /root/.swiftpm/swift-sdks/swift-wasm-6.1-RELEASE-wasm32-unknown-wasi.artifactbundle/6.1-RELEASE-wasm32-unknown-wasi/wasm32-unknown-wasi/swift.xctoolchain/usr/lib/swift_static/CoreFoundation/ForSwiftFoundationOnly.h:86:
 87 | #elif TARGET_OS_LINUX
 88 | #include <errno.h>
<module-includes>:1:10: note: in file included from <module-includes>:1:
1 | #include "sys/mman.h"
  |          `- note: in file included from <module-includes>:1:
2 |
/root/.swiftpm/swift-sdks/swift-wasm-6.1-RELEASE-wasm32-unknown-wasi.artifactbundle/6.1-RELEASE-wasm32-unknown-wasi/wasm32-unknown-wasi/WASI.sdk/include/wasm32-wasi/sys/mman.h:2:2: error: "WASI lacks a true mmap; to enable minimal mmap emulation, compile with -D_WASI_EMULATED_MMAN and link with -lwasi-emulated-mman"
  1 | #ifndef _WASI_EMULATED_MMAN
  2 | #error "WASI lacks a true mmap; to enable minimal mmap emulation, \
    |  `- error: "WASI lacks a true mmap; to enable minimal mmap emulation, compile with -D_WASI_EMULATED_MMAN and link with -lwasi-emulated-mman"
  3 | compile with -D_WASI_EMULATED_MMAN and link with -lwasi-emulated-mman"
  4 | #else
/host/spi-builder-workspace/.build/checkouts/swift-openapi-runtime/Sources/OpenAPIRuntime/Base/OpenAPIValue.swift:22:8: error: could not build C module 'CoreFoundation'
 20 |
 21 | #if canImport(CoreFoundation) && (FullFoundation || canImport(Darwin))
 22 | import CoreFoundation
    |        `- error: could not build C module 'CoreFoundation'
 23 | #endif
 24 |
[583/1433] Compiling DequeModule Deque._Storage.swift
<unknown>:0: warning: upcoming feature 'InferSendableFromCaptures' is already enabled as of Swift version 6
<unknown>:0: warning: upcoming feature 'GlobalActorIsolatedTypesUsability' is already enabled as of Swift version 6
<unknown>:0: warning: upcoming feature 'DisableOutwardActorInference' is already enabled as of Swift version 6
/root/.swiftpm/swift-sdks/swift-wasm-6.1-RELEASE-wasm32-unknown-wasi.artifactbundle/6.1-RELEASE-wasm32-unknown-wasi/wasm32-unknown-wasi/swift.xctoolchain/usr/lib/swift_static/CoreFoundation/CoreFoundation.h:28:10: note: while building module 'wasi_emulated_signal' imported from /root/.swiftpm/swift-sdks/swift-wasm-6.1-RELEASE-wasm32-unknown-wasi.artifactbundle/6.1-RELEASE-wasm32-unknown-wasi/wasm32-unknown-wasi/swift.xctoolchain/usr/lib/swift_static/CoreFoundation/CoreFoundation.h:28:
 26 | #include <setjmp.h>
 27 | #endif
 28 | #include <signal.h>
    |          `- note: while building module 'wasi_emulated_signal' imported from /root/.swiftpm/swift-sdks/swift-wasm-6.1-RELEASE-wasm32-unknown-wasi.artifactbundle/6.1-RELEASE-wasm32-unknown-wasi/wasm32-unknown-wasi/swift.xctoolchain/usr/lib/swift_static/CoreFoundation/CoreFoundation.h:28:
 29 | #include <stddef.h>
 30 | #include <stdio.h>
<module-includes>:1:10: note: in file included from <module-includes>:1:
1 | #include "signal.h"
  |          `- note: in file included from <module-includes>:1:
2 |
/root/.swiftpm/swift-sdks/swift-wasm-6.1-RELEASE-wasm32-unknown-wasi.artifactbundle/6.1-RELEASE-wasm32-unknown-wasi/wasm32-unknown-wasi/WASI.sdk/include/wasm32-wasi/signal.h:2:2: error: "wasm lacks signal support; to enable minimal signal emulation, compile with -D_WASI_EMULATED_SIGNAL and link with -lwasi-emulated-signal"
  1 | #ifndef _WASI_EMULATED_SIGNAL
  2 | #error "wasm lacks signal support; to enable minimal signal emulation, \
    |  `- error: "wasm lacks signal support; to enable minimal signal emulation, compile with -D_WASI_EMULATED_SIGNAL and link with -lwasi-emulated-signal"
  3 | compile with -D_WASI_EMULATED_SIGNAL and link with -lwasi-emulated-signal"
  4 | #else
<module-includes>:1:10: note: in file included from <module-includes>:1:
1 | #include "CoreFoundation.h"
  |          `- note: in file included from <module-includes>:1:
2 |
/root/.swiftpm/swift-sdks/swift-wasm-6.1-RELEASE-wasm32-unknown-wasi.artifactbundle/6.1-RELEASE-wasm32-unknown-wasi/wasm32-unknown-wasi/swift.xctoolchain/usr/lib/swift_static/CoreFoundation/CoreFoundation.h:28:10: error: could not build module 'wasi_emulated_signal'
 26 | #include <setjmp.h>
 27 | #endif
 28 | #include <signal.h>
    |          `- error: could not build module 'wasi_emulated_signal'
 29 | #include <stddef.h>
 30 | #include <stdio.h>
/root/.swiftpm/swift-sdks/swift-wasm-6.1-RELEASE-wasm32-unknown-wasi.artifactbundle/6.1-RELEASE-wasm32-unknown-wasi/wasm32-unknown-wasi/swift.xctoolchain/usr/lib/swift_static/CoreFoundation/ForSwiftFoundationOnly.h:86:10: note: while building module 'wasi_emulated_mman' imported from /root/.swiftpm/swift-sdks/swift-wasm-6.1-RELEASE-wasm32-unknown-wasi.artifactbundle/6.1-RELEASE-wasm32-unknown-wasi/wasm32-unknown-wasi/swift.xctoolchain/usr/lib/swift_static/CoreFoundation/ForSwiftFoundationOnly.h:86:
 84 | #undef _WASI_EMULATED_MMAN
 85 | #define _WASI_EMULATED_MMAN
 86 | #include <sys/mman.h>
    |          `- note: while building module 'wasi_emulated_mman' imported from /root/.swiftpm/swift-sdks/swift-wasm-6.1-RELEASE-wasm32-unknown-wasi.artifactbundle/6.1-RELEASE-wasm32-unknown-wasi/wasm32-unknown-wasi/swift.xctoolchain/usr/lib/swift_static/CoreFoundation/ForSwiftFoundationOnly.h:86:
 87 | #elif TARGET_OS_LINUX
 88 | #include <errno.h>
<module-includes>:1:10: note: in file included from <module-includes>:1:
1 | #include "sys/mman.h"
  |          `- note: in file included from <module-includes>:1:
2 |
/root/.swiftpm/swift-sdks/swift-wasm-6.1-RELEASE-wasm32-unknown-wasi.artifactbundle/6.1-RELEASE-wasm32-unknown-wasi/wasm32-unknown-wasi/WASI.sdk/include/wasm32-wasi/sys/mman.h:2:2: error: "WASI lacks a true mmap; to enable minimal mmap emulation, compile with -D_WASI_EMULATED_MMAN and link with -lwasi-emulated-mman"
  1 | #ifndef _WASI_EMULATED_MMAN
  2 | #error "WASI lacks a true mmap; to enable minimal mmap emulation, \
    |  `- error: "WASI lacks a true mmap; to enable minimal mmap emulation, compile with -D_WASI_EMULATED_MMAN and link with -lwasi-emulated-mman"
  3 | compile with -D_WASI_EMULATED_MMAN and link with -lwasi-emulated-mman"
  4 | #else
/host/spi-builder-workspace/.build/checkouts/swift-openapi-runtime/Sources/OpenAPIRuntime/Base/OpenAPIValue.swift:22:8: error: could not build C module 'CoreFoundation'
 20 |
 21 | #if canImport(CoreFoundation) && (FullFoundation || canImport(Darwin))
 22 | import CoreFoundation
    |        `- error: could not build C module 'CoreFoundation'
 23 | #endif
 24 |
[584/1433] Compiling DequeModule Deque._UnsafeHandle.swift
<unknown>:0: warning: upcoming feature 'InferSendableFromCaptures' is already enabled as of Swift version 6
<unknown>:0: warning: upcoming feature 'GlobalActorIsolatedTypesUsability' is already enabled as of Swift version 6
<unknown>:0: warning: upcoming feature 'DisableOutwardActorInference' is already enabled as of Swift version 6
/root/.swiftpm/swift-sdks/swift-wasm-6.1-RELEASE-wasm32-unknown-wasi.artifactbundle/6.1-RELEASE-wasm32-unknown-wasi/wasm32-unknown-wasi/swift.xctoolchain/usr/lib/swift_static/CoreFoundation/CoreFoundation.h:28:10: note: while building module 'wasi_emulated_signal' imported from /root/.swiftpm/swift-sdks/swift-wasm-6.1-RELEASE-wasm32-unknown-wasi.artifactbundle/6.1-RELEASE-wasm32-unknown-wasi/wasm32-unknown-wasi/swift.xctoolchain/usr/lib/swift_static/CoreFoundation/CoreFoundation.h:28:
 26 | #include <setjmp.h>
 27 | #endif
 28 | #include <signal.h>
    |          `- note: while building module 'wasi_emulated_signal' imported from /root/.swiftpm/swift-sdks/swift-wasm-6.1-RELEASE-wasm32-unknown-wasi.artifactbundle/6.1-RELEASE-wasm32-unknown-wasi/wasm32-unknown-wasi/swift.xctoolchain/usr/lib/swift_static/CoreFoundation/CoreFoundation.h:28:
 29 | #include <stddef.h>
 30 | #include <stdio.h>
<module-includes>:1:10: note: in file included from <module-includes>:1:
1 | #include "signal.h"
  |          `- note: in file included from <module-includes>:1:
2 |
/root/.swiftpm/swift-sdks/swift-wasm-6.1-RELEASE-wasm32-unknown-wasi.artifactbundle/6.1-RELEASE-wasm32-unknown-wasi/wasm32-unknown-wasi/WASI.sdk/include/wasm32-wasi/signal.h:2:2: error: "wasm lacks signal support; to enable minimal signal emulation, compile with -D_WASI_EMULATED_SIGNAL and link with -lwasi-emulated-signal"
  1 | #ifndef _WASI_EMULATED_SIGNAL
  2 | #error "wasm lacks signal support; to enable minimal signal emulation, \
    |  `- error: "wasm lacks signal support; to enable minimal signal emulation, compile with -D_WASI_EMULATED_SIGNAL and link with -lwasi-emulated-signal"
  3 | compile with -D_WASI_EMULATED_SIGNAL and link with -lwasi-emulated-signal"
  4 | #else
<module-includes>:1:10: note: in file included from <module-includes>:1:
1 | #include "CoreFoundation.h"
  |          `- note: in file included from <module-includes>:1:
2 |
/root/.swiftpm/swift-sdks/swift-wasm-6.1-RELEASE-wasm32-unknown-wasi.artifactbundle/6.1-RELEASE-wasm32-unknown-wasi/wasm32-unknown-wasi/swift.xctoolchain/usr/lib/swift_static/CoreFoundation/CoreFoundation.h:28:10: error: could not build module 'wasi_emulated_signal'
 26 | #include <setjmp.h>
 27 | #endif
 28 | #include <signal.h>
    |          `- error: could not build module 'wasi_emulated_signal'
 29 | #include <stddef.h>
 30 | #include <stdio.h>
/root/.swiftpm/swift-sdks/swift-wasm-6.1-RELEASE-wasm32-unknown-wasi.artifactbundle/6.1-RELEASE-wasm32-unknown-wasi/wasm32-unknown-wasi/swift.xctoolchain/usr/lib/swift_static/CoreFoundation/ForSwiftFoundationOnly.h:86:10: note: while building module 'wasi_emulated_mman' imported from /root/.swiftpm/swift-sdks/swift-wasm-6.1-RELEASE-wasm32-unknown-wasi.artifactbundle/6.1-RELEASE-wasm32-unknown-wasi/wasm32-unknown-wasi/swift.xctoolchain/usr/lib/swift_static/CoreFoundation/ForSwiftFoundationOnly.h:86:
 84 | #undef _WASI_EMULATED_MMAN
 85 | #define _WASI_EMULATED_MMAN
 86 | #include <sys/mman.h>
    |          `- note: while building module 'wasi_emulated_mman' imported from /root/.swiftpm/swift-sdks/swift-wasm-6.1-RELEASE-wasm32-unknown-wasi.artifactbundle/6.1-RELEASE-wasm32-unknown-wasi/wasm32-unknown-wasi/swift.xctoolchain/usr/lib/swift_static/CoreFoundation/ForSwiftFoundationOnly.h:86:
 87 | #elif TARGET_OS_LINUX
 88 | #include <errno.h>
<module-includes>:1:10: note: in file included from <module-includes>:1:
1 | #include "sys/mman.h"
  |          `- note: in file included from <module-includes>:1:
2 |
/root/.swiftpm/swift-sdks/swift-wasm-6.1-RELEASE-wasm32-unknown-wasi.artifactbundle/6.1-RELEASE-wasm32-unknown-wasi/wasm32-unknown-wasi/WASI.sdk/include/wasm32-wasi/sys/mman.h:2:2: error: "WASI lacks a true mmap; to enable minimal mmap emulation, compile with -D_WASI_EMULATED_MMAN and link with -lwasi-emulated-mman"
  1 | #ifndef _WASI_EMULATED_MMAN
  2 | #error "WASI lacks a true mmap; to enable minimal mmap emulation, \
    |  `- error: "WASI lacks a true mmap; to enable minimal mmap emulation, compile with -D_WASI_EMULATED_MMAN and link with -lwasi-emulated-mman"
  3 | compile with -D_WASI_EMULATED_MMAN and link with -lwasi-emulated-mman"
  4 | #else
/host/spi-builder-workspace/.build/checkouts/swift-openapi-runtime/Sources/OpenAPIRuntime/Base/OpenAPIValue.swift:22:8: error: could not build C module 'CoreFoundation'
 20 |
 21 | #if canImport(CoreFoundation) && (FullFoundation || canImport(Darwin))
 22 | import CoreFoundation
    |        `- error: could not build C module 'CoreFoundation'
 23 | #endif
 24 |
[585/1433] Compiling DequeModule Deque.swift
<unknown>:0: warning: upcoming feature 'InferSendableFromCaptures' is already enabled as of Swift version 6
<unknown>:0: warning: upcoming feature 'GlobalActorIsolatedTypesUsability' is already enabled as of Swift version 6
<unknown>:0: warning: upcoming feature 'DisableOutwardActorInference' is already enabled as of Swift version 6
/root/.swiftpm/swift-sdks/swift-wasm-6.1-RELEASE-wasm32-unknown-wasi.artifactbundle/6.1-RELEASE-wasm32-unknown-wasi/wasm32-unknown-wasi/swift.xctoolchain/usr/lib/swift_static/CoreFoundation/CoreFoundation.h:28:10: note: while building module 'wasi_emulated_signal' imported from /root/.swiftpm/swift-sdks/swift-wasm-6.1-RELEASE-wasm32-unknown-wasi.artifactbundle/6.1-RELEASE-wasm32-unknown-wasi/wasm32-unknown-wasi/swift.xctoolchain/usr/lib/swift_static/CoreFoundation/CoreFoundation.h:28:
 26 | #include <setjmp.h>
 27 | #endif
 28 | #include <signal.h>
    |          `- note: while building module 'wasi_emulated_signal' imported from /root/.swiftpm/swift-sdks/swift-wasm-6.1-RELEASE-wasm32-unknown-wasi.artifactbundle/6.1-RELEASE-wasm32-unknown-wasi/wasm32-unknown-wasi/swift.xctoolchain/usr/lib/swift_static/CoreFoundation/CoreFoundation.h:28:
 29 | #include <stddef.h>
 30 | #include <stdio.h>
<module-includes>:1:10: note: in file included from <module-includes>:1:
1 | #include "signal.h"
  |          `- note: in file included from <module-includes>:1:
2 |
/root/.swiftpm/swift-sdks/swift-wasm-6.1-RELEASE-wasm32-unknown-wasi.artifactbundle/6.1-RELEASE-wasm32-unknown-wasi/wasm32-unknown-wasi/WASI.sdk/include/wasm32-wasi/signal.h:2:2: error: "wasm lacks signal support; to enable minimal signal emulation, compile with -D_WASI_EMULATED_SIGNAL and link with -lwasi-emulated-signal"
  1 | #ifndef _WASI_EMULATED_SIGNAL
  2 | #error "wasm lacks signal support; to enable minimal signal emulation, \
    |  `- error: "wasm lacks signal support; to enable minimal signal emulation, compile with -D_WASI_EMULATED_SIGNAL and link with -lwasi-emulated-signal"
  3 | compile with -D_WASI_EMULATED_SIGNAL and link with -lwasi-emulated-signal"
  4 | #else
<module-includes>:1:10: note: in file included from <module-includes>:1:
1 | #include "CoreFoundation.h"
  |          `- note: in file included from <module-includes>:1:
2 |
/root/.swiftpm/swift-sdks/swift-wasm-6.1-RELEASE-wasm32-unknown-wasi.artifactbundle/6.1-RELEASE-wasm32-unknown-wasi/wasm32-unknown-wasi/swift.xctoolchain/usr/lib/swift_static/CoreFoundation/CoreFoundation.h:28:10: error: could not build module 'wasi_emulated_signal'
 26 | #include <setjmp.h>
 27 | #endif
 28 | #include <signal.h>
    |          `- error: could not build module 'wasi_emulated_signal'
 29 | #include <stddef.h>
 30 | #include <stdio.h>
/root/.swiftpm/swift-sdks/swift-wasm-6.1-RELEASE-wasm32-unknown-wasi.artifactbundle/6.1-RELEASE-wasm32-unknown-wasi/wasm32-unknown-wasi/swift.xctoolchain/usr/lib/swift_static/CoreFoundation/ForSwiftFoundationOnly.h:86:10: note: while building module 'wasi_emulated_mman' imported from /root/.swiftpm/swift-sdks/swift-wasm-6.1-RELEASE-wasm32-unknown-wasi.artifactbundle/6.1-RELEASE-wasm32-unknown-wasi/wasm32-unknown-wasi/swift.xctoolchain/usr/lib/swift_static/CoreFoundation/ForSwiftFoundationOnly.h:86:
 84 | #undef _WASI_EMULATED_MMAN
 85 | #define _WASI_EMULATED_MMAN
 86 | #include <sys/mman.h>
    |          `- note: while building module 'wasi_emulated_mman' imported from /root/.swiftpm/swift-sdks/swift-wasm-6.1-RELEASE-wasm32-unknown-wasi.artifactbundle/6.1-RELEASE-wasm32-unknown-wasi/wasm32-unknown-wasi/swift.xctoolchain/usr/lib/swift_static/CoreFoundation/ForSwiftFoundationOnly.h:86:
 87 | #elif TARGET_OS_LINUX
 88 | #include <errno.h>
<module-includes>:1:10: note: in file included from <module-includes>:1:
1 | #include "sys/mman.h"
  |          `- note: in file included from <module-includes>:1:
2 |
/root/.swiftpm/swift-sdks/swift-wasm-6.1-RELEASE-wasm32-unknown-wasi.artifactbundle/6.1-RELEASE-wasm32-unknown-wasi/wasm32-unknown-wasi/WASI.sdk/include/wasm32-wasi/sys/mman.h:2:2: error: "WASI lacks a true mmap; to enable minimal mmap emulation, compile with -D_WASI_EMULATED_MMAN and link with -lwasi-emulated-mman"
  1 | #ifndef _WASI_EMULATED_MMAN
  2 | #error "WASI lacks a true mmap; to enable minimal mmap emulation, \
    |  `- error: "WASI lacks a true mmap; to enable minimal mmap emulation, compile with -D_WASI_EMULATED_MMAN and link with -lwasi-emulated-mman"
  3 | compile with -D_WASI_EMULATED_MMAN and link with -lwasi-emulated-mman"
  4 | #else
/host/spi-builder-workspace/.build/checkouts/swift-openapi-runtime/Sources/OpenAPIRuntime/Base/OpenAPIValue.swift:22:8: error: could not build C module 'CoreFoundation'
 20 |
 21 | #if canImport(CoreFoundation) && (FullFoundation || canImport(Darwin))
 22 | import CoreFoundation
    |        `- error: could not build C module 'CoreFoundation'
 23 | #endif
 24 |
<unknown>:0: warning: upcoming feature 'InferSendableFromCaptures' is already enabled as of Swift version 6
<unknown>:0: warning: upcoming feature 'GlobalActorIsolatedTypesUsability' is already enabled as of Swift version 6
<unknown>:0: warning: upcoming feature 'DisableOutwardActorInference' is already enabled as of Swift version 6
/root/.swiftpm/swift-sdks/swift-wasm-6.1-RELEASE-wasm32-unknown-wasi.artifactbundle/6.1-RELEASE-wasm32-unknown-wasi/wasm32-unknown-wasi/swift.xctoolchain/usr/lib/swift_static/CoreFoundation/CoreFoundation.h:28:10: note: while building module 'wasi_emulated_signal' imported from /root/.swiftpm/swift-sdks/swift-wasm-6.1-RELEASE-wasm32-unknown-wasi.artifactbundle/6.1-RELEASE-wasm32-unknown-wasi/wasm32-unknown-wasi/swift.xctoolchain/usr/lib/swift_static/CoreFoundation/CoreFoundation.h:28:
 26 | #include <setjmp.h>
 27 | #endif
 28 | #include <signal.h>
    |          `- note: while building module 'wasi_emulated_signal' imported from /root/.swiftpm/swift-sdks/swift-wasm-6.1-RELEASE-wasm32-unknown-wasi.artifactbundle/6.1-RELEASE-wasm32-unknown-wasi/wasm32-unknown-wasi/swift.xctoolchain/usr/lib/swift_static/CoreFoundation/CoreFoundation.h:28:
 29 | #include <stddef.h>
 30 | #include <stdio.h>
<module-includes>:1:10: note: in file included from <module-includes>:1:
1 | #include "signal.h"
  |          `- note: in file included from <module-includes>:1:
2 |
/root/.swiftpm/swift-sdks/swift-wasm-6.1-RELEASE-wasm32-unknown-wasi.artifactbundle/6.1-RELEASE-wasm32-unknown-wasi/wasm32-unknown-wasi/WASI.sdk/include/wasm32-wasi/signal.h:2:2: error: "wasm lacks signal support; to enable minimal signal emulation, compile with -D_WASI_EMULATED_SIGNAL and link with -lwasi-emulated-signal"
  1 | #ifndef _WASI_EMULATED_SIGNAL
  2 | #error "wasm lacks signal support; to enable minimal signal emulation, \
    |  `- error: "wasm lacks signal support; to enable minimal signal emulation, compile with -D_WASI_EMULATED_SIGNAL and link with -lwasi-emulated-signal"
  3 | compile with -D_WASI_EMULATED_SIGNAL and link with -lwasi-emulated-signal"
  4 | #else
<module-includes>:1:10: note: in file included from <module-includes>:1:
1 | #include "CoreFoundation.h"
  |          `- note: in file included from <module-includes>:1:
2 |
/root/.swiftpm/swift-sdks/swift-wasm-6.1-RELEASE-wasm32-unknown-wasi.artifactbundle/6.1-RELEASE-wasm32-unknown-wasi/wasm32-unknown-wasi/swift.xctoolchain/usr/lib/swift_static/CoreFoundation/CoreFoundation.h:28:10: error: could not build module 'wasi_emulated_signal'
 26 | #include <setjmp.h>
 27 | #endif
 28 | #include <signal.h>
    |          `- error: could not build module 'wasi_emulated_signal'
 29 | #include <stddef.h>
 30 | #include <stdio.h>
/root/.swiftpm/swift-sdks/swift-wasm-6.1-RELEASE-wasm32-unknown-wasi.artifactbundle/6.1-RELEASE-wasm32-unknown-wasi/wasm32-unknown-wasi/swift.xctoolchain/usr/lib/swift_static/CoreFoundation/ForSwiftFoundationOnly.h:86:10: note: while building module 'wasi_emulated_mman' imported from /root/.swiftpm/swift-sdks/swift-wasm-6.1-RELEASE-wasm32-unknown-wasi.artifactbundle/6.1-RELEASE-wasm32-unknown-wasi/wasm32-unknown-wasi/swift.xctoolchain/usr/lib/swift_static/CoreFoundation/ForSwiftFoundationOnly.h:86:
 84 | #undef _WASI_EMULATED_MMAN
 85 | #define _WASI_EMULATED_MMAN
 86 | #include <sys/mman.h>
    |          `- note: while building module 'wasi_emulated_mman' imported from /root/.swiftpm/swift-sdks/swift-wasm-6.1-RELEASE-wasm32-unknown-wasi.artifactbundle/6.1-RELEASE-wasm32-unknown-wasi/wasm32-unknown-wasi/swift.xctoolchain/usr/lib/swift_static/CoreFoundation/ForSwiftFoundationOnly.h:86:
 87 | #elif TARGET_OS_LINUX
 88 | #include <errno.h>
<module-includes>:1:10: note: in file included from <module-includes>:1:
1 | #include "sys/mman.h"
  |          `- note: in file included from <module-includes>:1:
2 |
/root/.swiftpm/swift-sdks/swift-wasm-6.1-RELEASE-wasm32-unknown-wasi.artifactbundle/6.1-RELEASE-wasm32-unknown-wasi/wasm32-unknown-wasi/WASI.sdk/include/wasm32-wasi/sys/mman.h:2:2: error: "WASI lacks a true mmap; to enable minimal mmap emulation, compile with -D_WASI_EMULATED_MMAN and link with -lwasi-emulated-mman"
  1 | #ifndef _WASI_EMULATED_MMAN
  2 | #error "WASI lacks a true mmap; to enable minimal mmap emulation, \
    |  `- error: "WASI lacks a true mmap; to enable minimal mmap emulation, compile with -D_WASI_EMULATED_MMAN and link with -lwasi-emulated-mman"
  3 | compile with -D_WASI_EMULATED_MMAN and link with -lwasi-emulated-mman"
  4 | #else
/host/spi-builder-workspace/.build/checkouts/swift-openapi-runtime/Sources/OpenAPIRuntime/Base/OpenAPIValue.swift:22:8: error: could not build C module 'CoreFoundation'
 20 |
 21 | #if canImport(CoreFoundation) && (FullFoundation || canImport(Darwin))
 22 | import CoreFoundation
    |        `- error: could not build C module 'CoreFoundation'
 23 | #endif
 24 |
<unknown>:0: warning: upcoming feature 'InferSendableFromCaptures' is already enabled as of Swift version 6
<unknown>:0: warning: upcoming feature 'GlobalActorIsolatedTypesUsability' is already enabled as of Swift version 6
<unknown>:0: warning: upcoming feature 'DisableOutwardActorInference' is already enabled as of Swift version 6
/root/.swiftpm/swift-sdks/swift-wasm-6.1-RELEASE-wasm32-unknown-wasi.artifactbundle/6.1-RELEASE-wasm32-unknown-wasi/wasm32-unknown-wasi/swift.xctoolchain/usr/lib/swift_static/CoreFoundation/CoreFoundation.h:28:10: note: while building module 'wasi_emulated_signal' imported from /root/.swiftpm/swift-sdks/swift-wasm-6.1-RELEASE-wasm32-unknown-wasi.artifactbundle/6.1-RELEASE-wasm32-unknown-wasi/wasm32-unknown-wasi/swift.xctoolchain/usr/lib/swift_static/CoreFoundation/CoreFoundation.h:28:
 26 | #include <setjmp.h>
 27 | #endif
 28 | #include <signal.h>
    |          `- note: while building module 'wasi_emulated_signal' imported from /root/.swiftpm/swift-sdks/swift-wasm-6.1-RELEASE-wasm32-unknown-wasi.artifactbundle/6.1-RELEASE-wasm32-unknown-wasi/wasm32-unknown-wasi/swift.xctoolchain/usr/lib/swift_static/CoreFoundation/CoreFoundation.h:28:
 29 | #include <stddef.h>
 30 | #include <stdio.h>
<module-includes>:1:10: note: in file included from <module-includes>:1:
1 | #include "signal.h"
  |          `- note: in file included from <module-includes>:1:
2 |
/root/.swiftpm/swift-sdks/swift-wasm-6.1-RELEASE-wasm32-unknown-wasi.artifactbundle/6.1-RELEASE-wasm32-unknown-wasi/wasm32-unknown-wasi/WASI.sdk/include/wasm32-wasi/signal.h:2:2: error: "wasm lacks signal support; to enable minimal signal emulation, compile with -D_WASI_EMULATED_SIGNAL and link with -lwasi-emulated-signal"
  1 | #ifndef _WASI_EMULATED_SIGNAL
  2 | #error "wasm lacks signal support; to enable minimal signal emulation, \
    |  `- error: "wasm lacks signal support; to enable minimal signal emulation, compile with -D_WASI_EMULATED_SIGNAL and link with -lwasi-emulated-signal"
  3 | compile with -D_WASI_EMULATED_SIGNAL and link with -lwasi-emulated-signal"
  4 | #else
<module-includes>:1:10: note: in file included from <module-includes>:1:
1 | #include "CoreFoundation.h"
  |          `- note: in file included from <module-includes>:1:
2 |
/root/.swiftpm/swift-sdks/swift-wasm-6.1-RELEASE-wasm32-unknown-wasi.artifactbundle/6.1-RELEASE-wasm32-unknown-wasi/wasm32-unknown-wasi/swift.xctoolchain/usr/lib/swift_static/CoreFoundation/CoreFoundation.h:28:10: error: could not build module 'wasi_emulated_signal'
 26 | #include <setjmp.h>
 27 | #endif
 28 | #include <signal.h>
    |          `- error: could not build module 'wasi_emulated_signal'
 29 | #include <stddef.h>
 30 | #include <stdio.h>
/root/.swiftpm/swift-sdks/swift-wasm-6.1-RELEASE-wasm32-unknown-wasi.artifactbundle/6.1-RELEASE-wasm32-unknown-wasi/wasm32-unknown-wasi/swift.xctoolchain/usr/lib/swift_static/CoreFoundation/ForSwiftFoundationOnly.h:86:10: note: while building module 'wasi_emulated_mman' imported from /root/.swiftpm/swift-sdks/swift-wasm-6.1-RELEASE-wasm32-unknown-wasi.artifactbundle/6.1-RELEASE-wasm32-unknown-wasi/wasm32-unknown-wasi/swift.xctoolchain/usr/lib/swift_static/CoreFoundation/ForSwiftFoundationOnly.h:86:
 84 | #undef _WASI_EMULATED_MMAN
 85 | #define _WASI_EMULATED_MMAN
 86 | #include <sys/mman.h>
    |          `- note: while building module 'wasi_emulated_mman' imported from /root/.swiftpm/swift-sdks/swift-wasm-6.1-RELEASE-wasm32-unknown-wasi.artifactbundle/6.1-RELEASE-wasm32-unknown-wasi/wasm32-unknown-wasi/swift.xctoolchain/usr/lib/swift_static/CoreFoundation/ForSwiftFoundationOnly.h:86:
 87 | #elif TARGET_OS_LINUX
 88 | #include <errno.h>
<module-includes>:1:10: note: in file included from <module-includes>:1:
1 | #include "sys/mman.h"
  |          `- note: in file included from <module-includes>:1:
2 |
/root/.swiftpm/swift-sdks/swift-wasm-6.1-RELEASE-wasm32-unknown-wasi.artifactbundle/6.1-RELEASE-wasm32-unknown-wasi/wasm32-unknown-wasi/WASI.sdk/include/wasm32-wasi/sys/mman.h:2:2: error: "WASI lacks a true mmap; to enable minimal mmap emulation, compile with -D_WASI_EMULATED_MMAN and link with -lwasi-emulated-mman"
  1 | #ifndef _WASI_EMULATED_MMAN
  2 | #error "WASI lacks a true mmap; to enable minimal mmap emulation, \
    |  `- error: "WASI lacks a true mmap; to enable minimal mmap emulation, compile with -D_WASI_EMULATED_MMAN and link with -lwasi-emulated-mman"
  3 | compile with -D_WASI_EMULATED_MMAN and link with -lwasi-emulated-mman"
  4 | #else
/host/spi-builder-workspace/.build/checkouts/swift-openapi-runtime/Sources/OpenAPIRuntime/Base/OpenAPIValue.swift:22:8: error: could not build C module 'CoreFoundation'
 20 |
 21 | #if canImport(CoreFoundation) && (FullFoundation || canImport(Darwin))
 22 | import CoreFoundation
    |        `- error: could not build C module 'CoreFoundation'
 23 | #endif
 24 |
<unknown>:0: warning: upcoming feature 'InferSendableFromCaptures' is already enabled as of Swift version 6
<unknown>:0: warning: upcoming feature 'GlobalActorIsolatedTypesUsability' is already enabled as of Swift version 6
<unknown>:0: warning: upcoming feature 'DisableOutwardActorInference' is already enabled as of Swift version 6
/root/.swiftpm/swift-sdks/swift-wasm-6.1-RELEASE-wasm32-unknown-wasi.artifactbundle/6.1-RELEASE-wasm32-unknown-wasi/wasm32-unknown-wasi/swift.xctoolchain/usr/lib/swift_static/CoreFoundation/CoreFoundation.h:28:10: note: while building module 'wasi_emulated_signal' imported from /root/.swiftpm/swift-sdks/swift-wasm-6.1-RELEASE-wasm32-unknown-wasi.artifactbundle/6.1-RELEASE-wasm32-unknown-wasi/wasm32-unknown-wasi/swift.xctoolchain/usr/lib/swift_static/CoreFoundation/CoreFoundation.h:28:
 26 | #include <setjmp.h>
 27 | #endif
 28 | #include <signal.h>
    |          `- note: while building module 'wasi_emulated_signal' imported from /root/.swiftpm/swift-sdks/swift-wasm-6.1-RELEASE-wasm32-unknown-wasi.artifactbundle/6.1-RELEASE-wasm32-unknown-wasi/wasm32-unknown-wasi/swift.xctoolchain/usr/lib/swift_static/CoreFoundation/CoreFoundation.h:28:
 29 | #include <stddef.h>
 30 | #include <stdio.h>
<module-includes>:1:10: note: in file included from <module-includes>:1:
1 | #include "signal.h"
  |          `- note: in file included from <module-includes>:1:
2 |
/root/.swiftpm/swift-sdks/swift-wasm-6.1-RELEASE-wasm32-unknown-wasi.artifactbundle/6.1-RELEASE-wasm32-unknown-wasi/wasm32-unknown-wasi/WASI.sdk/include/wasm32-wasi/signal.h:2:2: error: "wasm lacks signal support; to enable minimal signal emulation, compile with -D_WASI_EMULATED_SIGNAL and link with -lwasi-emulated-signal"
  1 | #ifndef _WASI_EMULATED_SIGNAL
  2 | #error "wasm lacks signal support; to enable minimal signal emulation, \
    |  `- error: "wasm lacks signal support; to enable minimal signal emulation, compile with -D_WASI_EMULATED_SIGNAL and link with -lwasi-emulated-signal"
  3 | compile with -D_WASI_EMULATED_SIGNAL and link with -lwasi-emulated-signal"
  4 | #else
<module-includes>:1:10: note: in file included from <module-includes>:1:
1 | #include "CoreFoundation.h"
  |          `- note: in file included from <module-includes>:1:
2 |
/root/.swiftpm/swift-sdks/swift-wasm-6.1-RELEASE-wasm32-unknown-wasi.artifactbundle/6.1-RELEASE-wasm32-unknown-wasi/wasm32-unknown-wasi/swift.xctoolchain/usr/lib/swift_static/CoreFoundation/CoreFoundation.h:28:10: error: could not build module 'wasi_emulated_signal'
 26 | #include <setjmp.h>
 27 | #endif
 28 | #include <signal.h>
    |          `- error: could not build module 'wasi_emulated_signal'
 29 | #include <stddef.h>
 30 | #include <stdio.h>
/root/.swiftpm/swift-sdks/swift-wasm-6.1-RELEASE-wasm32-unknown-wasi.artifactbundle/6.1-RELEASE-wasm32-unknown-wasi/wasm32-unknown-wasi/swift.xctoolchain/usr/lib/swift_static/CoreFoundation/ForSwiftFoundationOnly.h:86:10: note: while building module 'wasi_emulated_mman' imported from /root/.swiftpm/swift-sdks/swift-wasm-6.1-RELEASE-wasm32-unknown-wasi.artifactbundle/6.1-RELEASE-wasm32-unknown-wasi/wasm32-unknown-wasi/swift.xctoolchain/usr/lib/swift_static/CoreFoundation/ForSwiftFoundationOnly.h:86:
 84 | #undef _WASI_EMULATED_MMAN
 85 | #define _WASI_EMULATED_MMAN
 86 | #include <sys/mman.h>
    |          `- note: while building module 'wasi_emulated_mman' imported from /root/.swiftpm/swift-sdks/swift-wasm-6.1-RELEASE-wasm32-unknown-wasi.artifactbundle/6.1-RELEASE-wasm32-unknown-wasi/wasm32-unknown-wasi/swift.xctoolchain/usr/lib/swift_static/CoreFoundation/ForSwiftFoundationOnly.h:86:
 87 | #elif TARGET_OS_LINUX
 88 | #include <errno.h>
<module-includes>:1:10: note: in file included from <module-includes>:1:
1 | #include "sys/mman.h"
  |          `- note: in file included from <module-includes>:1:
2 |
/root/.swiftpm/swift-sdks/swift-wasm-6.1-RELEASE-wasm32-unknown-wasi.artifactbundle/6.1-RELEASE-wasm32-unknown-wasi/wasm32-unknown-wasi/WASI.sdk/include/wasm32-wasi/sys/mman.h:2:2: error: "WASI lacks a true mmap; to enable minimal mmap emulation, compile with -D_WASI_EMULATED_MMAN and link with -lwasi-emulated-mman"
  1 | #ifndef _WASI_EMULATED_MMAN
  2 | #error "WASI lacks a true mmap; to enable minimal mmap emulation, \
    |  `- error: "WASI lacks a true mmap; to enable minimal mmap emulation, compile with -D_WASI_EMULATED_MMAN and link with -lwasi-emulated-mman"
  3 | compile with -D_WASI_EMULATED_MMAN and link with -lwasi-emulated-mman"
  4 | #else
/host/spi-builder-workspace/.build/checkouts/swift-openapi-runtime/Sources/OpenAPIRuntime/Base/OpenAPIValue.swift:22:8: error: could not build C module 'CoreFoundation'
 20 |
 21 | #if canImport(CoreFoundation) && (FullFoundation || canImport(Darwin))
 22 | import CoreFoundation
    |        `- error: could not build C module 'CoreFoundation'
 23 | #endif
 24 |
<unknown>:0: warning: upcoming feature 'InferSendableFromCaptures' is already enabled as of Swift version 6
<unknown>:0: warning: upcoming feature 'GlobalActorIsolatedTypesUsability' is already enabled as of Swift version 6
<unknown>:0: warning: upcoming feature 'DisableOutwardActorInference' is already enabled as of Swift version 6
/root/.swiftpm/swift-sdks/swift-wasm-6.1-RELEASE-wasm32-unknown-wasi.artifactbundle/6.1-RELEASE-wasm32-unknown-wasi/wasm32-unknown-wasi/swift.xctoolchain/usr/lib/swift_static/CoreFoundation/CoreFoundation.h:28:10: note: while building module 'wasi_emulated_signal' imported from /root/.swiftpm/swift-sdks/swift-wasm-6.1-RELEASE-wasm32-unknown-wasi.artifactbundle/6.1-RELEASE-wasm32-unknown-wasi/wasm32-unknown-wasi/swift.xctoolchain/usr/lib/swift_static/CoreFoundation/CoreFoundation.h:28:
 26 | #include <setjmp.h>
 27 | #endif
 28 | #include <signal.h>
    |          `- note: while building module 'wasi_emulated_signal' imported from /root/.swiftpm/swift-sdks/swift-wasm-6.1-RELEASE-wasm32-unknown-wasi.artifactbundle/6.1-RELEASE-wasm32-unknown-wasi/wasm32-unknown-wasi/swift.xctoolchain/usr/lib/swift_static/CoreFoundation/CoreFoundation.h:28:
 29 | #include <stddef.h>
 30 | #include <stdio.h>
<module-includes>:1:10: note: in file included from <module-includes>:1:
1 | #include "signal.h"
  |          `- note: in file included from <module-includes>:1:
2 |
/root/.swiftpm/swift-sdks/swift-wasm-6.1-RELEASE-wasm32-unknown-wasi.artifactbundle/6.1-RELEASE-wasm32-unknown-wasi/wasm32-unknown-wasi/WASI.sdk/include/wasm32-wasi/signal.h:2:2: error: "wasm lacks signal support; to enable minimal signal emulation, compile with -D_WASI_EMULATED_SIGNAL and link with -lwasi-emulated-signal"
  1 | #ifndef _WASI_EMULATED_SIGNAL
  2 | #error "wasm lacks signal support; to enable minimal signal emulation, \
    |  `- error: "wasm lacks signal support; to enable minimal signal emulation, compile with -D_WASI_EMULATED_SIGNAL and link with -lwasi-emulated-signal"
  3 | compile with -D_WASI_EMULATED_SIGNAL and link with -lwasi-emulated-signal"
  4 | #else
<module-includes>:1:10: note: in file included from <module-includes>:1:
1 | #include "CoreFoundation.h"
  |          `- note: in file included from <module-includes>:1:
2 |
/root/.swiftpm/swift-sdks/swift-wasm-6.1-RELEASE-wasm32-unknown-wasi.artifactbundle/6.1-RELEASE-wasm32-unknown-wasi/wasm32-unknown-wasi/swift.xctoolchain/usr/lib/swift_static/CoreFoundation/CoreFoundation.h:28:10: error: could not build module 'wasi_emulated_signal'
 26 | #include <setjmp.h>
 27 | #endif
 28 | #include <signal.h>
    |          `- error: could not build module 'wasi_emulated_signal'
 29 | #include <stddef.h>
 30 | #include <stdio.h>
/root/.swiftpm/swift-sdks/swift-wasm-6.1-RELEASE-wasm32-unknown-wasi.artifactbundle/6.1-RELEASE-wasm32-unknown-wasi/wasm32-unknown-wasi/swift.xctoolchain/usr/lib/swift_static/CoreFoundation/ForSwiftFoundationOnly.h:86:10: note: while building module 'wasi_emulated_mman' imported from /root/.swiftpm/swift-sdks/swift-wasm-6.1-RELEASE-wasm32-unknown-wasi.artifactbundle/6.1-RELEASE-wasm32-unknown-wasi/wasm32-unknown-wasi/swift.xctoolchain/usr/lib/swift_static/CoreFoundation/ForSwiftFoundationOnly.h:86:
 84 | #undef _WASI_EMULATED_MMAN
 85 | #define _WASI_EMULATED_MMAN
 86 | #include <sys/mman.h>
    |          `- note: while building module 'wasi_emulated_mman' imported from /root/.swiftpm/swift-sdks/swift-wasm-6.1-RELEASE-wasm32-unknown-wasi.artifactbundle/6.1-RELEASE-wasm32-unknown-wasi/wasm32-unknown-wasi/swift.xctoolchain/usr/lib/swift_static/CoreFoundation/ForSwiftFoundationOnly.h:86:
 87 | #elif TARGET_OS_LINUX
 88 | #include <errno.h>
<module-includes>:1:10: note: in file included from <module-includes>:1:
1 | #include "sys/mman.h"
  |          `- note: in file included from <module-includes>:1:
2 |
/root/.swiftpm/swift-sdks/swift-wasm-6.1-RELEASE-wasm32-unknown-wasi.artifactbundle/6.1-RELEASE-wasm32-unknown-wasi/wasm32-unknown-wasi/WASI.sdk/include/wasm32-wasi/sys/mman.h:2:2: error: "WASI lacks a true mmap; to enable minimal mmap emulation, compile with -D_WASI_EMULATED_MMAN and link with -lwasi-emulated-mman"
  1 | #ifndef _WASI_EMULATED_MMAN
  2 | #error "WASI lacks a true mmap; to enable minimal mmap emulation, \
    |  `- error: "WASI lacks a true mmap; to enable minimal mmap emulation, compile with -D_WASI_EMULATED_MMAN and link with -lwasi-emulated-mman"
  3 | compile with -D_WASI_EMULATED_MMAN and link with -lwasi-emulated-mman"
  4 | #else
/host/spi-builder-workspace/.build/checkouts/swift-openapi-runtime/Sources/OpenAPIRuntime/Base/OpenAPIValue.swift:22:8: error: could not build C module 'CoreFoundation'
 20 |
 21 | #if canImport(CoreFoundation) && (FullFoundation || canImport(Darwin))
 22 | import CoreFoundation
    |        `- error: could not build C module 'CoreFoundation'
 23 | #endif
 24 |
<unknown>:0: warning: upcoming feature 'InferSendableFromCaptures' is already enabled as of Swift version 6
<unknown>:0: warning: upcoming feature 'GlobalActorIsolatedTypesUsability' is already enabled as of Swift version 6
<unknown>:0: warning: upcoming feature 'DisableOutwardActorInference' is already enabled as of Swift version 6
/root/.swiftpm/swift-sdks/swift-wasm-6.1-RELEASE-wasm32-unknown-wasi.artifactbundle/6.1-RELEASE-wasm32-unknown-wasi/wasm32-unknown-wasi/swift.xctoolchain/usr/lib/swift_static/CoreFoundation/CoreFoundation.h:28:10: note: while building module 'wasi_emulated_signal' imported from /root/.swiftpm/swift-sdks/swift-wasm-6.1-RELEASE-wasm32-unknown-wasi.artifactbundle/6.1-RELEASE-wasm32-unknown-wasi/wasm32-unknown-wasi/swift.xctoolchain/usr/lib/swift_static/CoreFoundation/CoreFoundation.h:28:
 26 | #include <setjmp.h>
 27 | #endif
 28 | #include <signal.h>
    |          `- note: while building module 'wasi_emulated_signal' imported from /root/.swiftpm/swift-sdks/swift-wasm-6.1-RELEASE-wasm32-unknown-wasi.artifactbundle/6.1-RELEASE-wasm32-unknown-wasi/wasm32-unknown-wasi/swift.xctoolchain/usr/lib/swift_static/CoreFoundation/CoreFoundation.h:28:
 29 | #include <stddef.h>
 30 | #include <stdio.h>
<module-includes>:1:10: note: in file included from <module-includes>:1:
1 | #include "signal.h"
  |          `- note: in file included from <module-includes>:1:
2 |
/root/.swiftpm/swift-sdks/swift-wasm-6.1-RELEASE-wasm32-unknown-wasi.artifactbundle/6.1-RELEASE-wasm32-unknown-wasi/wasm32-unknown-wasi/WASI.sdk/include/wasm32-wasi/signal.h:2:2: error: "wasm lacks signal support; to enable minimal signal emulation, compile with -D_WASI_EMULATED_SIGNAL and link with -lwasi-emulated-signal"
  1 | #ifndef _WASI_EMULATED_SIGNAL
  2 | #error "wasm lacks signal support; to enable minimal signal emulation, \
    |  `- error: "wasm lacks signal support; to enable minimal signal emulation, compile with -D_WASI_EMULATED_SIGNAL and link with -lwasi-emulated-signal"
  3 | compile with -D_WASI_EMULATED_SIGNAL and link with -lwasi-emulated-signal"
  4 | #else
<module-includes>:1:10: note: in file included from <module-includes>:1:
1 | #include "CoreFoundation.h"
  |          `- note: in file included from <module-includes>:1:
2 |
/root/.swiftpm/swift-sdks/swift-wasm-6.1-RELEASE-wasm32-unknown-wasi.artifactbundle/6.1-RELEASE-wasm32-unknown-wasi/wasm32-unknown-wasi/swift.xctoolchain/usr/lib/swift_static/CoreFoundation/CoreFoundation.h:28:10: error: could not build module 'wasi_emulated_signal'
 26 | #include <setjmp.h>
 27 | #endif
 28 | #include <signal.h>
    |          `- error: could not build module 'wasi_emulated_signal'
 29 | #include <stddef.h>
 30 | #include <stdio.h>
/root/.swiftpm/swift-sdks/swift-wasm-6.1-RELEASE-wasm32-unknown-wasi.artifactbundle/6.1-RELEASE-wasm32-unknown-wasi/wasm32-unknown-wasi/swift.xctoolchain/usr/lib/swift_static/CoreFoundation/ForSwiftFoundationOnly.h:86:10: note: while building module 'wasi_emulated_mman' imported from /root/.swiftpm/swift-sdks/swift-wasm-6.1-RELEASE-wasm32-unknown-wasi.artifactbundle/6.1-RELEASE-wasm32-unknown-wasi/wasm32-unknown-wasi/swift.xctoolchain/usr/lib/swift_static/CoreFoundation/ForSwiftFoundationOnly.h:86:
 84 | #undef _WASI_EMULATED_MMAN
 85 | #define _WASI_EMULATED_MMAN
 86 | #include <sys/mman.h>
    |          `- note: while building module 'wasi_emulated_mman' imported from /root/.swiftpm/swift-sdks/swift-wasm-6.1-RELEASE-wasm32-unknown-wasi.artifactbundle/6.1-RELEASE-wasm32-unknown-wasi/wasm32-unknown-wasi/swift.xctoolchain/usr/lib/swift_static/CoreFoundation/ForSwiftFoundationOnly.h:86:
 87 | #elif TARGET_OS_LINUX
 88 | #include <errno.h>
<module-includes>:1:10: note: in file included from <module-includes>:1:
1 | #include "sys/mman.h"
  |          `- note: in file included from <module-includes>:1:
2 |
/root/.swiftpm/swift-sdks/swift-wasm-6.1-RELEASE-wasm32-unknown-wasi.artifactbundle/6.1-RELEASE-wasm32-unknown-wasi/wasm32-unknown-wasi/WASI.sdk/include/wasm32-wasi/sys/mman.h:2:2: error: "WASI lacks a true mmap; to enable minimal mmap emulation, compile with -D_WASI_EMULATED_MMAN and link with -lwasi-emulated-mman"
  1 | #ifndef _WASI_EMULATED_MMAN
  2 | #error "WASI lacks a true mmap; to enable minimal mmap emulation, \
    |  `- error: "WASI lacks a true mmap; to enable minimal mmap emulation, compile with -D_WASI_EMULATED_MMAN and link with -lwasi-emulated-mman"
  3 | compile with -D_WASI_EMULATED_MMAN and link with -lwasi-emulated-mman"
  4 | #else
/host/spi-builder-workspace/.build/checkouts/swift-openapi-runtime/Sources/OpenAPIRuntime/Base/OpenAPIValue.swift:22:8: error: could not build C module 'CoreFoundation'
 20 |
 21 | #if canImport(CoreFoundation) && (FullFoundation || canImport(Darwin))
 22 | import CoreFoundation
    |        `- error: could not build C module 'CoreFoundation'
 23 | #endif
 24 |
<unknown>:0: warning: upcoming feature 'InferSendableFromCaptures' is already enabled as of Swift version 6
<unknown>:0: warning: upcoming feature 'GlobalActorIsolatedTypesUsability' is already enabled as of Swift version 6
<unknown>:0: warning: upcoming feature 'DisableOutwardActorInference' is already enabled as of Swift version 6
/root/.swiftpm/swift-sdks/swift-wasm-6.1-RELEASE-wasm32-unknown-wasi.artifactbundle/6.1-RELEASE-wasm32-unknown-wasi/wasm32-unknown-wasi/swift.xctoolchain/usr/lib/swift_static/CoreFoundation/CoreFoundation.h:28:10: note: while building module 'wasi_emulated_signal' imported from /root/.swiftpm/swift-sdks/swift-wasm-6.1-RELEASE-wasm32-unknown-wasi.artifactbundle/6.1-RELEASE-wasm32-unknown-wasi/wasm32-unknown-wasi/swift.xctoolchain/usr/lib/swift_static/CoreFoundation/CoreFoundation.h:28:
 26 | #include <setjmp.h>
 27 | #endif
 28 | #include <signal.h>
    |          `- note: while building module 'wasi_emulated_signal' imported from /root/.swiftpm/swift-sdks/swift-wasm-6.1-RELEASE-wasm32-unknown-wasi.artifactbundle/6.1-RELEASE-wasm32-unknown-wasi/wasm32-unknown-wasi/swift.xctoolchain/usr/lib/swift_static/CoreFoundation/CoreFoundation.h:28:
 29 | #include <stddef.h>
 30 | #include <stdio.h>
<module-includes>:1:10: note: in file included from <module-includes>:1:
1 | #include "signal.h"
  |          `- note: in file included from <module-includes>:1:
2 |
/root/.swiftpm/swift-sdks/swift-wasm-6.1-RELEASE-wasm32-unknown-wasi.artifactbundle/6.1-RELEASE-wasm32-unknown-wasi/wasm32-unknown-wasi/WASI.sdk/include/wasm32-wasi/signal.h:2:2: error: "wasm lacks signal support; to enable minimal signal emulation, compile with -D_WASI_EMULATED_SIGNAL and link with -lwasi-emulated-signal"
  1 | #ifndef _WASI_EMULATED_SIGNAL
  2 | #error "wasm lacks signal support; to enable minimal signal emulation, \
    |  `- error: "wasm lacks signal support; to enable minimal signal emulation, compile with -D_WASI_EMULATED_SIGNAL and link with -lwasi-emulated-signal"
  3 | compile with -D_WASI_EMULATED_SIGNAL and link with -lwasi-emulated-signal"
  4 | #else
<module-includes>:1:10: note: in file included from <module-includes>:1:
1 | #include "CoreFoundation.h"
  |          `- note: in file included from <module-includes>:1:
2 |
/root/.swiftpm/swift-sdks/swift-wasm-6.1-RELEASE-wasm32-unknown-wasi.artifactbundle/6.1-RELEASE-wasm32-unknown-wasi/wasm32-unknown-wasi/swift.xctoolchain/usr/lib/swift_static/CoreFoundation/CoreFoundation.h:28:10: error: could not build module 'wasi_emulated_signal'
 26 | #include <setjmp.h>
 27 | #endif
 28 | #include <signal.h>
    |          `- error: could not build module 'wasi_emulated_signal'
 29 | #include <stddef.h>
 30 | #include <stdio.h>
/root/.swiftpm/swift-sdks/swift-wasm-6.1-RELEASE-wasm32-unknown-wasi.artifactbundle/6.1-RELEASE-wasm32-unknown-wasi/wasm32-unknown-wasi/swift.xctoolchain/usr/lib/swift_static/CoreFoundation/ForSwiftFoundationOnly.h:86:10: note: while building module 'wasi_emulated_mman' imported from /root/.swiftpm/swift-sdks/swift-wasm-6.1-RELEASE-wasm32-unknown-wasi.artifactbundle/6.1-RELEASE-wasm32-unknown-wasi/wasm32-unknown-wasi/swift.xctoolchain/usr/lib/swift_static/CoreFoundation/ForSwiftFoundationOnly.h:86:
 84 | #undef _WASI_EMULATED_MMAN
 85 | #define _WASI_EMULATED_MMAN
 86 | #include <sys/mman.h>
    |          `- note: while building module 'wasi_emulated_mman' imported from /root/.swiftpm/swift-sdks/swift-wasm-6.1-RELEASE-wasm32-unknown-wasi.artifactbundle/6.1-RELEASE-wasm32-unknown-wasi/wasm32-unknown-wasi/swift.xctoolchain/usr/lib/swift_static/CoreFoundation/ForSwiftFoundationOnly.h:86:
 87 | #elif TARGET_OS_LINUX
 88 | #include <errno.h>
<module-includes>:1:10: note: in file included from <module-includes>:1:
1 | #include "sys/mman.h"
  |          `- note: in file included from <module-includes>:1:
2 |
/root/.swiftpm/swift-sdks/swift-wasm-6.1-RELEASE-wasm32-unknown-wasi.artifactbundle/6.1-RELEASE-wasm32-unknown-wasi/wasm32-unknown-wasi/WASI.sdk/include/wasm32-wasi/sys/mman.h:2:2: error: "WASI lacks a true mmap; to enable minimal mmap emulation, compile with -D_WASI_EMULATED_MMAN and link with -lwasi-emulated-mman"
  1 | #ifndef _WASI_EMULATED_MMAN
  2 | #error "WASI lacks a true mmap; to enable minimal mmap emulation, \
    |  `- error: "WASI lacks a true mmap; to enable minimal mmap emulation, compile with -D_WASI_EMULATED_MMAN and link with -lwasi-emulated-mman"
  3 | compile with -D_WASI_EMULATED_MMAN and link with -lwasi-emulated-mman"
  4 | #else
/host/spi-builder-workspace/.build/checkouts/swift-openapi-runtime/Sources/OpenAPIRuntime/Base/OpenAPIValue.swift:22:8: error: could not build C module 'CoreFoundation'
 20 |
 21 | #if canImport(CoreFoundation) && (FullFoundation || canImport(Darwin))
 22 | import CoreFoundation
    |        `- error: could not build C module 'CoreFoundation'
 23 | #endif
 24 |
<unknown>:0: warning: upcoming feature 'InferSendableFromCaptures' is already enabled as of Swift version 6
<unknown>:0: warning: upcoming feature 'GlobalActorIsolatedTypesUsability' is already enabled as of Swift version 6
<unknown>:0: warning: upcoming feature 'DisableOutwardActorInference' is already enabled as of Swift version 6
/root/.swiftpm/swift-sdks/swift-wasm-6.1-RELEASE-wasm32-unknown-wasi.artifactbundle/6.1-RELEASE-wasm32-unknown-wasi/wasm32-unknown-wasi/swift.xctoolchain/usr/lib/swift_static/CoreFoundation/CoreFoundation.h:28:10: note: while building module 'wasi_emulated_signal' imported from /root/.swiftpm/swift-sdks/swift-wasm-6.1-RELEASE-wasm32-unknown-wasi.artifactbundle/6.1-RELEASE-wasm32-unknown-wasi/wasm32-unknown-wasi/swift.xctoolchain/usr/lib/swift_static/CoreFoundation/CoreFoundation.h:28:
 26 | #include <setjmp.h>
 27 | #endif
 28 | #include <signal.h>
    |          `- note: while building module 'wasi_emulated_signal' imported from /root/.swiftpm/swift-sdks/swift-wasm-6.1-RELEASE-wasm32-unknown-wasi.artifactbundle/6.1-RELEASE-wasm32-unknown-wasi/wasm32-unknown-wasi/swift.xctoolchain/usr/lib/swift_static/CoreFoundation/CoreFoundation.h:28:
 29 | #include <stddef.h>
 30 | #include <stdio.h>
<module-includes>:1:10: note: in file included from <module-includes>:1:
1 | #include "signal.h"
  |          `- note: in file included from <module-includes>:1:
2 |
/root/.swiftpm/swift-sdks/swift-wasm-6.1-RELEASE-wasm32-unknown-wasi.artifactbundle/6.1-RELEASE-wasm32-unknown-wasi/wasm32-unknown-wasi/WASI.sdk/include/wasm32-wasi/signal.h:2:2: error: "wasm lacks signal support; to enable minimal signal emulation, compile with -D_WASI_EMULATED_SIGNAL and link with -lwasi-emulated-signal"
  1 | #ifndef _WASI_EMULATED_SIGNAL
  2 | #error "wasm lacks signal support; to enable minimal signal emulation, \
    |  `- error: "wasm lacks signal support; to enable minimal signal emulation, compile with -D_WASI_EMULATED_SIGNAL and link with -lwasi-emulated-signal"
  3 | compile with -D_WASI_EMULATED_SIGNAL and link with -lwasi-emulated-signal"
  4 | #else
<module-includes>:1:10: note: in file included from <module-includes>:1:
1 | #include "CoreFoundation.h"
  |          `- note: in file included from <module-includes>:1:
2 |
/root/.swiftpm/swift-sdks/swift-wasm-6.1-RELEASE-wasm32-unknown-wasi.artifactbundle/6.1-RELEASE-wasm32-unknown-wasi/wasm32-unknown-wasi/swift.xctoolchain/usr/lib/swift_static/CoreFoundation/CoreFoundation.h:28:10: error: could not build module 'wasi_emulated_signal'
 26 | #include <setjmp.h>
 27 | #endif
 28 | #include <signal.h>
    |          `- error: could not build module 'wasi_emulated_signal'
 29 | #include <stddef.h>
 30 | #include <stdio.h>
/root/.swiftpm/swift-sdks/swift-wasm-6.1-RELEASE-wasm32-unknown-wasi.artifactbundle/6.1-RELEASE-wasm32-unknown-wasi/wasm32-unknown-wasi/swift.xctoolchain/usr/lib/swift_static/CoreFoundation/ForSwiftFoundationOnly.h:86:10: note: while building module 'wasi_emulated_mman' imported from /root/.swiftpm/swift-sdks/swift-wasm-6.1-RELEASE-wasm32-unknown-wasi.artifactbundle/6.1-RELEASE-wasm32-unknown-wasi/wasm32-unknown-wasi/swift.xctoolchain/usr/lib/swift_static/CoreFoundation/ForSwiftFoundationOnly.h:86:
 84 | #undef _WASI_EMULATED_MMAN
 85 | #define _WASI_EMULATED_MMAN
 86 | #include <sys/mman.h>
    |          `- note: while building module 'wasi_emulated_mman' imported from /root/.swiftpm/swift-sdks/swift-wasm-6.1-RELEASE-wasm32-unknown-wasi.artifactbundle/6.1-RELEASE-wasm32-unknown-wasi/wasm32-unknown-wasi/swift.xctoolchain/usr/lib/swift_static/CoreFoundation/ForSwiftFoundationOnly.h:86:
 87 | #elif TARGET_OS_LINUX
 88 | #include <errno.h>
<module-includes>:1:10: note: in file included from <module-includes>:1:
1 | #include "sys/mman.h"
  |          `- note: in file included from <module-includes>:1:
2 |
/root/.swiftpm/swift-sdks/swift-wasm-6.1-RELEASE-wasm32-unknown-wasi.artifactbundle/6.1-RELEASE-wasm32-unknown-wasi/wasm32-unknown-wasi/WASI.sdk/include/wasm32-wasi/sys/mman.h:2:2: error: "WASI lacks a true mmap; to enable minimal mmap emulation, compile with -D_WASI_EMULATED_MMAN and link with -lwasi-emulated-mman"
  1 | #ifndef _WASI_EMULATED_MMAN
  2 | #error "WASI lacks a true mmap; to enable minimal mmap emulation, \
    |  `- error: "WASI lacks a true mmap; to enable minimal mmap emulation, compile with -D_WASI_EMULATED_MMAN and link with -lwasi-emulated-mman"
  3 | compile with -D_WASI_EMULATED_MMAN and link with -lwasi-emulated-mman"
  4 | #else
/host/spi-builder-workspace/.build/checkouts/swift-openapi-runtime/Sources/OpenAPIRuntime/Base/OpenAPIValue.swift:22:8: error: could not build C module 'CoreFoundation'
 20 |
 21 | #if canImport(CoreFoundation) && (FullFoundation || canImport(Darwin))
 22 | import CoreFoundation
    |        `- error: could not build C module 'CoreFoundation'
 23 | #endif
 24 |
<unknown>:0: warning: upcoming feature 'InferSendableFromCaptures' is already enabled as of Swift version 6
<unknown>:0: warning: upcoming feature 'GlobalActorIsolatedTypesUsability' is already enabled as of Swift version 6
<unknown>:0: warning: upcoming feature 'DisableOutwardActorInference' is already enabled as of Swift version 6
/root/.swiftpm/swift-sdks/swift-wasm-6.1-RELEASE-wasm32-unknown-wasi.artifactbundle/6.1-RELEASE-wasm32-unknown-wasi/wasm32-unknown-wasi/swift.xctoolchain/usr/lib/swift_static/CoreFoundation/CoreFoundation.h:28:10: note: while building module 'wasi_emulated_signal' imported from /root/.swiftpm/swift-sdks/swift-wasm-6.1-RELEASE-wasm32-unknown-wasi.artifactbundle/6.1-RELEASE-wasm32-unknown-wasi/wasm32-unknown-wasi/swift.xctoolchain/usr/lib/swift_static/CoreFoundation/CoreFoundation.h:28:
 26 | #include <setjmp.h>
 27 | #endif
 28 | #include <signal.h>
    |          `- note: while building module 'wasi_emulated_signal' imported from /root/.swiftpm/swift-sdks/swift-wasm-6.1-RELEASE-wasm32-unknown-wasi.artifactbundle/6.1-RELEASE-wasm32-unknown-wasi/wasm32-unknown-wasi/swift.xctoolchain/usr/lib/swift_static/CoreFoundation/CoreFoundation.h:28:
 29 | #include <stddef.h>
 30 | #include <stdio.h>
<module-includes>:1:10: note: in file included from <module-includes>:1:
1 | #include "signal.h"
  |          `- note: in file included from <module-includes>:1:
2 |
/root/.swiftpm/swift-sdks/swift-wasm-6.1-RELEASE-wasm32-unknown-wasi.artifactbundle/6.1-RELEASE-wasm32-unknown-wasi/wasm32-unknown-wasi/WASI.sdk/include/wasm32-wasi/signal.h:2:2: error: "wasm lacks signal support; to enable minimal signal emulation, compile with -D_WASI_EMULATED_SIGNAL and link with -lwasi-emulated-signal"
  1 | #ifndef _WASI_EMULATED_SIGNAL
  2 | #error "wasm lacks signal support; to enable minimal signal emulation, \
    |  `- error: "wasm lacks signal support; to enable minimal signal emulation, compile with -D_WASI_EMULATED_SIGNAL and link with -lwasi-emulated-signal"
  3 | compile with -D_WASI_EMULATED_SIGNAL and link with -lwasi-emulated-signal"
  4 | #else
<module-includes>:1:10: note: in file included from <module-includes>:1:
1 | #include "CoreFoundation.h"
  |          `- note: in file included from <module-includes>:1:
2 |
/root/.swiftpm/swift-sdks/swift-wasm-6.1-RELEASE-wasm32-unknown-wasi.artifactbundle/6.1-RELEASE-wasm32-unknown-wasi/wasm32-unknown-wasi/swift.xctoolchain/usr/lib/swift_static/CoreFoundation/CoreFoundation.h:28:10: error: could not build module 'wasi_emulated_signal'
 26 | #include <setjmp.h>
 27 | #endif
 28 | #include <signal.h>
    |          `- error: could not build module 'wasi_emulated_signal'
 29 | #include <stddef.h>
 30 | #include <stdio.h>
/root/.swiftpm/swift-sdks/swift-wasm-6.1-RELEASE-wasm32-unknown-wasi.artifactbundle/6.1-RELEASE-wasm32-unknown-wasi/wasm32-unknown-wasi/swift.xctoolchain/usr/lib/swift_static/CoreFoundation/ForSwiftFoundationOnly.h:86:10: note: while building module 'wasi_emulated_mman' imported from /root/.swiftpm/swift-sdks/swift-wasm-6.1-RELEASE-wasm32-unknown-wasi.artifactbundle/6.1-RELEASE-wasm32-unknown-wasi/wasm32-unknown-wasi/swift.xctoolchain/usr/lib/swift_static/CoreFoundation/ForSwiftFoundationOnly.h:86:
 84 | #undef _WASI_EMULATED_MMAN
 85 | #define _WASI_EMULATED_MMAN
 86 | #include <sys/mman.h>
    |          `- note: while building module 'wasi_emulated_mman' imported from /root/.swiftpm/swift-sdks/swift-wasm-6.1-RELEASE-wasm32-unknown-wasi.artifactbundle/6.1-RELEASE-wasm32-unknown-wasi/wasm32-unknown-wasi/swift.xctoolchain/usr/lib/swift_static/CoreFoundation/ForSwiftFoundationOnly.h:86:
 87 | #elif TARGET_OS_LINUX
 88 | #include <errno.h>
<module-includes>:1:10: note: in file included from <module-includes>:1:
1 | #include "sys/mman.h"
  |          `- note: in file included from <module-includes>:1:
2 |
/root/.swiftpm/swift-sdks/swift-wasm-6.1-RELEASE-wasm32-unknown-wasi.artifactbundle/6.1-RELEASE-wasm32-unknown-wasi/wasm32-unknown-wasi/WASI.sdk/include/wasm32-wasi/sys/mman.h:2:2: error: "WASI lacks a true mmap; to enable minimal mmap emulation, compile with -D_WASI_EMULATED_MMAN and link with -lwasi-emulated-mman"
  1 | #ifndef _WASI_EMULATED_MMAN
  2 | #error "WASI lacks a true mmap; to enable minimal mmap emulation, \
    |  `- error: "WASI lacks a true mmap; to enable minimal mmap emulation, compile with -D_WASI_EMULATED_MMAN and link with -lwasi-emulated-mman"
  3 | compile with -D_WASI_EMULATED_MMAN and link with -lwasi-emulated-mman"
  4 | #else
/host/spi-builder-workspace/.build/checkouts/swift-openapi-runtime/Sources/OpenAPIRuntime/Base/OpenAPIValue.swift:22:8: error: could not build C module 'CoreFoundation'
 20 |
 21 | #if canImport(CoreFoundation) && (FullFoundation || canImport(Darwin))
 22 | import CoreFoundation
    |        `- error: could not build C module 'CoreFoundation'
 23 | #endif
 24 |
<unknown>:0: warning: upcoming feature 'InferSendableFromCaptures' is already enabled as of Swift version 6
<unknown>:0: warning: upcoming feature 'GlobalActorIsolatedTypesUsability' is already enabled as of Swift version 6
<unknown>:0: warning: upcoming feature 'DisableOutwardActorInference' is already enabled as of Swift version 6
/root/.swiftpm/swift-sdks/swift-wasm-6.1-RELEASE-wasm32-unknown-wasi.artifactbundle/6.1-RELEASE-wasm32-unknown-wasi/wasm32-unknown-wasi/swift.xctoolchain/usr/lib/swift_static/CoreFoundation/CoreFoundation.h:28:10: note: while building module 'wasi_emulated_signal' imported from /root/.swiftpm/swift-sdks/swift-wasm-6.1-RELEASE-wasm32-unknown-wasi.artifactbundle/6.1-RELEASE-wasm32-unknown-wasi/wasm32-unknown-wasi/swift.xctoolchain/usr/lib/swift_static/CoreFoundation/CoreFoundation.h:28:
 26 | #include <setjmp.h>
 27 | #endif
 28 | #include <signal.h>
    |          `- note: while building module 'wasi_emulated_signal' imported from /root/.swiftpm/swift-sdks/swift-wasm-6.1-RELEASE-wasm32-unknown-wasi.artifactbundle/6.1-RELEASE-wasm32-unknown-wasi/wasm32-unknown-wasi/swift.xctoolchain/usr/lib/swift_static/CoreFoundation/CoreFoundation.h:28:
 29 | #include <stddef.h>
 30 | #include <stdio.h>
<module-includes>:1:10: note: in file included from <module-includes>:1:
1 | #include "signal.h"
  |          `- note: in file included from <module-includes>:1:
2 |
/root/.swiftpm/swift-sdks/swift-wasm-6.1-RELEASE-wasm32-unknown-wasi.artifactbundle/6.1-RELEASE-wasm32-unknown-wasi/wasm32-unknown-wasi/WASI.sdk/include/wasm32-wasi/signal.h:2:2: error: "wasm lacks signal support; to enable minimal signal emulation, compile with -D_WASI_EMULATED_SIGNAL and link with -lwasi-emulated-signal"
  1 | #ifndef _WASI_EMULATED_SIGNAL
  2 | #error "wasm lacks signal support; to enable minimal signal emulation, \
    |  `- error: "wasm lacks signal support; to enable minimal signal emulation, compile with -D_WASI_EMULATED_SIGNAL and link with -lwasi-emulated-signal"
  3 | compile with -D_WASI_EMULATED_SIGNAL and link with -lwasi-emulated-signal"
  4 | #else
<module-includes>:1:10: note: in file included from <module-includes>:1:
1 | #include "CoreFoundation.h"
  |          `- note: in file included from <module-includes>:1:
2 |
/root/.swiftpm/swift-sdks/swift-wasm-6.1-RELEASE-wasm32-unknown-wasi.artifactbundle/6.1-RELEASE-wasm32-unknown-wasi/wasm32-unknown-wasi/swift.xctoolchain/usr/lib/swift_static/CoreFoundation/CoreFoundation.h:28:10: error: could not build module 'wasi_emulated_signal'
 26 | #include <setjmp.h>
 27 | #endif
 28 | #include <signal.h>
    |          `- error: could not build module 'wasi_emulated_signal'
 29 | #include <stddef.h>
 30 | #include <stdio.h>
/root/.swiftpm/swift-sdks/swift-wasm-6.1-RELEASE-wasm32-unknown-wasi.artifactbundle/6.1-RELEASE-wasm32-unknown-wasi/wasm32-unknown-wasi/swift.xctoolchain/usr/lib/swift_static/CoreFoundation/ForSwiftFoundationOnly.h:86:10: note: while building module 'wasi_emulated_mman' imported from /root/.swiftpm/swift-sdks/swift-wasm-6.1-RELEASE-wasm32-unknown-wasi.artifactbundle/6.1-RELEASE-wasm32-unknown-wasi/wasm32-unknown-wasi/swift.xctoolchain/usr/lib/swift_static/CoreFoundation/ForSwiftFoundationOnly.h:86:
 84 | #undef _WASI_EMULATED_MMAN
 85 | #define _WASI_EMULATED_MMAN
 86 | #include <sys/mman.h>
    |          `- note: while building module 'wasi_emulated_mman' imported from /root/.swiftpm/swift-sdks/swift-wasm-6.1-RELEASE-wasm32-unknown-wasi.artifactbundle/6.1-RELEASE-wasm32-unknown-wasi/wasm32-unknown-wasi/swift.xctoolchain/usr/lib/swift_static/CoreFoundation/ForSwiftFoundationOnly.h:86:
 87 | #elif TARGET_OS_LINUX
 88 | #include <errno.h>
<module-includes>:1:10: note: in file included from <module-includes>:1:
1 | #include "sys/mman.h"
  |          `- note: in file included from <module-includes>:1:
2 |
/root/.swiftpm/swift-sdks/swift-wasm-6.1-RELEASE-wasm32-unknown-wasi.artifactbundle/6.1-RELEASE-wasm32-unknown-wasi/wasm32-unknown-wasi/WASI.sdk/include/wasm32-wasi/sys/mman.h:2:2: error: "WASI lacks a true mmap; to enable minimal mmap emulation, compile with -D_WASI_EMULATED_MMAN and link with -lwasi-emulated-mman"
  1 | #ifndef _WASI_EMULATED_MMAN
  2 | #error "WASI lacks a true mmap; to enable minimal mmap emulation, \
    |  `- error: "WASI lacks a true mmap; to enable minimal mmap emulation, compile with -D_WASI_EMULATED_MMAN and link with -lwasi-emulated-mman"
  3 | compile with -D_WASI_EMULATED_MMAN and link with -lwasi-emulated-mman"
  4 | #else
/host/spi-builder-workspace/.build/checkouts/swift-openapi-runtime/Sources/OpenAPIRuntime/Base/OpenAPIValue.swift:22:8: error: could not build C module 'CoreFoundation'
 20 |
 21 | #if canImport(CoreFoundation) && (FullFoundation || canImport(Darwin))
 22 | import CoreFoundation
    |        `- error: could not build C module 'CoreFoundation'
 23 | #endif
 24 |
<unknown>:0: warning: upcoming feature 'InferSendableFromCaptures' is already enabled as of Swift version 6
<unknown>:0: warning: upcoming feature 'GlobalActorIsolatedTypesUsability' is already enabled as of Swift version 6
<unknown>:0: warning: upcoming feature 'DisableOutwardActorInference' is already enabled as of Swift version 6
/root/.swiftpm/swift-sdks/swift-wasm-6.1-RELEASE-wasm32-unknown-wasi.artifactbundle/6.1-RELEASE-wasm32-unknown-wasi/wasm32-unknown-wasi/swift.xctoolchain/usr/lib/swift_static/CoreFoundation/CoreFoundation.h:28:10: note: while building module 'wasi_emulated_signal' imported from /root/.swiftpm/swift-sdks/swift-wasm-6.1-RELEASE-wasm32-unknown-wasi.artifactbundle/6.1-RELEASE-wasm32-unknown-wasi/wasm32-unknown-wasi/swift.xctoolchain/usr/lib/swift_static/CoreFoundation/CoreFoundation.h:28:
 26 | #include <setjmp.h>
 27 | #endif
 28 | #include <signal.h>
    |          `- note: while building module 'wasi_emulated_signal' imported from /root/.swiftpm/swift-sdks/swift-wasm-6.1-RELEASE-wasm32-unknown-wasi.artifactbundle/6.1-RELEASE-wasm32-unknown-wasi/wasm32-unknown-wasi/swift.xctoolchain/usr/lib/swift_static/CoreFoundation/CoreFoundation.h:28:
 29 | #include <stddef.h>
 30 | #include <stdio.h>
<module-includes>:1:10: note: in file included from <module-includes>:1:
1 | #include "signal.h"
  |          `- note: in file included from <module-includes>:1:
2 |
/root/.swiftpm/swift-sdks/swift-wasm-6.1-RELEASE-wasm32-unknown-wasi.artifactbundle/6.1-RELEASE-wasm32-unknown-wasi/wasm32-unknown-wasi/WASI.sdk/include/wasm32-wasi/signal.h:2:2: error: "wasm lacks signal support; to enable minimal signal emulation, compile with -D_WASI_EMULATED_SIGNAL and link with -lwasi-emulated-signal"
  1 | #ifndef _WASI_EMULATED_SIGNAL
  2 | #error "wasm lacks signal support; to enable minimal signal emulation, \
    |  `- error: "wasm lacks signal support; to enable minimal signal emulation, compile with -D_WASI_EMULATED_SIGNAL and link with -lwasi-emulated-signal"
  3 | compile with -D_WASI_EMULATED_SIGNAL and link with -lwasi-emulated-signal"
  4 | #else
<module-includes>:1:10: note: in file included from <module-includes>:1:
1 | #include "CoreFoundation.h"
  |          `- note: in file included from <module-includes>:1:
2 |
/root/.swiftpm/swift-sdks/swift-wasm-6.1-RELEASE-wasm32-unknown-wasi.artifactbundle/6.1-RELEASE-wasm32-unknown-wasi/wasm32-unknown-wasi/swift.xctoolchain/usr/lib/swift_static/CoreFoundation/CoreFoundation.h:28:10: error: could not build module 'wasi_emulated_signal'
 26 | #include <setjmp.h>
 27 | #endif
 28 | #include <signal.h>
    |          `- error: could not build module 'wasi_emulated_signal'
 29 | #include <stddef.h>
 30 | #include <stdio.h>
/root/.swiftpm/swift-sdks/swift-wasm-6.1-RELEASE-wasm32-unknown-wasi.artifactbundle/6.1-RELEASE-wasm32-unknown-wasi/wasm32-unknown-wasi/swift.xctoolchain/usr/lib/swift_static/CoreFoundation/ForSwiftFoundationOnly.h:86:10: note: while building module 'wasi_emulated_mman' imported from /root/.swiftpm/swift-sdks/swift-wasm-6.1-RELEASE-wasm32-unknown-wasi.artifactbundle/6.1-RELEASE-wasm32-unknown-wasi/wasm32-unknown-wasi/swift.xctoolchain/usr/lib/swift_static/CoreFoundation/ForSwiftFoundationOnly.h:86:
 84 | #undef _WASI_EMULATED_MMAN
 85 | #define _WASI_EMULATED_MMAN
 86 | #include <sys/mman.h>
    |          `- note: while building module 'wasi_emulated_mman' imported from /root/.swiftpm/swift-sdks/swift-wasm-6.1-RELEASE-wasm32-unknown-wasi.artifactbundle/6.1-RELEASE-wasm32-unknown-wasi/wasm32-unknown-wasi/swift.xctoolchain/usr/lib/swift_static/CoreFoundation/ForSwiftFoundationOnly.h:86:
 87 | #elif TARGET_OS_LINUX
 88 | #include <errno.h>
<module-includes>:1:10: note: in file included from <module-includes>:1:
1 | #include "sys/mman.h"
  |          `- note: in file included from <module-includes>:1:
2 |
/root/.swiftpm/swift-sdks/swift-wasm-6.1-RELEASE-wasm32-unknown-wasi.artifactbundle/6.1-RELEASE-wasm32-unknown-wasi/wasm32-unknown-wasi/WASI.sdk/include/wasm32-wasi/sys/mman.h:2:2: error: "WASI lacks a true mmap; to enable minimal mmap emulation, compile with -D_WASI_EMULATED_MMAN and link with -lwasi-emulated-mman"
  1 | #ifndef _WASI_EMULATED_MMAN
  2 | #error "WASI lacks a true mmap; to enable minimal mmap emulation, \
    |  `- error: "WASI lacks a true mmap; to enable minimal mmap emulation, compile with -D_WASI_EMULATED_MMAN and link with -lwasi-emulated-mman"
  3 | compile with -D_WASI_EMULATED_MMAN and link with -lwasi-emulated-mman"
  4 | #else
/host/spi-builder-workspace/.build/checkouts/swift-openapi-runtime/Sources/OpenAPIRuntime/Base/OpenAPIValue.swift:22:8: error: could not build C module 'CoreFoundation'
 20 |
 21 | #if canImport(CoreFoundation) && (FullFoundation || canImport(Darwin))
 22 | import CoreFoundation
    |        `- error: could not build C module 'CoreFoundation'
 23 | #endif
 24 |
<unknown>:0: warning: upcoming feature 'InferSendableFromCaptures' is already enabled as of Swift version 6
<unknown>:0: warning: upcoming feature 'GlobalActorIsolatedTypesUsability' is already enabled as of Swift version 6
<unknown>:0: warning: upcoming feature 'DisableOutwardActorInference' is already enabled as of Swift version 6
/root/.swiftpm/swift-sdks/swift-wasm-6.1-RELEASE-wasm32-unknown-wasi.artifactbundle/6.1-RELEASE-wasm32-unknown-wasi/wasm32-unknown-wasi/swift.xctoolchain/usr/lib/swift_static/CoreFoundation/CoreFoundation.h:28:10: note: while building module 'wasi_emulated_signal' imported from /root/.swiftpm/swift-sdks/swift-wasm-6.1-RELEASE-wasm32-unknown-wasi.artifactbundle/6.1-RELEASE-wasm32-unknown-wasi/wasm32-unknown-wasi/swift.xctoolchain/usr/lib/swift_static/CoreFoundation/CoreFoundation.h:28:
 26 | #include <setjmp.h>
 27 | #endif
 28 | #include <signal.h>
    |          `- note: while building module 'wasi_emulated_signal' imported from /root/.swiftpm/swift-sdks/swift-wasm-6.1-RELEASE-wasm32-unknown-wasi.artifactbundle/6.1-RELEASE-wasm32-unknown-wasi/wasm32-unknown-wasi/swift.xctoolchain/usr/lib/swift_static/CoreFoundation/CoreFoundation.h:28:
 29 | #include <stddef.h>
 30 | #include <stdio.h>
<module-includes>:1:10: note: in file included from <module-includes>:1:
1 | #include "signal.h"
  |          `- note: in file included from <module-includes>:1:
2 |
/root/.swiftpm/swift-sdks/swift-wasm-6.1-RELEASE-wasm32-unknown-wasi.artifactbundle/6.1-RELEASE-wasm32-unknown-wasi/wasm32-unknown-wasi/WASI.sdk/include/wasm32-wasi/signal.h:2:2: error: "wasm lacks signal support; to enable minimal signal emulation, compile with -D_WASI_EMULATED_SIGNAL and link with -lwasi-emulated-signal"
  1 | #ifndef _WASI_EMULATED_SIGNAL
  2 | #error "wasm lacks signal support; to enable minimal signal emulation, \
    |  `- error: "wasm lacks signal support; to enable minimal signal emulation, compile with -D_WASI_EMULATED_SIGNAL and link with -lwasi-emulated-signal"
  3 | compile with -D_WASI_EMULATED_SIGNAL and link with -lwasi-emulated-signal"
  4 | #else
<module-includes>:1:10: note: in file included from <module-includes>:1:
1 | #include "CoreFoundation.h"
  |          `- note: in file included from <module-includes>:1:
2 |
/root/.swiftpm/swift-sdks/swift-wasm-6.1-RELEASE-wasm32-unknown-wasi.artifactbundle/6.1-RELEASE-wasm32-unknown-wasi/wasm32-unknown-wasi/swift.xctoolchain/usr/lib/swift_static/CoreFoundation/CoreFoundation.h:28:10: error: could not build module 'wasi_emulated_signal'
 26 | #include <setjmp.h>
 27 | #endif
 28 | #include <signal.h>
    |          `- error: could not build module 'wasi_emulated_signal'
 29 | #include <stddef.h>
 30 | #include <stdio.h>
/root/.swiftpm/swift-sdks/swift-wasm-6.1-RELEASE-wasm32-unknown-wasi.artifactbundle/6.1-RELEASE-wasm32-unknown-wasi/wasm32-unknown-wasi/swift.xctoolchain/usr/lib/swift_static/CoreFoundation/ForSwiftFoundationOnly.h:86:10: note: while building module 'wasi_emulated_mman' imported from /root/.swiftpm/swift-sdks/swift-wasm-6.1-RELEASE-wasm32-unknown-wasi.artifactbundle/6.1-RELEASE-wasm32-unknown-wasi/wasm32-unknown-wasi/swift.xctoolchain/usr/lib/swift_static/CoreFoundation/ForSwiftFoundationOnly.h:86:
 84 | #undef _WASI_EMULATED_MMAN
 85 | #define _WASI_EMULATED_MMAN
 86 | #include <sys/mman.h>
    |          `- note: while building module 'wasi_emulated_mman' imported from /root/.swiftpm/swift-sdks/swift-wasm-6.1-RELEASE-wasm32-unknown-wasi.artifactbundle/6.1-RELEASE-wasm32-unknown-wasi/wasm32-unknown-wasi/swift.xctoolchain/usr/lib/swift_static/CoreFoundation/ForSwiftFoundationOnly.h:86:
 87 | #elif TARGET_OS_LINUX
 88 | #include <errno.h>
<module-includes>:1:10: note: in file included from <module-includes>:1:
1 | #include "sys/mman.h"
  |          `- note: in file included from <module-includes>:1:
2 |
/root/.swiftpm/swift-sdks/swift-wasm-6.1-RELEASE-wasm32-unknown-wasi.artifactbundle/6.1-RELEASE-wasm32-unknown-wasi/wasm32-unknown-wasi/WASI.sdk/include/wasm32-wasi/sys/mman.h:2:2: error: "WASI lacks a true mmap; to enable minimal mmap emulation, compile with -D_WASI_EMULATED_MMAN and link with -lwasi-emulated-mman"
  1 | #ifndef _WASI_EMULATED_MMAN
  2 | #error "WASI lacks a true mmap; to enable minimal mmap emulation, \
    |  `- error: "WASI lacks a true mmap; to enable minimal mmap emulation, compile with -D_WASI_EMULATED_MMAN and link with -lwasi-emulated-mman"
  3 | compile with -D_WASI_EMULATED_MMAN and link with -lwasi-emulated-mman"
  4 | #else
/host/spi-builder-workspace/.build/checkouts/swift-openapi-runtime/Sources/OpenAPIRuntime/Base/OpenAPIValue.swift:22:8: error: could not build C module 'CoreFoundation'
 20 |
 21 | #if canImport(CoreFoundation) && (FullFoundation || canImport(Darwin))
 22 | import CoreFoundation
    |        `- error: could not build C module 'CoreFoundation'
 23 | #endif
 24 |
<unknown>:0: warning: upcoming feature 'InferSendableFromCaptures' is already enabled as of Swift version 6
<unknown>:0: warning: upcoming feature 'GlobalActorIsolatedTypesUsability' is already enabled as of Swift version 6
<unknown>:0: warning: upcoming feature 'DisableOutwardActorInference' is already enabled as of Swift version 6
/root/.swiftpm/swift-sdks/swift-wasm-6.1-RELEASE-wasm32-unknown-wasi.artifactbundle/6.1-RELEASE-wasm32-unknown-wasi/wasm32-unknown-wasi/swift.xctoolchain/usr/lib/swift_static/CoreFoundation/CoreFoundation.h:28:10: note: while building module 'wasi_emulated_signal' imported from /root/.swiftpm/swift-sdks/swift-wasm-6.1-RELEASE-wasm32-unknown-wasi.artifactbundle/6.1-RELEASE-wasm32-unknown-wasi/wasm32-unknown-wasi/swift.xctoolchain/usr/lib/swift_static/CoreFoundation/CoreFoundation.h:28:
 26 | #include <setjmp.h>
 27 | #endif
 28 | #include <signal.h>
    |          `- note: while building module 'wasi_emulated_signal' imported from /root/.swiftpm/swift-sdks/swift-wasm-6.1-RELEASE-wasm32-unknown-wasi.artifactbundle/6.1-RELEASE-wasm32-unknown-wasi/wasm32-unknown-wasi/swift.xctoolchain/usr/lib/swift_static/CoreFoundation/CoreFoundation.h:28:
 29 | #include <stddef.h>
 30 | #include <stdio.h>
<module-includes>:1:10: note: in file included from <module-includes>:1:
1 | #include "signal.h"
  |          `- note: in file included from <module-includes>:1:
2 |
/root/.swiftpm/swift-sdks/swift-wasm-6.1-RELEASE-wasm32-unknown-wasi.artifactbundle/6.1-RELEASE-wasm32-unknown-wasi/wasm32-unknown-wasi/WASI.sdk/include/wasm32-wasi/signal.h:2:2: error: "wasm lacks signal support; to enable minimal signal emulation, compile with -D_WASI_EMULATED_SIGNAL and link with -lwasi-emulated-signal"
  1 | #ifndef _WASI_EMULATED_SIGNAL
  2 | #error "wasm lacks signal support; to enable minimal signal emulation, \
    |  `- error: "wasm lacks signal support; to enable minimal signal emulation, compile with -D_WASI_EMULATED_SIGNAL and link with -lwasi-emulated-signal"
  3 | compile with -D_WASI_EMULATED_SIGNAL and link with -lwasi-emulated-signal"
  4 | #else
<module-includes>:1:10: note: in file included from <module-includes>:1:
1 | #include "CoreFoundation.h"
  |          `- note: in file included from <module-includes>:1:
2 |
/root/.swiftpm/swift-sdks/swift-wasm-6.1-RELEASE-wasm32-unknown-wasi.artifactbundle/6.1-RELEASE-wasm32-unknown-wasi/wasm32-unknown-wasi/swift.xctoolchain/usr/lib/swift_static/CoreFoundation/CoreFoundation.h:28:10: error: could not build module 'wasi_emulated_signal'
 26 | #include <setjmp.h>
 27 | #endif
 28 | #include <signal.h>
    |          `- error: could not build module 'wasi_emulated_signal'
 29 | #include <stddef.h>
 30 | #include <stdio.h>
/root/.swiftpm/swift-sdks/swift-wasm-6.1-RELEASE-wasm32-unknown-wasi.artifactbundle/6.1-RELEASE-wasm32-unknown-wasi/wasm32-unknown-wasi/swift.xctoolchain/usr/lib/swift_static/CoreFoundation/ForSwiftFoundationOnly.h:86:10: note: while building module 'wasi_emulated_mman' imported from /root/.swiftpm/swift-sdks/swift-wasm-6.1-RELEASE-wasm32-unknown-wasi.artifactbundle/6.1-RELEASE-wasm32-unknown-wasi/wasm32-unknown-wasi/swift.xctoolchain/usr/lib/swift_static/CoreFoundation/ForSwiftFoundationOnly.h:86:
 84 | #undef _WASI_EMULATED_MMAN
 85 | #define _WASI_EMULATED_MMAN
 86 | #include <sys/mman.h>
    |          `- note: while building module 'wasi_emulated_mman' imported from /root/.swiftpm/swift-sdks/swift-wasm-6.1-RELEASE-wasm32-unknown-wasi.artifactbundle/6.1-RELEASE-wasm32-unknown-wasi/wasm32-unknown-wasi/swift.xctoolchain/usr/lib/swift_static/CoreFoundation/ForSwiftFoundationOnly.h:86:
 87 | #elif TARGET_OS_LINUX
 88 | #include <errno.h>
<module-includes>:1:10: note: in file included from <module-includes>:1:
1 | #include "sys/mman.h"
  |          `- note: in file included from <module-includes>:1:
2 |
/root/.swiftpm/swift-sdks/swift-wasm-6.1-RELEASE-wasm32-unknown-wasi.artifactbundle/6.1-RELEASE-wasm32-unknown-wasi/wasm32-unknown-wasi/WASI.sdk/include/wasm32-wasi/sys/mman.h:2:2: error: "WASI lacks a true mmap; to enable minimal mmap emulation, compile with -D_WASI_EMULATED_MMAN and link with -lwasi-emulated-mman"
  1 | #ifndef _WASI_EMULATED_MMAN
  2 | #error "WASI lacks a true mmap; to enable minimal mmap emulation, \
    |  `- error: "WASI lacks a true mmap; to enable minimal mmap emulation, compile with -D_WASI_EMULATED_MMAN and link with -lwasi-emulated-mman"
  3 | compile with -D_WASI_EMULATED_MMAN and link with -lwasi-emulated-mman"
  4 | #else
/host/spi-builder-workspace/.build/checkouts/swift-openapi-runtime/Sources/OpenAPIRuntime/Base/OpenAPIValue.swift:22:8: error: could not build C module 'CoreFoundation'
 20 |
 21 | #if canImport(CoreFoundation) && (FullFoundation || canImport(Darwin))
 22 | import CoreFoundation
    |        `- error: could not build C module 'CoreFoundation'
 23 | #endif
 24 |
<unknown>:0: warning: upcoming feature 'InferSendableFromCaptures' is already enabled as of Swift version 6
<unknown>:0: warning: upcoming feature 'GlobalActorIsolatedTypesUsability' is already enabled as of Swift version 6
<unknown>:0: warning: upcoming feature 'DisableOutwardActorInference' is already enabled as of Swift version 6
/root/.swiftpm/swift-sdks/swift-wasm-6.1-RELEASE-wasm32-unknown-wasi.artifactbundle/6.1-RELEASE-wasm32-unknown-wasi/wasm32-unknown-wasi/swift.xctoolchain/usr/lib/swift_static/CoreFoundation/CoreFoundation.h:28:10: note: while building module 'wasi_emulated_signal' imported from /root/.swiftpm/swift-sdks/swift-wasm-6.1-RELEASE-wasm32-unknown-wasi.artifactbundle/6.1-RELEASE-wasm32-unknown-wasi/wasm32-unknown-wasi/swift.xctoolchain/usr/lib/swift_static/CoreFoundation/CoreFoundation.h:28:
 26 | #include <setjmp.h>
 27 | #endif
 28 | #include <signal.h>
    |          `- note: while building module 'wasi_emulated_signal' imported from /root/.swiftpm/swift-sdks/swift-wasm-6.1-RELEASE-wasm32-unknown-wasi.artifactbundle/6.1-RELEASE-wasm32-unknown-wasi/wasm32-unknown-wasi/swift.xctoolchain/usr/lib/swift_static/CoreFoundation/CoreFoundation.h:28:
 29 | #include <stddef.h>
 30 | #include <stdio.h>
<module-includes>:1:10: note: in file included from <module-includes>:1:
1 | #include "signal.h"
  |          `- note: in file included from <module-includes>:1:
2 |
/root/.swiftpm/swift-sdks/swift-wasm-6.1-RELEASE-wasm32-unknown-wasi.artifactbundle/6.1-RELEASE-wasm32-unknown-wasi/wasm32-unknown-wasi/WASI.sdk/include/wasm32-wasi/signal.h:2:2: error: "wasm lacks signal support; to enable minimal signal emulation, compile with -D_WASI_EMULATED_SIGNAL and link with -lwasi-emulated-signal"
  1 | #ifndef _WASI_EMULATED_SIGNAL
  2 | #error "wasm lacks signal support; to enable minimal signal emulation, \
    |  `- error: "wasm lacks signal support; to enable minimal signal emulation, compile with -D_WASI_EMULATED_SIGNAL and link with -lwasi-emulated-signal"
  3 | compile with -D_WASI_EMULATED_SIGNAL and link with -lwasi-emulated-signal"
  4 | #else
<module-includes>:1:10: note: in file included from <module-includes>:1:
1 | #include "CoreFoundation.h"
  |          `- note: in file included from <module-includes>:1:
2 |
/root/.swiftpm/swift-sdks/swift-wasm-6.1-RELEASE-wasm32-unknown-wasi.artifactbundle/6.1-RELEASE-wasm32-unknown-wasi/wasm32-unknown-wasi/swift.xctoolchain/usr/lib/swift_static/CoreFoundation/CoreFoundation.h:28:10: error: could not build module 'wasi_emulated_signal'
 26 | #include <setjmp.h>
 27 | #endif
 28 | #include <signal.h>
    |          `- error: could not build module 'wasi_emulated_signal'
 29 | #include <stddef.h>
 30 | #include <stdio.h>
/root/.swiftpm/swift-sdks/swift-wasm-6.1-RELEASE-wasm32-unknown-wasi.artifactbundle/6.1-RELEASE-wasm32-unknown-wasi/wasm32-unknown-wasi/swift.xctoolchain/usr/lib/swift_static/CoreFoundation/ForSwiftFoundationOnly.h:86:10: note: while building module 'wasi_emulated_mman' imported from /root/.swiftpm/swift-sdks/swift-wasm-6.1-RELEASE-wasm32-unknown-wasi.artifactbundle/6.1-RELEASE-wasm32-unknown-wasi/wasm32-unknown-wasi/swift.xctoolchain/usr/lib/swift_static/CoreFoundation/ForSwiftFoundationOnly.h:86:
 84 | #undef _WASI_EMULATED_MMAN
 85 | #define _WASI_EMULATED_MMAN
 86 | #include <sys/mman.h>
    |          `- note: while building module 'wasi_emulated_mman' imported from /root/.swiftpm/swift-sdks/swift-wasm-6.1-RELEASE-wasm32-unknown-wasi.artifactbundle/6.1-RELEASE-wasm32-unknown-wasi/wasm32-unknown-wasi/swift.xctoolchain/usr/lib/swift_static/CoreFoundation/ForSwiftFoundationOnly.h:86:
 87 | #elif TARGET_OS_LINUX
 88 | #include <errno.h>
<module-includes>:1:10: note: in file included from <module-includes>:1:
1 | #include "sys/mman.h"
  |          `- note: in file included from <module-includes>:1:
2 |
/root/.swiftpm/swift-sdks/swift-wasm-6.1-RELEASE-wasm32-unknown-wasi.artifactbundle/6.1-RELEASE-wasm32-unknown-wasi/wasm32-unknown-wasi/WASI.sdk/include/wasm32-wasi/sys/mman.h:2:2: error: "WASI lacks a true mmap; to enable minimal mmap emulation, compile with -D_WASI_EMULATED_MMAN and link with -lwasi-emulated-mman"
  1 | #ifndef _WASI_EMULATED_MMAN
  2 | #error "WASI lacks a true mmap; to enable minimal mmap emulation, \
    |  `- error: "WASI lacks a true mmap; to enable minimal mmap emulation, compile with -D_WASI_EMULATED_MMAN and link with -lwasi-emulated-mman"
  3 | compile with -D_WASI_EMULATED_MMAN and link with -lwasi-emulated-mman"
  4 | #else
/host/spi-builder-workspace/.build/checkouts/swift-openapi-runtime/Sources/OpenAPIRuntime/Base/OpenAPIValue.swift:22:8: error: could not build C module 'CoreFoundation'
 20 |
 21 | #if canImport(CoreFoundation) && (FullFoundation || canImport(Darwin))
 22 | import CoreFoundation
    |        `- error: could not build C module 'CoreFoundation'
 23 | #endif
 24 |
<unknown>:0: warning: upcoming feature 'InferSendableFromCaptures' is already enabled as of Swift version 6
<unknown>:0: warning: upcoming feature 'GlobalActorIsolatedTypesUsability' is already enabled as of Swift version 6
<unknown>:0: warning: upcoming feature 'DisableOutwardActorInference' is already enabled as of Swift version 6
/root/.swiftpm/swift-sdks/swift-wasm-6.1-RELEASE-wasm32-unknown-wasi.artifactbundle/6.1-RELEASE-wasm32-unknown-wasi/wasm32-unknown-wasi/swift.xctoolchain/usr/lib/swift_static/CoreFoundation/CoreFoundation.h:28:10: note: while building module 'wasi_emulated_signal' imported from /root/.swiftpm/swift-sdks/swift-wasm-6.1-RELEASE-wasm32-unknown-wasi.artifactbundle/6.1-RELEASE-wasm32-unknown-wasi/wasm32-unknown-wasi/swift.xctoolchain/usr/lib/swift_static/CoreFoundation/CoreFoundation.h:28:
 26 | #include <setjmp.h>
 27 | #endif
 28 | #include <signal.h>
    |          `- note: while building module 'wasi_emulated_signal' imported from /root/.swiftpm/swift-sdks/swift-wasm-6.1-RELEASE-wasm32-unknown-wasi.artifactbundle/6.1-RELEASE-wasm32-unknown-wasi/wasm32-unknown-wasi/swift.xctoolchain/usr/lib/swift_static/CoreFoundation/CoreFoundation.h:28:
 29 | #include <stddef.h>
 30 | #include <stdio.h>
<module-includes>:1:10: note: in file included from <module-includes>:1:
1 | #include "signal.h"
  |          `- note: in file included from <module-includes>:1:
2 |
/root/.swiftpm/swift-sdks/swift-wasm-6.1-RELEASE-wasm32-unknown-wasi.artifactbundle/6.1-RELEASE-wasm32-unknown-wasi/wasm32-unknown-wasi/WASI.sdk/include/wasm32-wasi/signal.h:2:2: error: "wasm lacks signal support; to enable minimal signal emulation, compile with -D_WASI_EMULATED_SIGNAL and link with -lwasi-emulated-signal"
  1 | #ifndef _WASI_EMULATED_SIGNAL
  2 | #error "wasm lacks signal support; to enable minimal signal emulation, \
    |  `- error: "wasm lacks signal support; to enable minimal signal emulation, compile with -D_WASI_EMULATED_SIGNAL and link with -lwasi-emulated-signal"
  3 | compile with -D_WASI_EMULATED_SIGNAL and link with -lwasi-emulated-signal"
  4 | #else
<module-includes>:1:10: note: in file included from <module-includes>:1:
1 | #include "CoreFoundation.h"
  |          `- note: in file included from <module-includes>:1:
2 |
/root/.swiftpm/swift-sdks/swift-wasm-6.1-RELEASE-wasm32-unknown-wasi.artifactbundle/6.1-RELEASE-wasm32-unknown-wasi/wasm32-unknown-wasi/swift.xctoolchain/usr/lib/swift_static/CoreFoundation/CoreFoundation.h:28:10: error: could not build module 'wasi_emulated_signal'
 26 | #include <setjmp.h>
 27 | #endif
 28 | #include <signal.h>
    |          `- error: could not build module 'wasi_emulated_signal'
 29 | #include <stddef.h>
 30 | #include <stdio.h>
/root/.swiftpm/swift-sdks/swift-wasm-6.1-RELEASE-wasm32-unknown-wasi.artifactbundle/6.1-RELEASE-wasm32-unknown-wasi/wasm32-unknown-wasi/swift.xctoolchain/usr/lib/swift_static/CoreFoundation/ForSwiftFoundationOnly.h:86:10: note: while building module 'wasi_emulated_mman' imported from /root/.swiftpm/swift-sdks/swift-wasm-6.1-RELEASE-wasm32-unknown-wasi.artifactbundle/6.1-RELEASE-wasm32-unknown-wasi/wasm32-unknown-wasi/swift.xctoolchain/usr/lib/swift_static/CoreFoundation/ForSwiftFoundationOnly.h:86:
 84 | #undef _WASI_EMULATED_MMAN
 85 | #define _WASI_EMULATED_MMAN
 86 | #include <sys/mman.h>
    |          `- note: while building module 'wasi_emulated_mman' imported from /root/.swiftpm/swift-sdks/swift-wasm-6.1-RELEASE-wasm32-unknown-wasi.artifactbundle/6.1-RELEASE-wasm32-unknown-wasi/wasm32-unknown-wasi/swift.xctoolchain/usr/lib/swift_static/CoreFoundation/ForSwiftFoundationOnly.h:86:
 87 | #elif TARGET_OS_LINUX
 88 | #include <errno.h>
<module-includes>:1:10: note: in file included from <module-includes>:1:
1 | #include "sys/mman.h"
  |          `- note: in file included from <module-includes>:1:
2 |
/root/.swiftpm/swift-sdks/swift-wasm-6.1-RELEASE-wasm32-unknown-wasi.artifactbundle/6.1-RELEASE-wasm32-unknown-wasi/wasm32-unknown-wasi/WASI.sdk/include/wasm32-wasi/sys/mman.h:2:2: error: "WASI lacks a true mmap; to enable minimal mmap emulation, compile with -D_WASI_EMULATED_MMAN and link with -lwasi-emulated-mman"
  1 | #ifndef _WASI_EMULATED_MMAN
  2 | #error "WASI lacks a true mmap; to enable minimal mmap emulation, \
    |  `- error: "WASI lacks a true mmap; to enable minimal mmap emulation, compile with -D_WASI_EMULATED_MMAN and link with -lwasi-emulated-mman"
  3 | compile with -D_WASI_EMULATED_MMAN and link with -lwasi-emulated-mman"
  4 | #else
/host/spi-builder-workspace/.build/checkouts/swift-openapi-runtime/Sources/OpenAPIRuntime/Base/OpenAPIValue.swift:22:8: error: could not build C module 'CoreFoundation'
 20 |
 21 | #if canImport(CoreFoundation) && (FullFoundation || canImport(Darwin))
 22 | import CoreFoundation
    |        `- error: could not build C module 'CoreFoundation'
 23 | #endif
 24 |
[600/1433] Compiling DequeModule Deque+Testing.swift
<unknown>:0: warning: upcoming feature 'InferSendableFromCaptures' is already enabled as of Swift version 6
<unknown>:0: warning: upcoming feature 'GlobalActorIsolatedTypesUsability' is already enabled as of Swift version 6
<unknown>:0: warning: upcoming feature 'DisableOutwardActorInference' is already enabled as of Swift version 6
/root/.swiftpm/swift-sdks/swift-wasm-6.1-RELEASE-wasm32-unknown-wasi.artifactbundle/6.1-RELEASE-wasm32-unknown-wasi/wasm32-unknown-wasi/swift.xctoolchain/usr/lib/swift_static/CoreFoundation/CoreFoundation.h:28:10: note: while building module 'wasi_emulated_signal' imported from /root/.swiftpm/swift-sdks/swift-wasm-6.1-RELEASE-wasm32-unknown-wasi.artifactbundle/6.1-RELEASE-wasm32-unknown-wasi/wasm32-unknown-wasi/swift.xctoolchain/usr/lib/swift_static/CoreFoundation/CoreFoundation.h:28:
 26 | #include <setjmp.h>
 27 | #endif
 28 | #include <signal.h>
    |          `- note: while building module 'wasi_emulated_signal' imported from /root/.swiftpm/swift-sdks/swift-wasm-6.1-RELEASE-wasm32-unknown-wasi.artifactbundle/6.1-RELEASE-wasm32-unknown-wasi/wasm32-unknown-wasi/swift.xctoolchain/usr/lib/swift_static/CoreFoundation/CoreFoundation.h:28:
 29 | #include <stddef.h>
 30 | #include <stdio.h>
<module-includes>:1:10: note: in file included from <module-includes>:1:
1 | #include "signal.h"
  |          `- note: in file included from <module-includes>:1:
2 |
/root/.swiftpm/swift-sdks/swift-wasm-6.1-RELEASE-wasm32-unknown-wasi.artifactbundle/6.1-RELEASE-wasm32-unknown-wasi/wasm32-unknown-wasi/WASI.sdk/include/wasm32-wasi/signal.h:2:2: error: "wasm lacks signal support; to enable minimal signal emulation, compile with -D_WASI_EMULATED_SIGNAL and link with -lwasi-emulated-signal"
  1 | #ifndef _WASI_EMULATED_SIGNAL
  2 | #error "wasm lacks signal support; to enable minimal signal emulation, \
    |  `- error: "wasm lacks signal support; to enable minimal signal emulation, compile with -D_WASI_EMULATED_SIGNAL and link with -lwasi-emulated-signal"
  3 | compile with -D_WASI_EMULATED_SIGNAL and link with -lwasi-emulated-signal"
  4 | #else
<module-includes>:1:10: note: in file included from <module-includes>:1:
1 | #include "CoreFoundation.h"
  |          `- note: in file included from <module-includes>:1:
2 |
/root/.swiftpm/swift-sdks/swift-wasm-6.1-RELEASE-wasm32-unknown-wasi.artifactbundle/6.1-RELEASE-wasm32-unknown-wasi/wasm32-unknown-wasi/swift.xctoolchain/usr/lib/swift_static/CoreFoundation/CoreFoundation.h:28:10: error: could not build module 'wasi_emulated_signal'
 26 | #include <setjmp.h>
 27 | #endif
 28 | #include <signal.h>
    |          `- error: could not build module 'wasi_emulated_signal'
 29 | #include <stddef.h>
 30 | #include <stdio.h>
/root/.swiftpm/swift-sdks/swift-wasm-6.1-RELEASE-wasm32-unknown-wasi.artifactbundle/6.1-RELEASE-wasm32-unknown-wasi/wasm32-unknown-wasi/swift.xctoolchain/usr/lib/swift_static/CoreFoundation/ForSwiftFoundationOnly.h:86:10: note: while building module 'wasi_emulated_mman' imported from /root/.swiftpm/swift-sdks/swift-wasm-6.1-RELEASE-wasm32-unknown-wasi.artifactbundle/6.1-RELEASE-wasm32-unknown-wasi/wasm32-unknown-wasi/swift.xctoolchain/usr/lib/swift_static/CoreFoundation/ForSwiftFoundationOnly.h:86:
 84 | #undef _WASI_EMULATED_MMAN
 85 | #define _WASI_EMULATED_MMAN
 86 | #include <sys/mman.h>
    |          `- note: while building module 'wasi_emulated_mman' imported from /root/.swiftpm/swift-sdks/swift-wasm-6.1-RELEASE-wasm32-unknown-wasi.artifactbundle/6.1-RELEASE-wasm32-unknown-wasi/wasm32-unknown-wasi/swift.xctoolchain/usr/lib/swift_static/CoreFoundation/ForSwiftFoundationOnly.h:86:
 87 | #elif TARGET_OS_LINUX
 88 | #include <errno.h>
<module-includes>:1:10: note: in file included from <module-includes>:1:
1 | #include "sys/mman.h"
  |          `- note: in file included from <module-includes>:1:
2 |
/root/.swiftpm/swift-sdks/swift-wasm-6.1-RELEASE-wasm32-unknown-wasi.artifactbundle/6.1-RELEASE-wasm32-unknown-wasi/wasm32-unknown-wasi/WASI.sdk/include/wasm32-wasi/sys/mman.h:2:2: error: "WASI lacks a true mmap; to enable minimal mmap emulation, compile with -D_WASI_EMULATED_MMAN and link with -lwasi-emulated-mman"
  1 | #ifndef _WASI_EMULATED_MMAN
  2 | #error "WASI lacks a true mmap; to enable minimal mmap emulation, \
    |  `- error: "WASI lacks a true mmap; to enable minimal mmap emulation, compile with -D_WASI_EMULATED_MMAN and link with -lwasi-emulated-mman"
  3 | compile with -D_WASI_EMULATED_MMAN and link with -lwasi-emulated-mman"
  4 | #else
/host/spi-builder-workspace/.build/checkouts/swift-openapi-runtime/Sources/OpenAPIRuntime/Base/OpenAPIValue.swift:22:8: error: could not build C module 'CoreFoundation'
 20 |
 21 | #if canImport(CoreFoundation) && (FullFoundation || canImport(Darwin))
 22 | import CoreFoundation
    |        `- error: could not build C module 'CoreFoundation'
 23 | #endif
 24 |
<unknown>:0: warning: upcoming feature 'InferSendableFromCaptures' is already enabled as of Swift version 6
<unknown>:0: warning: upcoming feature 'GlobalActorIsolatedTypesUsability' is already enabled as of Swift version 6
<unknown>:0: warning: upcoming feature 'DisableOutwardActorInference' is already enabled as of Swift version 6
/root/.swiftpm/swift-sdks/swift-wasm-6.1-RELEASE-wasm32-unknown-wasi.artifactbundle/6.1-RELEASE-wasm32-unknown-wasi/wasm32-unknown-wasi/swift.xctoolchain/usr/lib/swift_static/CoreFoundation/CoreFoundation.h:28:10: note: while building module 'wasi_emulated_signal' imported from /root/.swiftpm/swift-sdks/swift-wasm-6.1-RELEASE-wasm32-unknown-wasi.artifactbundle/6.1-RELEASE-wasm32-unknown-wasi/wasm32-unknown-wasi/swift.xctoolchain/usr/lib/swift_static/CoreFoundation/CoreFoundation.h:28:
 26 | #include <setjmp.h>
 27 | #endif
 28 | #include <signal.h>
    |          `- note: while building module 'wasi_emulated_signal' imported from /root/.swiftpm/swift-sdks/swift-wasm-6.1-RELEASE-wasm32-unknown-wasi.artifactbundle/6.1-RELEASE-wasm32-unknown-wasi/wasm32-unknown-wasi/swift.xctoolchain/usr/lib/swift_static/CoreFoundation/CoreFoundation.h:28:
 29 | #include <stddef.h>
 30 | #include <stdio.h>
<module-includes>:1:10: note: in file included from <module-includes>:1:
1 | #include "signal.h"
  |          `- note: in file included from <module-includes>:1:
2 |
/root/.swiftpm/swift-sdks/swift-wasm-6.1-RELEASE-wasm32-unknown-wasi.artifactbundle/6.1-RELEASE-wasm32-unknown-wasi/wasm32-unknown-wasi/WASI.sdk/include/wasm32-wasi/signal.h:2:2: error: "wasm lacks signal support; to enable minimal signal emulation, compile with -D_WASI_EMULATED_SIGNAL and link with -lwasi-emulated-signal"
  1 | #ifndef _WASI_EMULATED_SIGNAL
  2 | #error "wasm lacks signal support; to enable minimal signal emulation, \
    |  `- error: "wasm lacks signal support; to enable minimal signal emulation, compile with -D_WASI_EMULATED_SIGNAL and link with -lwasi-emulated-signal"
  3 | compile with -D_WASI_EMULATED_SIGNAL and link with -lwasi-emulated-signal"
  4 | #else
<module-includes>:1:10: note: in file included from <module-includes>:1:
1 | #include "CoreFoundation.h"
  |          `- note: in file included from <module-includes>:1:
2 |
/root/.swiftpm/swift-sdks/swift-wasm-6.1-RELEASE-wasm32-unknown-wasi.artifactbundle/6.1-RELEASE-wasm32-unknown-wasi/wasm32-unknown-wasi/swift.xctoolchain/usr/lib/swift_static/CoreFoundation/CoreFoundation.h:28:10: error: could not build module 'wasi_emulated_signal'
 26 | #include <setjmp.h>
 27 | #endif
 28 | #include <signal.h>
    |          `- error: could not build module 'wasi_emulated_signal'
 29 | #include <stddef.h>
 30 | #include <stdio.h>
/root/.swiftpm/swift-sdks/swift-wasm-6.1-RELEASE-wasm32-unknown-wasi.artifactbundle/6.1-RELEASE-wasm32-unknown-wasi/wasm32-unknown-wasi/swift.xctoolchain/usr/lib/swift_static/CoreFoundation/ForSwiftFoundationOnly.h:86:10: note: while building module 'wasi_emulated_mman' imported from /root/.swiftpm/swift-sdks/swift-wasm-6.1-RELEASE-wasm32-unknown-wasi.artifactbundle/6.1-RELEASE-wasm32-unknown-wasi/wasm32-unknown-wasi/swift.xctoolchain/usr/lib/swift_static/CoreFoundation/ForSwiftFoundationOnly.h:86:
 84 | #undef _WASI_EMULATED_MMAN
 85 | #define _WASI_EMULATED_MMAN
 86 | #include <sys/mman.h>
    |          `- note: while building module 'wasi_emulated_mman' imported from /root/.swiftpm/swift-sdks/swift-wasm-6.1-RELEASE-wasm32-unknown-wasi.artifactbundle/6.1-RELEASE-wasm32-unknown-wasi/wasm32-unknown-wasi/swift.xctoolchain/usr/lib/swift_static/CoreFoundation/ForSwiftFoundationOnly.h:86:
 87 | #elif TARGET_OS_LINUX
 88 | #include <errno.h>
<module-includes>:1:10: note: in file included from <module-includes>:1:
1 | #include "sys/mman.h"
  |          `- note: in file included from <module-includes>:1:
2 |
/root/.swiftpm/swift-sdks/swift-wasm-6.1-RELEASE-wasm32-unknown-wasi.artifactbundle/6.1-RELEASE-wasm32-unknown-wasi/wasm32-unknown-wasi/WASI.sdk/include/wasm32-wasi/sys/mman.h:2:2: error: "WASI lacks a true mmap; to enable minimal mmap emulation, compile with -D_WASI_EMULATED_MMAN and link with -lwasi-emulated-mman"
  1 | #ifndef _WASI_EMULATED_MMAN
  2 | #error "WASI lacks a true mmap; to enable minimal mmap emulation, \
    |  `- error: "WASI lacks a true mmap; to enable minimal mmap emulation, compile with -D_WASI_EMULATED_MMAN and link with -lwasi-emulated-mman"
  3 | compile with -D_WASI_EMULATED_MMAN and link with -lwasi-emulated-mman"
  4 | #else
/host/spi-builder-workspace/.build/checkouts/swift-openapi-runtime/Sources/OpenAPIRuntime/Base/OpenAPIValue.swift:22:8: error: could not build C module 'CoreFoundation'
 20 |
 21 | #if canImport(CoreFoundation) && (FullFoundation || canImport(Darwin))
 22 | import CoreFoundation
    |        `- error: could not build C module 'CoreFoundation'
 23 | #endif
 24 |
<unknown>:0: warning: upcoming feature 'InferSendableFromCaptures' is already enabled as of Swift version 6
<unknown>:0: warning: upcoming feature 'GlobalActorIsolatedTypesUsability' is already enabled as of Swift version 6
<unknown>:0: warning: upcoming feature 'DisableOutwardActorInference' is already enabled as of Swift version 6
/root/.swiftpm/swift-sdks/swift-wasm-6.1-RELEASE-wasm32-unknown-wasi.artifactbundle/6.1-RELEASE-wasm32-unknown-wasi/wasm32-unknown-wasi/swift.xctoolchain/usr/lib/swift_static/CoreFoundation/CoreFoundation.h:28:10: note: while building module 'wasi_emulated_signal' imported from /root/.swiftpm/swift-sdks/swift-wasm-6.1-RELEASE-wasm32-unknown-wasi.artifactbundle/6.1-RELEASE-wasm32-unknown-wasi/wasm32-unknown-wasi/swift.xctoolchain/usr/lib/swift_static/CoreFoundation/CoreFoundation.h:28:
 26 | #include <setjmp.h>
 27 | #endif
 28 | #include <signal.h>
    |          `- note: while building module 'wasi_emulated_signal' imported from /root/.swiftpm/swift-sdks/swift-wasm-6.1-RELEASE-wasm32-unknown-wasi.artifactbundle/6.1-RELEASE-wasm32-unknown-wasi/wasm32-unknown-wasi/swift.xctoolchain/usr/lib/swift_static/CoreFoundation/CoreFoundation.h:28:
 29 | #include <stddef.h>
 30 | #include <stdio.h>
<module-includes>:1:10: note: in file included from <module-includes>:1:
1 | #include "signal.h"
  |          `- note: in file included from <module-includes>:1:
2 |
/root/.swiftpm/swift-sdks/swift-wasm-6.1-RELEASE-wasm32-unknown-wasi.artifactbundle/6.1-RELEASE-wasm32-unknown-wasi/wasm32-unknown-wasi/WASI.sdk/include/wasm32-wasi/signal.h:2:2: error: "wasm lacks signal support; to enable minimal signal emulation, compile with -D_WASI_EMULATED_SIGNAL and link with -lwasi-emulated-signal"
  1 | #ifndef _WASI_EMULATED_SIGNAL
  2 | #error "wasm lacks signal support; to enable minimal signal emulation, \
    |  `- error: "wasm lacks signal support; to enable minimal signal emulation, compile with -D_WASI_EMULATED_SIGNAL and link with -lwasi-emulated-signal"
  3 | compile with -D_WASI_EMULATED_SIGNAL and link with -lwasi-emulated-signal"
  4 | #else
<module-includes>:1:10: note: in file included from <module-includes>:1:
1 | #include "CoreFoundation.h"
  |          `- note: in file included from <module-includes>:1:
2 |
/root/.swiftpm/swift-sdks/swift-wasm-6.1-RELEASE-wasm32-unknown-wasi.artifactbundle/6.1-RELEASE-wasm32-unknown-wasi/wasm32-unknown-wasi/swift.xctoolchain/usr/lib/swift_static/CoreFoundation/CoreFoundation.h:28:10: error: could not build module 'wasi_emulated_signal'
 26 | #include <setjmp.h>
 27 | #endif
 28 | #include <signal.h>
    |          `- error: could not build module 'wasi_emulated_signal'
 29 | #include <stddef.h>
 30 | #include <stdio.h>
/root/.swiftpm/swift-sdks/swift-wasm-6.1-RELEASE-wasm32-unknown-wasi.artifactbundle/6.1-RELEASE-wasm32-unknown-wasi/wasm32-unknown-wasi/swift.xctoolchain/usr/lib/swift_static/CoreFoundation/ForSwiftFoundationOnly.h:86:10: note: while building module 'wasi_emulated_mman' imported from /root/.swiftpm/swift-sdks/swift-wasm-6.1-RELEASE-wasm32-unknown-wasi.artifactbundle/6.1-RELEASE-wasm32-unknown-wasi/wasm32-unknown-wasi/swift.xctoolchain/usr/lib/swift_static/CoreFoundation/ForSwiftFoundationOnly.h:86:
 84 | #undef _WASI_EMULATED_MMAN
 85 | #define _WASI_EMULATED_MMAN
 86 | #include <sys/mman.h>
    |          `- note: while building module 'wasi_emulated_mman' imported from /root/.swiftpm/swift-sdks/swift-wasm-6.1-RELEASE-wasm32-unknown-wasi.artifactbundle/6.1-RELEASE-wasm32-unknown-wasi/wasm32-unknown-wasi/swift.xctoolchain/usr/lib/swift_static/CoreFoundation/ForSwiftFoundationOnly.h:86:
 87 | #elif TARGET_OS_LINUX
 88 | #include <errno.h>
<module-includes>:1:10: note: in file included from <module-includes>:1:
1 | #include "sys/mman.h"
  |          `- note: in file included from <module-includes>:1:
2 |
/root/.swiftpm/swift-sdks/swift-wasm-6.1-RELEASE-wasm32-unknown-wasi.artifactbundle/6.1-RELEASE-wasm32-unknown-wasi/wasm32-unknown-wasi/WASI.sdk/include/wasm32-wasi/sys/mman.h:2:2: error: "WASI lacks a true mmap; to enable minimal mmap emulation, compile with -D_WASI_EMULATED_MMAN and link with -lwasi-emulated-mman"
  1 | #ifndef _WASI_EMULATED_MMAN
  2 | #error "WASI lacks a true mmap; to enable minimal mmap emulation, \
    |  `- error: "WASI lacks a true mmap; to enable minimal mmap emulation, compile with -D_WASI_EMULATED_MMAN and link with -lwasi-emulated-mman"
  3 | compile with -D_WASI_EMULATED_MMAN and link with -lwasi-emulated-mman"
  4 | #else
/host/spi-builder-workspace/.build/checkouts/swift-openapi-runtime/Sources/OpenAPIRuntime/Base/OpenAPIValue.swift:22:8: error: could not build C module 'CoreFoundation'
 20 |
 21 | #if canImport(CoreFoundation) && (FullFoundation || canImport(Darwin))
 22 | import CoreFoundation
    |        `- error: could not build C module 'CoreFoundation'
 23 | #endif
 24 |
<unknown>:0: warning: upcoming feature 'InferSendableFromCaptures' is already enabled as of Swift version 6
<unknown>:0: warning: upcoming feature 'GlobalActorIsolatedTypesUsability' is already enabled as of Swift version 6
<unknown>:0: warning: upcoming feature 'DisableOutwardActorInference' is already enabled as of Swift version 6
/root/.swiftpm/swift-sdks/swift-wasm-6.1-RELEASE-wasm32-unknown-wasi.artifactbundle/6.1-RELEASE-wasm32-unknown-wasi/wasm32-unknown-wasi/swift.xctoolchain/usr/lib/swift_static/CoreFoundation/CoreFoundation.h:28:10: note: while building module 'wasi_emulated_signal' imported from /root/.swiftpm/swift-sdks/swift-wasm-6.1-RELEASE-wasm32-unknown-wasi.artifactbundle/6.1-RELEASE-wasm32-unknown-wasi/wasm32-unknown-wasi/swift.xctoolchain/usr/lib/swift_static/CoreFoundation/CoreFoundation.h:28:
 26 | #include <setjmp.h>
 27 | #endif
 28 | #include <signal.h>
    |          `- note: while building module 'wasi_emulated_signal' imported from /root/.swiftpm/swift-sdks/swift-wasm-6.1-RELEASE-wasm32-unknown-wasi.artifactbundle/6.1-RELEASE-wasm32-unknown-wasi/wasm32-unknown-wasi/swift.xctoolchain/usr/lib/swift_static/CoreFoundation/CoreFoundation.h:28:
 29 | #include <stddef.h>
 30 | #include <stdio.h>
<module-includes>:1:10: note: in file included from <module-includes>:1:
1 | #include "signal.h"
  |          `- note: in file included from <module-includes>:1:
2 |
/root/.swiftpm/swift-sdks/swift-wasm-6.1-RELEASE-wasm32-unknown-wasi.artifactbundle/6.1-RELEASE-wasm32-unknown-wasi/wasm32-unknown-wasi/WASI.sdk/include/wasm32-wasi/signal.h:2:2: error: "wasm lacks signal support; to enable minimal signal emulation, compile with -D_WASI_EMULATED_SIGNAL and link with -lwasi-emulated-signal"
  1 | #ifndef _WASI_EMULATED_SIGNAL
  2 | #error "wasm lacks signal support; to enable minimal signal emulation, \
    |  `- error: "wasm lacks signal support; to enable minimal signal emulation, compile with -D_WASI_EMULATED_SIGNAL and link with -lwasi-emulated-signal"
  3 | compile with -D_WASI_EMULATED_SIGNAL and link with -lwasi-emulated-signal"
  4 | #else
<module-includes>:1:10: note: in file included from <module-includes>:1:
1 | #include "CoreFoundation.h"
  |          `- note: in file included from <module-includes>:1:
2 |
/root/.swiftpm/swift-sdks/swift-wasm-6.1-RELEASE-wasm32-unknown-wasi.artifactbundle/6.1-RELEASE-wasm32-unknown-wasi/wasm32-unknown-wasi/swift.xctoolchain/usr/lib/swift_static/CoreFoundation/CoreFoundation.h:28:10: error: could not build module 'wasi_emulated_signal'
 26 | #include <setjmp.h>
 27 | #endif
 28 | #include <signal.h>
    |          `- error: could not build module 'wasi_emulated_signal'
 29 | #include <stddef.h>
 30 | #include <stdio.h>
/root/.swiftpm/swift-sdks/swift-wasm-6.1-RELEASE-wasm32-unknown-wasi.artifactbundle/6.1-RELEASE-wasm32-unknown-wasi/wasm32-unknown-wasi/swift.xctoolchain/usr/lib/swift_static/CoreFoundation/ForSwiftFoundationOnly.h:86:10: note: while building module 'wasi_emulated_mman' imported from /root/.swiftpm/swift-sdks/swift-wasm-6.1-RELEASE-wasm32-unknown-wasi.artifactbundle/6.1-RELEASE-wasm32-unknown-wasi/wasm32-unknown-wasi/swift.xctoolchain/usr/lib/swift_static/CoreFoundation/ForSwiftFoundationOnly.h:86:
 84 | #undef _WASI_EMULATED_MMAN
 85 | #define _WASI_EMULATED_MMAN
 86 | #include <sys/mman.h>
    |          `- note: while building module 'wasi_emulated_mman' imported from /root/.swiftpm/swift-sdks/swift-wasm-6.1-RELEASE-wasm32-unknown-wasi.artifactbundle/6.1-RELEASE-wasm32-unknown-wasi/wasm32-unknown-wasi/swift.xctoolchain/usr/lib/swift_static/CoreFoundation/ForSwiftFoundationOnly.h:86:
 87 | #elif TARGET_OS_LINUX
 88 | #include <errno.h>
<module-includes>:1:10: note: in file included from <module-includes>:1:
1 | #include "sys/mman.h"
  |          `- note: in file included from <module-includes>:1:
2 |
/root/.swiftpm/swift-sdks/swift-wasm-6.1-RELEASE-wasm32-unknown-wasi.artifactbundle/6.1-RELEASE-wasm32-unknown-wasi/wasm32-unknown-wasi/WASI.sdk/include/wasm32-wasi/sys/mman.h:2:2: error: "WASI lacks a true mmap; to enable minimal mmap emulation, compile with -D_WASI_EMULATED_MMAN and link with -lwasi-emulated-mman"
  1 | #ifndef _WASI_EMULATED_MMAN
  2 | #error "WASI lacks a true mmap; to enable minimal mmap emulation, \
    |  `- error: "WASI lacks a true mmap; to enable minimal mmap emulation, compile with -D_WASI_EMULATED_MMAN and link with -lwasi-emulated-mman"
  3 | compile with -D_WASI_EMULATED_MMAN and link with -lwasi-emulated-mman"
  4 | #else
/host/spi-builder-workspace/.build/checkouts/swift-openapi-runtime/Sources/OpenAPIRuntime/Base/OpenAPIValue.swift:22:8: error: could not build C module 'CoreFoundation'
 20 |
 21 | #if canImport(CoreFoundation) && (FullFoundation || canImport(Darwin))
 22 | import CoreFoundation
    |        `- error: could not build C module 'CoreFoundation'
 23 | #endif
 24 |
<unknown>:0: warning: upcoming feature 'InferSendableFromCaptures' is already enabled as of Swift version 6
<unknown>:0: warning: upcoming feature 'GlobalActorIsolatedTypesUsability' is already enabled as of Swift version 6
<unknown>:0: warning: upcoming feature 'DisableOutwardActorInference' is already enabled as of Swift version 6
/root/.swiftpm/swift-sdks/swift-wasm-6.1-RELEASE-wasm32-unknown-wasi.artifactbundle/6.1-RELEASE-wasm32-unknown-wasi/wasm32-unknown-wasi/swift.xctoolchain/usr/lib/swift_static/CoreFoundation/CoreFoundation.h:28:10: note: while building module 'wasi_emulated_signal' imported from /root/.swiftpm/swift-sdks/swift-wasm-6.1-RELEASE-wasm32-unknown-wasi.artifactbundle/6.1-RELEASE-wasm32-unknown-wasi/wasm32-unknown-wasi/swift.xctoolchain/usr/lib/swift_static/CoreFoundation/CoreFoundation.h:28:
 26 | #include <setjmp.h>
 27 | #endif
 28 | #include <signal.h>
    |          `- note: while building module 'wasi_emulated_signal' imported from /root/.swiftpm/swift-sdks/swift-wasm-6.1-RELEASE-wasm32-unknown-wasi.artifactbundle/6.1-RELEASE-wasm32-unknown-wasi/wasm32-unknown-wasi/swift.xctoolchain/usr/lib/swift_static/CoreFoundation/CoreFoundation.h:28:
 29 | #include <stddef.h>
 30 | #include <stdio.h>
<module-includes>:1:10: note: in file included from <module-includes>:1:
1 | #include "signal.h"
  |          `- note: in file included from <module-includes>:1:
2 |
/root/.swiftpm/swift-sdks/swift-wasm-6.1-RELEASE-wasm32-unknown-wasi.artifactbundle/6.1-RELEASE-wasm32-unknown-wasi/wasm32-unknown-wasi/WASI.sdk/include/wasm32-wasi/signal.h:2:2: error: "wasm lacks signal support; to enable minimal signal emulation, compile with -D_WASI_EMULATED_SIGNAL and link with -lwasi-emulated-signal"
  1 | #ifndef _WASI_EMULATED_SIGNAL
  2 | #error "wasm lacks signal support; to enable minimal signal emulation, \
    |  `- error: "wasm lacks signal support; to enable minimal signal emulation, compile with -D_WASI_EMULATED_SIGNAL and link with -lwasi-emulated-signal"
  3 | compile with -D_WASI_EMULATED_SIGNAL and link with -lwasi-emulated-signal"
  4 | #else
<module-includes>:1:10: note: in file included from <module-includes>:1:
1 | #include "CoreFoundation.h"
  |          `- note: in file included from <module-includes>:1:
2 |
/root/.swiftpm/swift-sdks/swift-wasm-6.1-RELEASE-wasm32-unknown-wasi.artifactbundle/6.1-RELEASE-wasm32-unknown-wasi/wasm32-unknown-wasi/swift.xctoolchain/usr/lib/swift_static/CoreFoundation/CoreFoundation.h:28:10: error: could not build module 'wasi_emulated_signal'
 26 | #include <setjmp.h>
 27 | #endif
 28 | #include <signal.h>
    |          `- error: could not build module 'wasi_emulated_signal'
 29 | #include <stddef.h>
 30 | #include <stdio.h>
/root/.swiftpm/swift-sdks/swift-wasm-6.1-RELEASE-wasm32-unknown-wasi.artifactbundle/6.1-RELEASE-wasm32-unknown-wasi/wasm32-unknown-wasi/swift.xctoolchain/usr/lib/swift_static/CoreFoundation/ForSwiftFoundationOnly.h:86:10: note: while building module 'wasi_emulated_mman' imported from /root/.swiftpm/swift-sdks/swift-wasm-6.1-RELEASE-wasm32-unknown-wasi.artifactbundle/6.1-RELEASE-wasm32-unknown-wasi/wasm32-unknown-wasi/swift.xctoolchain/usr/lib/swift_static/CoreFoundation/ForSwiftFoundationOnly.h:86:
 84 | #undef _WASI_EMULATED_MMAN
 85 | #define _WASI_EMULATED_MMAN
 86 | #include <sys/mman.h>
    |          `- note: while building module 'wasi_emulated_mman' imported from /root/.swiftpm/swift-sdks/swift-wasm-6.1-RELEASE-wasm32-unknown-wasi.artifactbundle/6.1-RELEASE-wasm32-unknown-wasi/wasm32-unknown-wasi/swift.xctoolchain/usr/lib/swift_static/CoreFoundation/ForSwiftFoundationOnly.h:86:
 87 | #elif TARGET_OS_LINUX
 88 | #include <errno.h>
<module-includes>:1:10: note: in file included from <module-includes>:1:
1 | #include "sys/mman.h"
  |          `- note: in file included from <module-includes>:1:
2 |
/root/.swiftpm/swift-sdks/swift-wasm-6.1-RELEASE-wasm32-unknown-wasi.artifactbundle/6.1-RELEASE-wasm32-unknown-wasi/wasm32-unknown-wasi/WASI.sdk/include/wasm32-wasi/sys/mman.h:2:2: error: "WASI lacks a true mmap; to enable minimal mmap emulation, compile with -D_WASI_EMULATED_MMAN and link with -lwasi-emulated-mman"
  1 | #ifndef _WASI_EMULATED_MMAN
  2 | #error "WASI lacks a true mmap; to enable minimal mmap emulation, \
    |  `- error: "WASI lacks a true mmap; to enable minimal mmap emulation, compile with -D_WASI_EMULATED_MMAN and link with -lwasi-emulated-mman"
  3 | compile with -D_WASI_EMULATED_MMAN and link with -lwasi-emulated-mman"
  4 | #else
/host/spi-builder-workspace/.build/checkouts/swift-openapi-runtime/Sources/OpenAPIRuntime/Base/OpenAPIValue.swift:22:8: error: could not build C module 'CoreFoundation'
 20 |
 21 | #if canImport(CoreFoundation) && (FullFoundation || canImport(Darwin))
 22 | import CoreFoundation
    |        `- error: could not build C module 'CoreFoundation'
 23 | #endif
 24 |
<unknown>:0: warning: upcoming feature 'InferSendableFromCaptures' is already enabled as of Swift version 6
<unknown>:0: warning: upcoming feature 'GlobalActorIsolatedTypesUsability' is already enabled as of Swift version 6
<unknown>:0: warning: upcoming feature 'DisableOutwardActorInference' is already enabled as of Swift version 6
/root/.swiftpm/swift-sdks/swift-wasm-6.1-RELEASE-wasm32-unknown-wasi.artifactbundle/6.1-RELEASE-wasm32-unknown-wasi/wasm32-unknown-wasi/swift.xctoolchain/usr/lib/swift_static/CoreFoundation/CoreFoundation.h:28:10: note: while building module 'wasi_emulated_signal' imported from /root/.swiftpm/swift-sdks/swift-wasm-6.1-RELEASE-wasm32-unknown-wasi.artifactbundle/6.1-RELEASE-wasm32-unknown-wasi/wasm32-unknown-wasi/swift.xctoolchain/usr/lib/swift_static/CoreFoundation/CoreFoundation.h:28:
 26 | #include <setjmp.h>
 27 | #endif
 28 | #include <signal.h>
    |          `- note: while building module 'wasi_emulated_signal' imported from /root/.swiftpm/swift-sdks/swift-wasm-6.1-RELEASE-wasm32-unknown-wasi.artifactbundle/6.1-RELEASE-wasm32-unknown-wasi/wasm32-unknown-wasi/swift.xctoolchain/usr/lib/swift_static/CoreFoundation/CoreFoundation.h:28:
 29 | #include <stddef.h>
 30 | #include <stdio.h>
<module-includes>:1:10: note: in file included from <module-includes>:1:
1 | #include "signal.h"
  |          `- note: in file included from <module-includes>:1:
2 |
/root/.swiftpm/swift-sdks/swift-wasm-6.1-RELEASE-wasm32-unknown-wasi.artifactbundle/6.1-RELEASE-wasm32-unknown-wasi/wasm32-unknown-wasi/WASI.sdk/include/wasm32-wasi/signal.h:2:2: error: "wasm lacks signal support; to enable minimal signal emulation, compile with -D_WASI_EMULATED_SIGNAL and link with -lwasi-emulated-signal"
  1 | #ifndef _WASI_EMULATED_SIGNAL
  2 | #error "wasm lacks signal support; to enable minimal signal emulation, \
    |  `- error: "wasm lacks signal support; to enable minimal signal emulation, compile with -D_WASI_EMULATED_SIGNAL and link with -lwasi-emulated-signal"
  3 | compile with -D_WASI_EMULATED_SIGNAL and link with -lwasi-emulated-signal"
  4 | #else
<module-includes>:1:10: note: in file included from <module-includes>:1:
1 | #include "CoreFoundation.h"
  |          `- note: in file included from <module-includes>:1:
2 |
/root/.swiftpm/swift-sdks/swift-wasm-6.1-RELEASE-wasm32-unknown-wasi.artifactbundle/6.1-RELEASE-wasm32-unknown-wasi/wasm32-unknown-wasi/swift.xctoolchain/usr/lib/swift_static/CoreFoundation/CoreFoundation.h:28:10: error: could not build module 'wasi_emulated_signal'
 26 | #include <setjmp.h>
 27 | #endif
 28 | #include <signal.h>
    |          `- error: could not build module 'wasi_emulated_signal'
 29 | #include <stddef.h>
 30 | #include <stdio.h>
/root/.swiftpm/swift-sdks/swift-wasm-6.1-RELEASE-wasm32-unknown-wasi.artifactbundle/6.1-RELEASE-wasm32-unknown-wasi/wasm32-unknown-wasi/swift.xctoolchain/usr/lib/swift_static/CoreFoundation/ForSwiftFoundationOnly.h:86:10: note: while building module 'wasi_emulated_mman' imported from /root/.swiftpm/swift-sdks/swift-wasm-6.1-RELEASE-wasm32-unknown-wasi.artifactbundle/6.1-RELEASE-wasm32-unknown-wasi/wasm32-unknown-wasi/swift.xctoolchain/usr/lib/swift_static/CoreFoundation/ForSwiftFoundationOnly.h:86:
 84 | #undef _WASI_EMULATED_MMAN
 85 | #define _WASI_EMULATED_MMAN
 86 | #include <sys/mman.h>
    |          `- note: while building module 'wasi_emulated_mman' imported from /root/.swiftpm/swift-sdks/swift-wasm-6.1-RELEASE-wasm32-unknown-wasi.artifactbundle/6.1-RELEASE-wasm32-unknown-wasi/wasm32-unknown-wasi/swift.xctoolchain/usr/lib/swift_static/CoreFoundation/ForSwiftFoundationOnly.h:86:
 87 | #elif TARGET_OS_LINUX
 88 | #include <errno.h>
<module-includes>:1:10: note: in file included from <module-includes>:1:
1 | #include "sys/mman.h"
  |          `- note: in file included from <module-includes>:1:
2 |
/root/.swiftpm/swift-sdks/swift-wasm-6.1-RELEASE-wasm32-unknown-wasi.artifactbundle/6.1-RELEASE-wasm32-unknown-wasi/wasm32-unknown-wasi/WASI.sdk/include/wasm32-wasi/sys/mman.h:2:2: error: "WASI lacks a true mmap; to enable minimal mmap emulation, compile with -D_WASI_EMULATED_MMAN and link with -lwasi-emulated-mman"
  1 | #ifndef _WASI_EMULATED_MMAN
  2 | #error "WASI lacks a true mmap; to enable minimal mmap emulation, \
    |  `- error: "WASI lacks a true mmap; to enable minimal mmap emulation, compile with -D_WASI_EMULATED_MMAN and link with -lwasi-emulated-mman"
  3 | compile with -D_WASI_EMULATED_MMAN and link with -lwasi-emulated-mman"
  4 | #else
/host/spi-builder-workspace/.build/checkouts/swift-openapi-runtime/Sources/OpenAPIRuntime/Base/OpenAPIValue.swift:22:8: error: could not build C module 'CoreFoundation'
 20 |
 21 | #if canImport(CoreFoundation) && (FullFoundation || canImport(Darwin))
 22 | import CoreFoundation
    |        `- error: could not build C module 'CoreFoundation'
 23 | #endif
 24 |
<unknown>:0: warning: upcoming feature 'InferSendableFromCaptures' is already enabled as of Swift version 6
<unknown>:0: warning: upcoming feature 'GlobalActorIsolatedTypesUsability' is already enabled as of Swift version 6
<unknown>:0: warning: upcoming feature 'DisableOutwardActorInference' is already enabled as of Swift version 6
/root/.swiftpm/swift-sdks/swift-wasm-6.1-RELEASE-wasm32-unknown-wasi.artifactbundle/6.1-RELEASE-wasm32-unknown-wasi/wasm32-unknown-wasi/swift.xctoolchain/usr/lib/swift_static/CoreFoundation/CoreFoundation.h:28:10: note: while building module 'wasi_emulated_signal' imported from /root/.swiftpm/swift-sdks/swift-wasm-6.1-RELEASE-wasm32-unknown-wasi.artifactbundle/6.1-RELEASE-wasm32-unknown-wasi/wasm32-unknown-wasi/swift.xctoolchain/usr/lib/swift_static/CoreFoundation/CoreFoundation.h:28:
 26 | #include <setjmp.h>
 27 | #endif
 28 | #include <signal.h>
    |          `- note: while building module 'wasi_emulated_signal' imported from /root/.swiftpm/swift-sdks/swift-wasm-6.1-RELEASE-wasm32-unknown-wasi.artifactbundle/6.1-RELEASE-wasm32-unknown-wasi/wasm32-unknown-wasi/swift.xctoolchain/usr/lib/swift_static/CoreFoundation/CoreFoundation.h:28:
 29 | #include <stddef.h>
 30 | #include <stdio.h>
<module-includes>:1:10: note: in file included from <module-includes>:1:
1 | #include "signal.h"
  |          `- note: in file included from <module-includes>:1:
2 |
/root/.swiftpm/swift-sdks/swift-wasm-6.1-RELEASE-wasm32-unknown-wasi.artifactbundle/6.1-RELEASE-wasm32-unknown-wasi/wasm32-unknown-wasi/WASI.sdk/include/wasm32-wasi/signal.h:2:2: error: "wasm lacks signal support; to enable minimal signal emulation, compile with -D_WASI_EMULATED_SIGNAL and link with -lwasi-emulated-signal"
  1 | #ifndef _WASI_EMULATED_SIGNAL
  2 | #error "wasm lacks signal support; to enable minimal signal emulation, \
    |  `- error: "wasm lacks signal support; to enable minimal signal emulation, compile with -D_WASI_EMULATED_SIGNAL and link with -lwasi-emulated-signal"
  3 | compile with -D_WASI_EMULATED_SIGNAL and link with -lwasi-emulated-signal"
  4 | #else
<module-includes>:1:10: note: in file included from <module-includes>:1:
1 | #include "CoreFoundation.h"
  |          `- note: in file included from <module-includes>:1:
2 |
/root/.swiftpm/swift-sdks/swift-wasm-6.1-RELEASE-wasm32-unknown-wasi.artifactbundle/6.1-RELEASE-wasm32-unknown-wasi/wasm32-unknown-wasi/swift.xctoolchain/usr/lib/swift_static/CoreFoundation/CoreFoundation.h:28:10: error: could not build module 'wasi_emulated_signal'
 26 | #include <setjmp.h>
 27 | #endif
 28 | #include <signal.h>
    |          `- error: could not build module 'wasi_emulated_signal'
 29 | #include <stddef.h>
 30 | #include <stdio.h>
/root/.swiftpm/swift-sdks/swift-wasm-6.1-RELEASE-wasm32-unknown-wasi.artifactbundle/6.1-RELEASE-wasm32-unknown-wasi/wasm32-unknown-wasi/swift.xctoolchain/usr/lib/swift_static/CoreFoundation/ForSwiftFoundationOnly.h:86:10: note: while building module 'wasi_emulated_mman' imported from /root/.swiftpm/swift-sdks/swift-wasm-6.1-RELEASE-wasm32-unknown-wasi.artifactbundle/6.1-RELEASE-wasm32-unknown-wasi/wasm32-unknown-wasi/swift.xctoolchain/usr/lib/swift_static/CoreFoundation/ForSwiftFoundationOnly.h:86:
 84 | #undef _WASI_EMULATED_MMAN
 85 | #define _WASI_EMULATED_MMAN
 86 | #include <sys/mman.h>
    |          `- note: while building module 'wasi_emulated_mman' imported from /root/.swiftpm/swift-sdks/swift-wasm-6.1-RELEASE-wasm32-unknown-wasi.artifactbundle/6.1-RELEASE-wasm32-unknown-wasi/wasm32-unknown-wasi/swift.xctoolchain/usr/lib/swift_static/CoreFoundation/ForSwiftFoundationOnly.h:86:
 87 | #elif TARGET_OS_LINUX
 88 | #include <errno.h>
<module-includes>:1:10: note: in file included from <module-includes>:1:
1 | #include "sys/mman.h"
  |          `- note: in file included from <module-includes>:1:
2 |
/root/.swiftpm/swift-sdks/swift-wasm-6.1-RELEASE-wasm32-unknown-wasi.artifactbundle/6.1-RELEASE-wasm32-unknown-wasi/wasm32-unknown-wasi/WASI.sdk/include/wasm32-wasi/sys/mman.h:2:2: error: "WASI lacks a true mmap; to enable minimal mmap emulation, compile with -D_WASI_EMULATED_MMAN and link with -lwasi-emulated-mman"
  1 | #ifndef _WASI_EMULATED_MMAN
  2 | #error "WASI lacks a true mmap; to enable minimal mmap emulation, \
    |  `- error: "WASI lacks a true mmap; to enable minimal mmap emulation, compile with -D_WASI_EMULATED_MMAN and link with -lwasi-emulated-mman"
  3 | compile with -D_WASI_EMULATED_MMAN and link with -lwasi-emulated-mman"
  4 | #else
/host/spi-builder-workspace/.build/checkouts/swift-openapi-runtime/Sources/OpenAPIRuntime/Base/OpenAPIValue.swift:22:8: error: could not build C module 'CoreFoundation'
 20 |
 21 | #if canImport(CoreFoundation) && (FullFoundation || canImport(Darwin))
 22 | import CoreFoundation
    |        `- error: could not build C module 'CoreFoundation'
 23 | #endif
 24 |
<unknown>:0: warning: upcoming feature 'InferSendableFromCaptures' is already enabled as of Swift version 6
<unknown>:0: warning: upcoming feature 'GlobalActorIsolatedTypesUsability' is already enabled as of Swift version 6
<unknown>:0: warning: upcoming feature 'DisableOutwardActorInference' is already enabled as of Swift version 6
/root/.swiftpm/swift-sdks/swift-wasm-6.1-RELEASE-wasm32-unknown-wasi.artifactbundle/6.1-RELEASE-wasm32-unknown-wasi/wasm32-unknown-wasi/swift.xctoolchain/usr/lib/swift_static/CoreFoundation/CoreFoundation.h:28:10: note: while building module 'wasi_emulated_signal' imported from /root/.swiftpm/swift-sdks/swift-wasm-6.1-RELEASE-wasm32-unknown-wasi.artifactbundle/6.1-RELEASE-wasm32-unknown-wasi/wasm32-unknown-wasi/swift.xctoolchain/usr/lib/swift_static/CoreFoundation/CoreFoundation.h:28:
 26 | #include <setjmp.h>
 27 | #endif
 28 | #include <signal.h>
    |          `- note: while building module 'wasi_emulated_signal' imported from /root/.swiftpm/swift-sdks/swift-wasm-6.1-RELEASE-wasm32-unknown-wasi.artifactbundle/6.1-RELEASE-wasm32-unknown-wasi/wasm32-unknown-wasi/swift.xctoolchain/usr/lib/swift_static/CoreFoundation/CoreFoundation.h:28:
 29 | #include <stddef.h>
 30 | #include <stdio.h>
<module-includes>:1:10: note: in file included from <module-includes>:1:
1 | #include "signal.h"
  |          `- note: in file included from <module-includes>:1:
2 |
/root/.swiftpm/swift-sdks/swift-wasm-6.1-RELEASE-wasm32-unknown-wasi.artifactbundle/6.1-RELEASE-wasm32-unknown-wasi/wasm32-unknown-wasi/WASI.sdk/include/wasm32-wasi/signal.h:2:2: error: "wasm lacks signal support; to enable minimal signal emulation, compile with -D_WASI_EMULATED_SIGNAL and link with -lwasi-emulated-signal"
  1 | #ifndef _WASI_EMULATED_SIGNAL
  2 | #error "wasm lacks signal support; to enable minimal signal emulation, \
    |  `- error: "wasm lacks signal support; to enable minimal signal emulation, compile with -D_WASI_EMULATED_SIGNAL and link with -lwasi-emulated-signal"
  3 | compile with -D_WASI_EMULATED_SIGNAL and link with -lwasi-emulated-signal"
  4 | #else
<module-includes>:1:10: note: in file included from <module-includes>:1:
1 | #include "CoreFoundation.h"
  |          `- note: in file included from <module-includes>:1:
2 |
/root/.swiftpm/swift-sdks/swift-wasm-6.1-RELEASE-wasm32-unknown-wasi.artifactbundle/6.1-RELEASE-wasm32-unknown-wasi/wasm32-unknown-wasi/swift.xctoolchain/usr/lib/swift_static/CoreFoundation/CoreFoundation.h:28:10: error: could not build module 'wasi_emulated_signal'
 26 | #include <setjmp.h>
 27 | #endif
 28 | #include <signal.h>
    |          `- error: could not build module 'wasi_emulated_signal'
 29 | #include <stddef.h>
 30 | #include <stdio.h>
/root/.swiftpm/swift-sdks/swift-wasm-6.1-RELEASE-wasm32-unknown-wasi.artifactbundle/6.1-RELEASE-wasm32-unknown-wasi/wasm32-unknown-wasi/swift.xctoolchain/usr/lib/swift_static/CoreFoundation/ForSwiftFoundationOnly.h:86:10: note: while building module 'wasi_emulated_mman' imported from /root/.swiftpm/swift-sdks/swift-wasm-6.1-RELEASE-wasm32-unknown-wasi.artifactbundle/6.1-RELEASE-wasm32-unknown-wasi/wasm32-unknown-wasi/swift.xctoolchain/usr/lib/swift_static/CoreFoundation/ForSwiftFoundationOnly.h:86:
 84 | #undef _WASI_EMULATED_MMAN
 85 | #define _WASI_EMULATED_MMAN
 86 | #include <sys/mman.h>
    |          `- note: while building module 'wasi_emulated_mman' imported from /root/.swiftpm/swift-sdks/swift-wasm-6.1-RELEASE-wasm32-unknown-wasi.artifactbundle/6.1-RELEASE-wasm32-unknown-wasi/wasm32-unknown-wasi/swift.xctoolchain/usr/lib/swift_static/CoreFoundation/ForSwiftFoundationOnly.h:86:
 87 | #elif TARGET_OS_LINUX
 88 | #include <errno.h>
<module-includes>:1:10: note: in file included from <module-includes>:1:
1 | #include "sys/mman.h"
  |          `- note: in file included from <module-includes>:1:
2 |
/root/.swiftpm/swift-sdks/swift-wasm-6.1-RELEASE-wasm32-unknown-wasi.artifactbundle/6.1-RELEASE-wasm32-unknown-wasi/wasm32-unknown-wasi/WASI.sdk/include/wasm32-wasi/sys/mman.h:2:2: error: "WASI lacks a true mmap; to enable minimal mmap emulation, compile with -D_WASI_EMULATED_MMAN and link with -lwasi-emulated-mman"
  1 | #ifndef _WASI_EMULATED_MMAN
  2 | #error "WASI lacks a true mmap; to enable minimal mmap emulation, \
    |  `- error: "WASI lacks a true mmap; to enable minimal mmap emulation, compile with -D_WASI_EMULATED_MMAN and link with -lwasi-emulated-mman"
  3 | compile with -D_WASI_EMULATED_MMAN and link with -lwasi-emulated-mman"
  4 | #else
/host/spi-builder-workspace/.build/checkouts/swift-openapi-runtime/Sources/OpenAPIRuntime/Base/OpenAPIValue.swift:22:8: error: could not build C module 'CoreFoundation'
 20 |
 21 | #if canImport(CoreFoundation) && (FullFoundation || canImport(Darwin))
 22 | import CoreFoundation
    |        `- error: could not build C module 'CoreFoundation'
 23 | #endif
 24 |
<unknown>:0: warning: upcoming feature 'InferSendableFromCaptures' is already enabled as of Swift version 6
<unknown>:0: warning: upcoming feature 'GlobalActorIsolatedTypesUsability' is already enabled as of Swift version 6
<unknown>:0: warning: upcoming feature 'DisableOutwardActorInference' is already enabled as of Swift version 6
/root/.swiftpm/swift-sdks/swift-wasm-6.1-RELEASE-wasm32-unknown-wasi.artifactbundle/6.1-RELEASE-wasm32-unknown-wasi/wasm32-unknown-wasi/swift.xctoolchain/usr/lib/swift_static/CoreFoundation/CoreFoundation.h:28:10: note: while building module 'wasi_emulated_signal' imported from /root/.swiftpm/swift-sdks/swift-wasm-6.1-RELEASE-wasm32-unknown-wasi.artifactbundle/6.1-RELEASE-wasm32-unknown-wasi/wasm32-unknown-wasi/swift.xctoolchain/usr/lib/swift_static/CoreFoundation/CoreFoundation.h:28:
 26 | #include <setjmp.h>
 27 | #endif
 28 | #include <signal.h>
    |          `- note: while building module 'wasi_emulated_signal' imported from /root/.swiftpm/swift-sdks/swift-wasm-6.1-RELEASE-wasm32-unknown-wasi.artifactbundle/6.1-RELEASE-wasm32-unknown-wasi/wasm32-unknown-wasi/swift.xctoolchain/usr/lib/swift_static/CoreFoundation/CoreFoundation.h:28:
 29 | #include <stddef.h>
 30 | #include <stdio.h>
<module-includes>:1:10: note: in file included from <module-includes>:1:
1 | #include "signal.h"
  |          `- note: in file included from <module-includes>:1:
2 |
/root/.swiftpm/swift-sdks/swift-wasm-6.1-RELEASE-wasm32-unknown-wasi.artifactbundle/6.1-RELEASE-wasm32-unknown-wasi/wasm32-unknown-wasi/WASI.sdk/include/wasm32-wasi/signal.h:2:2: error: "wasm lacks signal support; to enable minimal signal emulation, compile with -D_WASI_EMULATED_SIGNAL and link with -lwasi-emulated-signal"
  1 | #ifndef _WASI_EMULATED_SIGNAL
  2 | #error "wasm lacks signal support; to enable minimal signal emulation, \
    |  `- error: "wasm lacks signal support; to enable minimal signal emulation, compile with -D_WASI_EMULATED_SIGNAL and link with -lwasi-emulated-signal"
  3 | compile with -D_WASI_EMULATED_SIGNAL and link with -lwasi-emulated-signal"
  4 | #else
<module-includes>:1:10: note: in file included from <module-includes>:1:
1 | #include "CoreFoundation.h"
  |          `- note: in file included from <module-includes>:1:
2 |
/root/.swiftpm/swift-sdks/swift-wasm-6.1-RELEASE-wasm32-unknown-wasi.artifactbundle/6.1-RELEASE-wasm32-unknown-wasi/wasm32-unknown-wasi/swift.xctoolchain/usr/lib/swift_static/CoreFoundation/CoreFoundation.h:28:10: error: could not build module 'wasi_emulated_signal'
 26 | #include <setjmp.h>
 27 | #endif
 28 | #include <signal.h>
    |          `- error: could not build module 'wasi_emulated_signal'
 29 | #include <stddef.h>
 30 | #include <stdio.h>
/root/.swiftpm/swift-sdks/swift-wasm-6.1-RELEASE-wasm32-unknown-wasi.artifactbundle/6.1-RELEASE-wasm32-unknown-wasi/wasm32-unknown-wasi/swift.xctoolchain/usr/lib/swift_static/CoreFoundation/ForSwiftFoundationOnly.h:86:10: note: while building module 'wasi_emulated_mman' imported from /root/.swiftpm/swift-sdks/swift-wasm-6.1-RELEASE-wasm32-unknown-wasi.artifactbundle/6.1-RELEASE-wasm32-unknown-wasi/wasm32-unknown-wasi/swift.xctoolchain/usr/lib/swift_static/CoreFoundation/ForSwiftFoundationOnly.h:86:
 84 | #undef _WASI_EMULATED_MMAN
 85 | #define _WASI_EMULATED_MMAN
 86 | #include <sys/mman.h>
    |          `- note: while building module 'wasi_emulated_mman' imported from /root/.swiftpm/swift-sdks/swift-wasm-6.1-RELEASE-wasm32-unknown-wasi.artifactbundle/6.1-RELEASE-wasm32-unknown-wasi/wasm32-unknown-wasi/swift.xctoolchain/usr/lib/swift_static/CoreFoundation/ForSwiftFoundationOnly.h:86:
 87 | #elif TARGET_OS_LINUX
 88 | #include <errno.h>
<module-includes>:1:10: note: in file included from <module-includes>:1:
1 | #include "sys/mman.h"
  |          `- note: in file included from <module-includes>:1:
2 |
/root/.swiftpm/swift-sdks/swift-wasm-6.1-RELEASE-wasm32-unknown-wasi.artifactbundle/6.1-RELEASE-wasm32-unknown-wasi/wasm32-unknown-wasi/WASI.sdk/include/wasm32-wasi/sys/mman.h:2:2: error: "WASI lacks a true mmap; to enable minimal mmap emulation, compile with -D_WASI_EMULATED_MMAN and link with -lwasi-emulated-mman"
  1 | #ifndef _WASI_EMULATED_MMAN
  2 | #error "WASI lacks a true mmap; to enable minimal mmap emulation, \
    |  `- error: "WASI lacks a true mmap; to enable minimal mmap emulation, compile with -D_WASI_EMULATED_MMAN and link with -lwasi-emulated-mman"
  3 | compile with -D_WASI_EMULATED_MMAN and link with -lwasi-emulated-mman"
  4 | #else
/host/spi-builder-workspace/.build/checkouts/swift-openapi-runtime/Sources/OpenAPIRuntime/Base/OpenAPIValue.swift:22:8: error: could not build C module 'CoreFoundation'
 20 |
 21 | #if canImport(CoreFoundation) && (FullFoundation || canImport(Darwin))
 22 | import CoreFoundation
    |        `- error: could not build C module 'CoreFoundation'
 23 | #endif
 24 |
<unknown>:0: warning: upcoming feature 'InferSendableFromCaptures' is already enabled as of Swift version 6
<unknown>:0: warning: upcoming feature 'GlobalActorIsolatedTypesUsability' is already enabled as of Swift version 6
<unknown>:0: warning: upcoming feature 'DisableOutwardActorInference' is already enabled as of Swift version 6
[608/1433] Compiling tls13_enc.cc
<unknown>:0: warning: upcoming feature 'InferSendableFromCaptures' is already enabled as of Swift version 6
<unknown>:0: warning: upcoming feature 'GlobalActorIsolatedTypesUsability' is already enabled as of Swift version 6
<unknown>:0: warning: upcoming feature 'DisableOutwardActorInference' is already enabled as of Swift version 6
[608/1433] Compiling tls_record.cc
[608/1433] Compiling tls13_server.cc
<unknown>:0: warning: upcoming feature 'InferSendableFromCaptures' is already enabled as of Swift version 6
<unknown>:0: warning: upcoming feature 'GlobalActorIsolatedTypesUsability' is already enabled as of Swift version 6
<unknown>:0: warning: upcoming feature 'DisableOutwardActorInference' is already enabled as of Swift version 6
[608/1433] Compiling tls_method.cc
Running build ...
bash -c docker run --pull=always --rm -v "checkouts-53886770-1":/host -w "$PWD" -e JAVA_HOME="/root/.sdkman/candidates/java/current" -e SPI_BUILD="1" -e SPI_PROCESSING="1" registry.gitlab.com/saguaro1/spi-images:wasm-6.1-latest swift build --swift-sdk wasm32-unknown-wasi 2>&1
wasm-6.1-latest: Pulling from saguaro1/spi-images
Digest: sha256:beceeede496da67681f4fa220a6b97cc098a0178841a413735f598dc6bbaf4c8
Status: Image is up to date for registry.gitlab.com/saguaro1/spi-images:wasm-6.1-latest
[0/1] Planning build
[1/1] Compiling plugin Swift-DocC Preview
[2/2] Compiling plugin Swift-DocC
Building for debugging...
[2/774] Write sources
[3/775] Compiling fiat_curve25519_adx_square.S
[4/775] Compiling fiat_p256_adx_sqr.S
[5/775] Compiling fiat_p256_adx_mul.S
[6/775] Compiling CCryptoBoringSSLShims shims.c
[7/775] Write swift-version-24593BA9C3E375BF.txt
In file included from /host/spi-builder-workspace/.build/checkouts/swift-nio-ssl/Sources/CNIOBoringSSL/ssl/tls13_server.cc:32:
/host/spi-builder-workspace/.build/checkouts/swift-nio-ssl/Sources/CNIOBoringSSL/ssl/../crypto/internal.h:32:10: fatal error: 'pthread.h' file not found
   32 | #include <pthread.h>
      |          ^~~~~~~~~~~
1 error generated.
[8/775] Compiling tls13_server.cc
In file included from /host/spi-builder-workspace/.build/checkouts/swift-nio-ssl/Sources/CNIOBoringSSL/ssl/ssl_x509.cc:23:
/host/spi-builder-workspace/.build/checkouts/swift-nio-ssl/Sources/CNIOBoringSSL/ssl/../crypto/internal.h:32:10: fatal error: 'pthread.h' file not found
   32 | #include <pthread.h>
      |          ^~~~~~~~~~~
1 error generated.
[8/775] Compiling ssl_x509.cc
In file included from /host/spi-builder-workspace/.build/checkouts/swift-nio-ssl/Sources/CNIOBoringSSL/ssl/t1_enc.cc:28:
/host/spi-builder-workspace/.build/checkouts/swift-nio-ssl/Sources/CNIOBoringSSL/ssl/../crypto/internal.h:32:10: fatal error: 'pthread.h' file not found
   32 | #include <pthread.h>
      |          ^~~~~~~~~~~
[8/775] Compiling t1_enc.cc
[8/775] Compiling tls_method.cc
[8/775] Compiling tls13_both.cc
[8/775] Compiling tls13_client.cc
[8/775] Compiling tls_record.cc
[8/775] Compiling tls13_enc.cc
BUILD FAILURE 6.1 wasm