The Swift Package Index logo.Swift Package Index

Build Information

Failed to build swift-query, reference main (1f9d97), with Swift 6.4 for Android on 22 Sep 2026 20:04:17 UTC.

Build Command

bash -c docker run --pull=always --rm -v "checkouts-54344847-0":/host -w "$PWD" -e JAVA_HOME="/root/.sdkman/candidates/java/current" -e SPI_BUILD="1" -e SPI_PROCESSING="1" registry.gitlab.com/saguaro1/spi-images:android-6.4-latest swift build --swift-sdk aarch64-unknown-linux-android28 2>&1

Build Log

========================================
RunAll
========================================
Builder version: 5.1.0
Interrupt handler set up.
========================================
Checkout
========================================
Clone URL: https://github.com/impossibleflight/swift-query.git
Reference: main
Initialized empty Git repository in /host/spi-builder-workspace/.git/
hint: Using 'master' as the name for the initial branch. This default branch name
hint: is subject to change. To configure the initial branch name to use in all
hint: of your new repositories, which will suppress this warning, call:
hint:
hint: 	git config --global init.defaultBranch <name>
hint:
hint: Names commonly chosen instead of 'master' are 'main', 'trunk' and
hint: 'development'. The just-created branch can be renamed via this command:
hint:
hint: 	git branch -m <name>
From https://github.com/impossibleflight/swift-query
 * branch            main       -> FETCH_HEAD
 * [new branch]      main       -> origin/main
HEAD is now at 1f9d975 Fetch wrappers plus relationship and property fetching modifiers (#1)
Cloned https://github.com/impossibleflight/swift-query.git
Revision (git rev-parse @):
1f9d975617c38b260c18dcb745667ce3a32c5ac5
SUCCESS checkout https://github.com/impossibleflight/swift-query.git at main
========================================
Build
========================================
Selected platform:         android
Swift version:             6.4
Building package at path:  $PWD
https://github.com/impossibleflight/swift-query.git
Running build ...
bash -c docker run --pull=always --rm -v "checkouts-54344847-0":/host -w "$PWD" -e JAVA_HOME="/root/.sdkman/candidates/java/current" -e SPI_BUILD="1" -e SPI_PROCESSING="1" registry.gitlab.com/saguaro1/spi-images:android-6.4-latest swift build --swift-sdk aarch64-unknown-linux-android28 2>&1
android-6.4-latest: Pulling from saguaro1/spi-images
Digest: sha256:abadcff584c273feba50641b454858d377ba30b35ea7287a94f45ebd8afd0ea0
Status: Image is up to date for registry.gitlab.com/saguaro1/spi-images:android-6.4-latest
Fetching https://github.com/pointfreeco/swift-dependencies
Fetching https://github.com/pointfreeco/xctest-dynamic-overlay
[1/7591] Fetching swift-dependencies
[7592/10318] Fetching swift-dependencies, xctest-dynamic-overlay
Fetched https://github.com/pointfreeco/swift-dependencies (0.73s)
Fetched https://github.com/pointfreeco/xctest-dynamic-overlay (0.73s)
Computing version for https://github.com/pointfreeco/xctest-dynamic-overlay
Computed https://github.com/pointfreeco/xctest-dynamic-overlay at 1.13.1 (1.88s)
Fetching https://github.com/pointfreeco/swift-issue-reporting
[1/6161] Fetching swift-issue-reporting
Fetched https://github.com/pointfreeco/swift-issue-reporting (0.72s)
Computing version for https://github.com/pointfreeco/swift-issue-reporting
Computed https://github.com/pointfreeco/swift-issue-reporting at 2.1.1 (0.97s)
Computing version for https://github.com/pointfreeco/swift-dependencies
Computed https://github.com/pointfreeco/swift-dependencies at 1.17.1 (0.24s)
Fetching https://github.com/pointfreeco/swift-concurrency-extras
Fetching https://github.com/pointfreeco/swift-clocks
Fetching https://github.com/swiftlang/swift-syntax
Fetching https://github.com/pointfreeco/combine-schedulers
[1/1058] Fetching swift-concurrency-extras
[467/2504] Fetching swift-concurrency-extras, swift-clocks
[1276/5190] Fetching swift-concurrency-extras, swift-clocks, combine-schedulers
Fetched https://github.com/pointfreeco/swift-concurrency-extras (0.52s)
[2682/4132] Fetching swift-clocks, combine-schedulers
Fetched https://github.com/pointfreeco/combine-schedulers (0.59s)
[1/80009] Fetching swift-syntax
Fetched https://github.com/pointfreeco/swift-clocks (3.58s)
Fetched https://github.com/swiftlang/swift-syntax (3.60s)
Computing version for https://github.com/pointfreeco/swift-clocks
Computed https://github.com/pointfreeco/swift-clocks at 1.1.1 (3.85s)
Computing version for https://github.com/pointfreeco/combine-schedulers
Computed https://github.com/pointfreeco/combine-schedulers at 1.2.2 (0.21s)
Fetching https://github.com/OpenCombine/OpenCombine.git
[1/8284] Fetching opencombine
Fetched https://github.com/OpenCombine/OpenCombine.git (0.86s)
Computing version for https://github.com/OpenCombine/OpenCombine.git
Computed https://github.com/OpenCombine/OpenCombine.git at 0.14.0 (1.98s)
Computing version for https://github.com/pointfreeco/swift-concurrency-extras
Computed https://github.com/pointfreeco/swift-concurrency-extras at 1.4.1 (0.19s)
Computing version for https://github.com/swiftlang/swift-syntax
Computed https://github.com/swiftlang/swift-syntax at 604.0.0 (0.33s)
Creating working copy for https://github.com/OpenCombine/OpenCombine.git
Working copy of https://github.com/OpenCombine/OpenCombine.git resolved at 0.14.0
Creating working copy for https://github.com/pointfreeco/swift-issue-reporting
Working copy of https://github.com/pointfreeco/swift-issue-reporting resolved at 2.1.1
Creating working copy for https://github.com/pointfreeco/swift-concurrency-extras
Working copy of https://github.com/pointfreeco/swift-concurrency-extras resolved at 1.4.1
Creating working copy for https://github.com/pointfreeco/combine-schedulers
Working copy of https://github.com/pointfreeco/combine-schedulers resolved at 1.2.2
Creating working copy for https://github.com/pointfreeco/swift-clocks
Working copy of https://github.com/pointfreeco/swift-clocks resolved at 1.1.1
Creating working copy for https://github.com/pointfreeco/swift-dependencies
Working copy of https://github.com/pointfreeco/swift-dependencies resolved at 1.17.1
Creating working copy for https://github.com/pointfreeco/xctest-dynamic-overlay
Working copy of https://github.com/pointfreeco/xctest-dynamic-overlay resolved at 1.13.1
Creating working copy for https://github.com/swiftlang/swift-syntax
Working copy of https://github.com/swiftlang/swift-syntax resolved at 604.0.0
Building for debugging...
[Computing dependencies]
[Pre-planning 1 / 363]
[Planning deferred tasks]
[80 / 152] ConcurrencyExtras
[88 / 179] OpenCombine
[89 / 179] COpenCombineHelpers
[96 / 179] OpenCombine
[96 / 179] IssueReporting
[107 / 179] OpenCombine
[108 / 179] OpenCombineFoundation
[109 / 179] OpenCombineFoundation
[111 / 179] OpenCombine
[113 / 179] OpenCombine
[115 / 179] IssueReporting
[117 / 179] IssueReporting-product
[118 / 179] IssueReporting
[120 / 179] IssueReporting
[127 / 190] OpenCombineFoundation
[130 / 192] OpenCombineFoundation
[133 / 194] OpenCombineFoundation
[133 / 194] OpenCombine
[135 / 195] OpenCombineFoundation
[141 / 195] OpenCombineDispatch
[154 / 196] OpenCombineFoundation
[160 / 205] OpenCombineFoundation
[169 / 205] Clocks
[179 / 209] CombineSchedulers
[187 / 220] Clocks
[192 / 222] OpenCombineFoundation
[197 / 222]
[211 / 232] Dependencies
[214 / 232] Dependencies
[215 / 232] CombineSchedulers
[224 / 234] SwiftQuery
error: SwiftCompile normal aarch64 /host/spi-builder-workspace/Sources/SwiftQuery/PersistentModel+Query.swift failed with a nonzero exit code. Command line:     cd /host
    builtin-SwiftPerFileCompile PersistentModel+Query.swift
/host/spi-builder-workspace/Sources/SwiftQuery/Fetch+Concurrency.swift:2:8: error: no such module 'SwiftData'
  1 | import Foundation
  2 | import SwiftData
    |        `- error: no such module 'SwiftData'
  3 |
  4 | public extension Query {
Failed frontend command:
/root/.local/share/swiftly/toolchains/6.4.x-snapshot-2026-09-04/usr/bin/swift-frontend -frontend -c /host/spi-builder-workspace/Sources/SwiftQuery/AnySortDescriptor.swift /host/spi-builder-workspace/Sources/SwiftQuery/Fetch+Concurrency.swift /host/spi-builder-workspace/Sources/SwiftQuery/Fetch+MainActor.swift /host/spi-builder-workspace/Sources/SwiftQuery/FetchWrappers/DefaultModelContainerKey.swift /host/spi-builder-workspace/Sources/SwiftQuery/FetchWrappers/FetchAll.swift /host/spi-builder-workspace/Sources/SwiftQuery/FetchWrappers/FetchFirst.swift /host/spi-builder-workspace/Sources/SwiftQuery/FetchWrappers/FetchResults.swift /host/spi-builder-workspace/Sources/SwiftQuery/Logging.swift /host/spi-builder-workspace/Sources/SwiftQuery/PersistentModel+Fetch.swift -primary-file /host/spi-builder-workspace/Sources/SwiftQuery/PersistentModel+Query.swift /host/spi-builder-workspace/Sources/SwiftQuery/Query.swift /host/spi-builder-workspace/Sources/SwiftQuery/QueryActor.swift -emit-dependencies-path /host/spi-builder-workspace/.build/out/Intermediates.noindex/swift-query.build/Debug-android-aarch64/SwiftQuery-t.build/Objects-normal/aarch64/PersistentModel+Query.d -emit-const-values-path /host/spi-builder-workspace/.build/out/Intermediates.noindex/swift-query.build/Debug-android-aarch64/SwiftQuery-t.build/Objects-normal/aarch64/PersistentModel+Query.swiftconstvalues -emit-reference-dependencies-path /host/spi-builder-workspace/.build/out/Intermediates.noindex/swift-query.build/Debug-android-aarch64/SwiftQuery-t.build/Objects-normal/aarch64/PersistentModel+Query.swiftdeps -serialize-diagnostics-path /host/spi-builder-workspace/.build/out/Intermediates.noindex/swift-query.build/Debug-android-aarch64/SwiftQuery-t.build/Objects-normal/aarch64/PersistentModel+Query.dia -target aarch64-unknown-linux-android28 -Xllvm -aarch64-use-tbi -disable-objc-interop -sdk /android-ndk/android-ndk-r27d/toolchains/llvm/prebuilt/linux-x86_64/sysroot -sysroot /android-ndk/android-ndk-r27d/toolchains/llvm/prebuilt/linux-x86_64/sysroot -I /host/spi-builder-workspace/.build/out/Products/Debug-android-aarch64 -module-cache-path /host/spi-builder-workspace/.build/out/ModuleCache.noindex -color-diagnostics -Xcc -fcolor-diagnostics -enable-testing -g -debug-info-format\=dwarf -dwarf-version\=4 -swift-version 6 -Onone -D SWIFT_PACKAGE -D DEBUG -D SWIFT_MODULE_RESOURCE_BUNDLE_UNAVAILABLE -D Xcode -serialize-debugging-options -enable-experimental-feature DebugDescriptionMacro -empty-abi-descriptor -external-plugin-path /root/.local/share/swiftly/toolchains/6.4.x-snapshot-2026-09-04/usr/lib/swift/host/plugins/testing\#/root/.local/share/swiftly/toolchains/6.4.x-snapshot-2026-09-04/usr/bin/swift-plugin-server -validate-clang-modules-once -clang-build-session-file /host/spi-builder-workspace/.build/out/ModuleCache.noindex/Session.modulevalidation -Xcc -working-directory -Xcc /host -resource-dir /root/.swiftpm/swift-sdks/swift-6.4.x-DEVELOPMENT-SNAPSHOT-2026-09-04-a_android.artifactbundle/swift-android/swift-resources/usr/lib/swift-aarch64 -enable-anonymous-context-mangled-names -file-compilation-dir /host -Xcc -resource-dir -Xcc /android-ndk/android-ndk-r27d/toolchains/llvm/prebuilt/linux-x86_64/lib/clang/18 -Xcc -fmodule-map-file\=/host/spi-builder-workspace/.build/out/Intermediates.noindex/GeneratedModuleMaps-android-aarch64/COpenCombineHelpers.modulemap -Xcc -fno-omit-frame-pointer -Xcc -D_LIBCPP_HARDENING_MODE\=_LIBCPP_HARDENING_MODE_DEBUG -Xcc -fmodules-prune-interval\=86400 -Xcc -fmodules-prune-after\=345600 -Xcc -I/host/spi-builder-workspace/.build/checkouts/OpenCombine/Sources/COpenCombineHelpers/include -Xcc -I/host/spi-builder-workspace/.build/out/Products/Debug-android-aarch64/include -Xcc -I/host/spi-builder-workspace/.build/out/Intermediates.noindex/swift-query.build/Debug-android-aarch64/SwiftQuery-t.build/DerivedSources-normal/aarch64 -Xcc -I/host/spi-builder-workspace/.build/out/Intermediates.noindex/swift-query.build/Debug-android-aarch64/SwiftQuery-t.build/DerivedSources/aarch64 -Xcc -I/host/spi-builder-workspace/.build/out/Intermediates.noindex/swift-query.build/Debug-android-aarch64/SwiftQuery-t.build/DerivedSources -Xcc -DSWIFT_PACKAGE -Xcc -DDEBUG\=1 -no-auto-bridging-header-chaining -module-name SwiftQuery -package-name spi_builder_workspace -const-gather-protocols-file /host/spi-builder-workspace/.build/out/Intermediates.noindex/swift-query.build/Debug-android-aarch64/SwiftQuery-t.build/Objects-normal/aarch64/SwiftQuery_const_extract_protocols.json -in-process-plugin-server-path /root/.local/share/swiftly/toolchains/6.4.x-snapshot-2026-09-04/usr/lib/swift/host/libSwiftInProcPluginServer.so -plugin-path /root/.local/share/swiftly/toolchains/6.4.x-snapshot-2026-09-04/usr/lib/swift/host/plugins -plugin-path /root/.local/share/swiftly/toolchains/6.4.x-snapshot-2026-09-04/usr/local/lib/swift/host/plugins -parse-as-library -o /host/spi-builder-workspace/.build/out/Intermediates.noindex/swift-query.build/Debug-android-aarch64/SwiftQuery-t.build/Objects-normal/aarch64/PersistentModel+Query.o -index-unit-output-path /swift-query.build/Debug-android-aarch64/SwiftQuery-t.build/Objects-normal/aarch64/PersistentModel+Query.o -index-store-path /host/spi-builder-workspace/.build/out -index-system-modules
[230 / 243] SwiftQuery
error: SwiftCompile normal aarch64 /host/spi-builder-workspace/Sources/SwiftQuery/PersistentModel+Fetch.swift failed with a nonzero exit code. Command line:     cd /host
    builtin-SwiftPerFileCompile PersistentModel+Fetch.swift
/host/spi-builder-workspace/Sources/SwiftQuery/Fetch+Concurrency.swift:2:8: error: no such module 'SwiftData'
  1 | import Foundation
  2 | import SwiftData
    |        `- error: no such module 'SwiftData'
  3 |
  4 | public extension Query {
Failed frontend command:
/root/.local/share/swiftly/toolchains/6.4.x-snapshot-2026-09-04/usr/bin/swift-frontend -frontend -c /host/spi-builder-workspace/Sources/SwiftQuery/AnySortDescriptor.swift /host/spi-builder-workspace/Sources/SwiftQuery/Fetch+Concurrency.swift /host/spi-builder-workspace/Sources/SwiftQuery/Fetch+MainActor.swift /host/spi-builder-workspace/Sources/SwiftQuery/FetchWrappers/DefaultModelContainerKey.swift /host/spi-builder-workspace/Sources/SwiftQuery/FetchWrappers/FetchAll.swift /host/spi-builder-workspace/Sources/SwiftQuery/FetchWrappers/FetchFirst.swift /host/spi-builder-workspace/Sources/SwiftQuery/FetchWrappers/FetchResults.swift /host/spi-builder-workspace/Sources/SwiftQuery/Logging.swift -primary-file /host/spi-builder-workspace/Sources/SwiftQuery/PersistentModel+Fetch.swift /host/spi-builder-workspace/Sources/SwiftQuery/PersistentModel+Query.swift /host/spi-builder-workspace/Sources/SwiftQuery/Query.swift /host/spi-builder-workspace/Sources/SwiftQuery/QueryActor.swift -emit-dependencies-path /host/spi-builder-workspace/.build/out/Intermediates.noindex/swift-query.build/Debug-android-aarch64/SwiftQuery-t.build/Objects-normal/aarch64/PersistentModel+Fetch.d -emit-const-values-path /host/spi-builder-workspace/.build/out/Intermediates.noindex/swift-query.build/Debug-android-aarch64/SwiftQuery-t.build/Objects-normal/aarch64/PersistentModel+Fetch.swiftconstvalues -emit-reference-dependencies-path /host/spi-builder-workspace/.build/out/Intermediates.noindex/swift-query.build/Debug-android-aarch64/SwiftQuery-t.build/Objects-normal/aarch64/PersistentModel+Fetch.swiftdeps -serialize-diagnostics-path /host/spi-builder-workspace/.build/out/Intermediates.noindex/swift-query.build/Debug-android-aarch64/SwiftQuery-t.build/Objects-normal/aarch64/PersistentModel+Fetch.dia -target aarch64-unknown-linux-android28 -Xllvm -aarch64-use-tbi -disable-objc-interop -sdk /android-ndk/android-ndk-r27d/toolchains/llvm/prebuilt/linux-x86_64/sysroot -sysroot /android-ndk/android-ndk-r27d/toolchains/llvm/prebuilt/linux-x86_64/sysroot -I /host/spi-builder-workspace/.build/out/Products/Debug-android-aarch64 -module-cache-path /host/spi-builder-workspace/.build/out/ModuleCache.noindex -color-diagnostics -Xcc -fcolor-diagnostics -enable-testing -g -debug-info-format\=dwarf -dwarf-version\=4 -swift-version 6 -Onone -D SWIFT_PACKAGE -D DEBUG -D SWIFT_MODULE_RESOURCE_BUNDLE_UNAVAILABLE -D Xcode -serialize-debugging-options -enable-experimental-feature DebugDescriptionMacro -empty-abi-descriptor -external-plugin-path /root/.local/share/swiftly/toolchains/6.4.x-snapshot-2026-09-04/usr/lib/swift/host/plugins/testing\#/root/.local/share/swiftly/toolchains/6.4.x-snapshot-2026-09-04/usr/bin/swift-plugin-server -validate-clang-modules-once -clang-build-session-file /host/spi-builder-workspace/.build/out/ModuleCache.noindex/Session.modulevalidation -Xcc -working-directory -Xcc /host -resource-dir /root/.swiftpm/swift-sdks/swift-6.4.x-DEVELOPMENT-SNAPSHOT-2026-09-04-a_android.artifactbundle/swift-android/swift-resources/usr/lib/swift-aarch64 -enable-anonymous-context-mangled-names -file-compilation-dir /host -Xcc -resource-dir -Xcc /android-ndk/android-ndk-r27d/toolchains/llvm/prebuilt/linux-x86_64/lib/clang/18 -Xcc -fmodule-map-file\=/host/spi-builder-workspace/.build/out/Intermediates.noindex/GeneratedModuleMaps-android-aarch64/COpenCombineHelpers.modulemap -Xcc -fno-omit-frame-pointer -Xcc -D_LIBCPP_HARDENING_MODE\=_LIBCPP_HARDENING_MODE_DEBUG -Xcc -fmodules-prune-interval\=86400 -Xcc -fmodules-prune-after\=345600 -Xcc -I/host/spi-builder-workspace/.build/checkouts/OpenCombine/Sources/COpenCombineHelpers/include -Xcc -I/host/spi-builder-workspace/.build/out/Products/Debug-android-aarch64/include -Xcc -I/host/spi-builder-workspace/.build/out/Intermediates.noindex/swift-query.build/Debug-android-aarch64/SwiftQuery-t.build/DerivedSources-normal/aarch64 -Xcc -I/host/spi-builder-workspace/.build/out/Intermediates.noindex/swift-query.build/Debug-android-aarch64/SwiftQuery-t.build/DerivedSources/aarch64 -Xcc -I/host/spi-builder-workspace/.build/out/Intermediates.noindex/swift-query.build/Debug-android-aarch64/SwiftQuery-t.build/DerivedSources -Xcc -DSWIFT_PACKAGE -Xcc -DDEBUG\=1 -no-auto-bridging-header-chaining -module-name SwiftQuery -package-name spi_builder_workspace -const-gather-protocols-file /host/spi-builder-workspace/.build/out/Intermediates.noindex/swift-query.build/Debug-android-aarch64/SwiftQuery-t.build/Objects-normal/aarch64/SwiftQuery_const_extract_protocols.json -in-process-plugin-server-path /root/.local/share/swiftly/toolchains/6.4.x-snapshot-2026-09-04/usr/lib/swift/host/libSwiftInProcPluginServer.so -plugin-path /root/.local/share/swiftly/toolchains/6.4.x-snapshot-2026-09-04/usr/lib/swift/host/plugins -plugin-path /root/.local/share/swiftly/toolchains/6.4.x-snapshot-2026-09-04/usr/local/lib/swift/host/plugins -parse-as-library -o /host/spi-builder-workspace/.build/out/Intermediates.noindex/swift-query.build/Debug-android-aarch64/SwiftQuery-t.build/Objects-normal/aarch64/PersistentModel+Fetch.o -index-unit-output-path /swift-query.build/Debug-android-aarch64/SwiftQuery-t.build/Objects-normal/aarch64/PersistentModel+Fetch.o -index-store-path /host/spi-builder-workspace/.build/out -index-system-modules
error: Build failed
BUILD FAILURE 6.4 android