Build Information
Failed to build EAnalytics, reference master (f4ee7e), with Swift 6.4 for watchOS using Xcode 27.0 on 20 Sep 2026 17:54:32 UTC.
Build Command
No build command. This typically means the build failed at an early stage where we determine the build command.Build Log
========================================
RunAll
========================================
Builder version: 5.1.0
Interrupt handler set up.
========================================
Checkout
========================================
Clone URL: https://github.com/EulerianTechnologies/eanalytics-ios.git
Reference: master
Initialized empty Git repository in /Users/admin/builder/spi-builder-workspace/.git/
From https://github.com/EulerianTechnologies/eanalytics-ios
* branch master -> FETCH_HEAD
* [new branch] master -> origin/master
HEAD is now at f4ee7e6 Update activesupport to version 7.2.3.1
Cloned https://github.com/EulerianTechnologies/eanalytics-ios.git
Revision (git rev-parse @):
f4ee7e6424015b3e073b919534cd5d9266af75ba
SUCCESS checkout https://github.com/EulerianTechnologies/eanalytics-ios.git at master
========================================
Build
========================================
Selected platform: watchOS
Swift version: 6.4
Building package at path: $PWD
https://github.com/EulerianTechnologies/eanalytics-ios.git
Command line invocation:
/Applications/Xcode-27.0.0-Release.Candidate.app/Contents/Developer/usr/bin/xcodebuild -IDEClonedSourcePackagesDirPathOverride=/Users/admin/builder/spi-builder-workspace/.dependencies -resolvePackageDependencies
2026-09-20 13:54:31.203 xcodebuild[528:3049] Writing error result bundle to /var/folders/xq/y_g06wb113726d38xsyx71_h0000gn/T/ResultBundle_2026-20-09_13-54-0031.xcresult
xcodebuild: error: '_Pods.xcodeproj' does not exist.
Command line invocation:
/Applications/Xcode-27.0.0-Release.Candidate.app/Contents/Developer/usr/bin/xcodebuild -IDEClonedSourcePackagesDirPathOverride=/Users/admin/builder/spi-builder-workspace/.dependencies -resolvePackageDependencies
2026-09-20 13:54:32.168 xcodebuild[538:3125] Writing error result bundle to /var/folders/xq/y_g06wb113726d38xsyx71_h0000gn/T/ResultBundle_2026-20-09_13-54-0032.xcresult
xcodebuild: error: '_Pods.xcodeproj' does not exist.
BUILD FAILURE 6.4 watchOS