Build Information
Failed to build WordpressReader, reference main (7fc390), with Swift 6.3 for Android on 4 Sep 2026 07:15:42 UTC.
Build Command
bash -c docker run --pull=always --rm -v "checkouts-54344845-1":/host -w "$PWD" -e JAVA_HOME="/root/.sdkman/candidates/java/current" -e SPI_BUILD="1" -e SPI_PROCESSING="1" registry.gitlab.com/saguaro1/spi-images:android-6.3-latest swift build --swift-sdk aarch64-unknown-linux-android28 2>&1Build Log
========================================
RunAll
========================================
Builder version: 5.0.2
Interrupt handler set up.
========================================
Checkout
========================================
Clone URL: https://github.com/ryanlintott/WordpressReader.git
Reference: main
Initialized empty Git repository in /host/spi-builder-workspace/.git/
hint: Using 'master' as the name for the initial branch. This default branch name
hint: is subject to change. To configure the initial branch name to use in all
hint: of your new repositories, which will suppress this warning, call:
hint:
hint: git config --global init.defaultBranch <name>
hint:
hint: Names commonly chosen instead of 'master' are 'main', 'trunk' and
hint: 'development'. The just-created branch can be renamed via this command:
hint:
hint: git branch -m <name>
From https://github.com/ryanlintott/WordpressReader
* branch main -> FETCH_HEAD
* [new branch] main -> origin/main
HEAD is now at 7fc3908 Updated changelog
Cloned https://github.com/ryanlintott/WordpressReader.git
Revision (git rev-parse @):
7fc3908845a5987fda9e0ce6ce840754a355adc0
SPI manifest file found: $PWD/.spi.yml
SUCCESS checkout https://github.com/ryanlintott/WordpressReader.git at main
========================================
Build
========================================
Selected platform: android
Swift version: 6.3
Building package at path: $PWD
https://github.com/ryanlintott/WordpressReader.git
Running build ...
bash -c docker run --pull=always --rm -v "checkouts-54344845-1":/host -w "$PWD" -e JAVA_HOME="/root/.sdkman/candidates/java/current" -e SPI_BUILD="1" -e SPI_PROCESSING="1" registry.gitlab.com/saguaro1/spi-images:android-6.3-latest swift build --swift-sdk aarch64-unknown-linux-android28 2>&1
android-6.3-latest: Pulling from saguaro1/spi-images
Digest: sha256:2b782c87e0bdf114eb0da12f6379a346f06569d6991407581da7dc03d1813adf
Status: Image is up to date for registry.gitlab.com/saguaro1/spi-images:android-6.3-latest
Building for debugging...
[0/3] Copying PrivacyInfo.xcprivacy
[1/3] Write sources
[2/3] Write swift-version-272D24FF697CF451.txt
error: emit-module command failed with exit code 1 (use -v to see invocation)
[4/25] Emitting module WordpressReader
/host/spi-builder-workspace/Sources/WordpressReader/WordpressQueryItem.swift:8:8: error: no such module 'SwiftUI'
6 | //
7 |
8 | import SwiftUI
| `- error: no such module 'SwiftUI'
9 |
10 | /// Enumeration of sorting attributes for Wordpress objects.
[5/27] Compiling WordpressReader WordpressExamples.swift
/host/spi-builder-workspace/Sources/WordpressReader/WordpressQueryItem.swift:8:8: error: no such module 'SwiftUI'
6 | //
7 |
8 | import SwiftUI
| `- error: no such module 'SwiftUI'
9 |
10 | /// Enumeration of sorting attributes for Wordpress objects.
[6/27] Compiling WordpressReader WordpressIcon.swift
/host/spi-builder-workspace/Sources/WordpressReader/WordpressQueryItem.swift:8:8: error: no such module 'SwiftUI'
6 | //
7 |
8 | import SwiftUI
| `- error: no such module 'SwiftUI'
9 |
10 | /// Enumeration of sorting attributes for Wordpress objects.
[7/27] Compiling WordpressReader WordpressLogo.swift
/host/spi-builder-workspace/Sources/WordpressReader/WordpressQueryItem.swift:8:8: error: no such module 'SwiftUI'
6 | //
7 |
8 | import SwiftUI
| `- error: no such module 'SwiftUI'
9 |
10 | /// Enumeration of sorting attributes for Wordpress objects.
[8/27] Compiling WordpressReader WordpressReaderError.swift
/host/spi-builder-workspace/Sources/WordpressReader/WordpressQueryItem.swift:8:8: error: no such module 'SwiftUI'
6 | //
7 |
8 | import SwiftUI
| `- error: no such module 'SwiftUI'
9 |
10 | /// Enumeration of sorting attributes for Wordpress objects.
[9/27] Compiling WordpressReader WordpressRequest.swift
/host/spi-builder-workspace/Sources/WordpressReader/WordpressQueryItem.swift:8:8: error: no such module 'SwiftUI'
6 | //
7 |
8 | import SwiftUI
| `- error: no such module 'SwiftUI'
9 |
10 | /// Enumeration of sorting attributes for Wordpress objects.
[10/27] Compiling WordpressReader WordpressSettings.swift
/host/spi-builder-workspace/Sources/WordpressReader/WordpressQueryItem.swift:8:8: error: no such module 'SwiftUI'
6 | //
7 |
8 | import SwiftUI
| `- error: no such module 'SwiftUI'
9 |
10 | /// Enumeration of sorting attributes for Wordpress objects.
[11/27] Compiling WordpressReader ParameterLabels.swift
/host/spi-builder-workspace/Sources/WordpressReader/WordpressQueryItem.swift:8:8: error: no such module 'SwiftUI'
6 | //
7 |
8 | import SwiftUI
| `- error: no such module 'SwiftUI'
9 |
10 | /// Enumeration of sorting attributes for Wordpress objects.
[12/27] Compiling WordpressReader URL-extension.swift
/host/spi-builder-workspace/Sources/WordpressReader/WordpressQueryItem.swift:8:8: error: no such module 'SwiftUI'
6 | //
7 |
8 | import SwiftUI
| `- error: no such module 'SwiftUI'
9 |
10 | /// Enumeration of sorting attributes for Wordpress objects.
[13/27] Compiling WordpressReader URLSession+async.swift
/host/spi-builder-workspace/Sources/WordpressReader/WordpressQueryItem.swift:8:8: error: no such module 'SwiftUI'
6 | //
7 |
8 | import SwiftUI
| `- error: no such module 'SwiftUI'
9 |
10 | /// Enumeration of sorting attributes for Wordpress objects.
[14/27] Compiling WordpressReader WordpressPage.swift
/host/spi-builder-workspace/Sources/WordpressReader/WordpressQueryItem.swift:8:8: error: no such module 'SwiftUI'
6 | //
7 |
8 | import SwiftUI
| `- error: no such module 'SwiftUI'
9 |
10 | /// Enumeration of sorting attributes for Wordpress objects.
[15/27] Compiling WordpressReader WordpressPost.swift
/host/spi-builder-workspace/Sources/WordpressReader/WordpressQueryItem.swift:8:8: error: no such module 'SwiftUI'
6 | //
7 |
8 | import SwiftUI
| `- error: no such module 'SwiftUI'
9 |
10 | /// Enumeration of sorting attributes for Wordpress objects.
[16/27] Compiling WordpressReader WordpressQueryItem.swift
/host/spi-builder-workspace/Sources/WordpressReader/WordpressQueryItem.swift:8:8: error: no such module 'SwiftUI'
6 | //
7 |
8 | import SwiftUI
| `- error: no such module 'SwiftUI'
9 |
10 | /// Enumeration of sorting attributes for Wordpress objects.
[17/27] Compiling WordpressReader RenderedContent.swift
/host/spi-builder-workspace/Sources/WordpressReader/WordpressQueryItem.swift:8:8: error: no such module 'SwiftUI'
6 | //
7 |
8 | import SwiftUI
| `- error: no such module 'SwiftUI'
9 |
10 | /// Enumeration of sorting attributes for Wordpress objects.
[18/27] Compiling WordpressReader WordpressCategory.swift
/host/spi-builder-workspace/Sources/WordpressReader/WordpressQueryItem.swift:8:8: error: no such module 'SwiftUI'
6 | //
7 |
8 | import SwiftUI
| `- error: no such module 'SwiftUI'
9 |
10 | /// Enumeration of sorting attributes for Wordpress objects.
[19/27] Compiling WordpressReader WordpressDate.swift
/host/spi-builder-workspace/Sources/WordpressReader/WordpressQueryItem.swift:8:8: error: no such module 'SwiftUI'
6 | //
7 |
8 | import SwiftUI
| `- error: no such module 'SwiftUI'
9 |
10 | /// Enumeration of sorting attributes for Wordpress objects.
[20/27] Compiling WordpressReader WordpressTag.swift
/host/spi-builder-workspace/Sources/WordpressReader/WordpressQueryItem.swift:8:8: error: no such module 'SwiftUI'
6 | //
7 |
8 | import SwiftUI
| `- error: no such module 'SwiftUI'
9 |
10 | /// Enumeration of sorting attributes for Wordpress objects.
[21/27] Compiling WordpressReader resource_bundle_accessor.swift
/host/spi-builder-workspace/Sources/WordpressReader/WordpressQueryItem.swift:8:8: error: no such module 'SwiftUI'
6 | //
7 |
8 | import SwiftUI
| `- error: no such module 'SwiftUI'
9 |
10 | /// Enumeration of sorting attributes for Wordpress objects.
[22/27] Compiling WordpressReader WordpressSite+async-internal.swift
/host/spi-builder-workspace/Sources/WordpressReader/WordpressQueryItem.swift:8:8: error: no such module 'SwiftUI'
6 | //
7 |
8 | import SwiftUI
| `- error: no such module 'SwiftUI'
9 |
10 | /// Enumeration of sorting attributes for Wordpress objects.
[23/27] Compiling WordpressReader WordpressSite+async-public.swift
/host/spi-builder-workspace/Sources/WordpressReader/WordpressQueryItem.swift:8:8: error: no such module 'SwiftUI'
6 | //
7 |
8 | import SwiftUI
| `- error: no such module 'SwiftUI'
9 |
10 | /// Enumeration of sorting attributes for Wordpress objects.
[24/27] Compiling WordpressReader WordpressSite.swift
/host/spi-builder-workspace/Sources/WordpressReader/WordpressQueryItem.swift:8:8: error: no such module 'SwiftUI'
6 | //
7 |
8 | import SwiftUI
| `- error: no such module 'SwiftUI'
9 |
10 | /// Enumeration of sorting attributes for Wordpress objects.
[25/27] Compiling WordpressReader WordpressContent.swift
/host/spi-builder-workspace/Sources/WordpressReader/WordpressQueryItem.swift:8:8: error: no such module 'SwiftUI'
6 | //
7 |
8 | import SwiftUI
| `- error: no such module 'SwiftUI'
9 |
10 | /// Enumeration of sorting attributes for Wordpress objects.
[26/27] Compiling WordpressReader WordpressItem.swift
/host/spi-builder-workspace/Sources/WordpressReader/WordpressQueryItem.swift:8:8: error: no such module 'SwiftUI'
6 | //
7 |
8 | import SwiftUI
| `- error: no such module 'SwiftUI'
9 |
10 | /// Enumeration of sorting attributes for Wordpress objects.
[27/27] Compiling WordpressReader WordpressTaxonomy.swift
/host/spi-builder-workspace/Sources/WordpressReader/WordpressQueryItem.swift:8:8: error: no such module 'SwiftUI'
6 | //
7 |
8 | import SwiftUI
| `- error: no such module 'SwiftUI'
9 |
10 | /// Enumeration of sorting attributes for Wordpress objects.
BUILD FAILURE 6.3 android