The Swift Package Index logo.Swift Package Index

Build Information

Failed to build AutoLayoutHelpers, reference main (45989d), with Swift 6.4 for Android on 22 Sep 2026 22:10:45 UTC.

Build Command

bash -c docker run --pull=always --rm -v "checkouts-53886769-0":/host -w "$PWD" -e JAVA_HOME="/root/.sdkman/candidates/java/current" -e SPI_BUILD="1" -e SPI_PROCESSING="1" registry.gitlab.com/saguaro1/spi-images:android-6.4-latest swift build --swift-sdk aarch64-unknown-linux-android28 2>&1

Build Log

========================================
RunAll
========================================
Builder version: 5.1.0
Interrupt handler set up.
========================================
Checkout
========================================
Clone URL: https://github.com/omv-libs/AutoLayoutHelpers.git
Reference: main
Initialized empty Git repository in /host/spi-builder-workspace/.git/
hint: Using 'master' as the name for the initial branch. This default branch name
hint: is subject to change. To configure the initial branch name to use in all
hint: of your new repositories, which will suppress this warning, call:
hint:
hint: 	git config --global init.defaultBranch <name>
hint:
hint: Names commonly chosen instead of 'master' are 'main', 'trunk' and
hint: 'development'. The just-created branch can be renamed via this command:
hint:
hint: 	git branch -m <name>
From https://github.com/omv-libs/AutoLayoutHelpers
 * branch            main       -> FETCH_HEAD
 * [new branch]      main       -> origin/main
HEAD is now at 45989dc Merge pull request #7 from Gabardone/Xcode15Updates
Cloned https://github.com/omv-libs/AutoLayoutHelpers.git
Revision (git rev-parse @):
45989dc5b65c6ab34f40beaf3cf1f8fb991d0730
SUCCESS checkout https://github.com/omv-libs/AutoLayoutHelpers.git at main
========================================
Build
========================================
Selected platform:         android
Swift version:             6.4
Building package at path:  $PWD
https://github.com/omv-libs/AutoLayoutHelpers.git
Running build ...
bash -c docker run --pull=always --rm -v "checkouts-53886769-0":/host -w "$PWD" -e JAVA_HOME="/root/.sdkman/candidates/java/current" -e SPI_BUILD="1" -e SPI_PROCESSING="1" registry.gitlab.com/saguaro1/spi-images:android-6.4-latest swift build --swift-sdk aarch64-unknown-linux-android28 2>&1
android-6.4-latest: Pulling from saguaro1/spi-images
Digest: sha256:abadcff584c273feba50641b454858d377ba30b35ea7287a94f45ebd8afd0ea0
Status: Image is up to date for registry.gitlab.com/saguaro1/spi-images:android-6.4-latest
Building for debugging...
[Planning deferred tasks]
error: SwiftCompile normal aarch64 failed with a nonzero exit code. Command line:     cd /host

/host/spi-builder-workspace/Sources/AutoLayoutHelpers/ActiveConstraint.swift:27:30: error: cannot find type 'NSLayoutConstraint' in scope
25 |     private var constraint: NSLayoutConstraint?
26 |
27 |     public var wrappedValue: NSLayoutConstraint? {
   |                              `- error: cannot find type 'NSLayoutConstraint' in scope
28 |         get {
29 |             constraint
/host/spi-builder-workspace/Sources/AutoLayoutHelpers/ActiveConstraint.swift:25:29: error: cannot find type 'NSLayoutConstraint' in scope
23 | @propertyWrapper
24 | public struct ActiveConstraint {
25 |     private var constraint: NSLayoutConstraint?
   |                             `- error: cannot find type 'NSLayoutConstraint' in scope
26 |
27 |     public var wrappedValue: NSLayoutConstraint? {
/host/spi-builder-workspace/Sources/AutoLayoutHelpers/ActiveConstraint.swift:43:29: error: cannot find type 'NSLayoutConstraint' in scope
41 |     }
42 |
43 |     public init(constraint: NSLayoutConstraint? = nil) {
   |                             `- error: cannot find type 'NSLayoutConstraint' in scope
44 |         self.constraint = constraint
45 |         constraint?.isActive = true
/host/spi-builder-workspace/Sources/AutoLayoutHelpers/ActiveConstraints.swift:32:31: error: cannot find type 'NSLayoutConstraint' in scope
30 |     private var constraints: [NSLayoutConstraint]
31 |
32 |     public var wrappedValue: [NSLayoutConstraint] {
   |                               `- error: cannot find type 'NSLayoutConstraint' in scope
33 |         get {
34 |             constraints
/host/spi-builder-workspace/Sources/AutoLayoutHelpers/ActiveConstraints.swift:30:31: error: cannot find type 'NSLayoutConstraint' in scope
28 | @propertyWrapper
29 | public struct ActiveConstraints {
30 |     private var constraints: [NSLayoutConstraint]
   |                               `- error: cannot find type 'NSLayoutConstraint' in scope
31 |
32 |     public var wrappedValue: [NSLayoutConstraint] {
/host/spi-builder-workspace/Sources/AutoLayoutHelpers/ActiveConstraints.swift:51:31: error: cannot find type 'NSLayoutConstraint' in scope
49 |      Default initializer has an empty array as a default input parameter since most of the time we'll start empty.
50 |      */
51 |     public init(constraints: [NSLayoutConstraint] = []) {
   |                               `- error: cannot find type 'NSLayoutConstraint' in scope
52 |         self.constraints = constraints
53 |         constraints.activate()
/host/spi-builder-workspace/Sources/AutoLayoutHelpers/Array+AutoLayout.swift:14:19: error: cannot find type 'NSLayoutConstraint' in scope
12 | #endif
13 |
14 | public extension [NSLayoutConstraint] {
   |                   `- error: cannot find type 'NSLayoutConstraint' in scope
15 |     /**
16 |      Use this method for a more terse activation of an `Array` of layout constraints.
/host/spi-builder-workspace/Sources/AutoLayoutHelpers/Array+AutoLayout.swift:22:9: error: cannot find 'NSLayoutConstraint' in scope
20 |     @discardableResult @inlinable
21 |     func activate() -> Self {
22 |         NSLayoutConstraint.activate(self)
   |         `- error: cannot find 'NSLayoutConstraint' in scope
23 |         return self
24 |     }
/host/spi-builder-workspace/Sources/AutoLayoutHelpers/Array+AutoLayout.swift:33:9: error: cannot find 'NSLayoutConstraint' in scope
31 |     @discardableResult @inlinable
32 |     func deactivate() -> Self {
33 |         NSLayoutConstraint.deactivate(self)
   |         `- error: cannot find 'NSLayoutConstraint' in scope
34 |         return self
35 |     }
/host/spi-builder-workspace/Sources/AutoLayoutHelpers/LayoutArea.swift:24:23: error: cannot find type 'NSLayoutYAxisAnchor' in scope
 22 |  */
 23 | public protocol LayoutArea: AnyObject {
 24 |     var bottomAnchor: NSLayoutYAxisAnchor { get }
    |                       `- error: cannot find type 'NSLayoutYAxisAnchor' in scope
 25 |     var centerXAnchor: NSLayoutXAxisAnchor { get }
 26 |     var centerYAnchor: NSLayoutYAxisAnchor { get }
/host/spi-builder-workspace/Sources/AutoLayoutHelpers/LayoutArea.swift:25:24: error: cannot find type 'NSLayoutXAxisAnchor' in scope
 23 | public protocol LayoutArea: AnyObject {
 24 |     var bottomAnchor: NSLayoutYAxisAnchor { get }
 25 |     var centerXAnchor: NSLayoutXAxisAnchor { get }
    |                        `- error: cannot find type 'NSLayoutXAxisAnchor' in scope
 26 |     var centerYAnchor: NSLayoutYAxisAnchor { get }
 27 |     var heightAnchor: NSLayoutDimension { get }
/host/spi-builder-workspace/Sources/AutoLayoutHelpers/LayoutArea.swift:26:24: error: cannot find type 'NSLayoutYAxisAnchor' in scope
 24 |     var bottomAnchor: NSLayoutYAxisAnchor { get }
 25 |     var centerXAnchor: NSLayoutXAxisAnchor { get }
 26 |     var centerYAnchor: NSLayoutYAxisAnchor { get }
    |                        `- error: cannot find type 'NSLayoutYAxisAnchor' in scope
 27 |     var heightAnchor: NSLayoutDimension { get }
 28 |     var leadingAnchor: NSLayoutXAxisAnchor { get }
/host/spi-builder-workspace/Sources/AutoLayoutHelpers/LayoutArea.swift:27:23: error: cannot find type 'NSLayoutDimension' in scope
 25 |     var centerXAnchor: NSLayoutXAxisAnchor { get }
 26 |     var centerYAnchor: NSLayoutYAxisAnchor { get }
 27 |     var heightAnchor: NSLayoutDimension { get }
    |                       `- error: cannot find type 'NSLayoutDimension' in scope
 28 |     var leadingAnchor: NSLayoutXAxisAnchor { get }
 29 |     var topAnchor: NSLayoutYAxisAnchor { get }
/host/spi-builder-workspace/Sources/AutoLayoutHelpers/LayoutArea.swift:28:24: error: cannot find type 'NSLayoutXAxisAnchor' in scope
 26 |     var centerYAnchor: NSLayoutYAxisAnchor { get }
 27 |     var heightAnchor: NSLayoutDimension { get }
 28 |     var leadingAnchor: NSLayoutXAxisAnchor { get }
    |                        `- error: cannot find type 'NSLayoutXAxisAnchor' in scope
 29 |     var topAnchor: NSLayoutYAxisAnchor { get }
 30 |     var trailingAnchor: NSLayoutXAxisAnchor { get }
/host/spi-builder-workspace/Sources/AutoLayoutHelpers/LayoutArea.swift:29:20: error: cannot find type 'NSLayoutYAxisAnchor' in scope
 27 |     var heightAnchor: NSLayoutDimension { get }
 28 |     var leadingAnchor: NSLayoutXAxisAnchor { get }
 29 |     var topAnchor: NSLayoutYAxisAnchor { get }
    |                    `- error: cannot find type 'NSLayoutYAxisAnchor' in scope
 30 |     var trailingAnchor: NSLayoutXAxisAnchor { get }
 31 |     var widthAnchor: NSLayoutDimension { get }
/host/spi-builder-workspace/Sources/AutoLayoutHelpers/LayoutArea.swift:30:25: error: cannot find type 'NSLayoutXAxisAnchor' in scope
 28 |     var leadingAnchor: NSLayoutXAxisAnchor { get }
 29 |     var topAnchor: NSLayoutYAxisAnchor { get }
 30 |     var trailingAnchor: NSLayoutXAxisAnchor { get }
    |                         `- error: cannot find type 'NSLayoutXAxisAnchor' in scope
 31 |     var widthAnchor: NSLayoutDimension { get }
 32 | }
/host/spi-builder-workspace/Sources/AutoLayoutHelpers/LayoutArea.swift:31:22: error: cannot find type 'NSLayoutDimension' in scope
 29 |     var topAnchor: NSLayoutYAxisAnchor { get }
 30 |     var trailingAnchor: NSLayoutXAxisAnchor { get }
 31 |     var widthAnchor: NSLayoutDimension { get }
    |                      `- error: cannot find type 'NSLayoutDimension' in scope
 32 | }
 33 |
/host/spi-builder-workspace/Sources/AutoLayoutHelpers/LayoutArea.swift:56:11: error: cannot find type 'NSLayoutConstraint' in scope
 54 |         edges: NSDirectionalRectEdge = .all,
 55 |         insets: NSDirectionalEdgeInsets = .zero
 56 |     ) -> [NSLayoutConstraint] {
    |           `- error: cannot find type 'NSLayoutConstraint' in scope
 57 |         var result = [NSLayoutConstraint]()
 58 |         if edges.contains(.leading) {
/host/spi-builder-workspace/Sources/AutoLayoutHelpers/LayoutArea.swift:54:16: error: cannot find type 'NSDirectionalRectEdge' in scope
 52 |     func constraintsAgainstEnclosing(
 53 |         layoutArea: LayoutArea,
 54 |         edges: NSDirectionalRectEdge = .all,
    |                `- error: cannot find type 'NSDirectionalRectEdge' in scope
 55 |         insets: NSDirectionalEdgeInsets = .zero
 56 |     ) -> [NSLayoutConstraint] {
/host/spi-builder-workspace/Sources/AutoLayoutHelpers/LayoutArea.swift:55:17: error: cannot find type 'NSDirectionalEdgeInsets' in scope
 53 |         layoutArea: LayoutArea,
 54 |         edges: NSDirectionalRectEdge = .all,
 55 |         insets: NSDirectionalEdgeInsets = .zero
    |                 `- error: cannot find type 'NSDirectionalEdgeInsets' in scope
 56 |     ) -> [NSLayoutConstraint] {
 57 |         var result = [NSLayoutConstraint]()
/host/spi-builder-workspace/Sources/AutoLayoutHelpers/LayoutArea.swift:77:66: error: cannot find type 'NSLayoutConstraint' in scope
 75 |      Disambiguation method for contraints against a layour area on all edges with no insets.
 76 |      */
 77 |     func constraintsAgainstEnclosing(layoutArea: LayoutArea) -> [NSLayoutConstraint] {
    |                                                                  `- error: cannot find type 'NSLayoutConstraint' in scope
 78 |         constraintsAgainstEnclosing(layoutArea: layoutArea, edges: .all, insets: .zero)
 79 |     }
/host/spi-builder-workspace/Sources/AutoLayoutHelpers/LayoutArea.swift:99:11: error: cannot find type 'NSLayoutConstraint' in scope
 97 |         layoutArea: LayoutArea,
 98 |         insetEdges: (CGFloat, NSDirectionalRectEdge)...
 99 |     ) -> [NSLayoutConstraint] {
    |           `- error: cannot find type 'NSLayoutConstraint' in scope
100 |         constraintsAgainstEnclosing(layoutArea: layoutArea, insetEdges: insetEdges)
101 |     }
/host/spi-builder-workspace/Sources/AutoLayoutHelpers/LayoutArea.swift:98:22: error: cannot find type 'CGFloat' in scope
 96 |     func constraintsAgainstEnclosing(
 97 |         layoutArea: LayoutArea,
 98 |         insetEdges: (CGFloat, NSDirectionalRectEdge)...
    |                      `- error: cannot find type 'CGFloat' in scope
 99 |     ) -> [NSLayoutConstraint] {
100 |         constraintsAgainstEnclosing(layoutArea: layoutArea, insetEdges: insetEdges)
/host/spi-builder-workspace/Sources/AutoLayoutHelpers/LayoutArea.swift:98:31: error: cannot find type 'NSDirectionalRectEdge' in scope
 96 |     func constraintsAgainstEnclosing(
 97 |         layoutArea: LayoutArea,
 98 |         insetEdges: (CGFloat, NSDirectionalRectEdge)...
    |                               `- error: cannot find type 'NSDirectionalRectEdge' in scope
 99 |     ) -> [NSLayoutConstraint] {
100 |         constraintsAgainstEnclosing(layoutArea: layoutArea, insetEdges: insetEdges)
/host/spi-builder-workspace/Sources/AutoLayoutHelpers/LayoutArea.swift:107:11: error: cannot find type 'NSLayoutConstraint' in scope
105 |         layoutArea: LayoutArea,
106 |         insetEdges: [(inset: CGFloat, edges: NSDirectionalRectEdge)]
107 |     ) -> [NSLayoutConstraint] {
    |           `- error: cannot find type 'NSLayoutConstraint' in scope
108 |         insetEdges.flatMap { (inset: CGFloat, edges: NSDirectionalRectEdge) in
109 |             constraintsAgainstEnclosing(layoutArea: layoutArea, edges: edges, insets: .init(all: inset))
/host/spi-builder-workspace/Sources/AutoLayoutHelpers/LayoutArea.swift:106:30: error: cannot find type 'CGFloat' in scope
104 |     internal func constraintsAgainstEnclosing(
105 |         layoutArea: LayoutArea,
106 |         insetEdges: [(inset: CGFloat, edges: NSDirectionalRectEdge)]
    |                              `- error: cannot find type 'CGFloat' in scope
107 |     ) -> [NSLayoutConstraint] {
108 |         insetEdges.flatMap { (inset: CGFloat, edges: NSDirectionalRectEdge) in
/host/spi-builder-workspace/Sources/AutoLayoutHelpers/LayoutArea.swift:106:46: error: cannot find type 'NSDirectionalRectEdge' in scope
104 |     internal func constraintsAgainstEnclosing(
105 |         layoutArea: LayoutArea,
106 |         insetEdges: [(inset: CGFloat, edges: NSDirectionalRectEdge)]
    |                                              `- error: cannot find type 'NSDirectionalRectEdge' in scope
107 |     ) -> [NSLayoutConstraint] {
108 |         insetEdges.flatMap { (inset: CGFloat, edges: NSDirectionalRectEdge) in
/host/spi-builder-workspace/Sources/AutoLayoutHelpers/LayoutArea.swift:130:11: error: cannot find type 'NSLayoutConstraint' in scope
128 |         horizontalOffset: CGFloat = 0.0,
129 |         verticalOffset: CGFloat = 0.0
130 |     ) -> [NSLayoutConstraint] {
    |           `- error: cannot find type 'NSLayoutConstraint' in scope
131 |         [
132 |             centerXAnchor.constraint(equalTo: layoutArea.centerXAnchor, constant: horizontalOffset),
/host/spi-builder-workspace/Sources/AutoLayoutHelpers/LayoutArea.swift:128:27: error: cannot find type 'CGFloat' in scope
126 |     func constraintsCenteringIn(
127 |         layoutArea: LayoutArea,
128 |         horizontalOffset: CGFloat = 0.0,
    |                           `- error: cannot find type 'CGFloat' in scope
129 |         verticalOffset: CGFloat = 0.0
130 |     ) -> [NSLayoutConstraint] {
/host/spi-builder-workspace/Sources/AutoLayoutHelpers/LayoutArea.swift:129:25: error: cannot find type 'CGFloat' in scope
127 |         layoutArea: LayoutArea,
128 |         horizontalOffset: CGFloat = 0.0,
129 |         verticalOffset: CGFloat = 0.0
    |                         `- error: cannot find type 'CGFloat' in scope
130 |     ) -> [NSLayoutConstraint] {
131 |         [
/host/spi-builder-workspace/Sources/AutoLayoutHelpers/LayoutArea.swift:145:53: error: cannot find type 'NSLayoutConstraint' in scope
143 |      - Returns: An array with the generated constraints.
144 |      */
145 |     func constraints(forFixedSize size: CGSize) -> [NSLayoutConstraint] {
    |                                                     `- error: cannot find type 'NSLayoutConstraint' in scope
146 |         [
147 |             widthAnchor.constraint(equalToConstant: size.width),
/host/spi-builder-workspace/Sources/AutoLayoutHelpers/LayoutArea.swift:145:41: error: cannot find type 'CGSize' in scope
143 |      - Returns: An array with the generated constraints.
144 |      */
145 |     func constraints(forFixedSize size: CGSize) -> [NSLayoutConstraint] {
    |                                         `- error: cannot find type 'CGSize' in scope
146 |         [
147 |             widthAnchor.constraint(equalToConstant: size.width),
/host/spi-builder-workspace/Sources/AutoLayoutHelpers/NSDirectionalEdgeInsets+AutoLayout.swift:14:18: error: cannot find type 'NSDirectionalEdgeInsets' in scope
12 | #endif
13 |
14 | public extension NSDirectionalEdgeInsets {
   |                  `- error: cannot find type 'NSDirectionalEdgeInsets' in scope
15 |     static let zero = NSDirectionalEdgeInsets()
16 |
/host/spi-builder-workspace/Sources/AutoLayoutHelpers/NSDirectionalRectEdge+AutoLayout.swift:14:18: error: cannot find type 'NSDirectionalRectEdge' in scope
12 | #endif
13 |
14 | public extension NSDirectionalRectEdge {
   |                  `- error: cannot find type 'NSDirectionalRectEdge' in scope
15 |     /// Rect edges in both horizontal directions.
16 |     static let horizontal: NSDirectionalRectEdge = [.leading, .trailing]
/host/spi-builder-workspace/Sources/AutoLayoutHelpers/NSLayoutConstraint+AutoLayout.swift:18:18: error: cannot find type 'NSLayoutConstraint' in scope
16 | #endif
17 |
18 | public extension NSLayoutConstraint {
   |                  `- error: cannot find type 'NSLayoutConstraint' in scope
19 |     /**
20 |      Activates the calling constraint.
/host/spi-builder-workspace/Sources/AutoLayoutHelpers/Sequence+AutoLayout.swift:14:27: error: cannot find type 'NSLayoutConstraint' in scope
12 | #endif
13 |
14 | public extension Sequence<NSLayoutConstraint> {
   |                           `- error: cannot find type 'NSLayoutConstraint' in scope
15 |     /**
16 |      Use this method for a more terse activation of a non-array sequence of layout constraints.
/host/spi-builder-workspace/Sources/AutoLayoutHelpers/Sequence+AutoLayout.swift:44:31: error: cannot find type 'XXLayoutPriority' in scope
42 |      */
43 |     @discardableResult @inlinable
44 |     func priority(_ priority: XXLayoutPriority) -> Self {
   |                               `- error: cannot find type 'XXLayoutPriority' in scope
45 |         for constraint in self {
46 |             constraint.priority = priority
/host/spi-builder-workspace/Sources/AutoLayoutHelpers/Sequence+AutoLayout.swift:46:24: error: value of type 'Self.Element' has no member 'priority'
44 |     func priority(_ priority: XXLayoutPriority) -> Self {
45 |         for constraint in self {
46 |             constraint.priority = priority
   |                        `- error: value of type 'Self.Element' has no member 'priority'
47 |         }
48 |
/host/spi-builder-workspace/Sources/AutoLayoutHelpers/XXView+AutoLayout.swift:14:18: error: cannot find type 'XXView' in scope
 12 | #endif
 13 |
 14 | public extension XXView {
    |                  `- error: cannot find type 'XXView' in scope
 15 |     /**
 16 |      Use instead of `addSubview(_:)` to add a subview to the caller's subview array.
/host/spi-builder-workspace/Sources/AutoLayoutHelpers/XXView+AutoLayout.swift:37:11: error: cannot find type 'XXView' in scope
 35 |  NSView implements the `LayoutArea` protocol, but it still needs declaring in Swift.
 36 |  */
 37 | extension XXView: LayoutArea {}
    |           `- error: cannot find type 'XXView' in scope
 38 |
 39 | public extension XXView {
/host/spi-builder-workspace/Sources/AutoLayoutHelpers/XXView+AutoLayout.swift:39:18: error: cannot find type 'XXView' in scope
 37 | extension XXView: LayoutArea {}
 38 |
 39 | public extension XXView {
    |                  `- error: cannot find type 'XXView' in scope
 40 |     /**
 41 |      Constraint generator for a view against its superview edges.
Failed frontend command:
/root/.local/share/swiftly/toolchains/6.4.x-snapshot-2026-09-04/usr/bin/swift-frontend -frontend -emit-module -experimental-skip-non-inlinable-function-bodies-without-types /host/spi-builder-workspace/Sources/AutoLayoutHelpers/ActiveConstraint.swift /host/spi-builder-workspace/Sources/AutoLayoutHelpers/ActiveConstraints.swift /host/spi-builder-workspace/Sources/AutoLayoutHelpers/Array+AutoLayout.swift /host/spi-builder-workspace/Sources/AutoLayoutHelpers/LayoutArea.swift /host/spi-builder-workspace/Sources/AutoLayoutHelpers/NSDirectionalEdgeInsets+AutoLayout.swift /host/spi-builder-workspace/Sources/AutoLayoutHelpers/NSDirectionalRectEdge+AutoLayout.swift /host/spi-builder-workspace/Sources/AutoLayoutHelpers/NSLayoutConstraint+AutoLayout.swift /host/spi-builder-workspace/Sources/AutoLayoutHelpers/Sequence+AutoLayout.swift /host/spi-builder-workspace/Sources/AutoLayoutHelpers/XXLayoutGuide+AutoLayout.swift /host/spi-builder-workspace/Sources/AutoLayoutHelpers/XXView+AutoLayout.swift /host/spi-builder-workspace/Sources/AutoLayoutHelpers/iOS/UIView+AutoLayout.swift /host/spi-builder-workspace/Sources/AutoLayoutHelpers/macOS/NSView+AutoLayout.swift -target aarch64-unknown-linux-android28 -Xllvm -aarch64-use-tbi -disable-objc-interop -sdk /android-ndk/android-ndk-r27d/toolchains/llvm/prebuilt/linux-x86_64/sysroot -sysroot /android-ndk/android-ndk-r27d/toolchains/llvm/prebuilt/linux-x86_64/sysroot -I /host/spi-builder-workspace/.build/out/Products/Debug-android-aarch64 -module-cache-path /host/spi-builder-workspace/.build/out/ModuleCache.noindex -color-diagnostics -Xcc -fcolor-diagnostics -enable-testing -g -debug-info-format\=dwarf -dwarf-version\=4 -swift-version 5 -Onone -D SWIFT_PACKAGE -D DEBUG -D SWIFT_MODULE_RESOURCE_BUNDLE_UNAVAILABLE -D Xcode -serialize-debugging-options -enable-experimental-feature DebugDescriptionMacro -empty-abi-descriptor -external-plugin-path /root/.local/share/swiftly/toolchains/6.4.x-snapshot-2026-09-04/usr/lib/swift/host/plugins/testing\#/root/.local/share/swiftly/toolchains/6.4.x-snapshot-2026-09-04/usr/bin/swift-plugin-server -validate-clang-modules-once -clang-build-session-file /host/spi-builder-workspace/.build/out/ModuleCache.noindex/Session.modulevalidation -Xcc -working-directory -Xcc /host -resource-dir /root/.swiftpm/swift-sdks/swift-6.4.x-DEVELOPMENT-SNAPSHOT-2026-09-04-a_android.artifactbundle/swift-android/swift-resources/usr/lib/swift-aarch64 -enable-anonymous-context-mangled-names -file-compilation-dir /host -Xcc -resource-dir -Xcc /android-ndk/android-ndk-r27d/toolchains/llvm/prebuilt/linux-x86_64/lib/clang/18 -Xcc -fno-omit-frame-pointer -Xcc -D_LIBCPP_HARDENING_MODE\=_LIBCPP_HARDENING_MODE_DEBUG -Xcc -fmodules-prune-interval\=86400 -Xcc -fmodules-prune-after\=345600 -Xcc -I/host/spi-builder-workspace/.build/out/Products/Debug-android-aarch64/include -Xcc -I/host/spi-builder-workspace/.build/out/Intermediates.noindex/AutoLayoutHelpers.build/Debug-android-aarch64/AutoLayoutHelpers-t.build/DerivedSources-normal/aarch64 -Xcc -I/host/spi-builder-workspace/.build/out/Intermediates.noindex/AutoLayoutHelpers.build/Debug-android-aarch64/AutoLayoutHelpers-t.build/DerivedSources/aarch64 -Xcc -I/host/spi-builder-workspace/.build/out/Intermediates.noindex/AutoLayoutHelpers.build/Debug-android-aarch64/AutoLayoutHelpers-t.build/DerivedSources -Xcc -DSWIFT_PACKAGE -Xcc -DDEBUG\=1 -no-auto-bridging-header-chaining -module-name AutoLayoutHelpers -package-name spi_builder_workspace -const-gather-protocols-file /host/spi-builder-workspace/.build/out/Intermediates.noindex/AutoLayoutHelpers.build/Debug-android-aarch64/AutoLayoutHelpers-t.build/Objects-normal/aarch64/AutoLayoutHelpers_const_extract_protocols.json -in-process-plugin-server-path /root/.local/share/swiftly/toolchains/6.4.x-snapshot-2026-09-04/usr/lib/swift/host/libSwiftInProcPluginServer.so -plugin-path /root/.local/share/swiftly/toolchains/6.4.x-snapshot-2026-09-04/usr/lib/swift/host/plugins -plugin-path /root/.local/share/swiftly/toolchains/6.4.x-snapshot-2026-09-04/usr/local/lib/swift/host/plugins -emit-module-doc-path /host/spi-builder-workspace/.build/out/Intermediates.noindex/AutoLayoutHelpers.build/Debug-android-aarch64/AutoLayoutHelpers-t.build/Objects-normal/aarch64/Modules/AutoLayoutHelpers.swiftdoc -emit-module-source-info-path /host/spi-builder-workspace/.build/out/Intermediates.noindex/AutoLayoutHelpers.build/Debug-android-aarch64/AutoLayoutHelpers-t.build/Objects-normal/aarch64/Modules/AutoLayoutHelpers.swiftsourceinfo -emit-objc-header-path /host/spi-builder-workspace/.build/out/Intermediates.noindex/AutoLayoutHelpers.build/Debug-android-aarch64/AutoLayoutHelpers-t.build/Objects-normal/aarch64/AutoLayoutHelpers-Swift.h -serialize-diagnostics-path /host/spi-builder-workspace/.build/out/Intermediates.noindex/AutoLayoutHelpers.build/Debug-android-aarch64/AutoLayoutHelpers-t.build/Objects-normal/aarch64/AutoLayoutHelpers-primary-emit-module.dia -emit-dependencies-path /host/spi-builder-workspace/.build/out/Intermediates.noindex/AutoLayoutHelpers.build/Debug-android-aarch64/AutoLayoutHelpers-t.build/Objects-normal/aarch64/AutoLayoutHelpers-primary-emit-module.d -parse-as-library -o /host/spi-builder-workspace/.build/out/Intermediates.noindex/AutoLayoutHelpers.build/Debug-android-aarch64/AutoLayoutHelpers-t.build/Objects-normal/aarch64/Modules/AutoLayoutHelpers.swiftmodule
error: Build failed
BUILD FAILURE 6.4 android