Build Information
Failed to build ObservableDefaults, reference 1.8.10 (5e2cca), with Swift 6.3 for Android on 18 Jul 2026 18:42:30 UTC.
Build Command
bash -c docker run --pull=always --rm -v "checkouts-54344844-1":/host -w "$PWD" -e JAVA_HOME="/root/.sdkman/candidates/java/current" -e SPI_BUILD="1" -e SPI_PROCESSING="1" registry.gitlab.com/saguaro1/spi-images:android-6.3-latest swift build --swift-sdk aarch64-unknown-linux-android28 2>&1Build Log
========================================
RunAll
========================================
Builder version: 333316120c8b89ed7d21f1b34865290794301d91
Interrupt handler set up.
========================================
Checkout
========================================
Clone URL: https://github.com/fatbobman/ObservableDefaults.git
Reference: 1.8.10
Initialized empty Git repository in /host/spi-builder-workspace/.git/
hint: Using 'master' as the name for the initial branch. This default branch name
hint: is subject to change. To configure the initial branch name to use in all
hint: of your new repositories, which will suppress this warning, call:
hint:
hint: git config --global init.defaultBranch <name>
hint:
hint: Names commonly chosen instead of 'master' are 'main', 'trunk' and
hint: 'development'. The just-created branch can be renamed via this command:
hint:
hint: git branch -m <name>
From https://github.com/fatbobman/ObservableDefaults
* tag 1.8.10 -> FETCH_HEAD
HEAD is now at 5e2cca5 docs(readme): remove Star History section
Cloned https://github.com/fatbobman/ObservableDefaults.git
Revision (git rev-parse @):
5e2cca5f824afe6d08ee00ba064ff6608e110850
SUCCESS checkout https://github.com/fatbobman/ObservableDefaults.git at 1.8.10
========================================
Build
========================================
Selected platform: android
Swift version: 6.3
Building package at path: $PWD
https://github.com/fatbobman/ObservableDefaults.git
Running build ...
bash -c docker run --pull=always --rm -v "checkouts-54344844-1":/host -w "$PWD" -e JAVA_HOME="/root/.sdkman/candidates/java/current" -e SPI_BUILD="1" -e SPI_PROCESSING="1" registry.gitlab.com/saguaro1/spi-images:android-6.3-latest swift build --swift-sdk aarch64-unknown-linux-android28 2>&1
android-6.3-latest: Pulling from saguaro1/spi-images
Digest: sha256:451958f7df55f9af673f8b0851dc526f2aee3222db374ae53b89fa21ad564bc8
Status: Image is up to date for registry.gitlab.com/saguaro1/spi-images:android-6.3-latest
Fetching https://github.com/swiftlang/swift-syntax
[1/76050] Fetching swift-syntax
Fetched https://github.com/swiftlang/swift-syntax from cache (2.71s)
Computing version for https://github.com/swiftlang/swift-syntax
Computed https://github.com/swiftlang/swift-syntax at 603.0.2 (3.73s)
Creating working copy for https://github.com/swiftlang/swift-syntax
Working copy of https://github.com/swiftlang/swift-syntax resolved at 603.0.2
Downloading package prebuilt https://download.swift.org/prebuilts/swift-syntax/603.0.2/swift-6.3.2-RELEASE-ubuntu_jammy_x86_64-MacroSupport.tar.gz
Downloaded https://download.swift.org/prebuilts/swift-syntax/603.0.2/swift-6.3.2-RELEASE-ubuntu_jammy_x86_64-MacroSupport.tar.gz (0.24s)
Building for debugging...
[0/7] Write sources
[3/7] Write swift-version-272D24FF697CF451.txt
[5/25] Compiling ObservableDefaultsMacros ObserverMembers.swift
[6/25] Compiling ObservableDefaultsMacros Syntax.swift
[7/25] Compiling ObservableDefaultsMacros SyntaxAttributes.swift
[8/27] Emitting module ObservableDefaultsMacros
[9/27] Compiling ObservableDefaultsMacros BackedProperty.swift
[10/27] Compiling ObservableDefaultsMacros BackedStorage.swift
[11/27] Compiling ObservableDefaultsMacros Diagnostic.swift
[12/27] Compiling ObservableDefaultsMacros SyntaxPersistence.swift
[13/27] Compiling ObservableDefaultsMacros CloudBackedMacro.swift
[14/27] Compiling ObservableDefaultsMacros DefaultsKeyMacro.swift
[15/27] Compiling ObservableDefaultsMacros IgnoreMacro.swift
[16/27] Compiling ObservableDefaultsMacros ObservableOnlyMacro.swift
[17/27] Compiling ObservableDefaultsMacros Plugins.swift
[18/27] Compiling ObservableDefaultsMacros ExternalChangeSyntax.swift
[19/27] Compiling ObservableDefaultsMacros MacroType.swift
[20/27] Compiling ObservableDefaultsMacros Observation.swift
[21/27] Compiling ObservableDefaultsMacros CloudKeyMacro.swift
[22/27] Compiling ObservableDefaultsMacros DefaultsBackedMacro.swift
[23/27] Compiling ObservableDefaultsMacros ObservableCloudMacro.swift
[24/27] Compiling ObservableDefaultsMacros ObservableDefaultsMacro.swift
[25/28] Wrapping AST for ObservableDefaultsMacros for debugging
[26/28] Write Objects.LinkFileList
[27/28] Linking ObservableDefaultsMacros-tool
[29/44] Compiling ObservableDefaults ObservableDefaultsCloudStoreProtocol.swift
/host/spi-builder-workspace/Sources/ObservableDefaults/NSUbiquitousKeyValueStore/ObservableDefaultsCloudStoreProtocol.swift:53:11: error: cannot find type 'NSUbiquitousKeyValueStore' in scope
51 |
52 | /// The default implementation of the cloud store.
53 | extension NSUbiquitousKeyValueStore: ObservableDefaultsCloudStoreProtocol {}
| `- error: cannot find type 'NSUbiquitousKeyValueStore' in scope
54 |
[30/45] Compiling ObservableDefaults UserDefaultsPropertyListValue.swift
[31/45] Compiling ObservableDefaults NSUbiquitousKeyValueStoreWrapper.swift
/host/spi-builder-workspace/Sources/ObservableDefaults/NSUbiquitousKeyValueStore/NSUbiquitousKeyValueStoreWrapper.swift:65:20: error: cannot find 'NSUbiquitousKeyValueStore' in scope
63 | return MockUbiquitousKeyValueStore.default
64 | }
65 | return NSUbiquitousKeyValueStore.default
| `- error: cannot find 'NSUbiquitousKeyValueStore' in scope
66 | #else
67 | return NSUbiquitousKeyValueStore.default
[32/45] Compiling ObservableDefaults UserDefaultsWrapper.swift
error: emit-module command failed with exit code 1 (use -v to see invocation)
[33/45] Compiling ObservableDefaults MockUbiquitousKeyValueStore.swift
[34/45] Compiling ObservableDefaults CloudPropertyListValue.swift
[35/45] Compiling ObservableDefaults Macros.swift
[36/45] Emitting module ObservableDefaults
/host/spi-builder-workspace/Sources/ObservableDefaults/NSUbiquitousKeyValueStore/ObservableDefaultsCloudStoreProtocol.swift:53:11: error: cannot find type 'NSUbiquitousKeyValueStore' in scope
51 |
52 | /// The default implementation of the cloud store.
53 | extension NSUbiquitousKeyValueStore: ObservableDefaultsCloudStoreProtocol {}
| `- error: cannot find type 'NSUbiquitousKeyValueStore' in scope
54 |
[37/45] Compiling ObservableDefaults module.swift
BUILD FAILURE 6.3 android