The Swift Package Index logo.Swift Package Index

Build Information

Failed to build SwiftUIMap, reference v1.5.10 (f3d621), with Swift 6.4 for macOS (SPM) on 19 Sep 2026 22:00:48 UTC.

Build Command

env DEVELOPER_DIR=/Applications/Xcode-27.0.0-Release.Candidate.app xcrun swift build --arch arm64

Build Log

========================================
RunAll
========================================
Builder version: 5.1.0
Interrupt handler set up.
========================================
Checkout
========================================
Clone URL: https://github.com/Mcrich23/SwiftUIMap.git
Reference: v1.5.10
Initialized empty Git repository in /Users/admin/builder/spi-builder-workspace/.git/
From https://github.com/Mcrich23/SwiftUIMap
 * tag               v1.5.10    -> FETCH_HEAD
HEAD is now at f3d6215 bug fixes
Cloned https://github.com/Mcrich23/SwiftUIMap.git
Revision (git rev-parse @):
f3d62154a7f6f58011b3a8abb57883f924a9a0bf
SUCCESS checkout https://github.com/Mcrich23/SwiftUIMap.git at v1.5.10
========================================
Build
========================================
Selected platform:         macosSpm
Swift version:             6.4
Building package at path:  $PWD
https://github.com/Mcrich23/SwiftUIMap.git
Running build ...
env DEVELOPER_DIR=/Applications/Xcode-27.0.0-Release.Candidate.app xcrun swift build --arch arm64
Building for debugging...
[Planning deferred tasks]
[19 / 28]
[20 / 29] SwiftUIMap
[30 / 106]
[33 / 106]
[41 / 106]
[43 / 106]
[44 / 106]
[49 / 106]
[52 / 106]
[55 / 106]
[61 / 106]
[64 / 106]
[66 / 106]
[67 / 106]
[78 / 106]
[81 / 106]
[82 / 106]
[85 / 106]
[87 / 106]
[89 / 106]
error: SwiftCompile normal arm64 failed with a nonzero exit code. Command line:     cd /Users/admin/builder

/Users/admin/builder/spi-builder-workspace/Sources/SwiftUIMap/Existing Annotation Map/Public View.swift:62:38: error: cannot find type 'LocationCoordinate' in scope
 60 |     }
 61 |     @Binding public var address: String
 62 |     @Binding public var coordinates: LocationCoordinate
    |                                      `- error: cannot find type 'LocationCoordinate' in scope
 63 |     @Binding var isUserLocationVisible: Bool
 64 |     @State var refresh = false {
/Users/admin/builder/spi-builder-workspace/Sources/SwiftUIMap/Existing Annotation Map/Public View.swift:73:34: error: cannot find type 'Annotations' in scope
 71 |         }
 72 |     }
 73 |     @Binding public var points: [Annotations]
    |                                  `- error: cannot find type 'Annotations' in scope
 74 |     @State private var region: LocationRegion
 75 |     @State public var modifierMap: MKMapView
/Users/admin/builder/spi-builder-workspace/Sources/SwiftUIMap/Existing Annotation Map/Public View.swift:74:32: error: cannot find type 'LocationRegion' in scope
 72 |     }
 73 |     @Binding public var points: [Annotations]
 74 |     @State private var region: LocationRegion
    |                                `- error: cannot find type 'LocationRegion' in scope
 75 |     @State public var modifierMap: MKMapView
 76 |     @State public var selected: (_ Title: String, _ Subtitle: String, _ Location: Location, _ Cluster: Bool) -> Void
macro expansion @State:1:40: error: cannot find type 'LocationRegion' in scope
`- /Users/admin/builder/spi-builder-workspace/Sources/SwiftUIMap/Existing Annotation Map/Public View.swift:74:46: note: expanded code originates here
 72 |     }
 73 |     @Binding public var points: [Annotations]
 74 |     @State private var region: LocationRegion
    |     `- note: in expansion of macro 'State' on property 'region' here
    +--- macro expansion @State ----------------------------------------
    |1 | private var _region: SwiftUICore.State<LocationRegion>
    |  |                                        `- error: cannot find type 'LocationRegion' in scope
    |2 |
    |3 | private var $region: SwiftUICore.Binding<LocationRegion> {
    +-------------------------------------------------------------------
 75 |     @State public var modifierMap: MKMapView
 76 |     @State public var selected: (_ Title: String, _ Subtitle: String, _ Location: Location, _ Cluster: Bool) -> Void
macro expansion @State:3:42: error: cannot find type 'LocationRegion' in scope
`- /Users/admin/builder/spi-builder-workspace/Sources/SwiftUIMap/Existing Annotation Map/Public View.swift:74:46: note: expanded code originates here
 72 |     }
 73 |     @Binding public var points: [Annotations]
 74 |     @State private var region: LocationRegion
    |     `- note: in expansion of macro 'State' on property 'region' here
    +--- macro expansion @State ----------------------------------------
    |1 | private var _region: SwiftUICore.State<LocationRegion>
    |2 |
    |3 | private var $region: SwiftUICore.Binding<LocationRegion> {
    |  |                                          `- error: cannot find type 'LocationRegion' in scope
    |4 |     _region.projectedValue
    |5 | }
    +-------------------------------------------------------------------
 75 |     @State public var modifierMap: MKMapView
 76 |     @State public var selected: (_ Title: String, _ Subtitle: String, _ Location: Location, _ Cluster: Bool) -> Void
/Users/admin/builder/spi-builder-workspace/Sources/SwiftUIMap/Existing Annotation Map/Public View.swift:76:83: error: cannot find type 'Location' in scope
 74 |     @State private var region: LocationRegion
 75 |     @State public var modifierMap: MKMapView
 76 |     @State public var selected: (_ Title: String, _ Subtitle: String, _ Location: Location, _ Cluster: Bool) -> Void
    |                                                                                   `- error: cannot find type 'Location' in scope
 77 |     @State public var deselected: () -> Void
 78 |     public init(zoom: Binding<Double>, address: Binding<String>, points: Binding<[Annotations]>, selected: @escaping (_ Title: String, _ Subtitle: String, _ Location: Location, _ Cluster: Bool) -> Void, deselected: @escaping () -> Void) {
macro expansion @State:1:92: error: cannot find type 'Location' in scope
`- /Users/admin/builder/spi-builder-workspace/Sources/SwiftUIMap/Existing Annotation Map/Public View.swift:76:117: note: expanded code originates here
 74 |     @State private var region: LocationRegion
 75 |     @State public var modifierMap: MKMapView
 76 |     @State public var selected: (_ Title: String, _ Subtitle: String, _ Location: Location, _ Cluster: Bool) -> Void
    |     `- note: in expansion of macro 'State' on property 'selected' here
    +--- macro expansion @State ----------------------------------------
    |1 | private var _selected: SwiftUICore.State<(_ Title: String, _ Subtitle: String, _ Location: Location, _ Cluster: Bool) -> Void>
    |  |                                                                                            `- error: cannot find type 'Location' in scope
    |2 |
    |3 | public var $selected: SwiftUICore.Binding<(_ Title: String, _ Subtitle: String, _ Location: Location, _ Cluster: Bool) -> Void> {
    +-------------------------------------------------------------------
 77 |     @State public var deselected: () -> Void
 78 |     public init(zoom: Binding<Double>, address: Binding<String>, points: Binding<[Annotations]>, selected: @escaping (_ Title: String, _ Subtitle: String, _ Location: Location, _ Cluster: Bool) -> Void, deselected: @escaping () -> Void) {
macro expansion @State:3:93: error: cannot find type 'Location' in scope
`- /Users/admin/builder/spi-builder-workspace/Sources/SwiftUIMap/Existing Annotation Map/Public View.swift:76:117: note: expanded code originates here
 74 |     @State private var region: LocationRegion
 75 |     @State public var modifierMap: MKMapView
 76 |     @State public var selected: (_ Title: String, _ Subtitle: String, _ Location: Location, _ Cluster: Bool) -> Void
    |     `- note: in expansion of macro 'State' on property 'selected' here
    +--- macro expansion @State ----------------------------------------
    |1 | private var _selected: SwiftUICore.State<(_ Title: String, _ Subtitle: String, _ Location: Location, _ Cluster: Bool) -> Void>
    |2 |
    |3 | public var $selected: SwiftUICore.Binding<(_ Title: String, _ Subtitle: String, _ Location: Location, _ Cluster: Bool) -> Void> {
    |  |                                                                                             `- error: cannot find type 'Location' in scope
    |4 |     _selected.projectedValue
    |5 | }
    +-------------------------------------------------------------------
 77 |     @State public var deselected: () -> Void
 78 |     public init(zoom: Binding<Double>, address: Binding<String>, points: Binding<[Annotations]>, selected: @escaping (_ Title: String, _ Subtitle: String, _ Location: Location, _ Cluster: Bool) -> Void, deselected: @escaping () -> Void) {
/Users/admin/builder/spi-builder-workspace/Sources/SwiftUIMap/Existing Annotation Map/Public View.swift:78:83: error: cannot find type 'Annotations' in scope
 76 |     @State public var selected: (_ Title: String, _ Subtitle: String, _ Location: Location, _ Cluster: Bool) -> Void
 77 |     @State public var deselected: () -> Void
 78 |     public init(zoom: Binding<Double>, address: Binding<String>, points: Binding<[Annotations]>, selected: @escaping (_ Title: String, _ Subtitle: String, _ Location: Location, _ Cluster: Bool) -> Void, deselected: @escaping () -> Void) {
    |                                                                                   `- error: cannot find type 'Annotations' in scope
 79 |         self._zoom = zoom
 80 |         self._address = address
/Users/admin/builder/spi-builder-workspace/Sources/SwiftUIMap/Existing Annotation Map/Public View.swift:78:168: error: cannot find type 'Location' in scope
 76 |     @State public var selected: (_ Title: String, _ Subtitle: String, _ Location: Location, _ Cluster: Bool) -> Void
 77 |     @State public var deselected: () -> Void
 78 |     public init(zoom: Binding<Double>, address: Binding<String>, points: Binding<[Annotations]>, selected: @escaping (_ Title: String, _ Subtitle: String, _ Location: Location, _ Cluster: Bool) -> Void, deselected: @escaping () -> Void) {
    |                                                                                                                                                                        `- error: cannot find type 'Location' in scope
 79 |         self._zoom = zoom
 80 |         self._address = address
/Users/admin/builder/spi-builder-workspace/Sources/SwiftUIMap/Existing Annotation Map/Public View.swift:95:83: error: cannot find type 'Annotations' in scope
 93 |         setCoordinatesFromAddress()
 94 |     }
 95 |     public init(zoom: Binding<Double>, address: Binding<String>, points: Binding<[Annotations]>) {
    |                                                                                   `- error: cannot find type 'Annotations' in scope
 96 |         self._zoom = zoom
 97 |         self._address = address
/Users/admin/builder/spi-builder-workspace/Sources/SwiftUIMap/Existing Annotation Map/Public View.swift:112:83: error: cannot find type 'Annotations' in scope
110 |         setCoordinatesFromAddress()
111 |     }
112 |     public init(zoom: Binding<Double>, address: Binding<String>, points: Binding<[Annotations]>, selected: @escaping (_ Title: String, _ Subtitle: String, _ Location: Location, _ isCluster: Bool) -> Void, deselected: @escaping () -> Void, advancedModifiers: @escaping (_ map: MKMapView) -> Void) {
    |                                                                                   `- error: cannot find type 'Annotations' in scope
113 |         self._zoom = zoom
114 |         self._address = address
/Users/admin/builder/spi-builder-workspace/Sources/SwiftUIMap/Existing Annotation Map/Public View.swift:112:168: error: cannot find type 'Location' in scope
110 |         setCoordinatesFromAddress()
111 |     }
112 |     public init(zoom: Binding<Double>, address: Binding<String>, points: Binding<[Annotations]>, selected: @escaping (_ Title: String, _ Subtitle: String, _ Location: Location, _ isCluster: Bool) -> Void, deselected: @escaping () -> Void, advancedModifiers: @escaping (_ map: MKMapView) -> Void) {
    |                                                                                                                                                                        `- error: cannot find type 'Location' in scope
113 |         self._zoom = zoom
114 |         self._address = address
/Users/admin/builder/spi-builder-workspace/Sources/SwiftUIMap/Existing Annotation Map/Public View.swift:134:83: error: cannot find type 'Annotations' in scope
132 |         self.setCoordinatesFromAddress()
133 |     }
134 |     public init(zoom: Binding<Double>, address: Binding<String>, points: Binding<[Annotations]>, isUserLocationVisible: Binding<Bool>, selected: @escaping (_ Title: String, _ Subtitle: String, _ Location: Location, _ isCluster: Bool) -> Void, deselected: @escaping () -> Void) {
    |                                                                                   `- error: cannot find type 'Annotations' in scope
135 |         self._zoom = zoom
136 |         self._address = address
/Users/admin/builder/spi-builder-workspace/Sources/SwiftUIMap/Existing Annotation Map/Public View.swift:134:206: error: cannot find type 'Location' in scope
132 |         self.setCoordinatesFromAddress()
133 |     }
134 |     public init(zoom: Binding<Double>, address: Binding<String>, points: Binding<[Annotations]>, isUserLocationVisible: Binding<Bool>, selected: @escaping (_ Title: String, _ Subtitle: String, _ Location: Location, _ isCluster: Bool) -> Void, deselected: @escaping () -> Void) {
    |                                                                                                                                                                                                              `- error: cannot find type 'Location' in scope
135 |         self._zoom = zoom
136 |         self._address = address
/Users/admin/builder/spi-builder-workspace/Sources/SwiftUIMap/Existing Annotation Map/Public View.swift:151:83: error: cannot find type 'Annotations' in scope
149 |         self.setCoordinatesFromAddress()
150 |     }
151 |     public init(zoom: Binding<Double>, address: Binding<String>, points: Binding<[Annotations]>, isUserLocationVisible: Binding<Bool>, isFirstResponder: Binding<Bool>, selected: @escaping (_ Title: String, _ Subtitle: String, _ Location: Location, _ isCluster: Bool) -> Void, deselected: @escaping () -> Void, advancedModifiers: @escaping (_ map: MKMapView) -> Void) {
    |                                                                                   `- error: cannot find type 'Annotations' in scope
152 |         self._zoom = zoom
153 |         self._address = address
/Users/admin/builder/spi-builder-workspace/Sources/SwiftUIMap/Existing Annotation Map/Public View.swift:151:239: error: cannot find type 'Location' in scope
149 |         self.setCoordinatesFromAddress()
150 |     }
151 |     public init(zoom: Binding<Double>, address: Binding<String>, points: Binding<[Annotations]>, isUserLocationVisible: Binding<Bool>, isFirstResponder: Binding<Bool>, selected: @escaping (_ Title: String, _ Subtitle: String, _ Location: Location, _ isCluster: Bool) -> Void, deselected: @escaping () -> Void, advancedModifiers: @escaping (_ map: MKMapView) -> Void) {
    |                                                                                                                                                                                                                                               `- error: cannot find type 'Location' in scope
152 |         self._zoom = zoom
153 |         self._address = address
/Users/admin/builder/spi-builder-workspace/Sources/SwiftUIMap/Existing Annotation Map/Public View.swift:173:61: error: cannot find type 'LocationCoordinate' in scope
171 |         self.setCoordinatesFromAddress()
172 |     }
173 |     public init(zoom: Binding<Double>, coordinates: Binding<LocationCoordinate>, points: Binding<[Annotations]>, selected: @escaping (_ Title: String, _ Subtitle: String, _ Location: Location, _ Cluster: Bool) -> Void, deselected: @escaping () -> Void) {
    |                                                             `- error: cannot find type 'LocationCoordinate' in scope
174 |         self._zoom = zoom
175 |         self._coordinates = coordinates
/Users/admin/builder/spi-builder-workspace/Sources/SwiftUIMap/Existing Annotation Map/Public View.swift:173:99: error: cannot find type 'Annotations' in scope
171 |         self.setCoordinatesFromAddress()
172 |     }
173 |     public init(zoom: Binding<Double>, coordinates: Binding<LocationCoordinate>, points: Binding<[Annotations]>, selected: @escaping (_ Title: String, _ Subtitle: String, _ Location: Location, _ Cluster: Bool) -> Void, deselected: @escaping () -> Void) {
    |                                                                                                   `- error: cannot find type 'Annotations' in scope
174 |         self._zoom = zoom
175 |         self._coordinates = coordinates
/Users/admin/builder/spi-builder-workspace/Sources/SwiftUIMap/Existing Annotation Map/Public View.swift:173:184: error: cannot find type 'Location' in scope
171 |         self.setCoordinatesFromAddress()
172 |     }
173 |     public init(zoom: Binding<Double>, coordinates: Binding<LocationCoordinate>, points: Binding<[Annotations]>, selected: @escaping (_ Title: String, _ Subtitle: String, _ Location: Location, _ Cluster: Bool) -> Void, deselected: @escaping () -> Void) {
    |                                                                                                                                                                                        `- error: cannot find type 'Location' in scope
174 |         self._zoom = zoom
175 |         self._coordinates = coordinates
/Users/admin/builder/spi-builder-workspace/Sources/SwiftUIMap/Existing Annotation Map/Public View.swift:189:61: error: cannot find type 'LocationCoordinate' in scope
187 |         setDefaultCamera(self.modifierMap)
188 |     }
189 |     public init(zoom: Binding<Double>, coordinates: Binding<LocationCoordinate>, points: Binding<[Annotations]>) {
    |                                                             `- error: cannot find type 'LocationCoordinate' in scope
190 |         self._zoom = zoom
191 |         self._coordinates = coordinates
/Users/admin/builder/spi-builder-workspace/Sources/SwiftUIMap/Existing Annotation Map/Public View.swift:189:99: error: cannot find type 'Annotations' in scope
187 |         setDefaultCamera(self.modifierMap)
188 |     }
189 |     public init(zoom: Binding<Double>, coordinates: Binding<LocationCoordinate>, points: Binding<[Annotations]>) {
    |                                                                                                   `- error: cannot find type 'Annotations' in scope
190 |         self._zoom = zoom
191 |         self._coordinates = coordinates
/Users/admin/builder/spi-builder-workspace/Sources/SwiftUIMap/Existing Annotation Map/Public View.swift:205:61: error: cannot find type 'LocationCoordinate' in scope
203 |         setDefaultCamera(self.modifierMap)
204 |     }
205 |     public init(zoom: Binding<Double>, coordinates: Binding<LocationCoordinate>, points: Binding<[Annotations]>, selected: @escaping (_ Title: String, _ Subtitle: String, _ Location: Location, _ isCluster: Bool) -> Void, deselected: @escaping () -> Void, advancedModifiers: @escaping (_ map: MKMapView) -> Void) {
    |                                                             `- error: cannot find type 'LocationCoordinate' in scope
206 |         self._zoom = zoom
207 |         self._coordinates = coordinates
/Users/admin/builder/spi-builder-workspace/Sources/SwiftUIMap/Existing Annotation Map/Public View.swift:205:99: error: cannot find type 'Annotations' in scope
203 |         setDefaultCamera(self.modifierMap)
204 |     }
205 |     public init(zoom: Binding<Double>, coordinates: Binding<LocationCoordinate>, points: Binding<[Annotations]>, selected: @escaping (_ Title: String, _ Subtitle: String, _ Location: Location, _ isCluster: Bool) -> Void, deselected: @escaping () -> Void, advancedModifiers: @escaping (_ map: MKMapView) -> Void) {
    |                                                                                                   `- error: cannot find type 'Annotations' in scope
206 |         self._zoom = zoom
207 |         self._coordinates = coordinates
/Users/admin/builder/spi-builder-workspace/Sources/SwiftUIMap/Existing Annotation Map/Public View.swift:205:184: error: cannot find type 'Location' in scope
203 |         setDefaultCamera(self.modifierMap)
204 |     }
205 |     public init(zoom: Binding<Double>, coordinates: Binding<LocationCoordinate>, points: Binding<[Annotations]>, selected: @escaping (_ Title: String, _ Subtitle: String, _ Location: Location, _ isCluster: Bool) -> Void, deselected: @escaping () -> Void, advancedModifiers: @escaping (_ map: MKMapView) -> Void) {
    |                                                                                                                                                                                        `- error: cannot find type 'Location' in scope
206 |         self._zoom = zoom
207 |         self._coordinates = coordinates
/Users/admin/builder/spi-builder-workspace/Sources/SwiftUIMap/Existing Annotation Map/Public View.swift:226:61: error: cannot find type 'LocationCoordinate' in scope
224 |         self.setDefaultCamera(self.modifierMap)
225 |     }
226 |     public init(zoom: Binding<Double>, coordinates: Binding<LocationCoordinate>, points: Binding<[Annotations]>, isUserLocationVisible: Binding<Bool>, selected: @escaping (_ Title: String, _ Subtitle: String, _ Location: Location, _ isCluster: Bool) -> Void, deselected: @escaping () -> Void) {
    |                                                             `- error: cannot find type 'LocationCoordinate' in scope
227 |         self._zoom = zoom
228 |         self._coordinates = coordinates
/Users/admin/builder/spi-builder-workspace/Sources/SwiftUIMap/Existing Annotation Map/Public View.swift:226:99: error: cannot find type 'Annotations' in scope
224 |         self.setDefaultCamera(self.modifierMap)
225 |     }
226 |     public init(zoom: Binding<Double>, coordinates: Binding<LocationCoordinate>, points: Binding<[Annotations]>, isUserLocationVisible: Binding<Bool>, selected: @escaping (_ Title: String, _ Subtitle: String, _ Location: Location, _ isCluster: Bool) -> Void, deselected: @escaping () -> Void) {
    |                                                                                                   `- error: cannot find type 'Annotations' in scope
227 |         self._zoom = zoom
228 |         self._coordinates = coordinates
/Users/admin/builder/spi-builder-workspace/Sources/SwiftUIMap/Existing Annotation Map/Public View.swift:226:222: error: cannot find type 'Location' in scope
224 |         self.setDefaultCamera(self.modifierMap)
225 |     }
226 |     public init(zoom: Binding<Double>, coordinates: Binding<LocationCoordinate>, points: Binding<[Annotations]>, isUserLocationVisible: Binding<Bool>, selected: @escaping (_ Title: String, _ Subtitle: String, _ Location: Location, _ isCluster: Bool) -> Void, deselected: @escaping () -> Void) {
    |                                                                                                                                                                                                                              `- error: cannot find type 'Location' in scope
227 |         self._zoom = zoom
228 |         self._coordinates = coordinates
/Users/admin/builder/spi-builder-workspace/Sources/SwiftUIMap/Existing Annotation Map/Public View.swift:242:61: error: cannot find type 'LocationCoordinate' in scope
240 |         self.setDefaultCamera(self.modifierMap)
241 |     }
242 |     public init(zoom: Binding<Double>, coordinates: Binding<LocationCoordinate>, points: Binding<[Annotations]>, isUserLocationVisible: Binding<Bool>, isFirstResponder: Binding<Bool>, selected: @escaping (_ Title: String, _ Subtitle: String, _ Location: Location, _ isCluster: Bool) -> Void, deselected: @escaping () -> Void, advancedModifiers: @escaping (_ map: MKMapView) -> Void) {
    |                                                             `- error: cannot find type 'LocationCoordinate' in scope
243 |         self._zoom = zoom
244 |         self._coordinates = coordinates
/Users/admin/builder/spi-builder-workspace/Sources/SwiftUIMap/Existing Annotation Map/Public View.swift:242:99: error: cannot find type 'Annotations' in scope
240 |         self.setDefaultCamera(self.modifierMap)
241 |     }
242 |     public init(zoom: Binding<Double>, coordinates: Binding<LocationCoordinate>, points: Binding<[Annotations]>, isUserLocationVisible: Binding<Bool>, isFirstResponder: Binding<Bool>, selected: @escaping (_ Title: String, _ Subtitle: String, _ Location: Location, _ isCluster: Bool) -> Void, deselected: @escaping () -> Void, advancedModifiers: @escaping (_ map: MKMapView) -> Void) {
    |                                                                                                   `- error: cannot find type 'Annotations' in scope
243 |         self._zoom = zoom
244 |         self._coordinates = coordinates
/Users/admin/builder/spi-builder-workspace/Sources/SwiftUIMap/Existing Annotation Map/Public View.swift:242:255: error: cannot find type 'Location' in scope
240 |         self.setDefaultCamera(self.modifierMap)
241 |     }
242 |     public init(zoom: Binding<Double>, coordinates: Binding<LocationCoordinate>, points: Binding<[Annotations]>, isUserLocationVisible: Binding<Bool>, isFirstResponder: Binding<Bool>, selected: @escaping (_ Title: String, _ Subtitle: String, _ Location: Location, _ isCluster: Bool) -> Void, deselected: @escaping () -> Void, advancedModifiers: @escaping (_ map: MKMapView) -> Void) {
    |                                                                                                                                                                                                                                                               `- error: cannot find type 'Location' in scope
243 |         self._zoom = zoom
244 |         self._coordinates = coordinates
/Users/admin/builder/spi-builder-workspace/Sources/SwiftUIMap/Search/Search Bar.swift:14:36: error: cannot find type 'UISearchBar' in scope
12 |
13 | struct SearchBar: UIViewRepresentable {
14 |     @Binding var searchBarDetails: UISearchBar
   |                                    `- error: cannot find type 'UISearchBar' in scope
15 |     @Binding var text: String
16 |     var onCommit: (_ value: String) -> Void
/Users/admin/builder/spi-builder-workspace/Sources/SwiftUIMap/Search/Search Bar.swift:18:34: error: cannot find type 'UISearchBarDelegate' in scope
16 |     var onCommit: (_ value: String) -> Void
17 |
18 |     class Coordinator: NSObject, UISearchBarDelegate {
   |                                  `- error: cannot find type 'UISearchBarDelegate' in scope
19 |
20 |         @Binding var text: String
/Users/admin/builder/spi-builder-workspace/Sources/SwiftUIMap/Search/Search Bar.swift:28:37: error: cannot find type 'UISearchBar' in scope
26 |         }
27 |
28 |         func searchBar(_ searchBar: UISearchBar, textDidChange searchText: String) {
   |                                     `- error: cannot find type 'UISearchBar' in scope
29 |             text = searchText
30 |         }
/Users/admin/builder/spi-builder-workspace/Sources/SwiftUIMap/Search/Search Bar.swift:32:56: error: cannot find type 'UISearchBar' in scope
30 |         }
31 |
32 |         func searchBarSearchButtonClicked(_ searchBar: UISearchBar) {
   |                                                        `- error: cannot find type 'UISearchBar' in scope
33 |             print("resign keyboard")
34 |             searchBar.resignFirstResponder()
/Users/admin/builder/spi-builder-workspace/Sources/SwiftUIMap/Search/Search Bar.swift:44:72: error: cannot find type 'UISearchBar' in scope
42 |     }
43 |
44 |     func makeUIView(context: UIViewRepresentableContext<SearchBar>) -> UISearchBar {
   |                                                                        `- error: cannot find type 'UISearchBar' in scope
45 |         let searchBar = searchBarDetails
46 |         searchBar.delegate = context.coordinator
/Users/admin/builder/spi-builder-workspace/Sources/SwiftUIMap/Search/Search Bar.swift:44:30: error: cannot find type 'UIViewRepresentableContext' in scope
42 |     }
43 |
44 |     func makeUIView(context: UIViewRepresentableContext<SearchBar>) -> UISearchBar {
   |                              `- error: cannot find type 'UIViewRepresentableContext' in scope
45 |         let searchBar = searchBarDetails
46 |         searchBar.delegate = context.coordinator
/Users/admin/builder/spi-builder-workspace/Sources/SwiftUIMap/Search/Search Bar.swift:60:33: error: cannot find type 'UISearchBar' in scope
58 |         return searchBar
59 |     }
60 |     func updateUIView(_ uiView: UISearchBar, context: UIViewRepresentableContext<SearchBar>) {
   |                                 `- error: cannot find type 'UISearchBar' in scope
61 |         uiView.text = text
62 |     }
/Users/admin/builder/spi-builder-workspace/Sources/SwiftUIMap/Search/Search Bar.swift:60:55: error: cannot find type 'UIViewRepresentableContext' in scope
58 |         return searchBar
59 |     }
60 |     func updateUIView(_ uiView: UISearchBar, context: UIViewRepresentableContext<SearchBar>) {
   |                                                       `- error: cannot find type 'UIViewRepresentableContext' in scope
61 |         uiView.text = text
62 |     }
/Users/admin/builder/spi-builder-workspace/Sources/SwiftUIMap/Search/Search Bar.swift:13:19: error: cannot find type 'UIViewRepresentable' in scope
11 | import MapKit
12 |
13 | struct SearchBar: UIViewRepresentable {
   |                   `- error: cannot find type 'UIViewRepresentable' in scope
14 |     @Binding var searchBarDetails: UISearchBar
15 |     @Binding var text: String
/Users/admin/builder/spi-builder-workspace/Sources/SwiftUIMap/Search/Search View.swift:39:34: error: cannot find type 'UISearchBar' in scope
 37 |     @State private var isBtnActive = false
 38 |     @State var completion = MKLocalSearchCompletion()
 39 |     @State var searchBarDetails: UISearchBar = UISearchBar()
    |                                  `- error: cannot find type 'UISearchBar' in scope
 40 |
 41 |     public init(resultTypes: MKLocalSearchCompleter.ResultType, onSelect: @escaping (_ title: String, _ address: String) -> Void) {
/Users/admin/builder/spi-builder-workspace/Sources/SwiftUIMap/Search/Search View.swift:39:48: error: cannot find 'UISearchBar' in scope
 37 |     @State private var isBtnActive = false
 38 |     @State var completion = MKLocalSearchCompletion()
 39 |     @State var searchBarDetails: UISearchBar = UISearchBar()
    |                                                `- error: cannot find 'UISearchBar' in scope
 40 |
 41 |     public init(resultTypes: MKLocalSearchCompleter.ResultType, onSelect: @escaping (_ title: String, _ address: String) -> Void) {
macro expansion @State:1:78: error: cannot find 'UISearchBar' in scope
`- /Users/admin/builder/spi-builder-workspace/Sources/SwiftUIMap/Search/Search View.swift:39:61: note: expanded code originates here
 37 |     @State private var isBtnActive = false
 38 |     @State var completion = MKLocalSearchCompletion()
 39 |     @State var searchBarDetails: UISearchBar = UISearchBar()
    |     `- note: in expansion of macro 'State' on property 'searchBarDetails' here
    +--- macro expansion @State ----------------------------------------
    |1 | private var _searchBarDetails = SwiftUICore.State<UISearchBar>(initialValue: UISearchBar())
    |  |                                                                              `- error: cannot find 'UISearchBar' in scope
    |2 |
    |3 | @SwiftUICore._PropertyWrapperProjectedValue
    +-------------------------------------------------------------------
 40 |
 41 |     public init(resultTypes: MKLocalSearchCompleter.ResultType, onSelect: @escaping (_ title: String, _ address: String) -> Void) {
macro expansion @State:1:51: error: cannot find type 'UISearchBar' in scope
`- /Users/admin/builder/spi-builder-workspace/Sources/SwiftUIMap/Search/Search View.swift:39:61: note: expanded code originates here
 37 |     @State private var isBtnActive = false
 38 |     @State var completion = MKLocalSearchCompletion()
 39 |     @State var searchBarDetails: UISearchBar = UISearchBar()
    |     `- note: in expansion of macro 'State' on property 'searchBarDetails' here
    +--- macro expansion @State ----------------------------------------
    |1 | private var _searchBarDetails = SwiftUICore.State<UISearchBar>(initialValue: UISearchBar())
    |  |                                                   `- error: cannot find type 'UISearchBar' in scope
    |2 |
    |3 | @SwiftUICore._PropertyWrapperProjectedValue
    +-------------------------------------------------------------------
 40 |
 41 |     public init(resultTypes: MKLocalSearchCompleter.ResultType, onSelect: @escaping (_ title: String, _ address: String) -> Void) {
macro expansion @State:4:70: error: cannot find 'UISearchBar' in scope
`- /Users/admin/builder/spi-builder-workspace/Sources/SwiftUIMap/Search/Search View.swift:39:61: note: expanded code originates here
 37 |     @State private var isBtnActive = false
 38 |     @State var completion = MKLocalSearchCompletion()
 39 |     @State var searchBarDetails: UISearchBar = UISearchBar()
    |     `- note: in expansion of macro 'State' on property 'searchBarDetails' here
    +--- macro expansion @State ----------------------------------------
    |2 |
    |3 | @SwiftUICore._PropertyWrapperProjectedValue
    |4 | var $searchBarDetails = SwiftUICore.State<UISearchBar>(initialValue: UISearchBar()).projectedValue
    |  |                                                                      `- error: cannot find 'UISearchBar' in scope
    +-------------------------------------------------------------------
 40 |
 41 |     public init(resultTypes: MKLocalSearchCompleter.ResultType, onSelect: @escaping (_ title: String, _ address: String) -> Void) {
macro expansion @State:4:43: error: cannot find type 'UISearchBar' in scope
`- /Users/admin/builder/spi-builder-workspace/Sources/SwiftUIMap/Search/Search View.swift:39:61: note: expanded code originates here
 37 |     @State private var isBtnActive = false
 38 |     @State var completion = MKLocalSearchCompletion()
 39 |     @State var searchBarDetails: UISearchBar = UISearchBar()
    |     `- note: in expansion of macro 'State' on property 'searchBarDetails' here
    +--- macro expansion @State ----------------------------------------
    |2 |
    |3 | @SwiftUICore._PropertyWrapperProjectedValue
    |4 | var $searchBarDetails = SwiftUICore.State<UISearchBar>(initialValue: UISearchBar()).projectedValue
    |  |                                           `- error: cannot find type 'UISearchBar' in scope
    +-------------------------------------------------------------------
 40 |
 41 |     public init(resultTypes: MKLocalSearchCompleter.ResultType, onSelect: @escaping (_ title: String, _ address: String) -> Void) {
/Users/admin/builder/spi-builder-workspace/Sources/SwiftUIMap/Search/Search View.swift:138:44: error: cannot find type 'UIBarButtonItem' in scope
136 |     }
137 |
138 |     public func toolbarButtons(_ buttons: [UIBarButtonItem]) -> Self {
    |                                            `- error: cannot find type 'UIBarButtonItem' in scope
139 |         let bar = UIToolbar()
140 |         bar.items = buttons
Failed frontend command:
/Applications/Xcode-27.0.0-Release.Candidate.app/Contents/Developer/Toolchains/XcodeDefault.xctoolchain/usr/bin/swift-frontend -frontend -emit-module -experimental-skip-non-inlinable-function-bodies-without-types /Users/admin/builder/spi-builder-workspace/Sources/SwiftUIMap/Data\ Structs.swift /Users/admin/builder/spi-builder-workspace/Sources/SwiftUIMap/Existing\ Annotation\ Map/AnnotationMapView.swift /Users/admin/builder/spi-builder-workspace/Sources/SwiftUIMap/Existing\ Annotation\ Map/Public\ View.swift /Users/admin/builder/spi-builder-workspace/Sources/SwiftUIMap/Mutatable\ Annotation\ Map/MutatableAnnotationMap.swift /Users/admin/builder/spi-builder-workspace/Sources/SwiftUIMap/Search/ReversedGeoLocation.swift /Users/admin/builder/spi-builder-workspace/Sources/SwiftUIMap/Search/Search\ Bar.swift /Users/admin/builder/spi-builder-workspace/Sources/SwiftUIMap/Search/Search\ View.swift -target arm64-apple-macos12.0 -disable-cross-import-overlay-search -swift-module-cross-import MapKit /Applications/Xcode-27.0.0-Release.Candidate.app/Contents/Developer/Platforms/MacOSX.platform/Developer/SDKs/MacOSX.sdk/System/Library/Frameworks/MapKit.framework/Modules/MapKit.swiftcrossimport/SwiftUI.swiftoverlay -swift-module-cross-import MapKit /Applications/Xcode-27.0.0-Release.Candidate.app/Contents/Developer/Platforms/MacOSX.platform/Developer/SDKs/MacOSX27.0.sdk/System/Library/Frameworks/MapKit.framework/Modules/MapKit.swiftcrossimport/SwiftUI.swiftoverlay -load-resolved-plugin /Applications/Xcode-27.0.0-Release.Candidate.app/Contents/Developer/Platforms/MacOSX.platform/Developer/usr/lib/swift/host/plugins/libFoundationMacros.dylib\#/Applications/Xcode-27.0.0-Release.Candidate.app/Contents/Developer/Platforms/MacOSX.platform/Developer/usr/bin/swift-plugin-server\#FoundationMacros -load-resolved-plugin /Applications/Xcode-27.0.0-Release.Candidate.app/Contents/Developer/Platforms/MacOSX.platform/Developer/usr/lib/swift/host/plugins/libObservationMacros.dylib\#/Applications/Xcode-27.0.0-Release.Candidate.app/Contents/Developer/Platforms/MacOSX.platform/Developer/usr/bin/swift-plugin-server\#ObservationMacros -load-resolved-plugin /Applications/Xcode-27.0.0-Release.Candidate.app/Contents/Developer/Platforms/MacOSX.platform/Developer/usr/lib/swift/host/plugins/libPreviewsMacros.dylib\#/Applications/Xcode-27.0.0-Release.Candidate.app/Contents/Developer/Platforms/MacOSX.platform/Developer/usr/bin/swift-plugin-server\#PreviewsMacros -load-resolved-plugin /Applications/Xcode-27.0.0-Release.Candidate.app/Contents/Developer/Platforms/MacOSX.platform/Developer/usr/lib/swift/host/plugins/libSwiftMacros.dylib\#/Applications/Xcode-27.0.0-Release.Candidate.app/Contents/Developer/Platforms/MacOSX.platform/Developer/usr/bin/swift-plugin-server\#SwiftMacros -load-resolved-plugin /Applications/Xcode-27.0.0-Release.Candidate.app/Contents/Developer/Platforms/MacOSX.platform/Developer/usr/lib/swift/host/plugins/libSwiftUIMacros.dylib\#/Applications/Xcode-27.0.0-Release.Candidate.app/Contents/Developer/Platforms/MacOSX.platform/Developer/usr/bin/swift-plugin-server\#SwiftUIMacros -disable-implicit-swift-modules -Xcc -fno-implicit-modules -Xcc -fno-implicit-module-maps -explicit-swift-module-map-file /Users/admin/builder/spi-builder-workspace/.build/out/Intermediates.noindex/SwiftUIMap.build/Debug/SwiftUIMap-t.build/Objects-normal/arm64/SwiftUIMap-dependencies-1.json -Xllvm -aarch64-use-tbi -enable-objc-interop -stack-check -sdk /Applications/Xcode-27.0.0-Release.Candidate.app/Contents/Developer/Platforms/MacOSX.platform/Developer/SDKs/MacOSX27.0.sdk -I /Users/admin/builder/spi-builder-workspace/.build/out/Products/Debug -Isystem /Applications/Xcode-27.0.0-Release.Candidate.app/Contents/Developer/Platforms/MacOSX.platform/Developer/usr/lib -F /Users/admin/builder/spi-builder-workspace/.build/out/Products/Debug -F /Applications/Xcode-27.0.0-Release.Candidate.app/Contents/Developer/Platforms/MacOSX.platform/Developer/Library/Frameworks -module-cache-path /Users/admin/builder/spi-builder-workspace/.build/out/Intermediates.noindex/SwiftExplicitPrecompiledModules -color-diagnostics -Xcc -fcolor-diagnostics -enable-testing -g -debug-info-format\=dwarf -dwarf-version\=4 -swift-version 5 -Onone -D SWIFT_PACKAGE -D DEBUG -D SWIFT_MODULE_RESOURCE_BUNDLE_UNAVAILABLE -D Xcode -serialize-debugging-options -enable-experimental-feature DebugDescriptionMacro -empty-abi-descriptor -validate-clang-modules-once -clang-build-session-file /Users/admin/builder/spi-builder-workspace/.build/out/ModuleCache.noindex/Session.modulevalidation -Xcc -working-directory -Xcc /Users/admin/builder -enable-anonymous-context-mangled-names -file-compilation-dir /Users/admin/builder -Xcc -D_LIBCPP_HARDENING_MODE\=_LIBCPP_HARDENING_MODE_DEBUG -Xcc -ivfsstatcache -Xcc /Users/admin/builder/spi-builder-workspace/.build/out/SDKStatCaches.noindex/macosx27.0-26A425-80c5bbf1d171475443272936d42f90a36a22442a12e9d48fe1a705f55a1adfc4.sdkstatcache -Xcc -fmodules-prune-interval\=86400 -Xcc -fmodules-prune-after\=345600 -Xcc -I/Users/admin/builder/spi-builder-workspace/.build/out/Products/Debug/include -Xcc -I/Users/admin/builder/spi-builder-workspace/.build/out/Intermediates.noindex/SwiftUIMap.build/Debug/SwiftUIMap-t.build/DerivedSources-normal/arm64 -Xcc -I/Users/admin/builder/spi-builder-workspace/.build/out/Intermediates.noindex/SwiftUIMap.build/Debug/SwiftUIMap-t.build/DerivedSources/arm64 -Xcc -I/Users/admin/builder/spi-builder-workspace/.build/out/Intermediates.noindex/SwiftUIMap.build/Debug/SwiftUIMap-t.build/DerivedSources -Xcc -DSWIFT_PACKAGE -Xcc -DDEBUG\=1 -no-auto-bridging-header-chaining -module-name SwiftUIMap -const-gather-protocols-file /Users/admin/builder/spi-builder-workspace/.build/out/Intermediates.noindex/SwiftUIMap.build/Debug/SwiftUIMap-t.build/Objects-normal/arm64/SwiftUIMap_const_extract_protocols.json -disable-clang-spi -clang-target arm64-apple-macos27.0 -target-sdk-version 27.0 -target-sdk-name macosx27.0 -in-process-plugin-server-path /Applications/Xcode-27.0.0-Release.Candidate.app/Contents/Developer/Toolchains/XcodeDefault.xctoolchain/usr/lib/swift/host/libSwiftInProcPluginServer.dylib -emit-module-doc-path /Users/admin/builder/spi-builder-workspace/.build/out/Intermediates.noindex/SwiftUIMap.build/Debug/SwiftUIMap-t.build/Objects-normal/arm64/SwiftUIMap.swiftdoc -emit-module-source-info-path /Users/admin/builder/spi-builder-workspace/.build/out/Intermediates.noindex/SwiftUIMap.build/Debug/SwiftUIMap-t.build/Objects-normal/arm64/SwiftUIMap.swiftsourceinfo -emit-objc-header-path /Users/admin/builder/spi-builder-workspace/.build/out/Intermediates.noindex/SwiftUIMap.build/Debug/SwiftUIMap-t.build/Objects-normal/arm64/SwiftUIMap-Swift.h -serialize-diagnostics-path /Users/admin/builder/spi-builder-workspace/.build/out/Intermediates.noindex/SwiftUIMap.build/Debug/SwiftUIMap-t.build/Objects-normal/arm64/SwiftUIMap-primary-emit-module.dia -emit-dependencies-path /Users/admin/builder/spi-builder-workspace/.build/out/Intermediates.noindex/SwiftUIMap.build/Debug/SwiftUIMap-t.build/Objects-normal/arm64/SwiftUIMap-primary-emit-module.d -parse-as-library -o /Users/admin/builder/spi-builder-workspace/.build/out/Intermediates.noindex/SwiftUIMap.build/Debug/SwiftUIMap-t.build/Objects-normal/arm64/SwiftUIMap.swiftmodule -emit-abi-descriptor-path /Users/admin/builder/spi-builder-workspace/.build/out/Intermediates.noindex/SwiftUIMap.build/Debug/SwiftUIMap-t.build/Objects-normal/arm64/SwiftUIMap.abi.json
error: Build failed
BUILD FAILURE 6.4 macosSpm