The Swift Package Index logo.Swift Package Index

Build Information

Failed to build FuturaAsync, reference master (52a7f9), with Swift 6.4 for visionOS using Xcode 27.0 on 15 Sep 2026 19:24:48 UTC.

Build Command

env DEVELOPER_DIR=/Applications/Xcode-27.0.0-Release.Candidate.app xcrun xcodebuild -IDEClonedSourcePackagesDirPathOverride=$PWD/.dependencies -skipMacroValidation -skipPackagePluginValidation -derivedDataPath $PWD/.derivedData build -scheme FuturaAsync -destination generic/platform=xrOS

Build Log

========================================
RunAll
========================================
Builder version: 5.1.0
Interrupt handler set up.
========================================
Checkout
========================================
Clone URL: https://github.com/kaqu/futuraasync.git
Reference: master
Initialized empty Git repository in /Users/admin/builder/spi-builder-workspace/.git/
From https://github.com/kaqu/futuraasync
 * branch            master     -> FETCH_HEAD
 * [new branch]      master     -> origin/master
HEAD is now at 52a7f9c Result -> Either change
Cloned https://github.com/kaqu/futuraasync.git
Revision (git rev-parse @):
52a7f9c39634d26b53bacc4099786e4001df42cc
SUCCESS checkout https://github.com/kaqu/futuraasync.git at master
========================================
Build
========================================
Selected platform:         visionOS
Swift version:             6.4
Building package at path:  $PWD
https://github.com/kaqu/futuraasync.git
Command line invocation:
    /Applications/Xcode-27.0.0-Release.Candidate.app/Contents/Developer/usr/bin/xcodebuild -IDEClonedSourcePackagesDirPathOverride=/Users/admin/builder/spi-builder-workspace/.dependencies -resolvePackageDependencies
Resolve Package Graph
Fetching from https://github.com/kaqu/FuturaFunc.git
Creating working copy of package ‘FuturaFunc’
Checking out master (aae2984) of package ‘FuturaFunc’
Resolve Package Graph
Resolved source packages:
  FuturaFunc: https://github.com/kaqu/FuturaFunc.git @ master (aae2984)
  FuturaAsync: /Users/admin/builder/spi-builder-workspace
resolved source packages: FuturaFunc, FuturaAsync
2026-09-15 15:23:56.337 xcodebuild[529:3036] [MT] IDERunDestination: Supported platforms for the buildables in the current scheme is empty.
{
  "dependencies" : [
    {
      "identity" : "futurafunc",
      "requirement" : {
        "branch" : [
          "master"
        ]
      },
      "type" : "sourceControl",
      "url" : "https://github.com/kaqu/FuturaFunc.git"
    }
  ],
  "manifest_display_name" : "FuturaAsync",
  "name" : "FuturaAsync",
  "path" : "/Users/admin/builder/spi-builder-workspace",
  "platforms" : [
  ],
  "products" : [
    {
      "name" : "FuturaAsync",
      "targets" : [
        "FuturaAsync"
      ],
      "type" : {
        "library" : [
          "automatic"
        ]
      }
    }
  ],
  "targets" : [
    {
      "c99name" : "FuturaAsyncTests",
      "module_type" : "SwiftTarget",
      "name" : "FuturaAsyncTests",
      "path" : "Tests/FuturaAsyncTests",
      "product_dependencies" : [
        "FuturaFunc"
      ],
      "sources" : [
        "FuturaAsyncTests.swift",
        "FutureTests.swift",
        "LockTests.swift",
        "PromiseAndFutureTests.swift",
        "WorkerAndCatchableTests.swift"
      ],
      "target_dependencies" : [
        "FuturaAsync"
      ],
      "type" : "test"
    },
    {
      "c99name" : "FuturaAsync",
      "module_type" : "SwiftTarget",
      "name" : "FuturaAsync",
      "path" : "Sources/FuturaAsync",
      "product_dependencies" : [
        "FuturaFunc"
      ],
      "product_memberships" : [
        "FuturaAsync"
      ],
      "sources" : [
        "Future/Catchable.swift",
        "Future/Delayed.swift",
        "Future/EitherFuture.swift",
        "Future/FailableFuture.swift",
        "Future/Future+Join.swift",
        "Future/Future.swift",
        "Future/Promise.swift",
        "Schedule/DispatchQueueWorker.swift",
        "Schedule/ExecutionContext.swift",
        "Schedule/Schedule.swift",
        "Schedule/Worker.swift",
        "Synchronization/Lock.swift"
      ],
      "type" : "library"
    }
  ],
  "tools_version" : "4.1"
}
{
  "workspace" : {
    "name" : "FuturaAsync",
    "schemes" : [
      "FuturaAsync"
    ]
  }
}
2026-09-15 15:24:37.435 xcodebuild[682:4313] [MT] IDERunDestination: Supported platforms for the buildables in the current scheme is empty.
Running build ...
env DEVELOPER_DIR=/Applications/Xcode-27.0.0-Release.Candidate.app xcrun xcodebuild -IDEClonedSourcePackagesDirPathOverride=$PWD/.dependencies -skipMacroValidation -skipPackagePluginValidation -derivedDataPath $PWD/.derivedData build -scheme FuturaAsync -destination generic/platform=xrOS
Command line invocation:
    /Applications/Xcode-27.0.0-Release.Candidate.app/Contents/Developer/usr/bin/xcodebuild -IDEClonedSourcePackagesDirPathOverride=/Users/admin/builder/spi-builder-workspace/.dependencies -skipMacroValidation -skipPackagePluginValidation -derivedDataPath /Users/admin/builder/spi-builder-workspace/.derivedData build -scheme FuturaAsync -destination generic/platform=xrOS
Resolve Package Graph
Resolve Package Graph
Resolved source packages:
  FuturaFunc: https://github.com/kaqu/FuturaFunc.git @ master (aae2984)
  FuturaAsync: /Users/admin/builder/spi-builder-workspace
ComputePackagePrebuildTargetDependencyGraph
Prepare packages
CreateBuildRequest
SendProjectDescription
CreateBuildOperation
ComputeTargetDependencyGraph
note: Building targets in dependency order
note: Target dependency graph (4 targets)
    Target 'FuturaAsync-product' in project 'FuturaAsync'
        ➜ Explicit dependency on target 'FuturaAsync' in project 'FuturaAsync'
        ➜ Explicit dependency on target 'FuturaFunc-product' in project 'FuturaFunc'
    Target 'FuturaAsync' in project 'FuturaAsync'
        ➜ Explicit dependency on target 'FuturaFunc-product' in project 'FuturaFunc'
    Target 'FuturaFunc-product' in project 'FuturaFunc'
        ➜ Explicit dependency on target 'FuturaFunc' in project 'FuturaFunc'
    Target 'FuturaFunc' in project 'FuturaFunc' (no dependencies)
GatherProvisioningInputs
CreateBuildDescription
ExecuteExternalTool /Applications/Xcode-27.0.0-Release.Candidate.app/Contents/Developer/Toolchains/XcodeDefault.xctoolchain/usr/bin/clang -v -E -dM -isysroot /Applications/Xcode-27.0.0-Release.Candidate.app/Contents/Developer/Platforms/XROS.platform/Developer/SDKs/XROS27.0.sdk -x c -c /dev/null
ExecuteExternalTool /Applications/Xcode-27.0.0-Release.Candidate.app/Contents/Developer/Toolchains/XcodeDefault.xctoolchain/usr/bin/swiftc --version
ExecuteExternalTool /Applications/Xcode-27.0.0-Release.Candidate.app/Contents/Developer/Toolchains/XcodeDefault.xctoolchain/usr/bin/ld -version_details
Build description signature: 5bc5c93a5b5e471233c31e81f7f19fc7
Build description path: /Users/admin/builder/spi-builder-workspace/.derivedData/Build/Intermediates.noindex/XCBuildData/5bc5c93a5b5e471233c31e81f7f19fc7.xcbuilddata
CreateBuildDirectory /Users/admin/builder/spi-builder-workspace/.derivedData/CompilationCache.noindex
    cd /Users/admin/builder/spi-builder-workspace/.swiftpm/xcode
    builtin-create-build-directory /Users/admin/builder/spi-builder-workspace/.derivedData/CompilationCache.noindex
CreateBuildDirectory /Users/admin/builder/spi-builder-workspace/.derivedData/SDKExplicitPrecompiledModules
    cd /Users/admin/builder/spi-builder-workspace/.swiftpm/xcode
    builtin-create-build-directory /Users/admin/builder/spi-builder-workspace/.derivedData/SDKExplicitPrecompiledModules
CreateBuildDirectory /Users/admin/builder/spi-builder-workspace/.derivedData/ModuleCache.noindex
    cd /Users/admin/builder/spi-builder-workspace/.swiftpm/xcode
    builtin-create-build-directory /Users/admin/builder/spi-builder-workspace/.derivedData/ModuleCache.noindex
ClangStatCache /Applications/Xcode-27.0.0-Release.Candidate.app/Contents/Developer/Toolchains/XcodeDefault.xctoolchain/usr/bin/clang-stat-cache /Applications/Xcode-27.0.0-Release.Candidate.app/Contents/Developer/Platforms/XROS.platform/Developer/SDKs/XROS27.0.sdk /Users/admin/builder/spi-builder-workspace/.derivedData/SDKStatCaches.noindex/xros27.0-24M361-e829b21a6f8c9b70876ba0858053c044735bd543db762f57723cac368afd1ce4.sdkstatcache
    cd /Users/admin/builder/spi-builder-workspace/.swiftpm/xcode
    /Applications/Xcode-27.0.0-Release.Candidate.app/Contents/Developer/Toolchains/XcodeDefault.xctoolchain/usr/bin/clang-stat-cache /Applications/Xcode-27.0.0-Release.Candidate.app/Contents/Developer/Platforms/XROS.platform/Developer/SDKs/XROS27.0.sdk -o /Users/admin/builder/spi-builder-workspace/.derivedData/SDKStatCaches.noindex/xros27.0-24M361-e829b21a6f8c9b70876ba0858053c044735bd543db762f57723cac368afd1ce4.sdkstatcache
CreateBuildDirectory /Users/admin/builder/spi-builder-workspace/.derivedData/Build/Products
    cd /Users/admin/builder/spi-builder-workspace/.swiftpm/xcode
    builtin-create-build-directory /Users/admin/builder/spi-builder-workspace/.derivedData/Build/Products
CreateBuildDirectory /Users/admin/builder/spi-builder-workspace/.derivedData/Build/Intermediates.noindex
    cd /Users/admin/builder/spi-builder-workspace/.swiftpm/xcode
    builtin-create-build-directory /Users/admin/builder/spi-builder-workspace/.derivedData/Build/Intermediates.noindex
CreateBuildDirectory /Users/admin/builder/spi-builder-workspace/.derivedData/Build/Intermediates.noindex/SwiftExplicitPrecompiledModules
    cd /Users/admin/builder/spi-builder-workspace/.swiftpm/xcode
    builtin-create-build-directory /Users/admin/builder/spi-builder-workspace/.derivedData/Build/Intermediates.noindex/SwiftExplicitPrecompiledModules
CreateBuildDirectory /Users/admin/builder/spi-builder-workspace/.derivedData/Build/Intermediates.noindex/ExplicitPrecompiledModules
    cd /Users/admin/builder/spi-builder-workspace/.swiftpm/xcode
    builtin-create-build-directory /Users/admin/builder/spi-builder-workspace/.derivedData/Build/Intermediates.noindex/ExplicitPrecompiledModules
CreateBuildDirectory /Users/admin/builder/spi-builder-workspace/.derivedData/Build/Intermediates.noindex/PrecompiledHeaders
    cd /Users/admin/builder/spi-builder-workspace/.swiftpm/xcode
    builtin-create-build-directory /Users/admin/builder/spi-builder-workspace/.derivedData/Build/Intermediates.noindex/PrecompiledHeaders
CreateBuildDirectory /Users/admin/builder/spi-builder-workspace/.derivedData/Build/Intermediates.noindex/EagerLinkingTBDs/Debug-xros
    cd /Users/admin/builder/spi-builder-workspace/.swiftpm/xcode
    builtin-create-build-directory /Users/admin/builder/spi-builder-workspace/.derivedData/Build/Intermediates.noindex/EagerLinkingTBDs/Debug-xros
CreateBuildDirectory /Users/admin/builder/spi-builder-workspace/.derivedData/Build/Products/Debug-xros
    cd /Users/admin/builder/spi-builder-workspace/.swiftpm/xcode
    builtin-create-build-directory /Users/admin/builder/spi-builder-workspace/.derivedData/Build/Products/Debug-xros
CreateBuildDirectory /Users/admin/builder/spi-builder-workspace/.derivedData/Build/Products/Debug-xros/PackageFrameworks
    cd /Users/admin/builder/spi-builder-workspace/.swiftpm/xcode
    builtin-create-build-directory /Users/admin/builder/spi-builder-workspace/.derivedData/Build/Products/Debug-xros/PackageFrameworks
WriteAuxiliaryFile /Users/admin/builder/spi-builder-workspace/.derivedData/Build/Intermediates.noindex/FuturaFunc.build/Debug-xros/FuturaFunc-t.build/FuturaFunc.DependencyMetadataFileList (in target 'FuturaFunc' from project 'FuturaFunc')
    cd /Users/admin/builder/spi-builder-workspace/.dependencies/checkouts/FuturaFunc
    write-file /Users/admin/builder/spi-builder-workspace/.derivedData/Build/Intermediates.noindex/FuturaFunc.build/Debug-xros/FuturaFunc-t.build/FuturaFunc.DependencyMetadataFileList
WriteAuxiliaryFile /Users/admin/builder/spi-builder-workspace/.derivedData/Build/Intermediates.noindex/FuturaFunc.build/Debug-xros/FuturaFunc-t.build/FuturaFunc.modulemap (in target 'FuturaFunc' from project 'FuturaFunc')
    cd /Users/admin/builder/spi-builder-workspace/.dependencies/checkouts/FuturaFunc
    write-file /Users/admin/builder/spi-builder-workspace/.derivedData/Build/Intermediates.noindex/FuturaFunc.build/Debug-xros/FuturaFunc-t.build/FuturaFunc.modulemap
WriteAuxiliaryFile /Users/admin/builder/spi-builder-workspace/.derivedData/Build/Intermediates.noindex/FuturaFunc.build/Debug-xros/FuturaFunc-t.build/FuturaFunc.DependencyStaticMetadataFileList (in target 'FuturaFunc' from project 'FuturaFunc')
    cd /Users/admin/builder/spi-builder-workspace/.dependencies/checkouts/FuturaFunc
    write-file /Users/admin/builder/spi-builder-workspace/.derivedData/Build/Intermediates.noindex/FuturaFunc.build/Debug-xros/FuturaFunc-t.build/FuturaFunc.DependencyStaticMetadataFileList
WriteAuxiliaryFile /Users/admin/builder/spi-builder-workspace/.derivedData/Build/Intermediates.noindex/FuturaFunc.build/Debug-xros/FuturaFunc-t.build/Objects-normal/arm64/FuturaFunc_const_extract_protocols.json (in target 'FuturaFunc' from project 'FuturaFunc')
    cd /Users/admin/builder/spi-builder-workspace/.dependencies/checkouts/FuturaFunc
    write-file /Users/admin/builder/spi-builder-workspace/.derivedData/Build/Intermediates.noindex/FuturaFunc.build/Debug-xros/FuturaFunc-t.build/Objects-normal/arm64/FuturaFunc_const_extract_protocols.json
WriteAuxiliaryFile /Users/admin/builder/spi-builder-workspace/.derivedData/Build/Intermediates.noindex/FuturaFunc.build/Debug-xros/FuturaFunc-t.build/Objects-normal/arm64/FuturaFunc-OutputFileMap.json (in target 'FuturaFunc' from project 'FuturaFunc')
    cd /Users/admin/builder/spi-builder-workspace/.dependencies/checkouts/FuturaFunc
    write-file /Users/admin/builder/spi-builder-workspace/.derivedData/Build/Intermediates.noindex/FuturaFunc.build/Debug-xros/FuturaFunc-t.build/Objects-normal/arm64/FuturaFunc-OutputFileMap.json
WriteAuxiliaryFile /Users/admin/builder/spi-builder-workspace/.derivedData/Build/Intermediates.noindex/FuturaFunc.build/Debug-xros/FuturaFunc-t.build/Objects-normal/arm64/FuturaFunc.LinkFileList (in target 'FuturaFunc' from project 'FuturaFunc')
    cd /Users/admin/builder/spi-builder-workspace/.dependencies/checkouts/FuturaFunc
    write-file /Users/admin/builder/spi-builder-workspace/.derivedData/Build/Intermediates.noindex/FuturaFunc.build/Debug-xros/FuturaFunc-t.build/Objects-normal/arm64/FuturaFunc.LinkFileList
WriteAuxiliaryFile /Users/admin/builder/spi-builder-workspace/.derivedData/Build/Intermediates.noindex/FuturaFunc.build/Debug-xros/FuturaFunc-t.build/Objects-normal/arm64/FuturaFunc.SwiftFileList (in target 'FuturaFunc' from project 'FuturaFunc')
    cd /Users/admin/builder/spi-builder-workspace/.dependencies/checkouts/FuturaFunc
    write-file /Users/admin/builder/spi-builder-workspace/.derivedData/Build/Intermediates.noindex/FuturaFunc.build/Debug-xros/FuturaFunc-t.build/Objects-normal/arm64/FuturaFunc.SwiftFileList
WriteAuxiliaryFile /Users/admin/builder/spi-builder-workspace/.derivedData/Build/Intermediates.noindex/FuturaFunc.build/Debug-xros/FuturaFunc-t.build/Objects-normal/arm64/FuturaFunc.SwiftConstValuesFileList (in target 'FuturaFunc' from project 'FuturaFunc')
    cd /Users/admin/builder/spi-builder-workspace/.dependencies/checkouts/FuturaFunc
    write-file /Users/admin/builder/spi-builder-workspace/.derivedData/Build/Intermediates.noindex/FuturaFunc.build/Debug-xros/FuturaFunc-t.build/Objects-normal/arm64/FuturaFunc.SwiftConstValuesFileList
WriteAuxiliaryFile /Users/admin/builder/spi-builder-workspace/.derivedData/Build/Intermediates.noindex/FuturaAsync.build/Debug-xros/FuturaAsync-t.build/Objects-normal/arm64/FuturaAsync_const_extract_protocols.json (in target 'FuturaAsync' from project 'FuturaAsync')
    cd /Users/admin/builder/spi-builder-workspace
    write-file /Users/admin/builder/spi-builder-workspace/.derivedData/Build/Intermediates.noindex/FuturaAsync.build/Debug-xros/FuturaAsync-t.build/Objects-normal/arm64/FuturaAsync_const_extract_protocols.json
WriteAuxiliaryFile /Users/admin/builder/spi-builder-workspace/.derivedData/Build/Intermediates.noindex/FuturaAsync.build/Debug-xros/FuturaAsync-t.build/Objects-normal/arm64/FuturaAsync.SwiftFileList (in target 'FuturaAsync' from project 'FuturaAsync')
    cd /Users/admin/builder/spi-builder-workspace
    write-file /Users/admin/builder/spi-builder-workspace/.derivedData/Build/Intermediates.noindex/FuturaAsync.build/Debug-xros/FuturaAsync-t.build/Objects-normal/arm64/FuturaAsync.SwiftFileList
WriteAuxiliaryFile /Users/admin/builder/spi-builder-workspace/.derivedData/Build/Intermediates.noindex/FuturaAsync.build/Debug-xros/FuturaAsync-t.build/Objects-normal/arm64/FuturaAsync.SwiftConstValuesFileList (in target 'FuturaAsync' from project 'FuturaAsync')
    cd /Users/admin/builder/spi-builder-workspace
    write-file /Users/admin/builder/spi-builder-workspace/.derivedData/Build/Intermediates.noindex/FuturaAsync.build/Debug-xros/FuturaAsync-t.build/Objects-normal/arm64/FuturaAsync.SwiftConstValuesFileList
WriteAuxiliaryFile /Users/admin/builder/spi-builder-workspace/.derivedData/Build/Intermediates.noindex/FuturaAsync.build/Debug-xros/FuturaAsync-t.build/Objects-normal/arm64/FuturaAsync.LinkFileList (in target 'FuturaAsync' from project 'FuturaAsync')
    cd /Users/admin/builder/spi-builder-workspace
    write-file /Users/admin/builder/spi-builder-workspace/.derivedData/Build/Intermediates.noindex/FuturaAsync.build/Debug-xros/FuturaAsync-t.build/Objects-normal/arm64/FuturaAsync.LinkFileList
WriteAuxiliaryFile /Users/admin/builder/spi-builder-workspace/.derivedData/Build/Intermediates.noindex/FuturaAsync.build/Debug-xros/FuturaAsync-t.build/Objects-normal/arm64/FuturaAsync-OutputFileMap.json (in target 'FuturaAsync' from project 'FuturaAsync')
    cd /Users/admin/builder/spi-builder-workspace
    write-file /Users/admin/builder/spi-builder-workspace/.derivedData/Build/Intermediates.noindex/FuturaAsync.build/Debug-xros/FuturaAsync-t.build/Objects-normal/arm64/FuturaAsync-OutputFileMap.json
Copy /Users/admin/builder/spi-builder-workspace/.derivedData/Build/Intermediates.noindex/GeneratedModuleMaps-xros/FuturaFunc.modulemap /Users/admin/builder/spi-builder-workspace/.derivedData/Build/Intermediates.noindex/FuturaFunc.build/Debug-xros/FuturaFunc-t.build/FuturaFunc.modulemap (in target 'FuturaFunc' from project 'FuturaFunc')
    cd /Users/admin/builder/spi-builder-workspace/.dependencies/checkouts/FuturaFunc
    builtin-copy -exclude .DS_Store -exclude CVS -exclude .svn -exclude .git -exclude .hg -resolve-src-symlinks /Users/admin/builder/spi-builder-workspace/.derivedData/Build/Intermediates.noindex/FuturaFunc.build/Debug-xros/FuturaFunc-t.build/FuturaFunc.modulemap /Users/admin/builder/spi-builder-workspace/.derivedData/Build/Intermediates.noindex/GeneratedModuleMaps-xros
WriteAuxiliaryFile /Users/admin/builder/spi-builder-workspace/.derivedData/Build/Intermediates.noindex/FuturaAsync.build/Debug-xros/FuturaAsync-t.build/FuturaAsync.modulemap (in target 'FuturaAsync' from project 'FuturaAsync')
    cd /Users/admin/builder/spi-builder-workspace
    write-file /Users/admin/builder/spi-builder-workspace/.derivedData/Build/Intermediates.noindex/FuturaAsync.build/Debug-xros/FuturaAsync-t.build/FuturaAsync.modulemap
WriteAuxiliaryFile /Users/admin/builder/spi-builder-workspace/.derivedData/Build/Intermediates.noindex/FuturaAsync.build/Debug-xros/FuturaAsync-t.build/FuturaAsync.DependencyStaticMetadataFileList (in target 'FuturaAsync' from project 'FuturaAsync')
    cd /Users/admin/builder/spi-builder-workspace
    write-file /Users/admin/builder/spi-builder-workspace/.derivedData/Build/Intermediates.noindex/FuturaAsync.build/Debug-xros/FuturaAsync-t.build/FuturaAsync.DependencyStaticMetadataFileList
WriteAuxiliaryFile /Users/admin/builder/spi-builder-workspace/.derivedData/Build/Intermediates.noindex/FuturaAsync.build/Debug-xros/FuturaAsync-t.build/FuturaAsync.DependencyMetadataFileList (in target 'FuturaAsync' from project 'FuturaAsync')
    cd /Users/admin/builder/spi-builder-workspace
    write-file /Users/admin/builder/spi-builder-workspace/.derivedData/Build/Intermediates.noindex/FuturaAsync.build/Debug-xros/FuturaAsync-t.build/FuturaAsync.DependencyMetadataFileList
Copy /Users/admin/builder/spi-builder-workspace/.derivedData/Build/Intermediates.noindex/GeneratedModuleMaps-xros/FuturaAsync.modulemap /Users/admin/builder/spi-builder-workspace/.derivedData/Build/Intermediates.noindex/FuturaAsync.build/Debug-xros/FuturaAsync-t.build/FuturaAsync.modulemap (in target 'FuturaAsync' from project 'FuturaAsync')
    cd /Users/admin/builder/spi-builder-workspace
    builtin-copy -exclude .DS_Store -exclude CVS -exclude .svn -exclude .git -exclude .hg -resolve-src-symlinks /Users/admin/builder/spi-builder-workspace/.derivedData/Build/Intermediates.noindex/FuturaAsync.build/Debug-xros/FuturaAsync-t.build/FuturaAsync.modulemap /Users/admin/builder/spi-builder-workspace/.derivedData/Build/Intermediates.noindex/GeneratedModuleMaps-xros
SwiftDriver FuturaFunc normal arm64 com.apple.xcode.tools.swift.compiler (in target 'FuturaFunc' from project 'FuturaFunc')
    cd /Users/admin/builder/spi-builder-workspace/.swiftpm/xcode
    builtin-SwiftDriver -- /Applications/Xcode-27.0.0-Release.Candidate.app/Contents/Developer/Toolchains/XcodeDefault.xctoolchain/usr/bin/swiftc -parse-as-library -module-name FuturaFunc -Onone @/Users/admin/builder/spi-builder-workspace/.derivedData/Build/Intermediates.noindex/FuturaFunc.build/Debug-xros/FuturaFunc-t.build/Objects-normal/arm64/FuturaFunc.SwiftFileList -DSWIFT_PACKAGE -DDEBUG -DSWIFT_MODULE_RESOURCE_BUNDLE_UNAVAILABLE -DXcode -plugin-path /Applications/Xcode-27.0.0-Release.Candidate.app/Contents/Developer/Toolchains/XcodeDefault.xctoolchain/usr/lib/swift/host/plugins/testing -enable-experimental-feature DebugDescriptionMacro -sdk /Applications/Xcode-27.0.0-Release.Candidate.app/Contents/Developer/Platforms/XROS.platform/Developer/SDKs/XROS27.0.sdk -target arm64-apple-xros1.0 -g -module-cache-path /Users/admin/builder/spi-builder-workspace/.derivedData/ModuleCache.noindex -Xfrontend -serialize-debugging-options -profile-coverage-mapping -profile-generate -enable-testing -suppress-warnings -index-store-path /Users/admin/builder/spi-builder-workspace/.derivedData/Index.noindex/DataStore -Xcc -D_LIBCPP_HARDENING_MODE\=_LIBCPP_HARDENING_MODE_DEBUG -swift-version 4 -I /Users/admin/builder/spi-builder-workspace/.derivedData/Build/Products/Debug-xros -Isystem /Applications/Xcode-27.0.0-Release.Candidate.app/Contents/Developer/Platforms/XROS.platform/Developer/usr/lib -F /Users/admin/builder/spi-builder-workspace/.derivedData/Build/Products/Debug-xros -F /Applications/Xcode-27.0.0-Release.Candidate.app/Contents/Developer/Platforms/XROS.platform/Developer/Library/Frameworks -F /Applications/Xcode-27.0.0-Release.Candidate.app/Contents/Developer/Platforms/XROS.platform/Developer/SDKs/XROS27.0.sdk/Developer/Library/Frameworks -c -j10 -enable-batch-mode -incremental -Xcc -ivfsstatcache -Xcc /Users/admin/builder/spi-builder-workspace/.derivedData/SDKStatCaches.noindex/xros27.0-24M361-e829b21a6f8c9b70876ba0858053c044735bd543db762f57723cac368afd1ce4.sdkstatcache -output-file-map /Users/admin/builder/spi-builder-workspace/.derivedData/Build/Intermediates.noindex/FuturaFunc.build/Debug-xros/FuturaFunc-t.build/Objects-normal/arm64/FuturaFunc-OutputFileMap.json -save-temps -no-color-diagnostics -emit-dependencies -emit-module -emit-module-path /Users/admin/builder/spi-builder-workspace/.derivedData/Build/Intermediates.noindex/FuturaFunc.build/Debug-xros/FuturaFunc-t.build/Objects-normal/arm64/FuturaFunc.swiftmodule -serialize-diagnostics -validate-clang-modules-once -clang-build-session-file /Users/admin/builder/spi-builder-workspace/.derivedData/ModuleCache.noindex/Session.modulevalidation -Xcc -fmodules-prune-interval\=86400 -Xcc -fmodules-prune-after\=345600 -emit-const-values -const-gather-protocols-list /Users/admin/builder/spi-builder-workspace/.derivedData/Build/Intermediates.noindex/FuturaFunc.build/Debug-xros/FuturaFunc-t.build/Objects-normal/arm64/FuturaFunc_const_extract_protocols.json -Xcc -I/Users/admin/builder/spi-builder-workspace/.derivedData/Build/Products/Debug-xros/include -Xcc -I/Users/admin/builder/spi-builder-workspace/.derivedData/Build/Intermediates.noindex/FuturaFunc.build/Debug-xros/FuturaFunc-t.build/DerivedSources-normal/arm64 -Xcc -I/Users/admin/builder/spi-builder-workspace/.derivedData/Build/Intermediates.noindex/FuturaFunc.build/Debug-xros/FuturaFunc-t.build/DerivedSources/arm64 -Xcc -I/Users/admin/builder/spi-builder-workspace/.derivedData/Build/Intermediates.noindex/FuturaFunc.build/Debug-xros/FuturaFunc-t.build/DerivedSources -Xcc -DSWIFT_PACKAGE -Xcc -DDEBUG\=1 -emit-objc-header -emit-objc-header-path /Users/admin/builder/spi-builder-workspace/.derivedData/Build/Intermediates.noindex/FuturaFunc.build/Debug-xros/FuturaFunc-t.build/Objects-normal/arm64/FuturaFunc-Swift.h -working-directory /Users/admin/builder/spi-builder-workspace/.swiftpm/xcode -experimental-emit-module-separately -disable-cmo
SwiftCompile normal arm64 Compiling\ Filter.swift /Users/admin/builder/spi-builder-workspace/.dependencies/checkouts/FuturaFunc/Sources/FuturaFunc/Filter.swift (in target 'FuturaFunc' from project 'FuturaFunc')
SwiftCompile normal arm64 /Users/admin/builder/spi-builder-workspace/.dependencies/checkouts/FuturaFunc/Sources/FuturaFunc/Filter.swift (in target 'FuturaFunc' from project 'FuturaFunc')
    cd /Users/admin/builder/spi-builder-workspace/.swiftpm/xcode
    builtin-SwiftPerFileCompile Filter.swift
SwiftCompile normal arm64 Compiling\ Curry.swift /Users/admin/builder/spi-builder-workspace/.dependencies/checkouts/FuturaFunc/Sources/FuturaFunc/Curry.swift (in target 'FuturaFunc' from project 'FuturaFunc')
SwiftCompile normal arm64 /Users/admin/builder/spi-builder-workspace/.dependencies/checkouts/FuturaFunc/Sources/FuturaFunc/Curry.swift (in target 'FuturaFunc' from project 'FuturaFunc')
    cd /Users/admin/builder/spi-builder-workspace/.swiftpm/xcode
    builtin-SwiftPerFileCompile Curry.swift
SwiftCompile normal arm64 Compiling\ Lens.swift /Users/admin/builder/spi-builder-workspace/.dependencies/checkouts/FuturaFunc/Sources/FuturaFunc/Lens.swift (in target 'FuturaFunc' from project 'FuturaFunc')
SwiftCompile normal arm64 /Users/admin/builder/spi-builder-workspace/.dependencies/checkouts/FuturaFunc/Sources/FuturaFunc/Lens.swift (in target 'FuturaFunc' from project 'FuturaFunc')
    cd /Users/admin/builder/spi-builder-workspace/.swiftpm/xcode
    builtin-SwiftPerFileCompile Lens.swift
SwiftCompile normal arm64 Compiling\ Map.swift /Users/admin/builder/spi-builder-workspace/.dependencies/checkouts/FuturaFunc/Sources/FuturaFunc/Map.swift (in target 'FuturaFunc' from project 'FuturaFunc')
SwiftCompile normal arm64 /Users/admin/builder/spi-builder-workspace/.dependencies/checkouts/FuturaFunc/Sources/FuturaFunc/Map.swift (in target 'FuturaFunc' from project 'FuturaFunc')
    cd /Users/admin/builder/spi-builder-workspace/.swiftpm/xcode
    builtin-SwiftPerFileCompile Map.swift
SwiftCompile normal arm64 Compiling\ Operators.swift /Users/admin/builder/spi-builder-workspace/.dependencies/checkouts/FuturaFunc/Sources/FuturaFunc/Operators.swift (in target 'FuturaFunc' from project 'FuturaFunc')
SwiftCompile normal arm64 /Users/admin/builder/spi-builder-workspace/.dependencies/checkouts/FuturaFunc/Sources/FuturaFunc/Operators.swift (in target 'FuturaFunc' from project 'FuturaFunc')
    cd /Users/admin/builder/spi-builder-workspace/.swiftpm/xcode
    builtin-SwiftPerFileCompile Operators.swift
SwiftCompile normal arm64 Compiling\ PrecedenceGroups.swift /Users/admin/builder/spi-builder-workspace/.dependencies/checkouts/FuturaFunc/Sources/FuturaFunc/PrecedenceGroups.swift (in target 'FuturaFunc' from project 'FuturaFunc')
SwiftCompile normal arm64 /Users/admin/builder/spi-builder-workspace/.dependencies/checkouts/FuturaFunc/Sources/FuturaFunc/PrecedenceGroups.swift (in target 'FuturaFunc' from project 'FuturaFunc')
    cd /Users/admin/builder/spi-builder-workspace/.swiftpm/xcode
    builtin-SwiftPerFileCompile PrecedenceGroups.swift
SwiftCompile normal arm64 Compiling\ Flip.swift /Users/admin/builder/spi-builder-workspace/.dependencies/checkouts/FuturaFunc/Sources/FuturaFunc/Flip.swift (in target 'FuturaFunc' from project 'FuturaFunc')
SwiftCompile normal arm64 /Users/admin/builder/spi-builder-workspace/.dependencies/checkouts/FuturaFunc/Sources/FuturaFunc/Flip.swift (in target 'FuturaFunc' from project 'FuturaFunc')
    cd /Users/admin/builder/spi-builder-workspace/.swiftpm/xcode
    builtin-SwiftPerFileCompile Flip.swift
SwiftCompile normal arm64 Compiling\ xxx.swift /Users/admin/builder/spi-builder-workspace/.dependencies/checkouts/FuturaFunc/Sources/FuturaFunc/xxx.swift (in target 'FuturaFunc' from project 'FuturaFunc')
SwiftCompile normal arm64 /Users/admin/builder/spi-builder-workspace/.dependencies/checkouts/FuturaFunc/Sources/FuturaFunc/xxx.swift (in target 'FuturaFunc' from project 'FuturaFunc')
    cd /Users/admin/builder/spi-builder-workspace/.swiftpm/xcode
    builtin-SwiftPerFileCompile xxx.swift
SwiftEmitModule normal arm64 Emitting\ module\ for\ FuturaFunc (in target 'FuturaFunc' from project 'FuturaFunc')
SwiftCompile normal arm64 (in target 'FuturaFunc' from project 'FuturaFunc')
    cd /Users/admin/builder/spi-builder-workspace/.swiftpm/xcode

SwiftCompile normal arm64 Compiling\ Either.swift /Users/admin/builder/spi-builder-workspace/.dependencies/checkouts/FuturaFunc/Sources/FuturaFunc/Either.swift (in target 'FuturaFunc' from project 'FuturaFunc')
SwiftCompile normal arm64 /Users/admin/builder/spi-builder-workspace/.dependencies/checkouts/FuturaFunc/Sources/FuturaFunc/Either.swift (in target 'FuturaFunc' from project 'FuturaFunc')
    cd /Users/admin/builder/spi-builder-workspace/.swiftpm/xcode
    builtin-SwiftPerFileCompile Either.swift
SwiftCompile normal arm64 Compiling\ Application.swift,\ Composition.swift /Users/admin/builder/spi-builder-workspace/.dependencies/checkouts/FuturaFunc/Sources/FuturaFunc/Application.swift /Users/admin/builder/spi-builder-workspace/.dependencies/checkouts/FuturaFunc/Sources/FuturaFunc/Composition.swift (in target 'FuturaFunc' from project 'FuturaFunc')
SwiftCompile normal arm64 /Users/admin/builder/spi-builder-workspace/.dependencies/checkouts/FuturaFunc/Sources/FuturaFunc/Application.swift (in target 'FuturaFunc' from project 'FuturaFunc')
    cd /Users/admin/builder/spi-builder-workspace/.swiftpm/xcode
    builtin-SwiftPerFileCompile Application.swift
SwiftCompile normal arm64 /Users/admin/builder/spi-builder-workspace/.dependencies/checkouts/FuturaFunc/Sources/FuturaFunc/Composition.swift (in target 'FuturaFunc' from project 'FuturaFunc')
    cd /Users/admin/builder/spi-builder-workspace/.swiftpm/xcode
    builtin-SwiftPerFileCompile Composition.swift
SwiftDriverJobDiscovery normal arm64 Emitting module for FuturaFunc (in target 'FuturaFunc' from project 'FuturaFunc')
SwiftDriver\ Compilation\ Requirements FuturaFunc normal arm64 com.apple.xcode.tools.swift.compiler (in target 'FuturaFunc' from project 'FuturaFunc')
    cd /Users/admin/builder/spi-builder-workspace/.swiftpm/xcode
    builtin-Swift-Compilation-Requirements -- /Applications/Xcode-27.0.0-Release.Candidate.app/Contents/Developer/Toolchains/XcodeDefault.xctoolchain/usr/bin/swiftc -parse-as-library -module-name FuturaFunc -Onone @/Users/admin/builder/spi-builder-workspace/.derivedData/Build/Intermediates.noindex/FuturaFunc.build/Debug-xros/FuturaFunc-t.build/Objects-normal/arm64/FuturaFunc.SwiftFileList -DSWIFT_PACKAGE -DDEBUG -DSWIFT_MODULE_RESOURCE_BUNDLE_UNAVAILABLE -DXcode -plugin-path /Applications/Xcode-27.0.0-Release.Candidate.app/Contents/Developer/Toolchains/XcodeDefault.xctoolchain/usr/lib/swift/host/plugins/testing -enable-experimental-feature DebugDescriptionMacro -sdk /Applications/Xcode-27.0.0-Release.Candidate.app/Contents/Developer/Platforms/XROS.platform/Developer/SDKs/XROS27.0.sdk -target arm64-apple-xros1.0 -g -module-cache-path /Users/admin/builder/spi-builder-workspace/.derivedData/ModuleCache.noindex -Xfrontend -serialize-debugging-options -profile-coverage-mapping -profile-generate -enable-testing -suppress-warnings -index-store-path /Users/admin/builder/spi-builder-workspace/.derivedData/Index.noindex/DataStore -Xcc -D_LIBCPP_HARDENING_MODE\=_LIBCPP_HARDENING_MODE_DEBUG -swift-version 4 -I /Users/admin/builder/spi-builder-workspace/.derivedData/Build/Products/Debug-xros -Isystem /Applications/Xcode-27.0.0-Release.Candidate.app/Contents/Developer/Platforms/XROS.platform/Developer/usr/lib -F /Users/admin/builder/spi-builder-workspace/.derivedData/Build/Products/Debug-xros -F /Applications/Xcode-27.0.0-Release.Candidate.app/Contents/Developer/Platforms/XROS.platform/Developer/Library/Frameworks -F /Applications/Xcode-27.0.0-Release.Candidate.app/Contents/Developer/Platforms/XROS.platform/Developer/SDKs/XROS27.0.sdk/Developer/Library/Frameworks -c -j10 -enable-batch-mode -incremental -Xcc -ivfsstatcache -Xcc /Users/admin/builder/spi-builder-workspace/.derivedData/SDKStatCaches.noindex/xros27.0-24M361-e829b21a6f8c9b70876ba0858053c044735bd543db762f57723cac368afd1ce4.sdkstatcache -output-file-map /Users/admin/builder/spi-builder-workspace/.derivedData/Build/Intermediates.noindex/FuturaFunc.build/Debug-xros/FuturaFunc-t.build/Objects-normal/arm64/FuturaFunc-OutputFileMap.json -save-temps -no-color-diagnostics -emit-dependencies -emit-module -emit-module-path /Users/admin/builder/spi-builder-workspace/.derivedData/Build/Intermediates.noindex/FuturaFunc.build/Debug-xros/FuturaFunc-t.build/Objects-normal/arm64/FuturaFunc.swiftmodule -serialize-diagnostics -validate-clang-modules-once -clang-build-session-file /Users/admin/builder/spi-builder-workspace/.derivedData/ModuleCache.noindex/Session.modulevalidation -Xcc -fmodules-prune-interval\=86400 -Xcc -fmodules-prune-after\=345600 -emit-const-values -const-gather-protocols-list /Users/admin/builder/spi-builder-workspace/.derivedData/Build/Intermediates.noindex/FuturaFunc.build/Debug-xros/FuturaFunc-t.build/Objects-normal/arm64/FuturaFunc_const_extract_protocols.json -Xcc -I/Users/admin/builder/spi-builder-workspace/.derivedData/Build/Products/Debug-xros/include -Xcc -I/Users/admin/builder/spi-builder-workspace/.derivedData/Build/Intermediates.noindex/FuturaFunc.build/Debug-xros/FuturaFunc-t.build/DerivedSources-normal/arm64 -Xcc -I/Users/admin/builder/spi-builder-workspace/.derivedData/Build/Intermediates.noindex/FuturaFunc.build/Debug-xros/FuturaFunc-t.build/DerivedSources/arm64 -Xcc -I/Users/admin/builder/spi-builder-workspace/.derivedData/Build/Intermediates.noindex/FuturaFunc.build/Debug-xros/FuturaFunc-t.build/DerivedSources -Xcc -DSWIFT_PACKAGE -Xcc -DDEBUG\=1 -emit-objc-header -emit-objc-header-path /Users/admin/builder/spi-builder-workspace/.derivedData/Build/Intermediates.noindex/FuturaFunc.build/Debug-xros/FuturaFunc-t.build/Objects-normal/arm64/FuturaFunc-Swift.h -working-directory /Users/admin/builder/spi-builder-workspace/.swiftpm/xcode -experimental-emit-module-separately -disable-cmo
SwiftDriverJobDiscovery normal arm64 Compiling Operators.swift (in target 'FuturaFunc' from project 'FuturaFunc')
SwiftMergeGeneratedHeaders /Users/admin/builder/spi-builder-workspace/.derivedData/Build/Intermediates.noindex/GeneratedModuleMaps-xros/FuturaFunc-Swift.h /Users/admin/builder/spi-builder-workspace/.derivedData/Build/Intermediates.noindex/FuturaFunc.build/Debug-xros/FuturaFunc-t.build/Objects-normal/arm64/FuturaFunc-Swift.h (in target 'FuturaFunc' from project 'FuturaFunc')
    cd /Users/admin/builder/spi-builder-workspace/.dependencies/checkouts/FuturaFunc
    builtin-swiftHeaderTool -arch arm64 /Users/admin/builder/spi-builder-workspace/.derivedData/Build/Intermediates.noindex/FuturaFunc.build/Debug-xros/FuturaFunc-t.build/Objects-normal/arm64/FuturaFunc-Swift.h -o /Users/admin/builder/spi-builder-workspace/.derivedData/Build/Intermediates.noindex/GeneratedModuleMaps-xros/FuturaFunc-Swift.h
Copy /Users/admin/builder/spi-builder-workspace/.derivedData/Build/Products/Debug-xros/FuturaFunc.swiftmodule/arm64-apple-xros.swiftmodule /Users/admin/builder/spi-builder-workspace/.derivedData/Build/Intermediates.noindex/FuturaFunc.build/Debug-xros/FuturaFunc-t.build/Objects-normal/arm64/FuturaFunc.swiftmodule (in target 'FuturaFunc' from project 'FuturaFunc')
    cd /Users/admin/builder/spi-builder-workspace/.dependencies/checkouts/FuturaFunc
    builtin-copy -exclude .DS_Store -exclude CVS -exclude .svn -exclude .git -exclude .hg -resolve-src-symlinks -rename /Users/admin/builder/spi-builder-workspace/.derivedData/Build/Intermediates.noindex/FuturaFunc.build/Debug-xros/FuturaFunc-t.build/Objects-normal/arm64/FuturaFunc.swiftmodule /Users/admin/builder/spi-builder-workspace/.derivedData/Build/Products/Debug-xros/FuturaFunc.swiftmodule/arm64-apple-xros.swiftmodule
Copy /Users/admin/builder/spi-builder-workspace/.derivedData/Build/Products/Debug-xros/FuturaFunc.swiftmodule/arm64-apple-xros.swiftdoc /Users/admin/builder/spi-builder-workspace/.derivedData/Build/Intermediates.noindex/FuturaFunc.build/Debug-xros/FuturaFunc-t.build/Objects-normal/arm64/FuturaFunc.swiftdoc (in target 'FuturaFunc' from project 'FuturaFunc')
    cd /Users/admin/builder/spi-builder-workspace/.dependencies/checkouts/FuturaFunc
    builtin-copy -exclude .DS_Store -exclude CVS -exclude .svn -exclude .git -exclude .hg -resolve-src-symlinks -rename /Users/admin/builder/spi-builder-workspace/.derivedData/Build/Intermediates.noindex/FuturaFunc.build/Debug-xros/FuturaFunc-t.build/Objects-normal/arm64/FuturaFunc.swiftdoc /Users/admin/builder/spi-builder-workspace/.derivedData/Build/Products/Debug-xros/FuturaFunc.swiftmodule/arm64-apple-xros.swiftdoc
SwiftDriverJobDiscovery normal arm64 Compiling xxx.swift (in target 'FuturaFunc' from project 'FuturaFunc')
Copy /Users/admin/builder/spi-builder-workspace/.derivedData/Build/Products/Debug-xros/FuturaFunc.swiftmodule/arm64-apple-xros.abi.json /Users/admin/builder/spi-builder-workspace/.derivedData/Build/Intermediates.noindex/FuturaFunc.build/Debug-xros/FuturaFunc-t.build/Objects-normal/arm64/FuturaFunc.abi.json (in target 'FuturaFunc' from project 'FuturaFunc')
    cd /Users/admin/builder/spi-builder-workspace/.dependencies/checkouts/FuturaFunc
    builtin-copy -exclude .DS_Store -exclude CVS -exclude .svn -exclude .git -exclude .hg -resolve-src-symlinks -rename /Users/admin/builder/spi-builder-workspace/.derivedData/Build/Intermediates.noindex/FuturaFunc.build/Debug-xros/FuturaFunc-t.build/Objects-normal/arm64/FuturaFunc.abi.json /Users/admin/builder/spi-builder-workspace/.derivedData/Build/Products/Debug-xros/FuturaFunc.swiftmodule/arm64-apple-xros.abi.json
Copy /Users/admin/builder/spi-builder-workspace/.derivedData/Build/Products/Debug-xros/FuturaFunc.swiftmodule/Project/arm64-apple-xros.swiftsourceinfo /Users/admin/builder/spi-builder-workspace/.derivedData/Build/Intermediates.noindex/FuturaFunc.build/Debug-xros/FuturaFunc-t.build/Objects-normal/arm64/FuturaFunc.swiftsourceinfo (in target 'FuturaFunc' from project 'FuturaFunc')
    cd /Users/admin/builder/spi-builder-workspace/.dependencies/checkouts/FuturaFunc
    builtin-copy -exclude .DS_Store -exclude CVS -exclude .svn -exclude .git -exclude .hg -resolve-src-symlinks -rename /Users/admin/builder/spi-builder-workspace/.derivedData/Build/Intermediates.noindex/FuturaFunc.build/Debug-xros/FuturaFunc-t.build/Objects-normal/arm64/FuturaFunc.swiftsourceinfo /Users/admin/builder/spi-builder-workspace/.derivedData/Build/Products/Debug-xros/FuturaFunc.swiftmodule/Project/arm64-apple-xros.swiftsourceinfo
SwiftDriverJobDiscovery normal arm64 Compiling Application.swift, Composition.swift (in target 'FuturaFunc' from project 'FuturaFunc')
SwiftDriverJobDiscovery normal arm64 Compiling Flip.swift (in target 'FuturaFunc' from project 'FuturaFunc')
SwiftDriverJobDiscovery normal arm64 Compiling Either.swift (in target 'FuturaFunc' from project 'FuturaFunc')
SwiftDriverJobDiscovery normal arm64 Compiling PrecedenceGroups.swift (in target 'FuturaFunc' from project 'FuturaFunc')
SwiftDriverJobDiscovery normal arm64 Compiling Map.swift (in target 'FuturaFunc' from project 'FuturaFunc')
SwiftDriverJobDiscovery normal arm64 Compiling Lens.swift (in target 'FuturaFunc' from project 'FuturaFunc')
SwiftDriverJobDiscovery normal arm64 Compiling Curry.swift (in target 'FuturaFunc' from project 'FuturaFunc')
SwiftDriver FuturaAsync normal arm64 com.apple.xcode.tools.swift.compiler (in target 'FuturaAsync' from project 'FuturaAsync')
    cd /Users/admin/builder/spi-builder-workspace/.swiftpm/xcode
    builtin-SwiftDriver -- /Applications/Xcode-27.0.0-Release.Candidate.app/Contents/Developer/Toolchains/XcodeDefault.xctoolchain/usr/bin/swiftc -parse-as-library -module-name FuturaAsync -Onone @/Users/admin/builder/spi-builder-workspace/.derivedData/Build/Intermediates.noindex/FuturaAsync.build/Debug-xros/FuturaAsync-t.build/Objects-normal/arm64/FuturaAsync.SwiftFileList -DSWIFT_PACKAGE -DDEBUG -DSWIFT_MODULE_RESOURCE_BUNDLE_UNAVAILABLE -DXcode -plugin-path /Applications/Xcode-27.0.0-Release.Candidate.app/Contents/Developer/Toolchains/XcodeDefault.xctoolchain/usr/lib/swift/host/plugins/testing -enable-experimental-feature DebugDescriptionMacro -sdk /Applications/Xcode-27.0.0-Release.Candidate.app/Contents/Developer/Platforms/XROS.platform/Developer/SDKs/XROS27.0.sdk -target arm64-apple-xros1.0 -g -module-cache-path /Users/admin/builder/spi-builder-workspace/.derivedData/ModuleCache.noindex -Xfrontend -serialize-debugging-options -profile-coverage-mapping -profile-generate -enable-testing -index-store-path /Users/admin/builder/spi-builder-workspace/.derivedData/Index.noindex/DataStore -Xcc -D_LIBCPP_HARDENING_MODE\=_LIBCPP_HARDENING_MODE_DEBUG -swift-version 4 -I /Users/admin/builder/spi-builder-workspace/.derivedData/Build/Products/Debug-xros -Isystem /Applications/Xcode-27.0.0-Release.Candidate.app/Contents/Developer/Platforms/XROS.platform/Developer/usr/lib -F /Users/admin/builder/spi-builder-workspace/.derivedData/Build/Products/Debug-xros/PackageFrameworks -F /Users/admin/builder/spi-builder-workspace/.derivedData/Build/Products/Debug-xros -F /Applications/Xcode-27.0.0-Release.Candidate.app/Contents/Developer/Platforms/XROS.platform/Developer/Library/Frameworks -F /Applications/Xcode-27.0.0-Release.Candidate.app/Contents/Developer/Platforms/XROS.platform/Developer/SDKs/XROS27.0.sdk/Developer/Library/Frameworks -c -j10 -enable-batch-mode -incremental -Xcc -ivfsstatcache -Xcc /Users/admin/builder/spi-builder-workspace/.derivedData/SDKStatCaches.noindex/xros27.0-24M361-e829b21a6f8c9b70876ba0858053c044735bd543db762f57723cac368afd1ce4.sdkstatcache -output-file-map /Users/admin/builder/spi-builder-workspace/.derivedData/Build/Intermediates.noindex/FuturaAsync.build/Debug-xros/FuturaAsync-t.build/Objects-normal/arm64/FuturaAsync-OutputFileMap.json -save-temps -no-color-diagnostics -emit-dependencies -emit-module -emit-module-path /Users/admin/builder/spi-builder-workspace/.derivedData/Build/Intermediates.noindex/FuturaAsync.build/Debug-xros/FuturaAsync-t.build/Objects-normal/arm64/FuturaAsync.swiftmodule -serialize-diagnostics -validate-clang-modules-once -clang-build-session-file /Users/admin/builder/spi-builder-workspace/.derivedData/ModuleCache.noindex/Session.modulevalidation -Xcc -fmodules-prune-interval\=86400 -Xcc -fmodules-prune-after\=345600 -emit-const-values -const-gather-protocols-list /Users/admin/builder/spi-builder-workspace/.derivedData/Build/Intermediates.noindex/FuturaAsync.build/Debug-xros/FuturaAsync-t.build/Objects-normal/arm64/FuturaAsync_const_extract_protocols.json -Xcc -I/Users/admin/builder/spi-builder-workspace/.derivedData/Build/Products/Debug-xros/include -Xcc -I/Users/admin/builder/spi-builder-workspace/.derivedData/Build/Intermediates.noindex/FuturaAsync.build/Debug-xros/FuturaAsync-t.build/DerivedSources-normal/arm64 -Xcc -I/Users/admin/builder/spi-builder-workspace/.derivedData/Build/Intermediates.noindex/FuturaAsync.build/Debug-xros/FuturaAsync-t.build/DerivedSources/arm64 -Xcc -I/Users/admin/builder/spi-builder-workspace/.derivedData/Build/Intermediates.noindex/FuturaAsync.build/Debug-xros/FuturaAsync-t.build/DerivedSources -Xcc -DSWIFT_PACKAGE -Xcc -DDEBUG\=1 -emit-objc-header -emit-objc-header-path /Users/admin/builder/spi-builder-workspace/.derivedData/Build/Intermediates.noindex/FuturaAsync.build/Debug-xros/FuturaAsync-t.build/Objects-normal/arm64/FuturaAsync-Swift.h -working-directory /Users/admin/builder/spi-builder-workspace/.swiftpm/xcode -experimental-emit-module-separately -disable-cmo
SwiftDriverJobDiscovery normal arm64 Compiling Filter.swift (in target 'FuturaFunc' from project 'FuturaFunc')
SwiftDriver\ Compilation FuturaFunc normal arm64 com.apple.xcode.tools.swift.compiler (in target 'FuturaFunc' from project 'FuturaFunc')
    cd /Users/admin/builder/spi-builder-workspace/.swiftpm/xcode
    builtin-Swift-Compilation -- /Applications/Xcode-27.0.0-Release.Candidate.app/Contents/Developer/Toolchains/XcodeDefault.xctoolchain/usr/bin/swiftc -parse-as-library -module-name FuturaFunc -Onone @/Users/admin/builder/spi-builder-workspace/.derivedData/Build/Intermediates.noindex/FuturaFunc.build/Debug-xros/FuturaFunc-t.build/Objects-normal/arm64/FuturaFunc.SwiftFileList -DSWIFT_PACKAGE -DDEBUG -DSWIFT_MODULE_RESOURCE_BUNDLE_UNAVAILABLE -DXcode -plugin-path /Applications/Xcode-27.0.0-Release.Candidate.app/Contents/Developer/Toolchains/XcodeDefault.xctoolchain/usr/lib/swift/host/plugins/testing -enable-experimental-feature DebugDescriptionMacro -sdk /Applications/Xcode-27.0.0-Release.Candidate.app/Contents/Developer/Platforms/XROS.platform/Developer/SDKs/XROS27.0.sdk -target arm64-apple-xros1.0 -g -module-cache-path /Users/admin/builder/spi-builder-workspace/.derivedData/ModuleCache.noindex -Xfrontend -serialize-debugging-options -profile-coverage-mapping -profile-generate -enable-testing -suppress-warnings -index-store-path /Users/admin/builder/spi-builder-workspace/.derivedData/Index.noindex/DataStore -Xcc -D_LIBCPP_HARDENING_MODE\=_LIBCPP_HARDENING_MODE_DEBUG -swift-version 4 -I /Users/admin/builder/spi-builder-workspace/.derivedData/Build/Products/Debug-xros -Isystem /Applications/Xcode-27.0.0-Release.Candidate.app/Contents/Developer/Platforms/XROS.platform/Developer/usr/lib -F /Users/admin/builder/spi-builder-workspace/.derivedData/Build/Products/Debug-xros -F /Applications/Xcode-27.0.0-Release.Candidate.app/Contents/Developer/Platforms/XROS.platform/Developer/Library/Frameworks -F /Applications/Xcode-27.0.0-Release.Candidate.app/Contents/Developer/Platforms/XROS.platform/Developer/SDKs/XROS27.0.sdk/Developer/Library/Frameworks -c -j10 -enable-batch-mode -incremental -Xcc -ivfsstatcache -Xcc /Users/admin/builder/spi-builder-workspace/.derivedData/SDKStatCaches.noindex/xros27.0-24M361-e829b21a6f8c9b70876ba0858053c044735bd543db762f57723cac368afd1ce4.sdkstatcache -output-file-map /Users/admin/builder/spi-builder-workspace/.derivedData/Build/Intermediates.noindex/FuturaFunc.build/Debug-xros/FuturaFunc-t.build/Objects-normal/arm64/FuturaFunc-OutputFileMap.json -save-temps -no-color-diagnostics -emit-dependencies -emit-module -emit-module-path /Users/admin/builder/spi-builder-workspace/.derivedData/Build/Intermediates.noindex/FuturaFunc.build/Debug-xros/FuturaFunc-t.build/Objects-normal/arm64/FuturaFunc.swiftmodule -serialize-diagnostics -validate-clang-modules-once -clang-build-session-file /Users/admin/builder/spi-builder-workspace/.derivedData/ModuleCache.noindex/Session.modulevalidation -Xcc -fmodules-prune-interval\=86400 -Xcc -fmodules-prune-after\=345600 -emit-const-values -const-gather-protocols-list /Users/admin/builder/spi-builder-workspace/.derivedData/Build/Intermediates.noindex/FuturaFunc.build/Debug-xros/FuturaFunc-t.build/Objects-normal/arm64/FuturaFunc_const_extract_protocols.json -Xcc -I/Users/admin/builder/spi-builder-workspace/.derivedData/Build/Products/Debug-xros/include -Xcc -I/Users/admin/builder/spi-builder-workspace/.derivedData/Build/Intermediates.noindex/FuturaFunc.build/Debug-xros/FuturaFunc-t.build/DerivedSources-normal/arm64 -Xcc -I/Users/admin/builder/spi-builder-workspace/.derivedData/Build/Intermediates.noindex/FuturaFunc.build/Debug-xros/FuturaFunc-t.build/DerivedSources/arm64 -Xcc -I/Users/admin/builder/spi-builder-workspace/.derivedData/Build/Intermediates.noindex/FuturaFunc.build/Debug-xros/FuturaFunc-t.build/DerivedSources -Xcc -DSWIFT_PACKAGE -Xcc -DDEBUG\=1 -emit-objc-header -emit-objc-header-path /Users/admin/builder/spi-builder-workspace/.derivedData/Build/Intermediates.noindex/FuturaFunc.build/Debug-xros/FuturaFunc-t.build/Objects-normal/arm64/FuturaFunc-Swift.h -working-directory /Users/admin/builder/spi-builder-workspace/.swiftpm/xcode -experimental-emit-module-separately -disable-cmo
Ld /Users/admin/builder/spi-builder-workspace/.derivedData/Build/Products/Debug-xros/FuturaFunc.o normal (in target 'FuturaFunc' from project 'FuturaFunc')
    cd /Users/admin/builder/spi-builder-workspace/.dependencies/checkouts/FuturaFunc
    /Applications/Xcode-27.0.0-Release.Candidate.app/Contents/Developer/Toolchains/XcodeDefault.xctoolchain/usr/bin/clang -Xlinker -reproducible -target arm64-apple-xros1.0 -r -isysroot /Applications/Xcode-27.0.0-Release.Candidate.app/Contents/Developer/Platforms/XROS.platform/Developer/SDKs/XROS27.0.sdk -O0 -w -Xlinker -no_warn_duplicate_libraries -F/Users/admin/builder/spi-builder-workspace/.derivedData/Build/Intermediates.noindex/EagerLinkingTBDs/Debug-xros -F/Users/admin/builder/spi-builder-workspace/.derivedData/Build/Products/Debug-xros -iframework /Applications/Xcode-27.0.0-Release.Candidate.app/Contents/Developer/Platforms/XROS.platform/Developer/Library/Frameworks -iframework /Applications/Xcode-27.0.0-Release.Candidate.app/Contents/Developer/Platforms/XROS.platform/Developer/SDKs/XROS27.0.sdk/Developer/Library/Frameworks -filelist /Users/admin/builder/spi-builder-workspace/.derivedData/Build/Intermediates.noindex/FuturaFunc.build/Debug-xros/FuturaFunc-t.build/Objects-normal/arm64/FuturaFunc.LinkFileList -nostdlib -Xlinker -object_path_lto -Xlinker /Users/admin/builder/spi-builder-workspace/.derivedData/Build/Intermediates.noindex/FuturaFunc.build/Debug-xros/FuturaFunc-t.build/Objects-normal/arm64/FuturaFunc_lto.o -Xlinker -no_deduplicate -Xlinker -debug_variant -Xlinker -dependency_info -Xlinker /Users/admin/builder/spi-builder-workspace/.derivedData/Build/Intermediates.noindex/FuturaFunc.build/Debug-xros/FuturaFunc-t.build/Objects-normal/arm64/FuturaFunc_dependency_info.dat -fobjc-link-runtime -L/Applications/Xcode-27.0.0-Release.Candidate.app/Contents/Developer/Toolchains/XcodeDefault.xctoolchain/usr/lib/swift/xros -L/usr/lib/swift -Xlinker -add_ast_path -Xlinker /Users/admin/builder/spi-builder-workspace/.derivedData/Build/Intermediates.noindex/FuturaFunc.build/Debug-xros/FuturaFunc-t.build/Objects-normal/arm64/FuturaFunc.swiftmodule -o /Users/admin/builder/spi-builder-workspace/.derivedData/Build/Products/Debug-xros/FuturaFunc.o
SwiftCompile normal arm64 Compiling\ Catchable.swift,\ Delayed.swift /Users/admin/builder/spi-builder-workspace/Sources/FuturaAsync/Future/Catchable.swift /Users/admin/builder/spi-builder-workspace/Sources/FuturaAsync/Future/Delayed.swift (in target 'FuturaAsync' from project 'FuturaAsync')
SwiftCompile normal arm64 /Users/admin/builder/spi-builder-workspace/Sources/FuturaAsync/Future/Catchable.swift (in target 'FuturaAsync' from project 'FuturaAsync')
    cd /Users/admin/builder/spi-builder-workspace/.swiftpm/xcode
    builtin-SwiftPerFileCompile Catchable.swift
SwiftCompile normal arm64 /Users/admin/builder/spi-builder-workspace/Sources/FuturaAsync/Future/Delayed.swift (in target 'FuturaAsync' from project 'FuturaAsync')
    cd /Users/admin/builder/spi-builder-workspace/.swiftpm/xcode
    builtin-SwiftPerFileCompile Delayed.swift
SwiftCompile normal arm64 Compiling\ EitherFuture.swift,\ FailableFuture.swift /Users/admin/builder/spi-builder-workspace/Sources/FuturaAsync/Future/EitherFuture.swift /Users/admin/builder/spi-builder-workspace/Sources/FuturaAsync/Future/FailableFuture.swift (in target 'FuturaAsync' from project 'FuturaAsync')
SwiftCompile normal arm64 /Users/admin/builder/spi-builder-workspace/Sources/FuturaAsync/Future/EitherFuture.swift (in target 'FuturaAsync' from project 'FuturaAsync')
    cd /Users/admin/builder/spi-builder-workspace/.swiftpm/xcode
    builtin-SwiftPerFileCompile EitherFuture.swift
SwiftCompile normal arm64 /Users/admin/builder/spi-builder-workspace/Sources/FuturaAsync/Future/FailableFuture.swift (in target 'FuturaAsync' from project 'FuturaAsync')
    cd /Users/admin/builder/spi-builder-workspace/.swiftpm/xcode
    builtin-SwiftPerFileCompile FailableFuture.swift
SwiftCompile normal arm64 Compiling\ Lock.swift /Users/admin/builder/spi-builder-workspace/Sources/FuturaAsync/Synchronization/Lock.swift (in target 'FuturaAsync' from project 'FuturaAsync')
SwiftCompile normal arm64 /Users/admin/builder/spi-builder-workspace/Sources/FuturaAsync/Synchronization/Lock.swift (in target 'FuturaAsync' from project 'FuturaAsync')
    cd /Users/admin/builder/spi-builder-workspace/.swiftpm/xcode
    builtin-SwiftPerFileCompile Lock.swift
SwiftCompile normal arm64 Compiling\ DispatchQueueWorker.swift /Users/admin/builder/spi-builder-workspace/Sources/FuturaAsync/Schedule/DispatchQueueWorker.swift (in target 'FuturaAsync' from project 'FuturaAsync')
SwiftCompile normal arm64 /Users/admin/builder/spi-builder-workspace/Sources/FuturaAsync/Schedule/DispatchQueueWorker.swift (in target 'FuturaAsync' from project 'FuturaAsync')
    cd /Users/admin/builder/spi-builder-workspace/.swiftpm/xcode
    builtin-SwiftPerFileCompile DispatchQueueWorker.swift
SwiftCompile normal arm64 Compiling\ Future+Join.swift /Users/admin/builder/spi-builder-workspace/Sources/FuturaAsync/Future/Future+Join.swift (in target 'FuturaAsync' from project 'FuturaAsync')
SwiftCompile normal arm64 /Users/admin/builder/spi-builder-workspace/Sources/FuturaAsync/Future/Future+Join.swift (in target 'FuturaAsync' from project 'FuturaAsync')
    cd /Users/admin/builder/spi-builder-workspace/.swiftpm/xcode
    builtin-SwiftPerFileCompile Future+Join.swift
SwiftCompile normal arm64 Compiling\ Promise.swift /Users/admin/builder/spi-builder-workspace/Sources/FuturaAsync/Future/Promise.swift (in target 'FuturaAsync' from project 'FuturaAsync')
/Users/admin/builder/spi-builder-workspace/Sources/FuturaAsync/Future/Promise.swift:7:5: warning: 'public' modifier is redundant for initializer declared in a public extension
 5 | public extension Promise {
 6 |
 7 |     public convenience init<T>(using worker: Worker = asyncWorker, withRetriesCount retryCount: UInt = 0, performing task: @escaping () throws -> (T))  where Value == Either<T, Error> {
   |     `- warning: 'public' modifier is redundant for initializer declared in a public extension
 8 |         self.init()
 9 |         var lastError: Error?
/Users/admin/builder/spi-builder-workspace/Sources/FuturaAsync/Future/Promise.swift:19:5: warning: 'public' modifier is redundant for instance method declared in a public extension
17 |     }
18 |
19 |     public func fulfill<T>(with value: T) where Value == Either<T, Error> {
   |     `- warning: 'public' modifier is redundant for instance method declared in a public extension
20 |         future.becomeLeft(with: value)
21 |     }
/Users/admin/builder/spi-builder-workspace/Sources/FuturaAsync/Future/Promise.swift:23:5: warning: 'public' modifier is redundant for instance method declared in a public extension
21 |     }
22 |
23 |     public func `break`<T>(with error: Error = PromiseError.cancelled) where Value == Either<T, Error> {
   |     `- warning: 'public' modifier is redundant for instance method declared in a public extension
24 |         future.becomeRight(with: error)
25 |     }
SwiftCompile normal arm64 /Users/admin/builder/spi-builder-workspace/Sources/FuturaAsync/Future/Promise.swift (in target 'FuturaAsync' from project 'FuturaAsync')
    cd /Users/admin/builder/spi-builder-workspace/.swiftpm/xcode
    builtin-SwiftPerFileCompile Promise.swift
SwiftCompile normal arm64 Compiling\ Future.swift /Users/admin/builder/spi-builder-workspace/Sources/FuturaAsync/Future/Future.swift (in target 'FuturaAsync' from project 'FuturaAsync')
/Users/admin/builder/spi-builder-workspace/Sources/FuturaAsync/Future/Future.swift:16:28: error: cannot find 'expectation' in scope
14 |     deinit {
15 |         #if DEBUG
16 |         guard case .none = expectation else { return }
   |                            `- error: cannot find 'expectation' in scope
17 |         print("WARNING - dealocating not completed future! - \(self)")
18 |         #endif
Failed frontend command:
/Applications/Xcode-27.0.0-Release.Candidate.app/Contents/Developer/Toolchains/XcodeDefault.xctoolchain/usr/bin/swift-frontend -frontend -c /Users/admin/builder/spi-builder-workspace/Sources/FuturaAsync/Future/Catchable.swift /Users/admin/builder/spi-builder-workspace/Sources/FuturaAsync/Future/Delayed.swift /Users/admin/builder/spi-builder-workspace/Sources/FuturaAsync/Future/EitherFuture.swift /Users/admin/builder/spi-builder-workspace/Sources/FuturaAsync/Future/FailableFuture.swift /Users/admin/builder/spi-builder-workspace/Sources/FuturaAsync/Future/Future+Join.swift -primary-file /Users/admin/builder/spi-builder-workspace/Sources/FuturaAsync/Future/Future.swift /Users/admin/builder/spi-builder-workspace/Sources/FuturaAsync/Future/Promise.swift /Users/admin/builder/spi-builder-workspace/Sources/FuturaAsync/Schedule/DispatchQueueWorker.swift /Users/admin/builder/spi-builder-workspace/Sources/FuturaAsync/Schedule/ExecutionContext.swift /Users/admin/builder/spi-builder-workspace/Sources/FuturaAsync/Schedule/Schedule.swift /Users/admin/builder/spi-builder-workspace/Sources/FuturaAsync/Schedule/Worker.swift /Users/admin/builder/spi-builder-workspace/Sources/FuturaAsync/Synchronization/Lock.swift -emit-dependencies-path /Users/admin/builder/spi-builder-workspace/.derivedData/Build/Intermediates.noindex/FuturaAsync.build/Debug-xros/FuturaAsync-t.build/Objects-normal/arm64/Future.d -emit-const-values-path /Users/admin/builder/spi-builder-workspace/.derivedData/Build/Intermediates.noindex/FuturaAsync.build/Debug-xros/FuturaAsync-t.build/Objects-normal/arm64/Future.swiftconstvalues -emit-reference-dependencies-path /Users/admin/builder/spi-builder-workspace/.derivedData/Build/Intermediates.noindex/FuturaAsync.build/Debug-xros/FuturaAsync-t.build/Objects-normal/arm64/Future.swiftdeps -serialize-diagnostics-path /Users/admin/builder/spi-builder-workspace/.derivedData/Build/Intermediates.noindex/FuturaAsync.build/Debug-xros/FuturaAsync-t.build/Objects-normal/arm64/Future.dia -target arm64-apple-xros1.0 -Xllvm -aarch64-use-tbi -enable-objc-interop -stack-check -sdk /Applications/Xcode-27.0.0-Release.Candidate.app/Contents/Developer/Platforms/XROS.platform/Developer/SDKs/XROS27.0.sdk -I /Users/admin/builder/spi-builder-workspace/.derivedData/Build/Products/Debug-xros -Isystem /Applications/Xcode-27.0.0-Release.Candidate.app/Contents/Developer/Platforms/XROS.platform/Developer/usr/lib -F /Users/admin/builder/spi-builder-workspace/.derivedData/Build/Products/Debug-xros/PackageFrameworks -F /Users/admin/builder/spi-builder-workspace/.derivedData/Build/Products/Debug-xros -F /Applications/Xcode-27.0.0-Release.Candidate.app/Contents/Developer/Platforms/XROS.platform/Developer/Library/Frameworks -F /Applications/Xcode-27.0.0-Release.Candidate.app/Contents/Developer/Platforms/XROS.platform/Developer/SDKs/XROS27.0.sdk/Developer/Library/Frameworks -module-cache-path /Users/admin/builder/spi-builder-workspace/.derivedData/ModuleCache.noindex -no-color-diagnostics -Xcc -fno-color-diagnostics -enable-testing -g -debug-info-format\=dwarf -dwarf-version\=4 -profile-generate -profile-coverage-mapping -swift-version 4 -Onone -D SWIFT_PACKAGE -D DEBUG -D SWIFT_MODULE_RESOURCE_BUNDLE_UNAVAILABLE -D Xcode -serialize-debugging-options -enable-experimental-feature DebugDescriptionMacro -empty-abi-descriptor -plugin-path /Applications/Xcode-27.0.0-Release.Candidate.app/Contents/Developer/Toolchains/XcodeDefault.xctoolchain/usr/lib/swift/host/plugins/testing -validate-clang-modules-once -clang-build-session-file /Users/admin/builder/spi-builder-workspace/.derivedData/ModuleCache.noindex/Session.modulevalidation -Xcc -working-directory -Xcc /Users/admin/builder/spi-builder-workspace/.swiftpm/xcode -enable-anonymous-context-mangled-names -file-compilation-dir /Users/admin/builder/spi-builder-workspace/.swiftpm/xcode -Xcc -D_LIBCPP_HARDENING_MODE\=_LIBCPP_HARDENING_MODE_DEBUG -Xcc -ivfsstatcache -Xcc /Users/admin/builder/spi-builder-workspace/.derivedData/SDKStatCaches.noindex/xros27.0-24M361-e829b21a6f8c9b70876ba0858053c044735bd543db762f57723cac368afd1ce4.sdkstatcache -Xcc -fmodules-prune-interval\=86400 -Xcc -fmodules-prune-after\=345600 -Xcc -I/Users/admin/builder/spi-builder-workspace/.derivedData/Build/Products/Debug-xros/include -Xcc -I/Users/admin/builder/spi-builder-workspace/.derivedData/Build/Intermediates.noindex/FuturaAsync.build/Debug-xros/FuturaAsync-t.build/DerivedSources-normal/arm64 -Xcc -I/Users/admin/builder/spi-builder-workspace/.derivedData/Build/Intermediates.noindex/FuturaAsync.build/Debug-xros/FuturaAsync-t.build/DerivedSources/arm64 -Xcc -I/Users/admin/builder/spi-builder-workspace/.derivedData/Build/Intermediates.noindex/FuturaAsync.build/Debug-xros/FuturaAsync-t.build/DerivedSources -Xcc -DSWIFT_PACKAGE -Xcc -DDEBUG\=1 -no-auto-bridging-header-chaining -module-name FuturaAsync -const-gather-protocols-file /Users/admin/builder/spi-builder-workspace/.derivedData/Build/Intermediates.noindex/FuturaAsync.build/Debug-xros/FuturaAsync-t.build/Objects-normal/arm64/FuturaAsync_const_extract_protocols.json -disable-clang-spi -target-sdk-version 27.0 -target-sdk-name xros27.0 -external-plugin-path /Applications/Xcode-27.0.0-Release.Candidate.app/Contents/Developer/Platforms/XROS.platform/Developer/usr/lib/swift/host/plugins\#/Applications/Xcode-27.0.0-Release.Candidate.app/Contents/Developer/Platforms/XROS.platform/Developer/usr/bin/swift-plugin-server -external-plugin-path /Applications/Xcode-27.0.0-Release.Candidate.app/Contents/Developer/Platforms/XROS.platform/Developer/usr/local/lib/swift/host/plugins\#/Applications/Xcode-27.0.0-Release.Candidate.app/Contents/Developer/Platforms/XROS.platform/Developer/usr/bin/swift-plugin-server -in-process-plugin-server-path /Applications/Xcode-27.0.0-Release.Candidate.app/Contents/Developer/Toolchains/XcodeDefault.xctoolchain/usr/lib/swift/host/libSwiftInProcPluginServer.dylib -plugin-path /Applications/Xcode-27.0.0-Release.Candidate.app/Contents/Developer/Toolchains/XcodeDefault.xctoolchain/usr/lib/swift/host/plugins -plugin-path /Applications/Xcode-27.0.0-Release.Candidate.app/Contents/Developer/Toolchains/XcodeDefault.xctoolchain/usr/local/lib/swift/host/plugins -parse-as-library -o /Users/admin/builder/spi-builder-workspace/.derivedData/Build/Intermediates.noindex/FuturaAsync.build/Debug-xros/FuturaAsync-t.build/Objects-normal/arm64/Future.o -index-unit-output-path /FuturaAsync.build/Debug-xros/FuturaAsync-t.build/Objects-normal/arm64/Future.o -index-store-path /Users/admin/builder/spi-builder-workspace/.derivedData/Index.noindex/DataStore -index-system-modules
SwiftCompile normal arm64 /Users/admin/builder/spi-builder-workspace/Sources/FuturaAsync/Future/Future.swift (in target 'FuturaAsync' from project 'FuturaAsync')
    cd /Users/admin/builder/spi-builder-workspace/.swiftpm/xcode
    builtin-SwiftPerFileCompile Future.swift
SwiftCompile normal arm64 Compiling\ Schedule.swift /Users/admin/builder/spi-builder-workspace/Sources/FuturaAsync/Schedule/Schedule.swift (in target 'FuturaAsync' from project 'FuturaAsync')
SwiftCompile normal arm64 /Users/admin/builder/spi-builder-workspace/Sources/FuturaAsync/Schedule/Schedule.swift (in target 'FuturaAsync' from project 'FuturaAsync')
    cd /Users/admin/builder/spi-builder-workspace/.swiftpm/xcode
    builtin-SwiftPerFileCompile Schedule.swift
SwiftCompile normal arm64 Compiling\ ExecutionContext.swift /Users/admin/builder/spi-builder-workspace/Sources/FuturaAsync/Schedule/ExecutionContext.swift (in target 'FuturaAsync' from project 'FuturaAsync')
SwiftCompile normal arm64 /Users/admin/builder/spi-builder-workspace/Sources/FuturaAsync/Schedule/ExecutionContext.swift (in target 'FuturaAsync' from project 'FuturaAsync')
    cd /Users/admin/builder/spi-builder-workspace/.swiftpm/xcode
    builtin-SwiftPerFileCompile ExecutionContext.swift
SwiftEmitModule normal arm64 Emitting\ module\ for\ FuturaAsync (in target 'FuturaAsync' from project 'FuturaAsync')
/Users/admin/builder/spi-builder-workspace/Sources/FuturaAsync/Future/Promise.swift:7:5: warning: 'public' modifier is redundant for initializer declared in a public extension
 5 | public extension Promise {
 6 |
 7 |     public convenience init<T>(using worker: Worker = asyncWorker, withRetriesCount retryCount: UInt = 0, performing task: @escaping () throws -> (T))  where Value == Either<T, Error> {
   |     `- warning: 'public' modifier is redundant for initializer declared in a public extension
 8 |         self.init()
 9 |         var lastError: Error?
/Users/admin/builder/spi-builder-workspace/Sources/FuturaAsync/Future/Promise.swift:19:5: warning: 'public' modifier is redundant for instance method declared in a public extension
17 |     }
18 |
19 |     public func fulfill<T>(with value: T) where Value == Either<T, Error> {
   |     `- warning: 'public' modifier is redundant for instance method declared in a public extension
20 |         future.becomeLeft(with: value)
21 |     }
SwiftCompile normal arm64 (in target 'FuturaAsync' from project 'FuturaAsync')
    cd /Users/admin/builder/spi-builder-workspace/.swiftpm/xcode

SwiftDriverJobDiscovery normal arm64 Compiling Future+Join.swift (in target 'FuturaAsync' from project 'FuturaAsync')
SwiftCompile normal arm64 Compiling\ Worker.swift /Users/admin/builder/spi-builder-workspace/Sources/FuturaAsync/Schedule/Worker.swift (in target 'FuturaAsync' from project 'FuturaAsync')
SwiftCompile normal arm64 /Users/admin/builder/spi-builder-workspace/Sources/FuturaAsync/Schedule/Worker.swift (in target 'FuturaAsync' from project 'FuturaAsync')
    cd /Users/admin/builder/spi-builder-workspace/.swiftpm/xcode
    builtin-SwiftPerFileCompile Worker.swift
SwiftDriverJobDiscovery normal arm64 Compiling Schedule.swift (in target 'FuturaAsync' from project 'FuturaAsync')
ExtractAppIntentsMetadata (in target 'FuturaFunc' from project 'FuturaFunc')
    cd /Users/admin/builder/spi-builder-workspace/.dependencies/checkouts/FuturaFunc
    /Applications/Xcode-27.0.0-Release.Candidate.app/Contents/Developer/Toolchains/XcodeDefault.xctoolchain/usr/bin/appintentsmetadataprocessor --toolchain-dir /var/run/com.apple.security.cryptexd/mnt/com.apple.MobileAsset.MetalToolchain-v27.1.266.1.0KgQI3/Metal.xctoolchain --module-name FuturaFunc --sdk-root /Applications/Xcode-27.0.0-Release.Candidate.app/Contents/Developer/Platforms/XROS.platform/Developer/SDKs/XROS27.0.sdk --xcode-version 27A266a --platform-family xrOS --deployment-target 1.0 --bundle-identifier futurafunc.FuturaFunc --output /Users/admin/builder/spi-builder-workspace/.derivedData/Build/Products/Debug-xros/FuturaFunc.appintents --target-triple arm64-apple-xros1.0 --binary-file /Users/admin/builder/spi-builder-workspace/.derivedData/Build/Products/Debug-xros/FuturaFunc.o --dependency-file /Users/admin/builder/spi-builder-workspace/.derivedData/Build/Intermediates.noindex/FuturaFunc.build/Debug-xros/FuturaFunc-t.build/Objects-normal/arm64/FuturaFunc_dependency_info.dat --stringsdata-file /Users/admin/builder/spi-builder-workspace/.derivedData/Build/Intermediates.noindex/FuturaFunc.build/Debug-xros/FuturaFunc-t.build/Objects-normal/arm64/ExtractedAppShortcutsMetadata.stringsdata --source-file-list /Users/admin/builder/spi-builder-workspace/.derivedData/Build/Intermediates.noindex/FuturaFunc.build/Debug-xros/FuturaFunc-t.build/Objects-normal/arm64/FuturaFunc.SwiftFileList --metadata-file-list /Users/admin/builder/spi-builder-workspace/.derivedData/Build/Intermediates.noindex/FuturaFunc.build/Debug-xros/FuturaFunc-t.build/FuturaFunc.DependencyMetadataFileList --static-metadata-file-list /Users/admin/builder/spi-builder-workspace/.derivedData/Build/Intermediates.noindex/FuturaFunc.build/Debug-xros/FuturaFunc-t.build/FuturaFunc.DependencyStaticMetadataFileList --swift-const-vals-list /Users/admin/builder/spi-builder-workspace/.derivedData/Build/Intermediates.noindex/FuturaFunc.build/Debug-xros/FuturaFunc-t.build/Objects-normal/arm64/FuturaFunc.SwiftConstValuesFileList --force --compile-time-extraction --deployment-aware-processing --no-app-shortcuts-localization
2026-09-15 15:24:43.903 appintentsmetadataprocessor[745:4633] Starting appintentsmetadataprocessor export
SwiftDriverJobDiscovery normal arm64 Compiling Promise.swift (in target 'FuturaAsync' from project 'FuturaAsync')
SwiftDriverJobDiscovery normal arm64 Compiling EitherFuture.swift, FailableFuture.swift (in target 'FuturaAsync' from project 'FuturaAsync')
SwiftDriverJobDiscovery normal arm64 Compiling Worker.swift (in target 'FuturaAsync' from project 'FuturaAsync')
PruneExplicitPrecompiledModules /Users/admin/builder/spi-builder-workspace/.derivedData/Build/Intermediates.noindex/ExplicitPrecompiledModules
PruneExplicitPrecompiledModules /Users/admin/builder/spi-builder-workspace/.derivedData/Build/Intermediates.noindex/SwiftExplicitPrecompiledModules
PruneExplicitPrecompiledModules /Users/admin/builder/spi-builder-workspace/.derivedData/SDKExplicitPrecompiledModules
2026-09-15 15:24:39.628 xcodebuild[683:4355] [MT] IDERunDestination: Supported platforms for the buildables in the current scheme is empty.
** BUILD FAILED **
The following build commands failed:
	SwiftCompile normal arm64 Compiling\ Future.swift /Users/admin/builder/spi-builder-workspace/Sources/FuturaAsync/Future/Future.swift (in target 'FuturaAsync' from project 'FuturaAsync')
	SwiftCompile normal arm64 /Users/admin/builder/spi-builder-workspace/Sources/FuturaAsync/Future/Future.swift (in target 'FuturaAsync' from project 'FuturaAsync')
	Building workspace FuturaAsync with scheme FuturaAsync
(3 failures)
Command line invocation:
    /Applications/Xcode-27.0.0-Release.Candidate.app/Contents/Developer/usr/bin/xcodebuild -IDEClonedSourcePackagesDirPathOverride=/Users/admin/builder/spi-builder-workspace/.dependencies -resolvePackageDependencies
Resolve Package Graph
Resolved source packages:
  FuturaFunc: https://github.com/kaqu/FuturaFunc.git @ master (aae2984)
  FuturaAsync: /Users/admin/builder/spi-builder-workspace
resolved source packages: FuturaFunc, FuturaAsync
2026-09-15 15:24:45.044 xcodebuild[746:4656] [MT] IDERunDestination: Supported platforms for the buildables in the current scheme is empty.
{
  "dependencies" : [
    {
      "identity" : "futurafunc",
      "requirement" : {
        "branch" : [
          "master"
        ]
      },
      "type" : "sourceControl",
      "url" : "https://github.com/kaqu/FuturaFunc.git"
    }
  ],
  "manifest_display_name" : "FuturaAsync",
  "name" : "FuturaAsync",
  "path" : "/Users/admin/builder/spi-builder-workspace",
  "platforms" : [
  ],
  "products" : [
    {
      "name" : "FuturaAsync",
      "targets" : [
        "FuturaAsync"
      ],
      "type" : {
        "library" : [
          "automatic"
        ]
      }
    }
  ],
  "targets" : [
    {
      "c99name" : "FuturaAsyncTests",
      "module_type" : "SwiftTarget",
      "name" : "FuturaAsyncTests",
      "path" : "Tests/FuturaAsyncTests",
      "product_dependencies" : [
        "FuturaFunc"
      ],
      "sources" : [
        "FuturaAsyncTests.swift",
        "FutureTests.swift",
        "LockTests.swift",
        "PromiseAndFutureTests.swift",
        "WorkerAndCatchableTests.swift"
      ],
      "target_dependencies" : [
        "FuturaAsync"
      ],
      "type" : "test"
    },
    {
      "c99name" : "FuturaAsync",
      "module_type" : "SwiftTarget",
      "name" : "FuturaAsync",
      "path" : "Sources/FuturaAsync",
      "product_dependencies" : [
        "FuturaFunc"
      ],
      "product_memberships" : [
        "FuturaAsync"
      ],
      "sources" : [
        "Future/Catchable.swift",
        "Future/Delayed.swift",
        "Future/EitherFuture.swift",
        "Future/FailableFuture.swift",
        "Future/Future+Join.swift",
        "Future/Future.swift",
        "Future/Promise.swift",
        "Schedule/DispatchQueueWorker.swift",
        "Schedule/ExecutionContext.swift",
        "Schedule/Schedule.swift",
        "Schedule/Worker.swift",
        "Synchronization/Lock.swift"
      ],
      "type" : "library"
    }
  ],
  "tools_version" : "4.1"
}
{
  "workspace" : {
    "name" : "FuturaAsync",
    "schemes" : [
      "FuturaAsync"
    ]
  }
}
2026-09-15 15:24:46.410 xcodebuild[754:4727] [MT] IDERunDestination: Supported platforms for the buildables in the current scheme is empty.
Running build ...
env DEVELOPER_DIR=/Applications/Xcode-27.0.0-Release.Candidate.app xcrun xcodebuild -IDEClonedSourcePackagesDirPathOverride=$PWD/.dependencies -skipMacroValidation -skipPackagePluginValidation -derivedDataPath $PWD/.derivedData build -scheme FuturaAsync -destination generic/platform=xrOS
Command line invocation:
    /Applications/Xcode-27.0.0-Release.Candidate.app/Contents/Developer/usr/bin/xcodebuild -IDEClonedSourcePackagesDirPathOverride=/Users/admin/builder/spi-builder-workspace/.dependencies -skipMacroValidation -skipPackagePluginValidation -derivedDataPath /Users/admin/builder/spi-builder-workspace/.derivedData build -scheme FuturaAsync -destination generic/platform=xrOS
Resolve Package Graph
Resolved source packages:
  FuturaAsync: /Users/admin/builder/spi-builder-workspace
  FuturaFunc: https://github.com/kaqu/FuturaFunc.git @ master (aae2984)
ComputePackagePrebuildTargetDependencyGraph
Prepare packages
CreateBuildRequest
SendProjectDescription
CreateBuildOperation
ComputeTargetDependencyGraph
note: Building targets in dependency order
note: Target dependency graph (4 targets)
    Target 'FuturaAsync-product' in project 'FuturaAsync'
        ➜ Explicit dependency on target 'FuturaAsync' in project 'FuturaAsync'
        ➜ Explicit dependency on target 'FuturaFunc-product' in project 'FuturaFunc'
    Target 'FuturaAsync' in project 'FuturaAsync'
        ➜ Explicit dependency on target 'FuturaFunc-product' in project 'FuturaFunc'
    Target 'FuturaFunc-product' in project 'FuturaFunc'
        ➜ Explicit dependency on target 'FuturaFunc' in project 'FuturaFunc'
    Target 'FuturaFunc' in project 'FuturaFunc' (no dependencies)
GatherProvisioningInputs
CreateBuildDescription
ClangStatCache /Applications/Xcode-27.0.0-Release.Candidate.app/Contents/Developer/Toolchains/XcodeDefault.xctoolchain/usr/bin/clang-stat-cache /Applications/Xcode-27.0.0-Release.Candidate.app/Contents/Developer/Platforms/XROS.platform/Developer/SDKs/XROS27.0.sdk /Users/admin/builder/spi-builder-workspace/.derivedData/SDKStatCaches.noindex/xros27.0-24M361-e829b21a6f8c9b70876ba0858053c044735bd543db762f57723cac368afd1ce4.sdkstatcache
    cd /Users/admin/builder/spi-builder-workspace/.swiftpm/xcode
    /Applications/Xcode-27.0.0-Release.Candidate.app/Contents/Developer/Toolchains/XcodeDefault.xctoolchain/usr/bin/clang-stat-cache /Applications/Xcode-27.0.0-Release.Candidate.app/Contents/Developer/Platforms/XROS.platform/Developer/SDKs/XROS27.0.sdk -o /Users/admin/builder/spi-builder-workspace/.derivedData/SDKStatCaches.noindex/xros27.0-24M361-e829b21a6f8c9b70876ba0858053c044735bd543db762f57723cac368afd1ce4.sdkstatcache
SwiftDriver FuturaAsync normal arm64 com.apple.xcode.tools.swift.compiler (in target 'FuturaAsync' from project 'FuturaAsync')
    cd /Users/admin/builder/spi-builder-workspace/.swiftpm/xcode
    builtin-SwiftDriver -- /Applications/Xcode-27.0.0-Release.Candidate.app/Contents/Developer/Toolchains/XcodeDefault.xctoolchain/usr/bin/swiftc -parse-as-library -module-name FuturaAsync -Onone @/Users/admin/builder/spi-builder-workspace/.derivedData/Build/Intermediates.noindex/FuturaAsync.build/Debug-xros/FuturaAsync-t.build/Objects-normal/arm64/FuturaAsync.SwiftFileList -DSWIFT_PACKAGE -DDEBUG -DSWIFT_MODULE_RESOURCE_BUNDLE_UNAVAILABLE -DXcode -plugin-path /Applications/Xcode-27.0.0-Release.Candidate.app/Contents/Developer/Toolchains/XcodeDefault.xctoolchain/usr/lib/swift/host/plugins/testing -enable-experimental-feature DebugDescriptionMacro -sdk /Applications/Xcode-27.0.0-Release.Candidate.app/Contents/Developer/Platforms/XROS.platform/Developer/SDKs/XROS27.0.sdk -target arm64-apple-xros1.0 -g -module-cache-path /Users/admin/builder/spi-builder-workspace/.derivedData/ModuleCache.noindex -Xfrontend -serialize-debugging-options -profile-coverage-mapping -profile-generate -enable-testing -index-store-path /Users/admin/builder/spi-builder-workspace/.derivedData/Index.noindex/DataStore -Xcc -D_LIBCPP_HARDENING_MODE\=_LIBCPP_HARDENING_MODE_DEBUG -swift-version 4 -I /Users/admin/builder/spi-builder-workspace/.derivedData/Build/Products/Debug-xros -Isystem /Applications/Xcode-27.0.0-Release.Candidate.app/Contents/Developer/Platforms/XROS.platform/Developer/usr/lib -F /Users/admin/builder/spi-builder-workspace/.derivedData/Build/Products/Debug-xros/PackageFrameworks -F /Users/admin/builder/spi-builder-workspace/.derivedData/Build/Products/Debug-xros -F /Applications/Xcode-27.0.0-Release.Candidate.app/Contents/Developer/Platforms/XROS.platform/Developer/Library/Frameworks -F /Applications/Xcode-27.0.0-Release.Candidate.app/Contents/Developer/Platforms/XROS.platform/Developer/SDKs/XROS27.0.sdk/Developer/Library/Frameworks -c -j10 -enable-batch-mode -incremental -Xcc -ivfsstatcache -Xcc /Users/admin/builder/spi-builder-workspace/.derivedData/SDKStatCaches.noindex/xros27.0-24M361-e829b21a6f8c9b70876ba0858053c044735bd543db762f57723cac368afd1ce4.sdkstatcache -output-file-map /Users/admin/builder/spi-builder-workspace/.derivedData/Build/Intermediates.noindex/FuturaAsync.build/Debug-xros/FuturaAsync-t.build/Objects-normal/arm64/FuturaAsync-OutputFileMap.json -save-temps -no-color-diagnostics -emit-dependencies -emit-module -emit-module-path /Users/admin/builder/spi-builder-workspace/.derivedData/Build/Intermediates.noindex/FuturaAsync.build/Debug-xros/FuturaAsync-t.build/Objects-normal/arm64/FuturaAsync.swiftmodule -serialize-diagnostics -validate-clang-modules-once -clang-build-session-file /Users/admin/builder/spi-builder-workspace/.derivedData/ModuleCache.noindex/Session.modulevalidation -Xcc -fmodules-prune-interval\=86400 -Xcc -fmodules-prune-after\=345600 -emit-const-values -const-gather-protocols-list /Users/admin/builder/spi-builder-workspace/.derivedData/Build/Intermediates.noindex/FuturaAsync.build/Debug-xros/FuturaAsync-t.build/Objects-normal/arm64/FuturaAsync_const_extract_protocols.json -Xcc -I/Users/admin/builder/spi-builder-workspace/.derivedData/Build/Products/Debug-xros/include -Xcc -I/Users/admin/builder/spi-builder-workspace/.derivedData/Build/Intermediates.noindex/FuturaAsync.build/Debug-xros/FuturaAsync-t.build/DerivedSources-normal/arm64 -Xcc -I/Users/admin/builder/spi-builder-workspace/.derivedData/Build/Intermediates.noindex/FuturaAsync.build/Debug-xros/FuturaAsync-t.build/DerivedSources/arm64 -Xcc -I/Users/admin/builder/spi-builder-workspace/.derivedData/Build/Intermediates.noindex/FuturaAsync.build/Debug-xros/FuturaAsync-t.build/DerivedSources -Xcc -DSWIFT_PACKAGE -Xcc -DDEBUG\=1 -emit-objc-header -emit-objc-header-path /Users/admin/builder/spi-builder-workspace/.derivedData/Build/Intermediates.noindex/FuturaAsync.build/Debug-xros/FuturaAsync-t.build/Objects-normal/arm64/FuturaAsync-Swift.h -working-directory /Users/admin/builder/spi-builder-workspace/.swiftpm/xcode -experimental-emit-module-separately -disable-cmo
ExtractAppIntentsMetadata (in target 'FuturaFunc' from project 'FuturaFunc')
    cd /Users/admin/builder/spi-builder-workspace/.dependencies/checkouts/FuturaFunc
    /Applications/Xcode-27.0.0-Release.Candidate.app/Contents/Developer/Toolchains/XcodeDefault.xctoolchain/usr/bin/appintentsmetadataprocessor --toolchain-dir /var/run/com.apple.security.cryptexd/mnt/com.apple.MobileAsset.MetalToolchain-v27.1.266.1.0KgQI3/Metal.xctoolchain --module-name FuturaFunc --sdk-root /Applications/Xcode-27.0.0-Release.Candidate.app/Contents/Developer/Platforms/XROS.platform/Developer/SDKs/XROS27.0.sdk --xcode-version 27A266a --platform-family xrOS --deployment-target 1.0 --bundle-identifier futurafunc.FuturaFunc --output /Users/admin/builder/spi-builder-workspace/.derivedData/Build/Products/Debug-xros/FuturaFunc.appintents --target-triple arm64-apple-xros1.0 --binary-file /Users/admin/builder/spi-builder-workspace/.derivedData/Build/Products/Debug-xros/FuturaFunc.o --dependency-file /Users/admin/builder/spi-builder-workspace/.derivedData/Build/Intermediates.noindex/FuturaFunc.build/Debug-xros/FuturaFunc-t.build/Objects-normal/arm64/FuturaFunc_dependency_info.dat --stringsdata-file /Users/admin/builder/spi-builder-workspace/.derivedData/Build/Intermediates.noindex/FuturaFunc.build/Debug-xros/FuturaFunc-t.build/Objects-normal/arm64/ExtractedAppShortcutsMetadata.stringsdata --source-file-list /Users/admin/builder/spi-builder-workspace/.derivedData/Build/Intermediates.noindex/FuturaFunc.build/Debug-xros/FuturaFunc-t.build/Objects-normal/arm64/FuturaFunc.SwiftFileList --metadata-file-list /Users/admin/builder/spi-builder-workspace/.derivedData/Build/Intermediates.noindex/FuturaFunc.build/Debug-xros/FuturaFunc-t.build/FuturaFunc.DependencyMetadataFileList --static-metadata-file-list /Users/admin/builder/spi-builder-workspace/.derivedData/Build/Intermediates.noindex/FuturaFunc.build/Debug-xros/FuturaFunc-t.build/FuturaFunc.DependencyStaticMetadataFileList --swift-const-vals-list /Users/admin/builder/spi-builder-workspace/.derivedData/Build/Intermediates.noindex/FuturaFunc.build/Debug-xros/FuturaFunc-t.build/Objects-normal/arm64/FuturaFunc.SwiftConstValuesFileList --force --compile-time-extraction --deployment-aware-processing --no-app-shortcuts-localization
2026-09-15 15:24:48.165 appintentsmetadataprocessor[758:4797] Starting appintentsmetadataprocessor export
2026-09-15 15:24:48.233 appintentsmetadataprocessor[758:4797] Extracted no relevant App Intents symbols, skipping writing output
SwiftCompile normal arm64 Compiling\ Delayed.swift /Users/admin/builder/spi-builder-workspace/Sources/FuturaAsync/Future/Delayed.swift (in target 'FuturaAsync' from project 'FuturaAsync')
SwiftCompile normal arm64 /Users/admin/builder/spi-builder-workspace/Sources/FuturaAsync/Future/Delayed.swift (in target 'FuturaAsync' from project 'FuturaAsync')
    cd /Users/admin/builder/spi-builder-workspace/.swiftpm/xcode
    builtin-SwiftPerFileCompile Delayed.swift
SwiftEmitModule normal arm64 Emitting\ module\ for\ FuturaAsync (in target 'FuturaAsync' from project 'FuturaAsync')
SwiftCompile normal arm64 (in target 'FuturaAsync' from project 'FuturaAsync')
    cd /Users/admin/builder/spi-builder-workspace/.swiftpm/xcode

/Users/admin/builder/spi-builder-workspace/Sources/FuturaAsync/Future/Promise.swift:7:5: warning: 'public' modifier is redundant for initializer declared in a public extension
 5 | public extension Promise {
 6 |
 7 |     public convenience init<T>(using worker: Worker = asyncWorker, withRetriesCount retryCount: UInt = 0, performing task: @escaping () throws -> (T))  where Value == Either<T, Error> {
   |     `- warning: 'public' modifier is redundant for initializer declared in a public extension
 8 |         self.init()
 9 |         var lastError: Error?
/Users/admin/builder/spi-builder-workspace/Sources/FuturaAsync/Future/Promise.swift:19:5: warning: 'public' modifier is redundant for instance method declared in a public extension
17 |     }
18 |
19 |     public func fulfill<T>(with value: T) where Value == Either<T, Error> {
   |     `- warning: 'public' modifier is redundant for instance method declared in a public extension
20 |         future.becomeLeft(with: value)
21 |     }
SwiftCompile normal arm64 Compiling\ Catchable.swift /Users/admin/builder/spi-builder-workspace/Sources/FuturaAsync/Future/Catchable.swift (in target 'FuturaAsync' from project 'FuturaAsync')
SwiftCompile normal arm64 /Users/admin/builder/spi-builder-workspace/Sources/FuturaAsync/Future/Catchable.swift (in target 'FuturaAsync' from project 'FuturaAsync')
    cd /Users/admin/builder/spi-builder-workspace/.swiftpm/xcode
    builtin-SwiftPerFileCompile Catchable.swift
SwiftCompile normal arm64 Compiling\ ExecutionContext.swift /Users/admin/builder/spi-builder-workspace/Sources/FuturaAsync/Schedule/ExecutionContext.swift (in target 'FuturaAsync' from project 'FuturaAsync')
SwiftCompile normal arm64 /Users/admin/builder/spi-builder-workspace/Sources/FuturaAsync/Schedule/ExecutionContext.swift (in target 'FuturaAsync' from project 'FuturaAsync')
    cd /Users/admin/builder/spi-builder-workspace/.swiftpm/xcode
    builtin-SwiftPerFileCompile ExecutionContext.swift
SwiftCompile normal arm64 Compiling\ Future.swift /Users/admin/builder/spi-builder-workspace/Sources/FuturaAsync/Future/Future.swift (in target 'FuturaAsync' from project 'FuturaAsync')
/Users/admin/builder/spi-builder-workspace/Sources/FuturaAsync/Future/Future.swift:16:28: error: cannot find 'expectation' in scope
14 |     deinit {
15 |         #if DEBUG
16 |         guard case .none = expectation else { return }
   |                            `- error: cannot find 'expectation' in scope
17 |         print("WARNING - dealocating not completed future! - \(self)")
18 |         #endif
Failed frontend command:
/Applications/Xcode-27.0.0-Release.Candidate.app/Contents/Developer/Toolchains/XcodeDefault.xctoolchain/usr/bin/swift-frontend -frontend -c /Users/admin/builder/spi-builder-workspace/Sources/FuturaAsync/Future/Catchable.swift /Users/admin/builder/spi-builder-workspace/Sources/FuturaAsync/Future/Delayed.swift /Users/admin/builder/spi-builder-workspace/Sources/FuturaAsync/Future/EitherFuture.swift /Users/admin/builder/spi-builder-workspace/Sources/FuturaAsync/Future/FailableFuture.swift /Users/admin/builder/spi-builder-workspace/Sources/FuturaAsync/Future/Future+Join.swift -primary-file /Users/admin/builder/spi-builder-workspace/Sources/FuturaAsync/Future/Future.swift /Users/admin/builder/spi-builder-workspace/Sources/FuturaAsync/Future/Promise.swift /Users/admin/builder/spi-builder-workspace/Sources/FuturaAsync/Schedule/DispatchQueueWorker.swift /Users/admin/builder/spi-builder-workspace/Sources/FuturaAsync/Schedule/ExecutionContext.swift /Users/admin/builder/spi-builder-workspace/Sources/FuturaAsync/Schedule/Schedule.swift /Users/admin/builder/spi-builder-workspace/Sources/FuturaAsync/Schedule/Worker.swift /Users/admin/builder/spi-builder-workspace/Sources/FuturaAsync/Synchronization/Lock.swift -emit-dependencies-path /Users/admin/builder/spi-builder-workspace/.derivedData/Build/Intermediates.noindex/FuturaAsync.build/Debug-xros/FuturaAsync-t.build/Objects-normal/arm64/Future.d -emit-const-values-path /Users/admin/builder/spi-builder-workspace/.derivedData/Build/Intermediates.noindex/FuturaAsync.build/Debug-xros/FuturaAsync-t.build/Objects-normal/arm64/Future.swiftconstvalues -emit-reference-dependencies-path /Users/admin/builder/spi-builder-workspace/.derivedData/Build/Intermediates.noindex/FuturaAsync.build/Debug-xros/FuturaAsync-t.build/Objects-normal/arm64/Future.swiftdeps -serialize-diagnostics-path /Users/admin/builder/spi-builder-workspace/.derivedData/Build/Intermediates.noindex/FuturaAsync.build/Debug-xros/FuturaAsync-t.build/Objects-normal/arm64/Future.dia -target arm64-apple-xros1.0 -Xllvm -aarch64-use-tbi -enable-objc-interop -stack-check -sdk /Applications/Xcode-27.0.0-Release.Candidate.app/Contents/Developer/Platforms/XROS.platform/Developer/SDKs/XROS27.0.sdk -I /Users/admin/builder/spi-builder-workspace/.derivedData/Build/Products/Debug-xros -Isystem /Applications/Xcode-27.0.0-Release.Candidate.app/Contents/Developer/Platforms/XROS.platform/Developer/usr/lib -F /Users/admin/builder/spi-builder-workspace/.derivedData/Build/Products/Debug-xros/PackageFrameworks -F /Users/admin/builder/spi-builder-workspace/.derivedData/Build/Products/Debug-xros -F /Applications/Xcode-27.0.0-Release.Candidate.app/Contents/Developer/Platforms/XROS.platform/Developer/Library/Frameworks -F /Applications/Xcode-27.0.0-Release.Candidate.app/Contents/Developer/Platforms/XROS.platform/Developer/SDKs/XROS27.0.sdk/Developer/Library/Frameworks -module-cache-path /Users/admin/builder/spi-builder-workspace/.derivedData/ModuleCache.noindex -no-color-diagnostics -Xcc -fno-color-diagnostics -enable-testing -g -debug-info-format\=dwarf -dwarf-version\=4 -profile-generate -profile-coverage-mapping -swift-version 4 -Onone -D SWIFT_PACKAGE -D DEBUG -D SWIFT_MODULE_RESOURCE_BUNDLE_UNAVAILABLE -D Xcode -serialize-debugging-options -enable-experimental-feature DebugDescriptionMacro -empty-abi-descriptor -plugin-path /Applications/Xcode-27.0.0-Release.Candidate.app/Contents/Developer/Toolchains/XcodeDefault.xctoolchain/usr/lib/swift/host/plugins/testing -validate-clang-modules-once -clang-build-session-file /Users/admin/builder/spi-builder-workspace/.derivedData/ModuleCache.noindex/Session.modulevalidation -Xcc -working-directory -Xcc /Users/admin/builder/spi-builder-workspace/.swiftpm/xcode -enable-anonymous-context-mangled-names -file-compilation-dir /Users/admin/builder/spi-builder-workspace/.swiftpm/xcode -Xcc -D_LIBCPP_HARDENING_MODE\=_LIBCPP_HARDENING_MODE_DEBUG -Xcc -ivfsstatcache -Xcc /Users/admin/builder/spi-builder-workspace/.derivedData/SDKStatCaches.noindex/xros27.0-24M361-e829b21a6f8c9b70876ba0858053c044735bd543db762f57723cac368afd1ce4.sdkstatcache -Xcc -fmodules-prune-interval\=86400 -Xcc -fmodules-prune-after\=345600 -Xcc -I/Users/admin/builder/spi-builder-workspace/.derivedData/Build/Products/Debug-xros/include -Xcc -I/Users/admin/builder/spi-builder-workspace/.derivedData/Build/Intermediates.noindex/FuturaAsync.build/Debug-xros/FuturaAsync-t.build/DerivedSources-normal/arm64 -Xcc -I/Users/admin/builder/spi-builder-workspace/.derivedData/Build/Intermediates.noindex/FuturaAsync.build/Debug-xros/FuturaAsync-t.build/DerivedSources/arm64 -Xcc -I/Users/admin/builder/spi-builder-workspace/.derivedData/Build/Intermediates.noindex/FuturaAsync.build/Debug-xros/FuturaAsync-t.build/DerivedSources -Xcc -DSWIFT_PACKAGE -Xcc -DDEBUG\=1 -no-auto-bridging-header-chaining -module-name FuturaAsync -const-gather-protocols-file /Users/admin/builder/spi-builder-workspace/.derivedData/Build/Intermediates.noindex/FuturaAsync.build/Debug-xros/FuturaAsync-t.build/Objects-normal/arm64/FuturaAsync_const_extract_protocols.json -disable-clang-spi -target-sdk-version 27.0 -target-sdk-name xros27.0 -external-plugin-path /Applications/Xcode-27.0.0-Release.Candidate.app/Contents/Developer/Platforms/XROS.platform/Developer/usr/lib/swift/host/plugins\#/Applications/Xcode-27.0.0-Release.Candidate.app/Contents/Developer/Platforms/XROS.platform/Developer/usr/bin/swift-plugin-server -external-plugin-path /Applications/Xcode-27.0.0-Release.Candidate.app/Contents/Developer/Platforms/XROS.platform/Developer/usr/local/lib/swift/host/plugins\#/Applications/Xcode-27.0.0-Release.Candidate.app/Contents/Developer/Platforms/XROS.platform/Developer/usr/bin/swift-plugin-server -in-process-plugin-server-path /Applications/Xcode-27.0.0-Release.Candidate.app/Contents/Developer/Toolchains/XcodeDefault.xctoolchain/usr/lib/swift/host/libSwiftInProcPluginServer.dylib -plugin-path /Applications/Xcode-27.0.0-Release.Candidate.app/Contents/Developer/Toolchains/XcodeDefault.xctoolchain/usr/lib/swift/host/plugins -plugin-path /Applications/Xcode-27.0.0-Release.Candidate.app/Contents/Developer/Toolchains/XcodeDefault.xctoolchain/usr/local/lib/swift/host/plugins -parse-as-library -o /Users/admin/builder/spi-builder-workspace/.derivedData/Build/Intermediates.noindex/FuturaAsync.build/Debug-xros/FuturaAsync-t.build/Objects-normal/arm64/Future.o -index-unit-output-path /FuturaAsync.build/Debug-xros/FuturaAsync-t.build/Objects-normal/arm64/Future.o -index-store-path /Users/admin/builder/spi-builder-workspace/.derivedData/Index.noindex/DataStore -index-system-modules
SwiftCompile normal arm64 /Users/admin/builder/spi-builder-workspace/Sources/FuturaAsync/Future/Future.swift (in target 'FuturaAsync' from project 'FuturaAsync')
    cd /Users/admin/builder/spi-builder-workspace/.swiftpm/xcode
    builtin-SwiftPerFileCompile Future.swift
SwiftCompile normal arm64 Compiling\ DispatchQueueWorker.swift /Users/admin/builder/spi-builder-workspace/Sources/FuturaAsync/Schedule/DispatchQueueWorker.swift (in target 'FuturaAsync' from project 'FuturaAsync')
SwiftCompile normal arm64 /Users/admin/builder/spi-builder-workspace/Sources/FuturaAsync/Schedule/DispatchQueueWorker.swift (in target 'FuturaAsync' from project 'FuturaAsync')
    cd /Users/admin/builder/spi-builder-workspace/.swiftpm/xcode
    builtin-SwiftPerFileCompile DispatchQueueWorker.swift
SwiftCompile normal arm64 Compiling\ Lock.swift /Users/admin/builder/spi-builder-workspace/Sources/FuturaAsync/Synchronization/Lock.swift (in target 'FuturaAsync' from project 'FuturaAsync')
SwiftCompile normal arm64 /Users/admin/builder/spi-builder-workspace/Sources/FuturaAsync/Synchronization/Lock.swift (in target 'FuturaAsync' from project 'FuturaAsync')
    cd /Users/admin/builder/spi-builder-workspace/.swiftpm/xcode
    builtin-SwiftPerFileCompile Lock.swift
SwiftDriverJobDiscovery normal arm64 Compiling Delayed.swift (in target 'FuturaAsync' from project 'FuturaAsync')
PruneExplicitPrecompiledModules /Users/admin/builder/spi-builder-workspace/.derivedData/SDKExplicitPrecompiledModules
PruneExplicitPrecompiledModules /Users/admin/builder/spi-builder-workspace/.derivedData/Build/Intermediates.noindex/SwiftExplicitPrecompiledModules
PruneExplicitPrecompiledModules /Users/admin/builder/spi-builder-workspace/.derivedData/Build/Intermediates.noindex/ExplicitPrecompiledModules
2026-09-15 15:24:47.450 xcodebuild[755:4750] [MT] IDERunDestination: Supported platforms for the buildables in the current scheme is empty.
** BUILD FAILED **
The following build commands failed:
	SwiftCompile normal arm64 Compiling\ Future.swift /Users/admin/builder/spi-builder-workspace/Sources/FuturaAsync/Future/Future.swift (in target 'FuturaAsync' from project 'FuturaAsync')
	SwiftCompile normal arm64 /Users/admin/builder/spi-builder-workspace/Sources/FuturaAsync/Future/Future.swift (in target 'FuturaAsync' from project 'FuturaAsync')
	Building workspace FuturaAsync with scheme FuturaAsync
(3 failures)
BUILD FAILURE 6.4 visionOS