Build Information
Failed to build SwiftWinMD, reference main (dfa07c), with Swift 6.4 for watchOS using Xcode 27.0 on 27 Sep 2026 16:04:17 UTC.
Build Command
env DEVELOPER_DIR=/Applications/Xcode-27.0.0-Release.Candidate.app xcrun xcodebuild -IDEClonedSourcePackagesDirPathOverride=$PWD/.dependencies -skipMacroValidation -skipPackagePluginValidation -derivedDataPath $PWD/.derivedData build -scheme SwiftWinMD-Package -destination generic/platform=watchOSBuild Log
| `- note: add '@available' attribute to enclosing let
271 | "0", "1", "2", "3", "4", "5", "6", "7", "8", "9", "a", "b", "c", "d", "e", "f"
272 | ]
Failed frontend command:
/Applications/Xcode-27.0.0-Release.Candidate.app/Contents/Developer/Toolchains/XcodeDefault.xctoolchain/usr/bin/swift-frontend -frontend -emit-module -experimental-skip-non-inlinable-function-bodies-without-types /Users/admin/builder/spi-builder-workspace/SwiftSQL/Sources/SQLEngine/AST+Expression.swift /Users/admin/builder/spi-builder-workspace/SwiftSQL/Sources/SQLEngine/AST.swift /Users/admin/builder/spi-builder-workspace/SwiftSQL/Sources/SQLEngine/Adapter.swift /Users/admin/builder/spi-builder-workspace/SwiftSQL/Sources/SQLEngine/Aggregate.swift /Users/admin/builder/spi-builder-workspace/SwiftSQL/Sources/SQLEngine/Aggregation.swift /Users/admin/builder/spi-builder-workspace/SwiftSQL/Sources/SQLEngine/Carrier.swift /Users/admin/builder/spi-builder-workspace/SwiftSQL/Sources/SQLEngine/Compilation.swift /Users/admin/builder/spi-builder-workspace/SwiftSQL/Sources/SQLEngine/Context.swift /Users/admin/builder/spi-builder-workspace/SwiftSQL/Sources/SQLEngine/Decorrelation.swift /Users/admin/builder/spi-builder-workspace/SwiftSQL/Sources/SQLEngine/Definition.swift /Users/admin/builder/spi-builder-workspace/SwiftSQL/Sources/SQLEngine/Demotion.swift /Users/admin/builder/spi-builder-workspace/SwiftSQL/Sources/SQLEngine/Engine.swift /Users/admin/builder/spi-builder-workspace/SwiftSQL/Sources/SQLEngine/Error.swift /Users/admin/builder/spi-builder-workspace/SwiftSQL/Sources/SQLEngine/Evaluation.swift /Users/admin/builder/spi-builder-workspace/SwiftSQL/Sources/SQLEngine/Explain.swift /Users/admin/builder/spi-builder-workspace/SwiftSQL/Sources/SQLEngine/Filter.swift /Users/admin/builder/spi-builder-workspace/SwiftSQL/Sources/SQLEngine/Function.swift /Users/admin/builder/spi-builder-workspace/SwiftSQL/Sources/SQLEngine/Grouped.swift /Users/admin/builder/spi-builder-workspace/SwiftSQL/Sources/SQLEngine/GroupingSets.swift /Users/admin/builder/spi-builder-workspace/SwiftSQL/Sources/SQLEngine/Interpreter.swift /Users/admin/builder/spi-builder-workspace/SwiftSQL/Sources/SQLEngine/Lexer.swift /Users/admin/builder/spi-builder-workspace/SwiftSQL/Sources/SQLEngine/Operator.swift /Users/admin/builder/spi-builder-workspace/SwiftSQL/Sources/SQLEngine/Optimisation.swift /Users/admin/builder/spi-builder-workspace/SwiftSQL/Sources/SQLEngine/OutputColumn.swift /Users/admin/builder/spi-builder-workspace/SwiftSQL/Sources/SQLEngine/Parser+Predicate.swift /Users/admin/builder/spi-builder-workspace/SwiftSQL/Sources/SQLEngine/Parser+Projection.swift /Users/admin/builder/spi-builder-workspace/SwiftSQL/Sources/SQLEngine/Parser.swift /Users/admin/builder/spi-builder-workspace/SwiftSQL/Sources/SQLEngine/Pushdown.swift /Users/admin/builder/spi-builder-workspace/SwiftSQL/Sources/SQLEngine/RelationInstance.swift /Users/admin/builder/spi-builder-workspace/SwiftSQL/Sources/SQLEngine/Reordering.swift /Users/admin/builder/spi-builder-workspace/SwiftSQL/Sources/SQLEngine/Resolution.swift /Users/admin/builder/spi-builder-workspace/SwiftSQL/Sources/SQLEngine/Schema+Derivation.swift /Users/admin/builder/spi-builder-workspace/SwiftSQL/Sources/SQLEngine/Schema.swift /Users/admin/builder/spi-builder-workspace/SwiftSQL/Sources/SQLEngine/Scope.swift /Users/admin/builder/spi-builder-workspace/SwiftSQL/Sources/SQLEngine/Statement.swift /Users/admin/builder/spi-builder-workspace/SwiftSQL/Sources/SQLEngine/Token.swift /Users/admin/builder/spi-builder-workspace/SwiftSQL/Sources/SQLEngine/Window.swift /Users/admin/builder/spi-builder-workspace/SwiftSQL/Sources/SQLEngine/Windowed.swift /Users/admin/builder/spi-builder-workspace/SwiftSQL/Sources/SQLEngine/With.swift -target arm64_32-apple-watchos9.0 -disable-cross-import-overlay-search -load-resolved-plugin /Applications/Xcode-27.0.0-Release.Candidate.app/Contents/Developer/Platforms/WatchOS.platform/Developer/usr/lib/swift/host/plugins/libSwiftMacros.dylib\#/Applications/Xcode-27.0.0-Release.Candidate.app/Contents/Developer/Platforms/WatchOS.platform/Developer/usr/bin/swift-plugin-server\#SwiftMacros -disable-implicit-swift-modules -Xcc -fno-implicit-modules -Xcc -fno-implicit-module-maps -explicit-swift-module-map-file /Users/admin/builder/spi-builder-workspace/.derivedData/Build/Intermediates.noindex/SwiftSQL.build/Debug-watchos/SQLEngine-t.build/Objects-normal/arm64_32/SQLEngine-dependencies-1.json -enable-objc-interop -sdk /Applications/Xcode-27.0.0-Release.Candidate.app/Contents/Developer/Platforms/WatchOS.platform/Developer/SDKs/WatchOS27.0.sdk -I /Users/admin/builder/spi-builder-workspace/.derivedData/Build/Products/Debug-watchos -Isystem /Applications/Xcode-27.0.0-Release.Candidate.app/Contents/Developer/Platforms/WatchOS.platform/Developer/usr/lib -F /Users/admin/builder/spi-builder-workspace/.derivedData/Build/Products/Debug-watchos -F /Applications/Xcode-27.0.0-Release.Candidate.app/Contents/Developer/Platforms/WatchOS.platform/Developer/Library/Frameworks -F /Applications/Xcode-27.0.0-Release.Candidate.app/Contents/Developer/Platforms/WatchOS.platform/Developer/SDKs/WatchOS27.0.sdk/Developer/Library/Frameworks -module-cache-path /Users/admin/builder/spi-builder-workspace/.derivedData/Build/Intermediates.noindex/SwiftExplicitPrecompiledModules -no-color-diagnostics -Xcc -fno-color-diagnostics -enable-testing -g -debug-info-format\=dwarf -dwarf-version\=4 -profile-generate -profile-coverage-mapping -swift-version 6 -Onone -D SWIFT_PACKAGE -D DEBUG -D SWIFT_MODULE_RESOURCE_BUNDLE_UNAVAILABLE -D Xcode -serialize-debugging-options -enable-experimental-feature Lifetimes -enable-experimental-feature DebugDescriptionMacro -empty-abi-descriptor -validate-clang-modules-once -clang-build-session-file /Users/admin/builder/spi-builder-workspace/.derivedData/ModuleCache.noindex/Session.modulevalidation -Xcc -working-directory -Xcc /Users/admin/builder/spi-builder-workspace/.swiftpm/xcode -enable-anonymous-context-mangled-names -file-compilation-dir /Users/admin/builder/spi-builder-workspace/.swiftpm/xcode -Xcc -D_LIBCPP_HARDENING_MODE\=_LIBCPP_HARDENING_MODE_DEBUG -Xcc -ivfsstatcache -Xcc /Users/admin/builder/spi-builder-workspace/.derivedData/SDKStatCaches.noindex/watchos27.0-24R360-e829b21a6f8c9b70876ba0858053c04477534ef55a1706bf4c1112bbb242f0a2.sdkstatcache -Xcc -fmodules-prune-interval\=86400 -Xcc -fmodules-prune-after\=345600 -Xcc -I/Users/admin/builder/spi-builder-workspace/.derivedData/Build/Products/Debug-watchos/include -Xcc -I/Users/admin/builder/spi-builder-workspace/.derivedData/Build/Intermediates.noindex/SwiftSQL.build/Debug-watchos/SQLEngine-t.build/DerivedSources-normal/arm64_32 -Xcc -I/Users/admin/builder/spi-builder-workspace/.derivedData/Build/Intermediates.noindex/SwiftSQL.build/Debug-watchos/SQLEngine-t.build/DerivedSources/arm64_32 -Xcc -I/Users/admin/builder/spi-builder-workspace/.derivedData/Build/Intermediates.noindex/SwiftSQL.build/Debug-watchos/SQLEngine-t.build/DerivedSources -Xcc -DSWIFT_PACKAGE -Xcc -DDEBUG\=1 -no-auto-bridging-header-chaining -module-name SQLEngine -package-name swiftsql -const-gather-protocols-file /Users/admin/builder/spi-builder-workspace/.derivedData/Build/Intermediates.noindex/SwiftSQL.build/Debug-watchos/SQLEngine-t.build/Objects-normal/arm64_32/SQLEngine_const_extract_protocols.json -disable-clang-spi -clang-target arm64_32-apple-watchos27.0 -target-sdk-version 27.0 -target-sdk-name watchos27.0 -in-process-plugin-server-path /Applications/Xcode-27.0.0-Release.Candidate.app/Contents/Developer/Toolchains/XcodeDefault.xctoolchain/usr/lib/swift/host/libSwiftInProcPluginServer.dylib -emit-module-doc-path /Users/admin/builder/spi-builder-workspace/.derivedData/Build/Intermediates.noindex/SwiftSQL.build/Debug-watchos/SQLEngine-t.build/Objects-normal/arm64_32/SQLEngine.swiftdoc -emit-module-source-info-path /Users/admin/builder/spi-builder-workspace/.derivedData/Build/Intermediates.noindex/SwiftSQL.build/Debug-watchos/SQLEngine-t.build/Objects-normal/arm64_32/SQLEngine.swiftsourceinfo -emit-objc-header-path /Users/admin/builder/spi-builder-workspace/.derivedData/Build/Intermediates.noindex/SwiftSQL.build/Debug-watchos/SQLEngine-t.build/Objects-normal/arm64_32/SQLEngine-Swift.h -serialize-diagnostics-path /Users/admin/builder/spi-builder-workspace/.derivedData/Build/Intermediates.noindex/SwiftSQL.build/Debug-watchos/SQLEngine-t.build/Objects-normal/arm64_32/SQLEngine-primary-emit-module.dia -emit-dependencies-path /Users/admin/builder/spi-builder-workspace/.derivedData/Build/Intermediates.noindex/SwiftSQL.build/Debug-watchos/SQLEngine-t.build/Objects-normal/arm64_32/SQLEngine-primary-emit-module.d -parse-as-library -o /Users/admin/builder/spi-builder-workspace/.derivedData/Build/Intermediates.noindex/SwiftSQL.build/Debug-watchos/SQLEngine-t.build/Objects-normal/arm64_32/SQLEngine.swiftmodule -emit-abi-descriptor-path /Users/admin/builder/spi-builder-workspace/.derivedData/Build/Intermediates.noindex/SwiftSQL.build/Debug-watchos/SQLEngine-t.build/Objects-normal/arm64_32/SQLEngine.abi.json
SwiftCompile normal arm64_32 (in target 'SQLEngine' from project 'SwiftSQL')
cd /Users/admin/builder/spi-builder-workspace/.swiftpm/xcode
SwiftEmitModule normal arm64_32 Emitting\ module\ for\ Decant (in target 'Decant' from project 'SwiftWinMD')
SwiftCompile normal arm64_32 (in target 'Decant' from project 'SwiftWinMD')
cd /Users/admin/builder/spi-builder-workspace/.swiftpm/xcode
SwiftEmitModule normal arm64 Emitting\ module\ for\ SQLEngine (in target 'SQLEngine' from project 'SwiftSQL')
/Users/admin/builder/spi-builder-workspace/SwiftSQL/Sources/SQLEngine/Aggregate.swift:137:24: error: 'Int128' is only available in watchOS 11.0 or newer
116 | /// (`SUM(x) OVER (PARTITION BY d)`) folds every partition row through one
117 | /// accumulator, so it is `internal` rather than the grouping path's private.
118 | internal struct Accumulator {
| `- note: add '@available' attribute to enclosing struct
119 | private let function: Aggregate
120 | // Whether to fold each DISTINCT non-NULL value once — the ISO `DISTINCT` set
:
135 | // undoes, and the widen decision is deferred so a double anywhere widens the
136 | // group.
137 | private var integer: Int128 = 0
| `- error: 'Int128' is only available in watchOS 11.0 or newer
138 | private var total = 0.0
139 | private var widened = false
SwiftCompile normal arm64 (in target 'SQLEngine' from project 'SwiftSQL')
cd /Users/admin/builder/spi-builder-workspace/.swiftpm/xcode
SwiftDriverJobDiscovery normal arm64 Emitting module for Decant (in target 'Decant' from project 'SwiftWinMD')
SwiftDriver\ Compilation\ Requirements Decant normal arm64 com.apple.xcode.tools.swift.compiler (in target 'Decant' from project 'SwiftWinMD')
cd /Users/admin/builder/spi-builder-workspace/.swiftpm/xcode
builtin-Swift-Compilation-Requirements -- /Applications/Xcode-27.0.0-Release.Candidate.app/Contents/Developer/Toolchains/XcodeDefault.xctoolchain/usr/bin/swiftc -parse-as-library -module-name Decant -Onone @/Users/admin/builder/spi-builder-workspace/.derivedData/Build/Intermediates.noindex/SwiftWinMD.build/Debug-watchos/Decant-t.build/Objects-normal/arm64/Decant.SwiftFileList -DSWIFT_PACKAGE -DDEBUG -DSWIFT_MODULE_RESOURCE_BUNDLE_UNAVAILABLE -DXcode -enable-experimental-feature Lifetimes -plugin-path /Applications/Xcode-27.0.0-Release.Candidate.app/Contents/Developer/Toolchains/XcodeDefault.xctoolchain/usr/lib/swift/host/plugins/testing -enable-experimental-feature DebugDescriptionMacro -sdk /Applications/Xcode-27.0.0-Release.Candidate.app/Contents/Developer/Platforms/WatchOS.platform/Developer/SDKs/WatchOS27.0.sdk -target arm64-apple-watchos9.0 -g -module-cache-path /Users/admin/builder/spi-builder-workspace/.derivedData/ModuleCache.noindex -Xfrontend -serialize-debugging-options -profile-coverage-mapping -profile-generate -enable-testing -index-store-path /Users/admin/builder/spi-builder-workspace/.derivedData/Index.noindex/DataStore -Xcc -D_LIBCPP_HARDENING_MODE\=_LIBCPP_HARDENING_MODE_DEBUG -swift-version 6 -I /Users/admin/builder/spi-builder-workspace/.derivedData/Build/Products/Debug-watchos -Isystem /Applications/Xcode-27.0.0-Release.Candidate.app/Contents/Developer/Platforms/WatchOS.platform/Developer/usr/lib -F /Users/admin/builder/spi-builder-workspace/.derivedData/Build/Products/Debug-watchos -F /Applications/Xcode-27.0.0-Release.Candidate.app/Contents/Developer/Platforms/WatchOS.platform/Developer/Library/Frameworks -F /Applications/Xcode-27.0.0-Release.Candidate.app/Contents/Developer/Platforms/WatchOS.platform/Developer/SDKs/WatchOS27.0.sdk/Developer/Library/Frameworks -c -j10 -enable-batch-mode -incremental -Xcc -ivfsstatcache -Xcc /Users/admin/builder/spi-builder-workspace/.derivedData/SDKStatCaches.noindex/watchos27.0-24R360-e829b21a6f8c9b70876ba0858053c04477534ef55a1706bf4c1112bbb242f0a2.sdkstatcache -output-file-map /Users/admin/builder/spi-builder-workspace/.derivedData/Build/Intermediates.noindex/SwiftWinMD.build/Debug-watchos/Decant-t.build/Objects-normal/arm64/Decant-OutputFileMap.json -save-temps -no-color-diagnostics -explicit-module-build -module-cache-path /Users/admin/builder/spi-builder-workspace/.derivedData/Build/Intermediates.noindex/SwiftExplicitPrecompiledModules -clang-scanner-module-cache-path /Users/admin/builder/spi-builder-workspace/.derivedData/ModuleCache.noindex -sdk-module-cache-path /Users/admin/builder/spi-builder-workspace/.derivedData/SDKExplicitPrecompiledModules -emit-dependencies -emit-module -emit-module-path /Users/admin/builder/spi-builder-workspace/.derivedData/Build/Intermediates.noindex/SwiftWinMD.build/Debug-watchos/Decant-t.build/Objects-normal/arm64/Decant.swiftmodule -serialize-diagnostics -dependency-scan-serialize-diagnostics-path /Users/admin/builder/spi-builder-workspace/.derivedData/Build/Intermediates.noindex/SwiftWinMD.build/Debug-watchos/Decant-t.build/Objects-normal/arm64/Decant-dependency-scan.dia -validate-clang-modules-once -clang-build-session-file /Users/admin/builder/spi-builder-workspace/.derivedData/ModuleCache.noindex/Session.modulevalidation -Xcc -fmodules-prune-interval\=86400 -Xcc -fmodules-prune-after\=345600 -package-name spi_builder_workspace -emit-const-values -const-gather-protocols-list /Users/admin/builder/spi-builder-workspace/.derivedData/Build/Intermediates.noindex/SwiftWinMD.build/Debug-watchos/Decant-t.build/Objects-normal/arm64/Decant_const_extract_protocols.json -Xcc -I/Users/admin/builder/spi-builder-workspace/.derivedData/Build/Products/Debug-watchos/include -Xcc -I/Users/admin/builder/spi-builder-workspace/.derivedData/Build/Intermediates.noindex/SwiftWinMD.build/Debug-watchos/Decant-t.build/DerivedSources-normal/arm64 -Xcc -I/Users/admin/builder/spi-builder-workspace/.derivedData/Build/Intermediates.noindex/SwiftWinMD.build/Debug-watchos/Decant-t.build/DerivedSources/arm64 -Xcc -I/Users/admin/builder/spi-builder-workspace/.derivedData/Build/Intermediates.noindex/SwiftWinMD.build/Debug-watchos/Decant-t.build/DerivedSources -Xcc -DSWIFT_PACKAGE -Xcc -DDEBUG\=1 -emit-objc-header -emit-objc-header-path /Users/admin/builder/spi-builder-workspace/.derivedData/Build/Intermediates.noindex/SwiftWinMD.build/Debug-watchos/Decant-t.build/Objects-normal/arm64/Decant-Swift.h -working-directory /Users/admin/builder/spi-builder-workspace/.swiftpm/xcode -experimental-emit-module-separately -disable-cmo
SwiftDriverJobDiscovery normal arm64 Emitting module for ArgumentParserToolInfo (in target 'ArgumentParserToolInfo' from project 'swift-argument-parser')
CreateUniversalBinary /Users/admin/builder/spi-builder-workspace/.derivedData/Build/Products/Debug-watchos/CPE.o normal arm64\ arm64_32 (in target 'CPE' from project 'SwiftWinMD')
cd /Users/admin/builder/spi-builder-workspace
/Applications/Xcode-27.0.0-Release.Candidate.app/Contents/Developer/Toolchains/XcodeDefault.xctoolchain/usr/bin/lipo -create /Users/admin/builder/spi-builder-workspace/.derivedData/Build/Intermediates.noindex/SwiftWinMD.build/Debug-watchos/CPE-t.build/Objects-normal/arm64/Binary/CPE.o /Users/admin/builder/spi-builder-workspace/.derivedData/Build/Intermediates.noindex/SwiftWinMD.build/Debug-watchos/CPE-t.build/Objects-normal/arm64_32/Binary/CPE.o -output /Users/admin/builder/spi-builder-workspace/.derivedData/Build/Products/Debug-watchos/CPE.o
Copy /Users/admin/builder/spi-builder-workspace/.derivedData/Build/Products/Debug-watchos/Decant.swiftmodule/arm64-apple-watchos.swiftmodule /Users/admin/builder/spi-builder-workspace/.derivedData/Build/Intermediates.noindex/SwiftWinMD.build/Debug-watchos/Decant-t.build/Objects-normal/arm64/Decant.swiftmodule (in target 'Decant' from project 'SwiftWinMD')
cd /Users/admin/builder/spi-builder-workspace
builtin-copy -exclude .DS_Store -exclude CVS -exclude .svn -exclude .git -exclude .hg -resolve-src-symlinks -rename /Users/admin/builder/spi-builder-workspace/.derivedData/Build/Intermediates.noindex/SwiftWinMD.build/Debug-watchos/Decant-t.build/Objects-normal/arm64/Decant.swiftmodule /Users/admin/builder/spi-builder-workspace/.derivedData/Build/Products/Debug-watchos/Decant.swiftmodule/arm64-apple-watchos.swiftmodule
Copy /Users/admin/builder/spi-builder-workspace/.derivedData/Build/Products/Debug-watchos/Decant.swiftmodule/arm64-apple-watchos.swiftdoc /Users/admin/builder/spi-builder-workspace/.derivedData/Build/Intermediates.noindex/SwiftWinMD.build/Debug-watchos/Decant-t.build/Objects-normal/arm64/Decant.swiftdoc (in target 'Decant' from project 'SwiftWinMD')
cd /Users/admin/builder/spi-builder-workspace
builtin-copy -exclude .DS_Store -exclude CVS -exclude .svn -exclude .git -exclude .hg -resolve-src-symlinks -rename /Users/admin/builder/spi-builder-workspace/.derivedData/Build/Intermediates.noindex/SwiftWinMD.build/Debug-watchos/Decant-t.build/Objects-normal/arm64/Decant.swiftdoc /Users/admin/builder/spi-builder-workspace/.derivedData/Build/Products/Debug-watchos/Decant.swiftmodule/arm64-apple-watchos.swiftdoc
Copy /Users/admin/builder/spi-builder-workspace/.derivedData/Build/Products/Debug-watchos/Decant.swiftmodule/arm64-apple-watchos.abi.json /Users/admin/builder/spi-builder-workspace/.derivedData/Build/Intermediates.noindex/SwiftWinMD.build/Debug-watchos/Decant-t.build/Objects-normal/arm64/Decant.abi.json (in target 'Decant' from project 'SwiftWinMD')
cd /Users/admin/builder/spi-builder-workspace
builtin-copy -exclude .DS_Store -exclude CVS -exclude .svn -exclude .git -exclude .hg -resolve-src-symlinks -rename /Users/admin/builder/spi-builder-workspace/.derivedData/Build/Intermediates.noindex/SwiftWinMD.build/Debug-watchos/Decant-t.build/Objects-normal/arm64/Decant.abi.json /Users/admin/builder/spi-builder-workspace/.derivedData/Build/Products/Debug-watchos/Decant.swiftmodule/arm64-apple-watchos.abi.json
Copy /Users/admin/builder/spi-builder-workspace/.derivedData/Build/Products/Debug-watchos/Decant.swiftmodule/Project/arm64-apple-watchos.swiftsourceinfo /Users/admin/builder/spi-builder-workspace/.derivedData/Build/Intermediates.noindex/SwiftWinMD.build/Debug-watchos/Decant-t.build/Objects-normal/arm64/Decant.swiftsourceinfo (in target 'Decant' from project 'SwiftWinMD')
cd /Users/admin/builder/spi-builder-workspace
builtin-copy -exclude .DS_Store -exclude CVS -exclude .svn -exclude .git -exclude .hg -resolve-src-symlinks -rename /Users/admin/builder/spi-builder-workspace/.derivedData/Build/Intermediates.noindex/SwiftWinMD.build/Debug-watchos/Decant-t.build/Objects-normal/arm64/Decant.swiftsourceinfo /Users/admin/builder/spi-builder-workspace/.derivedData/Build/Products/Debug-watchos/Decant.swiftmodule/Project/arm64-apple-watchos.swiftsourceinfo
SwiftDriver\ Compilation\ Requirements ArgumentParserToolInfo normal arm64 com.apple.xcode.tools.swift.compiler (in target 'ArgumentParserToolInfo' from project 'swift-argument-parser')
cd /Users/admin/builder/spi-builder-workspace/.swiftpm/xcode
builtin-Swift-Compilation-Requirements -- /Applications/Xcode-27.0.0-Release.Candidate.app/Contents/Developer/Toolchains/XcodeDefault.xctoolchain/usr/bin/swiftc -parse-as-library -module-name ArgumentParserToolInfo -Onone @/Users/admin/builder/spi-builder-workspace/.derivedData/Build/Intermediates.noindex/swift-argument-parser.build/Debug-watchos/ArgumentParserToolInfo-t.build/Objects-normal/arm64/ArgumentParserToolInfo.SwiftFileList -DSWIFT_PACKAGE -DDEBUG -DSWIFT_MODULE_RESOURCE_BUNDLE_UNAVAILABLE -DXcode -plugin-path /Applications/Xcode-27.0.0-Release.Candidate.app/Contents/Developer/Toolchains/XcodeDefault.xctoolchain/usr/lib/swift/host/plugins/testing -enable-experimental-feature DebugDescriptionMacro -sdk /Applications/Xcode-27.0.0-Release.Candidate.app/Contents/Developer/Platforms/WatchOS.platform/Developer/SDKs/WatchOS27.0.sdk -target arm64-apple-watchos9.0 -g -module-cache-path /Users/admin/builder/spi-builder-workspace/.derivedData/ModuleCache.noindex -Xfrontend -serialize-debugging-options -profile-coverage-mapping -profile-generate -enable-testing -suppress-warnings -index-store-path /Users/admin/builder/spi-builder-workspace/.derivedData/Index.noindex/DataStore -Xcc -D_LIBCPP_HARDENING_MODE\=_LIBCPP_HARDENING_MODE_DEBUG -swift-version 6 -I /Users/admin/builder/spi-builder-workspace/.derivedData/Build/Products/Debug-watchos -Isystem /Applications/Xcode-27.0.0-Release.Candidate.app/Contents/Developer/Platforms/WatchOS.platform/Developer/usr/lib -F /Users/admin/builder/spi-builder-workspace/.derivedData/Build/Products/Debug-watchos -F /Applications/Xcode-27.0.0-Release.Candidate.app/Contents/Developer/Platforms/WatchOS.platform/Developer/Library/Frameworks -F /Applications/Xcode-27.0.0-Release.Candidate.app/Contents/Developer/Platforms/WatchOS.platform/Developer/SDKs/WatchOS27.0.sdk/Developer/Library/Frameworks -c -j10 -enable-batch-mode -incremental -Xcc -ivfsstatcache -Xcc /Users/admin/builder/spi-builder-workspace/.derivedData/SDKStatCaches.noindex/watchos27.0-24R360-e829b21a6f8c9b70876ba0858053c04477534ef55a1706bf4c1112bbb242f0a2.sdkstatcache -output-file-map /Users/admin/builder/spi-builder-workspace/.derivedData/Build/Intermediates.noindex/swift-argument-parser.build/Debug-watchos/ArgumentParserToolInfo-t.build/Objects-normal/arm64/ArgumentParserToolInfo-OutputFileMap.json -save-temps -no-color-diagnostics -explicit-module-build -module-cache-path /Users/admin/builder/spi-builder-workspace/.derivedData/Build/Intermediates.noindex/SwiftExplicitPrecompiledModules -clang-scanner-module-cache-path /Users/admin/builder/spi-builder-workspace/.derivedData/ModuleCache.noindex -sdk-module-cache-path /Users/admin/builder/spi-builder-workspace/.derivedData/SDKExplicitPrecompiledModules -emit-dependencies -emit-module -emit-module-path /Users/admin/builder/spi-builder-workspace/.derivedData/Build/Intermediates.noindex/swift-argument-parser.build/Debug-watchos/ArgumentParserToolInfo-t.build/Objects-normal/arm64/ArgumentParserToolInfo.swiftmodule -serialize-diagnostics -dependency-scan-serialize-diagnostics-path /Users/admin/builder/spi-builder-workspace/.derivedData/Build/Intermediates.noindex/swift-argument-parser.build/Debug-watchos/ArgumentParserToolInfo-t.build/Objects-normal/arm64/ArgumentParserToolInfo-dependency-scan.dia -user-module-version 1.8.2 -validate-clang-modules-once -clang-build-session-file /Users/admin/builder/spi-builder-workspace/.derivedData/ModuleCache.noindex/Session.modulevalidation -Xcc -fmodules-prune-interval\=86400 -Xcc -fmodules-prune-after\=345600 -package-name swift_argument_parser -emit-const-values -const-gather-protocols-list /Users/admin/builder/spi-builder-workspace/.derivedData/Build/Intermediates.noindex/swift-argument-parser.build/Debug-watchos/ArgumentParserToolInfo-t.build/Objects-normal/arm64/ArgumentParserToolInfo_const_extract_protocols.json -Xcc -I/Users/admin/builder/spi-builder-workspace/.derivedData/Build/Products/Debug-watchos/include -Xcc -I/Users/admin/builder/spi-builder-workspace/.derivedData/Build/Intermediates.noindex/swift-argument-parser.build/Debug-watchos/ArgumentParserToolInfo-t.build/DerivedSources-normal/arm64 -Xcc -I/Users/admin/builder/spi-builder-workspace/.derivedData/Build/Intermediates.noindex/swift-argument-parser.build/Debug-watchos/ArgumentParserToolInfo-t.build/DerivedSources/arm64 -Xcc -I/Users/admin/builder/spi-builder-workspace/.derivedData/Build/Intermediates.noindex/swift-argument-parser.build/Debug-watchos/ArgumentParserToolInfo-t.build/DerivedSources -Xcc -DSWIFT_PACKAGE -Xcc -DDEBUG\=1 -emit-objc-header -emit-objc-header-path /Users/admin/builder/spi-builder-workspace/.derivedData/Build/Intermediates.noindex/swift-argument-parser.build/Debug-watchos/ArgumentParserToolInfo-t.build/Objects-normal/arm64/ArgumentParserToolInfo-Swift.h -working-directory /Users/admin/builder/spi-builder-workspace/.swiftpm/xcode -experimental-emit-module-separately -disable-cmo
SwiftEmitModule normal arm64_32 Emitting\ module\ for\ ArgumentParserToolInfo (in target 'ArgumentParserToolInfo' from project 'swift-argument-parser')
SwiftCompile normal arm64_32 (in target 'ArgumentParserToolInfo' from project 'swift-argument-parser')
cd /Users/admin/builder/spi-builder-workspace/.swiftpm/xcode
Copy /Users/admin/builder/spi-builder-workspace/.derivedData/Build/Products/Debug-watchos/ArgumentParserToolInfo.swiftmodule/arm64-apple-watchos.swiftmodule /Users/admin/builder/spi-builder-workspace/.derivedData/Build/Intermediates.noindex/swift-argument-parser.build/Debug-watchos/ArgumentParserToolInfo-t.build/Objects-normal/arm64/ArgumentParserToolInfo.swiftmodule (in target 'ArgumentParserToolInfo' from project 'swift-argument-parser')
cd /Users/admin/builder/spi-builder-workspace/.dependencies/checkouts/swift-argument-parser
builtin-copy -exclude .DS_Store -exclude CVS -exclude .svn -exclude .git -exclude .hg -resolve-src-symlinks -rename /Users/admin/builder/spi-builder-workspace/.derivedData/Build/Intermediates.noindex/swift-argument-parser.build/Debug-watchos/ArgumentParserToolInfo-t.build/Objects-normal/arm64/ArgumentParserToolInfo.swiftmodule /Users/admin/builder/spi-builder-workspace/.derivedData/Build/Products/Debug-watchos/ArgumentParserToolInfo.swiftmodule/arm64-apple-watchos.swiftmodule
SwiftDriverJobDiscovery normal arm64_32 Emitting module for Decant (in target 'Decant' from project 'SwiftWinMD')
SwiftDriver\ Compilation\ Requirements Decant normal arm64_32 com.apple.xcode.tools.swift.compiler (in target 'Decant' from project 'SwiftWinMD')
cd /Users/admin/builder/spi-builder-workspace/.swiftpm/xcode
builtin-Swift-Compilation-Requirements -- /Applications/Xcode-27.0.0-Release.Candidate.app/Contents/Developer/Toolchains/XcodeDefault.xctoolchain/usr/bin/swiftc -parse-as-library -module-name Decant -Onone @/Users/admin/builder/spi-builder-workspace/.derivedData/Build/Intermediates.noindex/SwiftWinMD.build/Debug-watchos/Decant-t.build/Objects-normal/arm64_32/Decant.SwiftFileList -DSWIFT_PACKAGE -DDEBUG -DSWIFT_MODULE_RESOURCE_BUNDLE_UNAVAILABLE -DXcode -enable-experimental-feature Lifetimes -plugin-path /Applications/Xcode-27.0.0-Release.Candidate.app/Contents/Developer/Toolchains/XcodeDefault.xctoolchain/usr/lib/swift/host/plugins/testing -enable-experimental-feature DebugDescriptionMacro -sdk /Applications/Xcode-27.0.0-Release.Candidate.app/Contents/Developer/Platforms/WatchOS.platform/Developer/SDKs/WatchOS27.0.sdk -target arm64_32-apple-watchos9.0 -g -module-cache-path /Users/admin/builder/spi-builder-workspace/.derivedData/ModuleCache.noindex -Xfrontend -serialize-debugging-options -profile-coverage-mapping -profile-generate -enable-testing -index-store-path /Users/admin/builder/spi-builder-workspace/.derivedData/Index.noindex/DataStore -Xcc -D_LIBCPP_HARDENING_MODE\=_LIBCPP_HARDENING_MODE_DEBUG -swift-version 6 -I /Users/admin/builder/spi-builder-workspace/.derivedData/Build/Products/Debug-watchos -Isystem /Applications/Xcode-27.0.0-Release.Candidate.app/Contents/Developer/Platforms/WatchOS.platform/Developer/usr/lib -F /Users/admin/builder/spi-builder-workspace/.derivedData/Build/Products/Debug-watchos -F /Applications/Xcode-27.0.0-Release.Candidate.app/Contents/Developer/Platforms/WatchOS.platform/Developer/Library/Frameworks -F /Applications/Xcode-27.0.0-Release.Candidate.app/Contents/Developer/Platforms/WatchOS.platform/Developer/SDKs/WatchOS27.0.sdk/Developer/Library/Frameworks -c -j10 -enable-batch-mode -incremental -Xcc -ivfsstatcache -Xcc /Users/admin/builder/spi-builder-workspace/.derivedData/SDKStatCaches.noindex/watchos27.0-24R360-e829b21a6f8c9b70876ba0858053c04477534ef55a1706bf4c1112bbb242f0a2.sdkstatcache -output-file-map /Users/admin/builder/spi-builder-workspace/.derivedData/Build/Intermediates.noindex/SwiftWinMD.build/Debug-watchos/Decant-t.build/Objects-normal/arm64_32/Decant-OutputFileMap.json -save-temps -no-color-diagnostics -explicit-module-build -module-cache-path /Users/admin/builder/spi-builder-workspace/.derivedData/Build/Intermediates.noindex/SwiftExplicitPrecompiledModules -clang-scanner-module-cache-path /Users/admin/builder/spi-builder-workspace/.derivedData/ModuleCache.noindex -sdk-module-cache-path /Users/admin/builder/spi-builder-workspace/.derivedData/SDKExplicitPrecompiledModules -emit-dependencies -emit-module -emit-module-path /Users/admin/builder/spi-builder-workspace/.derivedData/Build/Intermediates.noindex/SwiftWinMD.build/Debug-watchos/Decant-t.build/Objects-normal/arm64_32/Decant.swiftmodule -serialize-diagnostics -dependency-scan-serialize-diagnostics-path /Users/admin/builder/spi-builder-workspace/.derivedData/Build/Intermediates.noindex/SwiftWinMD.build/Debug-watchos/Decant-t.build/Objects-normal/arm64_32/Decant-dependency-scan.dia -validate-clang-modules-once -clang-build-session-file /Users/admin/builder/spi-builder-workspace/.derivedData/ModuleCache.noindex/Session.modulevalidation -Xcc -fmodules-prune-interval\=86400 -Xcc -fmodules-prune-after\=345600 -package-name spi_builder_workspace -emit-const-values -const-gather-protocols-list /Users/admin/builder/spi-builder-workspace/.derivedData/Build/Intermediates.noindex/SwiftWinMD.build/Debug-watchos/Decant-t.build/Objects-normal/arm64_32/Decant_const_extract_protocols.json -Xcc -I/Users/admin/builder/spi-builder-workspace/.derivedData/Build/Products/Debug-watchos/include -Xcc -I/Users/admin/builder/spi-builder-workspace/.derivedData/Build/Intermediates.noindex/SwiftWinMD.build/Debug-watchos/Decant-t.build/DerivedSources-normal/arm64_32 -Xcc -I/Users/admin/builder/spi-builder-workspace/.derivedData/Build/Intermediates.noindex/SwiftWinMD.build/Debug-watchos/Decant-t.build/DerivedSources/arm64_32 -Xcc -I/Users/admin/builder/spi-builder-workspace/.derivedData/Build/Intermediates.noindex/SwiftWinMD.build/Debug-watchos/Decant-t.build/DerivedSources -Xcc -DSWIFT_PACKAGE -Xcc -DDEBUG\=1 -emit-objc-header -emit-objc-header-path /Users/admin/builder/spi-builder-workspace/.derivedData/Build/Intermediates.noindex/SwiftWinMD.build/Debug-watchos/Decant-t.build/Objects-normal/arm64_32/Decant-Swift.h -working-directory /Users/admin/builder/spi-builder-workspace/.swiftpm/xcode -experimental-emit-module-separately -disable-cmo
Copy /Users/admin/builder/spi-builder-workspace/.derivedData/Build/Products/Debug-watchos/ArgumentParserToolInfo.swiftmodule/arm64-apple-watchos.swiftdoc /Users/admin/builder/spi-builder-workspace/.derivedData/Build/Intermediates.noindex/swift-argument-parser.build/Debug-watchos/ArgumentParserToolInfo-t.build/Objects-normal/arm64/ArgumentParserToolInfo.swiftdoc (in target 'ArgumentParserToolInfo' from project 'swift-argument-parser')
cd /Users/admin/builder/spi-builder-workspace/.dependencies/checkouts/swift-argument-parser
builtin-copy -exclude .DS_Store -exclude CVS -exclude .svn -exclude .git -exclude .hg -resolve-src-symlinks -rename /Users/admin/builder/spi-builder-workspace/.derivedData/Build/Intermediates.noindex/swift-argument-parser.build/Debug-watchos/ArgumentParserToolInfo-t.build/Objects-normal/arm64/ArgumentParserToolInfo.swiftdoc /Users/admin/builder/spi-builder-workspace/.derivedData/Build/Products/Debug-watchos/ArgumentParserToolInfo.swiftmodule/arm64-apple-watchos.swiftdoc
SwiftMergeGeneratedHeaders /Users/admin/builder/spi-builder-workspace/.derivedData/Build/Intermediates.noindex/GeneratedModuleMaps-watchos/Decant-Swift.h /Users/admin/builder/spi-builder-workspace/.derivedData/Build/Intermediates.noindex/SwiftWinMD.build/Debug-watchos/Decant-t.build/Objects-normal/arm64/Decant-Swift.h /Users/admin/builder/spi-builder-workspace/.derivedData/Build/Intermediates.noindex/SwiftWinMD.build/Debug-watchos/Decant-t.build/Objects-normal/arm64_32/Decant-Swift.h (in target 'Decant' from project 'SwiftWinMD')
cd /Users/admin/builder/spi-builder-workspace
builtin-swiftHeaderTool -arch arm64 /Users/admin/builder/spi-builder-workspace/.derivedData/Build/Intermediates.noindex/SwiftWinMD.build/Debug-watchos/Decant-t.build/Objects-normal/arm64/Decant-Swift.h -arch arm64_32 /Users/admin/builder/spi-builder-workspace/.derivedData/Build/Intermediates.noindex/SwiftWinMD.build/Debug-watchos/Decant-t.build/Objects-normal/arm64_32/Decant-Swift.h -o /Users/admin/builder/spi-builder-workspace/.derivedData/Build/Intermediates.noindex/GeneratedModuleMaps-watchos/Decant-Swift.h
Copy /Users/admin/builder/spi-builder-workspace/.derivedData/Build/Products/Debug-watchos/Decant.swiftmodule/arm64_32-apple-watchos.swiftmodule /Users/admin/builder/spi-builder-workspace/.derivedData/Build/Intermediates.noindex/SwiftWinMD.build/Debug-watchos/Decant-t.build/Objects-normal/arm64_32/Decant.swiftmodule (in target 'Decant' from project 'SwiftWinMD')
cd /Users/admin/builder/spi-builder-workspace
builtin-copy -exclude .DS_Store -exclude CVS -exclude .svn -exclude .git -exclude .hg -resolve-src-symlinks -rename /Users/admin/builder/spi-builder-workspace/.derivedData/Build/Intermediates.noindex/SwiftWinMD.build/Debug-watchos/Decant-t.build/Objects-normal/arm64_32/Decant.swiftmodule /Users/admin/builder/spi-builder-workspace/.derivedData/Build/Products/Debug-watchos/Decant.swiftmodule/arm64_32-apple-watchos.swiftmodule
Copy /Users/admin/builder/spi-builder-workspace/.derivedData/Build/Products/Debug-watchos/Decant.swiftmodule/arm64_32-apple-watchos.swiftdoc /Users/admin/builder/spi-builder-workspace/.derivedData/Build/Intermediates.noindex/SwiftWinMD.build/Debug-watchos/Decant-t.build/Objects-normal/arm64_32/Decant.swiftdoc (in target 'Decant' from project 'SwiftWinMD')
cd /Users/admin/builder/spi-builder-workspace
builtin-copy -exclude .DS_Store -exclude CVS -exclude .svn -exclude .git -exclude .hg -resolve-src-symlinks -rename /Users/admin/builder/spi-builder-workspace/.derivedData/Build/Intermediates.noindex/SwiftWinMD.build/Debug-watchos/Decant-t.build/Objects-normal/arm64_32/Decant.swiftdoc /Users/admin/builder/spi-builder-workspace/.derivedData/Build/Products/Debug-watchos/Decant.swiftmodule/arm64_32-apple-watchos.swiftdoc
Copy /Users/admin/builder/spi-builder-workspace/.derivedData/Build/Products/Debug-watchos/Decant.swiftmodule/arm64_32-apple-watchos.abi.json /Users/admin/builder/spi-builder-workspace/.derivedData/Build/Intermediates.noindex/SwiftWinMD.build/Debug-watchos/Decant-t.build/Objects-normal/arm64_32/Decant.abi.json (in target 'Decant' from project 'SwiftWinMD')
cd /Users/admin/builder/spi-builder-workspace
builtin-copy -exclude .DS_Store -exclude CVS -exclude .svn -exclude .git -exclude .hg -resolve-src-symlinks -rename /Users/admin/builder/spi-builder-workspace/.derivedData/Build/Intermediates.noindex/SwiftWinMD.build/Debug-watchos/Decant-t.build/Objects-normal/arm64_32/Decant.abi.json /Users/admin/builder/spi-builder-workspace/.derivedData/Build/Products/Debug-watchos/Decant.swiftmodule/arm64_32-apple-watchos.abi.json
Copy /Users/admin/builder/spi-builder-workspace/.derivedData/Build/Products/Debug-watchos/Decant.swiftmodule/Project/arm64_32-apple-watchos.swiftsourceinfo /Users/admin/builder/spi-builder-workspace/.derivedData/Build/Intermediates.noindex/SwiftWinMD.build/Debug-watchos/Decant-t.build/Objects-normal/arm64_32/Decant.swiftsourceinfo (in target 'Decant' from project 'SwiftWinMD')
cd /Users/admin/builder/spi-builder-workspace
builtin-copy -exclude .DS_Store -exclude CVS -exclude .svn -exclude .git -exclude .hg -resolve-src-symlinks -rename /Users/admin/builder/spi-builder-workspace/.derivedData/Build/Intermediates.noindex/SwiftWinMD.build/Debug-watchos/Decant-t.build/Objects-normal/arm64_32/Decant.swiftsourceinfo /Users/admin/builder/spi-builder-workspace/.derivedData/Build/Products/Debug-watchos/Decant.swiftmodule/Project/arm64_32-apple-watchos.swiftsourceinfo
Copy /Users/admin/builder/spi-builder-workspace/.derivedData/Build/Products/Debug-watchos/ArgumentParserToolInfo.swiftmodule/arm64-apple-watchos.abi.json /Users/admin/builder/spi-builder-workspace/.derivedData/Build/Intermediates.noindex/swift-argument-parser.build/Debug-watchos/ArgumentParserToolInfo-t.build/Objects-normal/arm64/ArgumentParserToolInfo.abi.json (in target 'ArgumentParserToolInfo' from project 'swift-argument-parser')
cd /Users/admin/builder/spi-builder-workspace/.dependencies/checkouts/swift-argument-parser
builtin-copy -exclude .DS_Store -exclude CVS -exclude .svn -exclude .git -exclude .hg -resolve-src-symlinks -rename /Users/admin/builder/spi-builder-workspace/.derivedData/Build/Intermediates.noindex/swift-argument-parser.build/Debug-watchos/ArgumentParserToolInfo-t.build/Objects-normal/arm64/ArgumentParserToolInfo.abi.json /Users/admin/builder/spi-builder-workspace/.derivedData/Build/Products/Debug-watchos/ArgumentParserToolInfo.swiftmodule/arm64-apple-watchos.abi.json
Copy /Users/admin/builder/spi-builder-workspace/.derivedData/Build/Products/Debug-watchos/ArgumentParserToolInfo.swiftmodule/Project/arm64-apple-watchos.swiftsourceinfo /Users/admin/builder/spi-builder-workspace/.derivedData/Build/Intermediates.noindex/swift-argument-parser.build/Debug-watchos/ArgumentParserToolInfo-t.build/Objects-normal/arm64/ArgumentParserToolInfo.swiftsourceinfo (in target 'ArgumentParserToolInfo' from project 'swift-argument-parser')
cd /Users/admin/builder/spi-builder-workspace/.dependencies/checkouts/swift-argument-parser
builtin-copy -exclude .DS_Store -exclude CVS -exclude .svn -exclude .git -exclude .hg -resolve-src-symlinks -rename /Users/admin/builder/spi-builder-workspace/.derivedData/Build/Intermediates.noindex/swift-argument-parser.build/Debug-watchos/ArgumentParserToolInfo-t.build/Objects-normal/arm64/ArgumentParserToolInfo.swiftsourceinfo /Users/admin/builder/spi-builder-workspace/.derivedData/Build/Products/Debug-watchos/ArgumentParserToolInfo.swiftmodule/Project/arm64-apple-watchos.swiftsourceinfo
SwiftCompile normal arm64_32 Compiling\ RelationInstance.swift,\ Reordering.swift,\ Resolution.swift,\ Schema+Derivation.swift /Users/admin/builder/spi-builder-workspace/SwiftSQL/Sources/SQLEngine/RelationInstance.swift /Users/admin/builder/spi-builder-workspace/SwiftSQL/Sources/SQLEngine/Reordering.swift /Users/admin/builder/spi-builder-workspace/SwiftSQL/Sources/SQLEngine/Resolution.swift /Users/admin/builder/spi-builder-workspace/SwiftSQL/Sources/SQLEngine/Schema+Derivation.swift (in target 'SQLEngine' from project 'SwiftSQL')
SwiftCompile normal arm64_32 /Users/admin/builder/spi-builder-workspace/SwiftSQL/Sources/SQLEngine/RelationInstance.swift (in target 'SQLEngine' from project 'SwiftSQL')
cd /Users/admin/builder/spi-builder-workspace/.swiftpm/xcode
builtin-SwiftPerFileCompile RelationInstance.swift
SwiftCompile normal arm64_32 /Users/admin/builder/spi-builder-workspace/SwiftSQL/Sources/SQLEngine/Reordering.swift (in target 'SQLEngine' from project 'SwiftSQL')
cd /Users/admin/builder/spi-builder-workspace/.swiftpm/xcode
builtin-SwiftPerFileCompile Reordering.swift
SwiftCompile normal arm64_32 /Users/admin/builder/spi-builder-workspace/SwiftSQL/Sources/SQLEngine/Resolution.swift (in target 'SQLEngine' from project 'SwiftSQL')
cd /Users/admin/builder/spi-builder-workspace/.swiftpm/xcode
builtin-SwiftPerFileCompile Resolution.swift
SwiftCompile normal arm64_32 /Users/admin/builder/spi-builder-workspace/SwiftSQL/Sources/SQLEngine/Schema+Derivation.swift (in target 'SQLEngine' from project 'SwiftSQL')
cd /Users/admin/builder/spi-builder-workspace/.swiftpm/xcode
builtin-SwiftPerFileCompile Schema+Derivation.swift
SwiftCompile normal arm64_32 Compiling\ Error.swift,\ Evaluation.swift,\ Explain.swift,\ Filter.swift /Users/admin/builder/spi-builder-workspace/SwiftSQL/Sources/SQLEngine/Error.swift /Users/admin/builder/spi-builder-workspace/SwiftSQL/Sources/SQLEngine/Evaluation.swift /Users/admin/builder/spi-builder-workspace/SwiftSQL/Sources/SQLEngine/Explain.swift /Users/admin/builder/spi-builder-workspace/SwiftSQL/Sources/SQLEngine/Filter.swift (in target 'SQLEngine' from project 'SwiftSQL')
SwiftCompile normal arm64_32 /Users/admin/builder/spi-builder-workspace/SwiftSQL/Sources/SQLEngine/Error.swift (in target 'SQLEngine' from project 'SwiftSQL')
cd /Users/admin/builder/spi-builder-workspace/.swiftpm/xcode
builtin-SwiftPerFileCompile Error.swift
SwiftCompile normal arm64_32 /Users/admin/builder/spi-builder-workspace/SwiftSQL/Sources/SQLEngine/Evaluation.swift (in target 'SQLEngine' from project 'SwiftSQL')
cd /Users/admin/builder/spi-builder-workspace/.swiftpm/xcode
builtin-SwiftPerFileCompile Evaluation.swift
SwiftCompile normal arm64_32 /Users/admin/builder/spi-builder-workspace/SwiftSQL/Sources/SQLEngine/Explain.swift (in target 'SQLEngine' from project 'SwiftSQL')
cd /Users/admin/builder/spi-builder-workspace/.swiftpm/xcode
builtin-SwiftPerFileCompile Explain.swift
SwiftCompile normal arm64_32 /Users/admin/builder/spi-builder-workspace/SwiftSQL/Sources/SQLEngine/Filter.swift (in target 'SQLEngine' from project 'SwiftSQL')
cd /Users/admin/builder/spi-builder-workspace/.swiftpm/xcode
builtin-SwiftPerFileCompile Filter.swift
SwiftDriverJobDiscovery normal arm64_32 Emitting module for ArgumentParserToolInfo (in target 'ArgumentParserToolInfo' from project 'swift-argument-parser')
SwiftDriver\ Compilation\ Requirements ArgumentParserToolInfo normal arm64_32 com.apple.xcode.tools.swift.compiler (in target 'ArgumentParserToolInfo' from project 'swift-argument-parser')
cd /Users/admin/builder/spi-builder-workspace/.swiftpm/xcode
builtin-Swift-Compilation-Requirements -- /Applications/Xcode-27.0.0-Release.Candidate.app/Contents/Developer/Toolchains/XcodeDefault.xctoolchain/usr/bin/swiftc -parse-as-library -module-name ArgumentParserToolInfo -Onone @/Users/admin/builder/spi-builder-workspace/.derivedData/Build/Intermediates.noindex/swift-argument-parser.build/Debug-watchos/ArgumentParserToolInfo-t.build/Objects-normal/arm64_32/ArgumentParserToolInfo.SwiftFileList -DSWIFT_PACKAGE -DDEBUG -DSWIFT_MODULE_RESOURCE_BUNDLE_UNAVAILABLE -DXcode -plugin-path /Applications/Xcode-27.0.0-Release.Candidate.app/Contents/Developer/Toolchains/XcodeDefault.xctoolchain/usr/lib/swift/host/plugins/testing -enable-experimental-feature DebugDescriptionMacro -sdk /Applications/Xcode-27.0.0-Release.Candidate.app/Contents/Developer/Platforms/WatchOS.platform/Developer/SDKs/WatchOS27.0.sdk -target arm64_32-apple-watchos9.0 -g -module-cache-path /Users/admin/builder/spi-builder-workspace/.derivedData/ModuleCache.noindex -Xfrontend -serialize-debugging-options -profile-coverage-mapping -profile-generate -enable-testing -suppress-warnings -index-store-path /Users/admin/builder/spi-builder-workspace/.derivedData/Index.noindex/DataStore -Xcc -D_LIBCPP_HARDENING_MODE\=_LIBCPP_HARDENING_MODE_DEBUG -swift-version 6 -I /Users/admin/builder/spi-builder-workspace/.derivedData/Build/Products/Debug-watchos -Isystem /Applications/Xcode-27.0.0-Release.Candidate.app/Contents/Developer/Platforms/WatchOS.platform/Developer/usr/lib -F /Users/admin/builder/spi-builder-workspace/.derivedData/Build/Products/Debug-watchos -F /Applications/Xcode-27.0.0-Release.Candidate.app/Contents/Developer/Platforms/WatchOS.platform/Developer/Library/Frameworks -F /Applications/Xcode-27.0.0-Release.Candidate.app/Contents/Developer/Platforms/WatchOS.platform/Developer/SDKs/WatchOS27.0.sdk/Developer/Library/Frameworks -c -j10 -enable-batch-mode -incremental -Xcc -ivfsstatcache -Xcc /Users/admin/builder/spi-builder-workspace/.derivedData/SDKStatCaches.noindex/watchos27.0-24R360-e829b21a6f8c9b70876ba0858053c04477534ef55a1706bf4c1112bbb242f0a2.sdkstatcache -output-file-map /Users/admin/builder/spi-builder-workspace/.derivedData/Build/Intermediates.noindex/swift-argument-parser.build/Debug-watchos/ArgumentParserToolInfo-t.build/Objects-normal/arm64_32/ArgumentParserToolInfo-OutputFileMap.json -save-temps -no-color-diagnostics -explicit-module-build -module-cache-path /Users/admin/builder/spi-builder-workspace/.derivedData/Build/Intermediates.noindex/SwiftExplicitPrecompiledModules -clang-scanner-module-cache-path /Users/admin/builder/spi-builder-workspace/.derivedData/ModuleCache.noindex -sdk-module-cache-path /Users/admin/builder/spi-builder-workspace/.derivedData/SDKExplicitPrecompiledModules -emit-dependencies -emit-module -emit-module-path /Users/admin/builder/spi-builder-workspace/.derivedData/Build/Intermediates.noindex/swift-argument-parser.build/Debug-watchos/ArgumentParserToolInfo-t.build/Objects-normal/arm64_32/ArgumentParserToolInfo.swiftmodule -serialize-diagnostics -dependency-scan-serialize-diagnostics-path /Users/admin/builder/spi-builder-workspace/.derivedData/Build/Intermediates.noindex/swift-argument-parser.build/Debug-watchos/ArgumentParserToolInfo-t.build/Objects-normal/arm64_32/ArgumentParserToolInfo-dependency-scan.dia -user-module-version 1.8.2 -validate-clang-modules-once -clang-build-session-file /Users/admin/builder/spi-builder-workspace/.derivedData/ModuleCache.noindex/Session.modulevalidation -Xcc -fmodules-prune-interval\=86400 -Xcc -fmodules-prune-after\=345600 -package-name swift_argument_parser -emit-const-values -const-gather-protocols-list /Users/admin/builder/spi-builder-workspace/.derivedData/Build/Intermediates.noindex/swift-argument-parser.build/Debug-watchos/ArgumentParserToolInfo-t.build/Objects-normal/arm64_32/ArgumentParserToolInfo_const_extract_protocols.json -Xcc -I/Users/admin/builder/spi-builder-workspace/.derivedData/Build/Products/Debug-watchos/include -Xcc -I/Users/admin/builder/spi-builder-workspace/.derivedData/Build/Intermediates.noindex/swift-argument-parser.build/Debug-watchos/ArgumentParserToolInfo-t.build/DerivedSources-normal/arm64_32 -Xcc -I/Users/admin/builder/spi-builder-workspace/.derivedData/Build/Intermediates.noindex/swift-argument-parser.build/Debug-watchos/ArgumentParserToolInfo-t.build/DerivedSources/arm64_32 -Xcc -I/Users/admin/builder/spi-builder-workspace/.derivedData/Build/Intermediates.noindex/swift-argument-parser.build/Debug-watchos/ArgumentParserToolInfo-t.build/DerivedSources -Xcc -DSWIFT_PACKAGE -Xcc -DDEBUG\=1 -emit-objc-header -emit-objc-header-path /Users/admin/builder/spi-builder-workspace/.derivedData/Build/Intermediates.noindex/swift-argument-parser.build/Debug-watchos/ArgumentParserToolInfo-t.build/Objects-normal/arm64_32/ArgumentParserToolInfo-Swift.h -working-directory /Users/admin/builder/spi-builder-workspace/.swiftpm/xcode -experimental-emit-module-separately -disable-cmo
SwiftCompile normal arm64 Compiling\ Function.swift,\ Grouped.swift,\ GroupingSets.swift,\ Interpreter.swift /Users/admin/builder/spi-builder-workspace/SwiftSQL/Sources/SQLEngine/Function.swift /Users/admin/builder/spi-builder-workspace/SwiftSQL/Sources/SQLEngine/Grouped.swift /Users/admin/builder/spi-builder-workspace/SwiftSQL/Sources/SQLEngine/GroupingSets.swift /Users/admin/builder/spi-builder-workspace/SwiftSQL/Sources/SQLEngine/Interpreter.swift (in target 'SQLEngine' from project 'SwiftSQL')
SwiftCompile normal arm64 /Users/admin/builder/spi-builder-workspace/SwiftSQL/Sources/SQLEngine/Function.swift (in target 'SQLEngine' from project 'SwiftSQL')
cd /Users/admin/builder/spi-builder-workspace/.swiftpm/xcode
builtin-SwiftPerFileCompile Function.swift
SwiftCompile normal arm64 /Users/admin/builder/spi-builder-workspace/SwiftSQL/Sources/SQLEngine/Grouped.swift (in target 'SQLEngine' from project 'SwiftSQL')
cd /Users/admin/builder/spi-builder-workspace/.swiftpm/xcode
builtin-SwiftPerFileCompile Grouped.swift
SwiftCompile normal arm64 /Users/admin/builder/spi-builder-workspace/SwiftSQL/Sources/SQLEngine/GroupingSets.swift (in target 'SQLEngine' from project 'SwiftSQL')
cd /Users/admin/builder/spi-builder-workspace/.swiftpm/xcode
builtin-SwiftPerFileCompile GroupingSets.swift
SwiftCompile normal arm64 /Users/admin/builder/spi-builder-workspace/SwiftSQL/Sources/SQLEngine/Interpreter.swift (in target 'SQLEngine' from project 'SwiftSQL')
cd /Users/admin/builder/spi-builder-workspace/.swiftpm/xcode
builtin-SwiftPerFileCompile Interpreter.swift
SwiftCompile normal arm64_32 Compiling\ Aggregation.swift,\ Carrier.swift,\ Compilation.swift,\ Context.swift /Users/admin/builder/spi-builder-workspace/SwiftSQL/Sources/SQLEngine/Aggregation.swift /Users/admin/builder/spi-builder-workspace/SwiftSQL/Sources/SQLEngine/Carrier.swift /Users/admin/builder/spi-builder-workspace/SwiftSQL/Sources/SQLEngine/Compilation.swift /Users/admin/builder/spi-builder-workspace/SwiftSQL/Sources/SQLEngine/Context.swift (in target 'SQLEngine' from project 'SwiftSQL')
SwiftCompile normal arm64_32 /Users/admin/builder/spi-builder-workspace/SwiftSQL/Sources/SQLEngine/Aggregation.swift (in target 'SQLEngine' from project 'SwiftSQL')
cd /Users/admin/builder/spi-builder-workspace/.swiftpm/xcode
builtin-SwiftPerFileCompile Aggregation.swift
SwiftCompile normal arm64_32 /Users/admin/builder/spi-builder-workspace/SwiftSQL/Sources/SQLEngine/Carrier.swift (in target 'SQLEngine' from project 'SwiftSQL')
cd /Users/admin/builder/spi-builder-workspace/.swiftpm/xcode
builtin-SwiftPerFileCompile Carrier.swift
SwiftCompile normal arm64_32 /Users/admin/builder/spi-builder-workspace/SwiftSQL/Sources/SQLEngine/Compilation.swift (in target 'SQLEngine' from project 'SwiftSQL')
cd /Users/admin/builder/spi-builder-workspace/.swiftpm/xcode
builtin-SwiftPerFileCompile Compilation.swift
SwiftCompile normal arm64_32 /Users/admin/builder/spi-builder-workspace/SwiftSQL/Sources/SQLEngine/Context.swift (in target 'SQLEngine' from project 'SwiftSQL')
cd /Users/admin/builder/spi-builder-workspace/.swiftpm/xcode
builtin-SwiftPerFileCompile Context.swift
SwiftMergeGeneratedHeaders /Users/admin/builder/spi-builder-workspace/.derivedData/Build/Intermediates.noindex/GeneratedModuleMaps-watchos/ArgumentParserToolInfo-Swift.h /Users/admin/builder/spi-builder-workspace/.derivedData/Build/Intermediates.noindex/swift-argument-parser.build/Debug-watchos/ArgumentParserToolInfo-t.build/Objects-normal/arm64/ArgumentParserToolInfo-Swift.h /Users/admin/builder/spi-builder-workspace/.derivedData/Build/Intermediates.noindex/swift-argument-parser.build/Debug-watchos/ArgumentParserToolInfo-t.build/Objects-normal/arm64_32/ArgumentParserToolInfo-Swift.h (in target 'ArgumentParserToolInfo' from project 'swift-argument-parser')
cd /Users/admin/builder/spi-builder-workspace/.dependencies/checkouts/swift-argument-parser
builtin-swiftHeaderTool -arch arm64 /Users/admin/builder/spi-builder-workspace/.derivedData/Build/Intermediates.noindex/swift-argument-parser.build/Debug-watchos/ArgumentParserToolInfo-t.build/Objects-normal/arm64/ArgumentParserToolInfo-Swift.h -arch arm64_32 /Users/admin/builder/spi-builder-workspace/.derivedData/Build/Intermediates.noindex/swift-argument-parser.build/Debug-watchos/ArgumentParserToolInfo-t.build/Objects-normal/arm64_32/ArgumentParserToolInfo-Swift.h -o /Users/admin/builder/spi-builder-workspace/.derivedData/Build/Intermediates.noindex/GeneratedModuleMaps-watchos/ArgumentParserToolInfo-Swift.h
Copy /Users/admin/builder/spi-builder-workspace/.derivedData/Build/Products/Debug-watchos/ArgumentParserToolInfo.swiftmodule/arm64_32-apple-watchos.swiftmodule /Users/admin/builder/spi-builder-workspace/.derivedData/Build/Intermediates.noindex/swift-argument-parser.build/Debug-watchos/ArgumentParserToolInfo-t.build/Objects-normal/arm64_32/ArgumentParserToolInfo.swiftmodule (in target 'ArgumentParserToolInfo' from project 'swift-argument-parser')
cd /Users/admin/builder/spi-builder-workspace/.dependencies/checkouts/swift-argument-parser
builtin-copy -exclude .DS_Store -exclude CVS -exclude .svn -exclude .git -exclude .hg -resolve-src-symlinks -rename /Users/admin/builder/spi-builder-workspace/.derivedData/Build/Intermediates.noindex/swift-argument-parser.build/Debug-watchos/ArgumentParserToolInfo-t.build/Objects-normal/arm64_32/ArgumentParserToolInfo.swiftmodule /Users/admin/builder/spi-builder-workspace/.derivedData/Build/Products/Debug-watchos/ArgumentParserToolInfo.swiftmodule/arm64_32-apple-watchos.swiftmodule
Copy /Users/admin/builder/spi-builder-workspace/.derivedData/Build/Products/Debug-watchos/ArgumentParserToolInfo.swiftmodule/arm64_32-apple-watchos.swiftdoc /Users/admin/builder/spi-builder-workspace/.derivedData/Build/Intermediates.noindex/swift-argument-parser.build/Debug-watchos/ArgumentParserToolInfo-t.build/Objects-normal/arm64_32/ArgumentParserToolInfo.swiftdoc (in target 'ArgumentParserToolInfo' from project 'swift-argument-parser')
cd /Users/admin/builder/spi-builder-workspace/.dependencies/checkouts/swift-argument-parser
builtin-copy -exclude .DS_Store -exclude CVS -exclude .svn -exclude .git -exclude .hg -resolve-src-symlinks -rename /Users/admin/builder/spi-builder-workspace/.derivedData/Build/Intermediates.noindex/swift-argument-parser.build/Debug-watchos/ArgumentParserToolInfo-t.build/Objects-normal/arm64_32/ArgumentParserToolInfo.swiftdoc /Users/admin/builder/spi-builder-workspace/.derivedData/Build/Products/Debug-watchos/ArgumentParserToolInfo.swiftmodule/arm64_32-apple-watchos.swiftdoc
Copy /Users/admin/builder/spi-builder-workspace/.derivedData/Build/Products/Debug-watchos/ArgumentParserToolInfo.swiftmodule/arm64_32-apple-watchos.abi.json /Users/admin/builder/spi-builder-workspace/.derivedData/Build/Intermediates.noindex/swift-argument-parser.build/Debug-watchos/ArgumentParserToolInfo-t.build/Objects-normal/arm64_32/ArgumentParserToolInfo.abi.json (in target 'ArgumentParserToolInfo' from project 'swift-argument-parser')
cd /Users/admin/builder/spi-builder-workspace/.dependencies/checkouts/swift-argument-parser
builtin-copy -exclude .DS_Store -exclude CVS -exclude .svn -exclude .git -exclude .hg -resolve-src-symlinks -rename /Users/admin/builder/spi-builder-workspace/.derivedData/Build/Intermediates.noindex/swift-argument-parser.build/Debug-watchos/ArgumentParserToolInfo-t.build/Objects-normal/arm64_32/ArgumentParserToolInfo.abi.json /Users/admin/builder/spi-builder-workspace/.derivedData/Build/Products/Debug-watchos/ArgumentParserToolInfo.swiftmodule/arm64_32-apple-watchos.abi.json
Copy /Users/admin/builder/spi-builder-workspace/.derivedData/Build/Products/Debug-watchos/ArgumentParserToolInfo.swiftmodule/Project/arm64_32-apple-watchos.swiftsourceinfo /Users/admin/builder/spi-builder-workspace/.derivedData/Build/Intermediates.noindex/swift-argument-parser.build/Debug-watchos/ArgumentParserToolInfo-t.build/Objects-normal/arm64_32/ArgumentParserToolInfo.swiftsourceinfo (in target 'ArgumentParserToolInfo' from project 'swift-argument-parser')
cd /Users/admin/builder/spi-builder-workspace/.dependencies/checkouts/swift-argument-parser
builtin-copy -exclude .DS_Store -exclude CVS -exclude .svn -exclude .git -exclude .hg -resolve-src-symlinks -rename /Users/admin/builder/spi-builder-workspace/.derivedData/Build/Intermediates.noindex/swift-argument-parser.build/Debug-watchos/ArgumentParserToolInfo-t.build/Objects-normal/arm64_32/ArgumentParserToolInfo.swiftsourceinfo /Users/admin/builder/spi-builder-workspace/.derivedData/Build/Products/Debug-watchos/ArgumentParserToolInfo.swiftmodule/Project/arm64_32-apple-watchos.swiftsourceinfo
SwiftExplicitDependencyGeneratePcm arm64_32 /Users/admin/builder/spi-builder-workspace/.derivedData/SDKExplicitPrecompiledModules/ptrcheck-EAZ3I917ZFA9H6ZCL6PGLG4TR.pcm
SwiftExplicitDependencyGeneratePcm arm64 /Users/admin/builder/spi-builder-workspace/.derivedData/SDKExplicitPrecompiledModules/_Builtin_stddef-5OH846KKUPSJJT7GCX9XU1TKG.pcm
SwiftExplicitDependencyGeneratePcm arm64_32 /Users/admin/builder/spi-builder-workspace/.derivedData/SDKExplicitPrecompiledModules/ptrauth-EW7YZZ7LEZE1QZF2T8148IPSA.pcm
SwiftExplicitDependencyGeneratePcm arm64 /Users/admin/builder/spi-builder-workspace/.derivedData/SDKExplicitPrecompiledModules/_AvailabilityInternal-42EVAC8Q6P1ZT6G3A168N97G4.pcm
PruneExplicitPrecompiledModules /Users/admin/builder/spi-builder-workspace/.derivedData/SDKExplicitPrecompiledModules
PruneExplicitPrecompiledModules /Users/admin/builder/spi-builder-workspace/.derivedData/Build/Intermediates.noindex/ExplicitPrecompiledModules
PruneExplicitPrecompiledModules /Users/admin/builder/spi-builder-workspace/.derivedData/Build/Intermediates.noindex/SwiftExplicitPrecompiledModules
2026-09-27 12:04:04.569 xcodebuild[750:4577] [MT] IDERunDestination: Supported platforms for the buildables in the current scheme is empty.
** BUILD FAILED **
The following build commands failed:
SwiftEmitModule normal arm64_32 Emitting\ module\ for\ SQLEngine (in target 'SQLEngine' from project 'SwiftSQL')
SwiftCompile normal arm64_32 (in target 'SQLEngine' from project 'SwiftSQL')
Building workspace SwiftWinMD with scheme SwiftWinMD-Package
(3 failures)
Command line invocation:
/Applications/Xcode-27.0.0-Release.Candidate.app/Contents/Developer/usr/bin/xcodebuild -IDEClonedSourcePackagesDirPathOverride=/Users/admin/builder/spi-builder-workspace/.dependencies -resolvePackageDependencies
Resolve Package Graph
Resolved source packages:
swift-mustache: https://github.com/hummingbird-project/swift-mustache @ 2.1.1
swift-argument-parser: https://github.com/apple/swift-argument-parser @ 1.8.2
SwiftWinMD: /Users/admin/builder/spi-builder-workspace
SwiftSQL: /Users/admin/builder/spi-builder-workspace/SwiftSQL @ local
resolved source packages: swift-mustache, swift-argument-parser, SwiftWinMD, SwiftSQL
2026-09-27 12:04:11.081 xcodebuild[838:5199] [MT] IDERunDestination: Supported platforms for the buildables in the current scheme is empty.
{
"dependencies" : [
{
"identity" : "swiftsql",
"path" : "/Users/admin/builder/spi-builder-workspace/SwiftSQL",
"type" : "fileSystem"
},
{
"identity" : "swift-argument-parser",
"requirement" : {
"range" : [
{
"lower_bound" : "1.5.0",
"upper_bound" : "2.0.0"
}
]
},
"type" : "sourceControl",
"url" : "https://github.com/apple/swift-argument-parser"
},
{
"identity" : "swift-mustache",
"requirement" : {
"range" : [
{
"lower_bound" : "2.0.0",
"upper_bound" : "3.0.0"
}
]
},
"type" : "sourceControl",
"url" : "https://github.com/hummingbird-project/swift-mustache"
}
],
"manifest_display_name" : "SwiftWinMD",
"name" : "SwiftWinMD",
"path" : "/Users/admin/builder/spi-builder-workspace",
"platforms" : [
{
"name" : "macos",
"version" : "26.0"
}
],
"products" : [
{
"name" : "winmd-inspect",
"targets" : [
"winmd-inspect"
],
"type" : {
"executable" : null
}
},
{
"name" : "WinMDSynthesis",
"targets" : [
"WinMDSynthesis"
],
"type" : {
"library" : [
"automatic"
]
}
},
{
"name" : "SQLEngineWinMD",
"targets" : [
"SQLEngineWinMD"
],
"type" : {
"library" : [
"automatic"
]
}
},
{
"name" : "Decant",
"targets" : [
"Decant"
],
"type" : {
"library" : [
"automatic"
]
}
}
],
"targets" : [
{
"c99name" : "winmd_inspectTests",
"module_type" : "SwiftTarget",
"name" : "winmd-inspectTests",
"path" : "Tests/winmd-inspectTests",
"product_dependencies" : [
"SQLEngine",
"SQLShell",
"SQLStandard",
"Mustache"
],
"sources" : [
"DatabaseSQLTests.swift",
"QueryTests.swift",
"RenderClosureTests.swift",
"RenderOverrideTests.swift",
"RenderSeedTests.swift",
"ShellTests.swift",
"ValueDisplayTests.swift"
],
"target_dependencies" : [
"winmd-inspect",
"SQLEngineWinMD",
"WinMD"
],
"type" : "test"
},
{
"c99name" : "winmd_inspect",
"module_type" : "SwiftTarget",
"name" : "winmd-inspect",
"path" : "Sources/winmd-inspect",
"product_dependencies" : [
"SQLEngine",
"SQLShell",
"SQLStandard",
"ArgumentParser",
"Mustache"
],
"product_memberships" : [
"winmd-inspect"
],
"resources" : [
{
"path" : "/Users/admin/builder/spi-builder-workspace/Sources/winmd-inspect/Resources",
"rule" : {
"copy" : {
}
}
}
],
"sources" : [
"FileURL.swift",
"Inspect.swift",
"Query.swift",
"Shell.swift"
],
"target_dependencies" : [
"SQLEngineWinMD",
"WinMD",
"WinMDSynthesis"
],
"type" : "executable"
},
{
"c99name" : "WinMDTests",
"module_type" : "SwiftTarget",
"name" : "WinMDTests",
"path" : "Tests/WinMDTests",
"sources" : [
"AttributeTests.swift",
"BlobsHeapTests.swift",
"CodedIndexTests.swift",
"FieldTests.swift",
"GUIDHeapTests.swift",
"NavigationTests.swift",
"PhysicalSchemaTests.swift",
"QueryTests.swift",
"ReferencingTests.swift",
"RequiredReferenceTests.swift",
"ResolveTests.swift",
"RowLayoutTests.swift",
"SignatureTests.swift",
"SortKeyTests.swift",
"StringsHeapTests.swift",
"UserStringsHeapTests.swift"
],
"target_dependencies" : [
"WinMD"
],
"type" : "test"
},
{
"c99name" : "WinMDSynthesisTests",
"module_type" : "SwiftTarget",
"name" : "WinMDSynthesisTests",
"path" : "Tests/WinMDSynthesisTests",
"sources" : [
"DecodeTests.swift",
"ResolverTests.swift"
],
"target_dependencies" : [
"WinMDSynthesis"
],
"type" : "test"
},
{
"c99name" : "WinMDSynthesis",
"module_type" : "SwiftTarget",
"name" : "WinMDSynthesis",
"path" : "Sources/WinMDSynthesis",
"product_memberships" : [
"winmd-inspect",
"WinMDSynthesis",
"SQLEngineWinMD"
],
"sources" : [
"Decode.swift",
"Resolver.swift"
],
"target_dependencies" : [
"WinMD"
],
"type" : "library"
},
{
"c99name" : "WinMD",
"module_type" : "SwiftTarget",
"name" : "WinMD",
"path" : "Sources/WinMD",
"product_memberships" : [
"winmd-inspect",
"WinMDSynthesis",
"SQLEngineWinMD"
],
"sources" : [
"AssemblyVersion.swift",
"Attribute.swift",
"BlobsHeap.swift",
"CIL.swift",
"CILFlags.swift",
"CILTables.swift",
"CodedIndex.swift",
"Column.swift",
"Compression.swift",
"DOSFile.swift",
"Database.swift",
"Error.swift",
"Extensions/RawSpan+Extensions.swift",
"Extensions/String+Extensions.swift",
"Field.swift",
"GUIDHeap.swift",
"Index.swift",
"Iteration.swift",
"PEFile.swift",
"PhysicalSchema.swift",
"Query.swift",
"RowLayout.swift",
"Signature.swift",
"Storage.swift",
"StringsHeap.swift",
"Table.swift",
"Tables/Assembly.swift",
"Tables/AssemblyOS.swift",
"Tables/AssemblyProcessor.swift",
"Tables/AssemblyRef.swift",
"Tables/AssemblyRefOS.swift",
"Tables/AssemblyRefProcessor.swift",
"Tables/ClassLayout.swift",
"Tables/Constant.swift",
"Tables/CustomAttribute.swift",
"Tables/DeclSecurity.swift",
"Tables/EventDef.swift",
"Tables/EventMap.swift",
"Tables/ExportedType.swift",
"Tables/FieldDef.swift",
"Tables/FieldLayout.swift",
"Tables/FieldMarshal.swift",
"Tables/FieldRVA.swift",
"Tables/File.swift",
"Tables/GenericParam.swift",
"Tables/GenericParamConstraint.swift",
"Tables/ImplMap.swift",
"Tables/InterfaceImpl.swift",
"Tables/ManifestResource.swift",
"Tables/MemberRef.swift",
"Tables/MethodDef.swift",
"Tables/MethodImpl.swift",
"Tables/MethodSemantics.swift",
"Tables/MethodSpec.swift",
"Tables/Module.swift",
"Tables/ModuleRef.swift",
"Tables/NestedClass.swift",
"Tables/Param.swift",
"Tables/PropertyDef.swift",
"Tables/PropertyMap.swift",
"Tables/StandAloneSig.swift",
"Tables/TypeDef.swift",
"Tables/TypeRef.swift",
"Tables/TypeSpec.swift",
"TablesStream.swift",
"UserStringsHeap.swift"
],
"target_dependencies" : [
"CPE"
],
"type" : "library"
},
{
"c99name" : "SQLEngineWinMDTests",
"module_type" : "SwiftTarget",
"name" : "SQLEngineWinMDTests",
"path" : "Tests/SQLEngineWinMDTests",
"product_dependencies" : [
"SQLEngine",
"SQLStandard",
"Mustache"
],
"sources" : [
"AdapterTests.swift",
"RecursiveScopeTests.swift",
"TypeSpecViewTests.swift",
"TypesViewTests.swift",
"WinMDDatabaseTests.swift"
],
"target_dependencies" : [
"SQLEngineWinMD",
"WinMD",
"WinMDSynthesis"
],
"type" : "test"
},
{
"c99name" : "SQLEngineWinMD",
"module_type" : "SwiftTarget",
"name" : "SQLEngineWinMD",
"path" : "Sources/SQLEngineWinMD",
"product_dependencies" : [
"SQLEngine",
"SQLStandard"
],
"product_memberships" : [
"winmd-inspect",
"SQLEngineWinMD"
],
"resources" : [
{
"path" : "/Users/admin/builder/spi-builder-workspace/Sources/SQLEngineWinMD/Resources",
"rule" : {
"copy" : {
}
}
}
],
"sources" : [
"Database+SQL.swift",
"Language.swift",
"Session+Run.swift",
"WinMDDatabase.swift"
],
"target_dependencies" : [
"WinMD",
"WinMDSynthesis"
],
"type" : "library"
},
{
"c99name" : "DecantTests",
"module_type" : "SwiftTarget",
"name" : "DecantTests",
"path" : "Tests/DecantTests",
"sources" : [
"SmokeTests.swift"
],
"target_dependencies" : [
"Decant"
],
"type" : "test"
},
{
"c99name" : "Decant",
"module_type" : "SwiftTarget",
"name" : "Decant",
"path" : "Sources/Decant",
"product_memberships" : [
"Decant"
],
"sources" : [
"Core+Deserialization.swift",
"Core+Serialization.swift",
"Deserializer.swift",
"Error.swift",
"Serializer.swift",
"Sink.swift"
],
"type" : "library"
},
{
"c99name" : "CPE",
"module_type" : "ClangTarget",
"name" : "CPE",
"path" : "Sources/CPE",
"product_memberships" : [
"winmd-inspect",
"WinMDSynthesis",
"SQLEngineWinMD"
],
"sources" : [
"shims.c"
],
"type" : "library"
}
],
"tools_version" : "6.4"
}
{
"workspace" : {
"name" : "SwiftWinMD",
"schemes" : [
"Decant",
"SQLEngineWinMD",
"SwiftWinMD-Package",
"winmd-inspect",
"WinMDSynthesis"
]
}
}
2026-09-27 12:04:13.344 xcodebuild[854:5312] [MT] IDERunDestination: Supported platforms for the buildables in the current scheme is empty.
Running build ...
env DEVELOPER_DIR=/Applications/Xcode-27.0.0-Release.Candidate.app xcrun xcodebuild -IDEClonedSourcePackagesDirPathOverride=$PWD/.dependencies -skipMacroValidation -skipPackagePluginValidation -derivedDataPath $PWD/.derivedData build -scheme SwiftWinMD-Package -destination generic/platform=watchOS
Command line invocation:
/Applications/Xcode-27.0.0-Release.Candidate.app/Contents/Developer/usr/bin/xcodebuild -IDEClonedSourcePackagesDirPathOverride=/Users/admin/builder/spi-builder-workspace/.dependencies -skipMacroValidation -skipPackagePluginValidation -derivedDataPath /Users/admin/builder/spi-builder-workspace/.derivedData build -scheme SwiftWinMD-Package -destination generic/platform=watchOS
Resolve Package Graph
Resolved source packages:
swift-mustache: https://github.com/hummingbird-project/swift-mustache @ 2.1.1
SwiftWinMD: /Users/admin/builder/spi-builder-workspace
swift-argument-parser: https://github.com/apple/swift-argument-parser @ 1.8.2
SwiftSQL: /Users/admin/builder/spi-builder-workspace/SwiftSQL @ local
ComputePackagePrebuildTargetDependencyGraph
Prepare packages
CreateBuildRequest
SendProjectDescription
CreateBuildOperation
ComputeTargetDependencyGraph
note: Building targets in dependency order
note: Target dependency graph (22 targets)
Target 'winmd-inspect-product' in project 'SwiftWinMD'
➜ Explicit dependency on target 'SwiftWinMD_winmd-inspect' in project 'SwiftWinMD'
➜ Explicit dependency on target 'CPE' in project 'SwiftWinMD'
➜ Explicit dependency on target 'WinMD' in project 'SwiftWinMD'
➜ Explicit dependency on target 'WinMDSynthesis' in project 'SwiftWinMD'
➜ Explicit dependency on target 'SQLEngineWinMD' in project 'SwiftWinMD'
➜ Explicit dependency on target 'SQLEngine-product' in project 'SwiftSQL'
➜ Explicit dependency on target 'SQLStandard-product' in project 'SwiftSQL'
➜ Explicit dependency on target 'SQLShell-product' in project 'SwiftSQL'
➜ Explicit dependency on target 'ArgumentParser-product' in project 'swift-argument-parser'
➜ Explicit dependency on target 'Mustache-product' in project 'swift-mustache'
Target 'Mustache-product' in project 'swift-mustache'
➜ Explicit dependency on target 'Mustache' in project 'swift-mustache'
Target 'Mustache' in project 'swift-mustache' (no dependencies)
Target 'ArgumentParser-product' in project 'swift-argument-parser'
➜ Explicit dependency on target 'ArgumentParser' in project 'swift-argument-parser'
➜ Explicit dependency on target 'ArgumentParserToolInfo' in project 'swift-argument-parser'
Target 'ArgumentParser' in project 'swift-argument-parser'
➜ Explicit dependency on target 'ArgumentParserToolInfo' in project 'swift-argument-parser'
Target 'ArgumentParserToolInfo' in project 'swift-argument-parser' (no dependencies)
Target 'SQLShell-product' in project 'SwiftSQL'
➜ Explicit dependency on target 'SQLShell' in project 'SwiftSQL'
➜ Explicit dependency on target 'SQLEngine' in project 'SwiftSQL'
➜ Explicit dependency on target 'SQLStandard' in project 'SwiftSQL'
Target 'SQLShell' in project 'SwiftSQL'
➜ Explicit dependency on target 'SQLEngine' in project 'SwiftSQL'
➜ Explicit dependency on target 'SQLStandard' in project 'SwiftSQL'
Target 'SwiftWinMD_winmd-inspect' in project 'SwiftWinMD' (no dependencies)
Target 'Decant-product' in project 'SwiftWinMD'
➜ Explicit dependency on target 'Decant' in project 'SwiftWinMD'
Target 'Decant' in project 'SwiftWinMD' (no dependencies)
Target 'SQLEngineWinMD-product' in project 'SwiftWinMD'
➜ Explicit dependency on target 'SQLEngineWinMD' in project 'SwiftWinMD'
➜ Explicit dependency on target 'SwiftWinMD_SQLEngineWinMD' in project 'SwiftWinMD'
➜ Explicit dependency on target 'CPE' in project 'SwiftWinMD'
➜ Explicit dependency on target 'WinMD' in project 'SwiftWinMD'
➜ Explicit dependency on target 'WinMDSynthesis' in project 'SwiftWinMD'
➜ Explicit dependency on target 'SQLEngine-product' in project 'SwiftSQL'
➜ Explicit dependency on target 'SQLStandard-product' in project 'SwiftSQL'
Target 'SQLEngineWinMD' in project 'SwiftWinMD'
➜ Explicit dependency on target 'SwiftWinMD_SQLEngineWinMD' in project 'SwiftWinMD'
➜ Explicit dependency on target 'CPE' in project 'SwiftWinMD'
➜ Explicit dependency on target 'WinMD' in project 'SwiftWinMD'
➜ Explicit dependency on target 'WinMDSynthesis' in project 'SwiftWinMD'
➜ Explicit dependency on target 'SQLEngine-product' in project 'SwiftSQL'
➜ Explicit dependency on target 'SQLStandard-product' in project 'SwiftSQL'
Target 'SQLStandard-product' in project 'SwiftSQL'
➜ Explicit dependency on target 'SQLStandard' in project 'SwiftSQL'
➜ Explicit dependency on target 'SQLEngine' in project 'SwiftSQL'
Target 'SQLStandard' in project 'SwiftSQL'
➜ Explicit dependency on target 'SQLEngine' in project 'SwiftSQL'
Target 'SQLEngine-product' in project 'SwiftSQL'
➜ Explicit dependency on target 'SQLEngine' in project 'SwiftSQL'
Target 'SQLEngine' in project 'SwiftSQL' (no dependencies)
Target 'SwiftWinMD_SQLEngineWinMD' in project 'SwiftWinMD' (no dependencies)
Target 'WinMDSynthesis-product' in project 'SwiftWinMD'
➜ Explicit dependency on target 'WinMDSynthesis' in project 'SwiftWinMD'
➜ Explicit dependency on target 'CPE' in project 'SwiftWinMD'
➜ Explicit dependency on target 'WinMD' in project 'SwiftWinMD'
Target 'WinMDSynthesis' in project 'SwiftWinMD'
➜ Explicit dependency on target 'CPE' in project 'SwiftWinMD'
➜ Explicit dependency on target 'WinMD' in project 'SwiftWinMD'
Target 'WinMD' in project 'SwiftWinMD'
➜ Explicit dependency on target 'CPE' in project 'SwiftWinMD'
Target 'CPE' in project 'SwiftWinMD' (no dependencies)
GatherProvisioningInputs
CreateBuildDescription
ClangStatCache /Applications/Xcode-27.0.0-Release.Candidate.app/Contents/Developer/Toolchains/XcodeDefault.xctoolchain/usr/bin/clang-stat-cache /Applications/Xcode-27.0.0-Release.Candidate.app/Contents/Developer/Platforms/WatchOS.platform/Developer/SDKs/WatchOS27.0.sdk /Users/admin/builder/spi-builder-workspace/.derivedData/SDKStatCaches.noindex/watchos27.0-24R360-e829b21a6f8c9b70876ba0858053c04477534ef55a1706bf4c1112bbb242f0a2.sdkstatcache
cd /Users/admin/builder/spi-builder-workspace/.swiftpm/xcode
/Applications/Xcode-27.0.0-Release.Candidate.app/Contents/Developer/Toolchains/XcodeDefault.xctoolchain/usr/bin/clang-stat-cache /Applications/Xcode-27.0.0-Release.Candidate.app/Contents/Developer/Platforms/WatchOS.platform/Developer/SDKs/WatchOS27.0.sdk -o /Users/admin/builder/spi-builder-workspace/.derivedData/SDKStatCaches.noindex/watchos27.0-24R360-e829b21a6f8c9b70876ba0858053c04477534ef55a1706bf4c1112bbb242f0a2.sdkstatcache
SwiftDriver WinMD normal arm64 com.apple.xcode.tools.swift.compiler (in target 'WinMD' from project 'SwiftWinMD')
cd /Users/admin/builder/spi-builder-workspace/.swiftpm/xcode
builtin-SwiftDriver -- /Applications/Xcode-27.0.0-Release.Candidate.app/Contents/Developer/Toolchains/XcodeDefault.xctoolchain/usr/bin/swiftc -parse-as-library -module-name WinMD -Onone @/Users/admin/builder/spi-builder-workspace/.derivedData/Build/Intermediates.noindex/SwiftWinMD.build/Debug-watchos/WinMD-t.build/Objects-normal/arm64/WinMD.SwiftFileList -DSWIFT_PACKAGE -DDEBUG -DSWIFT_MODULE_RESOURCE_BUNDLE_UNAVAILABLE -Xcc -fmodule-map-file\=/Users/admin/builder/spi-builder-workspace/.derivedData/Build/Intermediates.noindex/GeneratedModuleMaps-watchos/CPE.modulemap -DXcode -enable-experimental-feature Lifetimes -plugin-path /Applications/Xcode-27.0.0-Release.Candidate.app/Contents/Developer/Toolchains/XcodeDefault.xctoolchain/usr/lib/swift/host/plugins/testing -enable-experimental-feature DebugDescriptionMacro -sdk /Applications/Xcode-27.0.0-Release.Candidate.app/Contents/Developer/Platforms/WatchOS.platform/Developer/SDKs/WatchOS27.0.sdk -target arm64-apple-watchos9.0 -g -module-cache-path /Users/admin/builder/spi-builder-workspace/.derivedData/ModuleCache.noindex -Xfrontend -serialize-debugging-options -profile-coverage-mapping -profile-generate -enable-testing -index-store-path /Users/admin/builder/spi-builder-workspace/.derivedData/Index.noindex/DataStore -Xcc -D_LIBCPP_HARDENING_MODE\=_LIBCPP_HARDENING_MODE_DEBUG -swift-version 6 -I /Users/admin/builder/spi-builder-workspace/.derivedData/Build/Products/Debug-watchos -Isystem /Applications/Xcode-27.0.0-Release.Candidate.app/Contents/Developer/Platforms/WatchOS.platform/Developer/usr/lib -F /Users/admin/builder/spi-builder-workspace/.derivedData/Build/Products/Debug-watchos/PackageFrameworks -F /Users/admin/builder/spi-builder-workspace/.derivedData/Build/Products/Debug-watchos -F /Applications/Xcode-27.0.0-Release.Candidate.app/Contents/Developer/Platforms/WatchOS.platform/Developer/Library/Frameworks -F /Applications/Xcode-27.0.0-Release.Candidate.app/Contents/Developer/Platforms/WatchOS.platform/Developer/SDKs/WatchOS27.0.sdk/Developer/Library/Frameworks -c -j10 -enable-batch-mode -incremental -Xcc -ivfsstatcache -Xcc /Users/admin/builder/spi-builder-workspace/.derivedData/SDKStatCaches.noindex/watchos27.0-24R360-e829b21a6f8c9b70876ba0858053c04477534ef55a1706bf4c1112bbb242f0a2.sdkstatcache -output-file-map /Users/admin/builder/spi-builder-workspace/.derivedData/Build/Intermediates.noindex/SwiftWinMD.build/Debug-watchos/WinMD-t.build/Objects-normal/arm64/WinMD-OutputFileMap.json -save-temps -no-color-diagnostics -explicit-module-build -module-cache-path /Users/admin/builder/spi-builder-workspace/.derivedData/Build/Intermediates.noindex/SwiftExplicitPrecompiledModules -clang-scanner-module-cache-path /Users/admin/builder/spi-builder-workspace/.derivedData/ModuleCache.noindex -sdk-module-cache-path /Users/admin/builder/spi-builder-workspace/.derivedData/SDKExplicitPrecompiledModules -emit-dependencies -emit-module -emit-module-path /Users/admin/builder/spi-builder-workspace/.derivedData/Build/Intermediates.noindex/SwiftWinMD.build/Debug-watchos/WinMD-t.build/Objects-normal/arm64/WinMD.swiftmodule -serialize-diagnostics -dependency-scan-serialize-diagnostics-path /Users/admin/builder/spi-builder-workspace/.derivedData/Build/Intermediates.noindex/SwiftWinMD.build/Debug-watchos/WinMD-t.build/Objects-normal/arm64/WinMD-dependency-scan.dia -validate-clang-modules-once -clang-build-session-file /Users/admin/builder/spi-builder-workspace/.derivedData/ModuleCache.noindex/Session.modulevalidation -Xcc -fmodules-prune-interval\=86400 -Xcc -fmodules-prune-after\=345600 -package-name spi_builder_workspace -emit-const-values -const-gather-protocols-list /Users/admin/builder/spi-builder-workspace/.derivedData/Build/Intermediates.noindex/SwiftWinMD.build/Debug-watchos/WinMD-t.build/Objects-normal/arm64/WinMD_const_extract_protocols.json -Xcc -I/Users/admin/builder/spi-builder-workspace/Sources/CPE/include -Xcc -I/Users/admin/builder/spi-builder-workspace/.derivedData/Build/Products/Debug-watchos/include -Xcc -I/Users/admin/builder/spi-builder-workspace/.derivedData/Build/Intermediates.noindex/SwiftWinMD.build/Debug-watchos/WinMD-t.build/DerivedSources-normal/arm64 -Xcc -I/Users/admin/builder/spi-builder-workspace/.derivedData/Build/Intermediates.noindex/SwiftWinMD.build/Debug-watchos/WinMD-t.build/DerivedSources/arm64 -Xcc -I/Users/admin/builder/spi-builder-workspace/.derivedData/Build/Intermediates.noindex/SwiftWinMD.build/Debug-watchos/WinMD-t.build/DerivedSources -Xcc -DSWIFT_PACKAGE -Xcc -DDEBUG\=1 -emit-objc-header -emit-objc-header-path /Users/admin/builder/spi-builder-workspace/.derivedData/Build/Intermediates.noindex/SwiftWinMD.build/Debug-watchos/WinMD-t.build/Objects-normal/arm64/WinMD-Swift.h -working-directory /Users/admin/builder/spi-builder-workspace/.swiftpm/xcode -experimental-emit-module-separately -disable-cmo
SwiftDriver WinMD normal arm64_32 com.apple.xcode.tools.swift.compiler (in target 'WinMD' from project 'SwiftWinMD')
cd /Users/admin/builder/spi-builder-workspace/.swiftpm/xcode
builtin-SwiftDriver -- /Applications/Xcode-27.0.0-Release.Candidate.app/Contents/Developer/Toolchains/XcodeDefault.xctoolchain/usr/bin/swiftc -parse-as-library -module-name WinMD -Onone @/Users/admin/builder/spi-builder-workspace/.derivedData/Build/Intermediates.noindex/SwiftWinMD.build/Debug-watchos/WinMD-t.build/Objects-normal/arm64_32/WinMD.SwiftFileList -DSWIFT_PACKAGE -DDEBUG -DSWIFT_MODULE_RESOURCE_BUNDLE_UNAVAILABLE -Xcc -fmodule-map-file\=/Users/admin/builder/spi-builder-workspace/.derivedData/Build/Intermediates.noindex/GeneratedModuleMaps-watchos/CPE.modulemap -DXcode -enable-experimental-feature Lifetimes -plugin-path /Applications/Xcode-27.0.0-Release.Candidate.app/Contents/Developer/Toolchains/XcodeDefault.xctoolchain/usr/lib/swift/host/plugins/testing -enable-experimental-feature DebugDescriptionMacro -sdk /Applications/Xcode-27.0.0-Release.Candidate.app/Contents/Developer/Platforms/WatchOS.platform/Developer/SDKs/WatchOS27.0.sdk -target arm64_32-apple-watchos9.0 -g -module-cache-path /Users/admin/builder/spi-builder-workspace/.derivedData/ModuleCache.noindex -Xfrontend -serialize-debugging-options -profile-coverage-mapping -profile-generate -enable-testing -index-store-path /Users/admin/builder/spi-builder-workspace/.derivedData/Index.noindex/DataStore -Xcc -D_LIBCPP_HARDENING_MODE\=_LIBCPP_HARDENING_MODE_DEBUG -swift-version 6 -I /Users/admin/builder/spi-builder-workspace/.derivedData/Build/Products/Debug-watchos -Isystem /Applications/Xcode-27.0.0-Release.Candidate.app/Contents/Developer/Platforms/WatchOS.platform/Developer/usr/lib -F /Users/admin/builder/spi-builder-workspace/.derivedData/Build/Products/Debug-watchos/PackageFrameworks -F /Users/admin/builder/spi-builder-workspace/.derivedData/Build/Products/Debug-watchos -F /Applications/Xcode-27.0.0-Release.Candidate.app/Contents/Developer/Platforms/WatchOS.platform/Developer/Library/Frameworks -F /Applications/Xcode-27.0.0-Release.Candidate.app/Contents/Developer/Platforms/WatchOS.platform/Developer/SDKs/WatchOS27.0.sdk/Developer/Library/Frameworks -c -j10 -enable-batch-mode -incremental -Xcc -ivfsstatcache -Xcc /Users/admin/builder/spi-builder-workspace/.derivedData/SDKStatCaches.noindex/watchos27.0-24R360-e829b21a6f8c9b70876ba0858053c04477534ef55a1706bf4c1112bbb242f0a2.sdkstatcache -output-file-map /Users/admin/builder/spi-builder-workspace/.derivedData/Build/Intermediates.noindex/SwiftWinMD.build/Debug-watchos/WinMD-t.build/Objects-normal/arm64_32/WinMD-OutputFileMap.json -save-temps -no-color-diagnostics -explicit-module-build -module-cache-path /Users/admin/builder/spi-builder-workspace/.derivedData/Build/Intermediates.noindex/SwiftExplicitPrecompiledModules -clang-scanner-module-cache-path /Users/admin/builder/spi-builder-workspace/.derivedData/ModuleCache.noindex -sdk-module-cache-path /Users/admin/builder/spi-builder-workspace/.derivedData/SDKExplicitPrecompiledModules -emit-dependencies -emit-module -emit-module-path /Users/admin/builder/spi-builder-workspace/.derivedData/Build/Intermediates.noindex/SwiftWinMD.build/Debug-watchos/WinMD-t.build/Objects-normal/arm64_32/WinMD.swiftmodule -serialize-diagnostics -dependency-scan-serialize-diagnostics-path /Users/admin/builder/spi-builder-workspace/.derivedData/Build/Intermediates.noindex/SwiftWinMD.build/Debug-watchos/WinMD-t.build/Objects-normal/arm64_32/WinMD-dependency-scan.dia -validate-clang-modules-once -clang-build-session-file /Users/admin/builder/spi-builder-workspace/.derivedData/ModuleCache.noindex/Session.modulevalidation -Xcc -fmodules-prune-interval\=86400 -Xcc -fmodules-prune-after\=345600 -package-name spi_builder_workspace -emit-const-values -const-gather-protocols-list /Users/admin/builder/spi-builder-workspace/.derivedData/Build/Intermediates.noindex/SwiftWinMD.build/Debug-watchos/WinMD-t.build/Objects-normal/arm64_32/WinMD_const_extract_protocols.json -Xcc -I/Users/admin/builder/spi-builder-workspace/Sources/CPE/include -Xcc -I/Users/admin/builder/spi-builder-workspace/.derivedData/Build/Products/Debug-watchos/include -Xcc -I/Users/admin/builder/spi-builder-workspace/.derivedData/Build/Intermediates.noindex/SwiftWinMD.build/Debug-watchos/WinMD-t.build/DerivedSources-normal/arm64_32 -Xcc -I/Users/admin/builder/spi-builder-workspace/.derivedData/Build/Intermediates.noindex/SwiftWinMD.build/Debug-watchos/WinMD-t.build/DerivedSources/arm64_32 -Xcc -I/Users/admin/builder/spi-builder-workspace/.derivedData/Build/Intermediates.noindex/SwiftWinMD.build/Debug-watchos/WinMD-t.build/DerivedSources -Xcc -DSWIFT_PACKAGE -Xcc -DDEBUG\=1 -emit-objc-header -emit-objc-header-path /Users/admin/builder/spi-builder-workspace/.derivedData/Build/Intermediates.noindex/SwiftWinMD.build/Debug-watchos/WinMD-t.build/Objects-normal/arm64_32/WinMD-Swift.h -working-directory /Users/admin/builder/spi-builder-workspace/.swiftpm/xcode -experimental-emit-module-separately -disable-cmo
SwiftDriver SQLEngine normal arm64 com.apple.xcode.tools.swift.compiler (in target 'SQLEngine' from project 'SwiftSQL')
cd /Users/admin/builder/spi-builder-workspace/.swiftpm/xcode
builtin-SwiftDriver -- /Applications/Xcode-27.0.0-Release.Candidate.app/Contents/Developer/Toolchains/XcodeDefault.xctoolchain/usr/bin/swiftc -parse-as-library -module-name SQLEngine -Onone @/Users/admin/builder/spi-builder-workspace/.derivedData/Build/Intermediates.noindex/SwiftSQL.build/Debug-watchos/SQLEngine-t.build/Objects-normal/arm64/SQLEngine.SwiftFileList -DSWIFT_PACKAGE -DDEBUG -DSWIFT_MODULE_RESOURCE_BUNDLE_UNAVAILABLE -DXcode -enable-experimental-feature Lifetimes -plugin-path /Applications/Xcode-27.0.0-Release.Candidate.app/Contents/Developer/Toolchains/XcodeDefault.xctoolchain/usr/lib/swift/host/plugins/testing -enable-experimental-feature DebugDescriptionMacro -sdk /Applications/Xcode-27.0.0-Release.Candidate.app/Contents/Developer/Platforms/WatchOS.platform/Developer/SDKs/WatchOS27.0.sdk -target arm64-apple-watchos9.0 -g -module-cache-path /Users/admin/builder/spi-builder-workspace/.derivedData/ModuleCache.noindex -Xfrontend -serialize-debugging-options -profile-coverage-mapping -profile-generate -enable-testing -index-store-path /Users/admin/builder/spi-builder-workspace/.derivedData/Index.noindex/DataStore -Xcc -D_LIBCPP_HARDENING_MODE\=_LIBCPP_HARDENING_MODE_DEBUG -swift-version 6 -I /Users/admin/builder/spi-builder-workspace/.derivedData/Build/Products/Debug-watchos -Isystem /Applications/Xcode-27.0.0-Release.Candidate.app/Contents/Developer/Platforms/WatchOS.platform/Developer/usr/lib -F /Users/admin/builder/spi-builder-workspace/.derivedData/Build/Products/Debug-watchos -F /Applications/Xcode-27.0.0-Release.Candidate.app/Contents/Developer/Platforms/WatchOS.platform/Developer/Library/Frameworks -F /Applications/Xcode-27.0.0-Release.Candidate.app/Contents/Developer/Platforms/WatchOS.platform/Developer/SDKs/WatchOS27.0.sdk/Developer/Library/Frameworks -c -j10 -enable-batch-mode -incremental -Xcc -ivfsstatcache -Xcc /Users/admin/builder/spi-builder-workspace/.derivedData/SDKStatCaches.noindex/watchos27.0-24R360-e829b21a6f8c9b70876ba0858053c04477534ef55a1706bf4c1112bbb242f0a2.sdkstatcache -output-file-map /Users/admin/builder/spi-builder-workspace/.derivedData/Build/Intermediates.noindex/SwiftSQL.build/Debug-watchos/SQLEngine-t.build/Objects-normal/arm64/SQLEngine-OutputFileMap.json -save-temps -no-color-diagnostics -explicit-module-build -module-cache-path /Users/admin/builder/spi-builder-workspace/.derivedData/Build/Intermediates.noindex/SwiftExplicitPrecompiledModules -clang-scanner-module-cache-path /Users/admin/builder/spi-builder-workspace/.derivedData/ModuleCache.noindex -sdk-module-cache-path /Users/admin/builder/spi-builder-workspace/.derivedData/SDKExplicitPrecompiledModules -emit-dependencies -emit-module -emit-module-path /Users/admin/builder/spi-builder-workspace/.derivedData/Build/Intermediates.noindex/SwiftSQL.build/Debug-watchos/SQLEngine-t.build/Objects-normal/arm64/SQLEngine.swiftmodule -serialize-diagnostics -dependency-scan-serialize-diagnostics-path /Users/admin/builder/spi-builder-workspace/.derivedData/Build/Intermediates.noindex/SwiftSQL.build/Debug-watchos/SQLEngine-t.build/Objects-normal/arm64/SQLEngine-dependency-scan.dia -validate-clang-modules-once -clang-build-session-file /Users/admin/builder/spi-builder-workspace/.derivedData/ModuleCache.noindex/Session.modulevalidation -Xcc -fmodules-prune-interval\=86400 -Xcc -fmodules-prune-after\=345600 -package-name swiftsql -emit-const-values -const-gather-protocols-list /Users/admin/builder/spi-builder-workspace/.derivedData/Build/Intermediates.noindex/SwiftSQL.build/Debug-watchos/SQLEngine-t.build/Objects-normal/arm64/SQLEngine_const_extract_protocols.json -Xcc -I/Users/admin/builder/spi-builder-workspace/.derivedData/Build/Products/Debug-watchos/include -Xcc -I/Users/admin/builder/spi-builder-workspace/.derivedData/Build/Intermediates.noindex/SwiftSQL.build/Debug-watchos/SQLEngine-t.build/DerivedSources-normal/arm64 -Xcc -I/Users/admin/builder/spi-builder-workspace/.derivedData/Build/Intermediates.noindex/SwiftSQL.build/Debug-watchos/SQLEngine-t.build/DerivedSources/arm64 -Xcc -I/Users/admin/builder/spi-builder-workspace/.derivedData/Build/Intermediates.noindex/SwiftSQL.build/Debug-watchos/SQLEngine-t.build/DerivedSources -Xcc -DSWIFT_PACKAGE -Xcc -DDEBUG\=1 -emit-objc-header -emit-objc-header-path /Users/admin/builder/spi-builder-workspace/.derivedData/Build/Intermediates.noindex/SwiftSQL.build/Debug-watchos/SQLEngine-t.build/Objects-normal/arm64/SQLEngine-Swift.h -working-directory /Users/admin/builder/spi-builder-workspace/.swiftpm/xcode -experimental-emit-module-separately -disable-cmo
SwiftDriver SQLEngine normal arm64_32 com.apple.xcode.tools.swift.compiler (in target 'SQLEngine' from project 'SwiftSQL')
cd /Users/admin/builder/spi-builder-workspace/.swiftpm/xcode
builtin-SwiftDriver -- /Applications/Xcode-27.0.0-Release.Candidate.app/Contents/Developer/Toolchains/XcodeDefault.xctoolchain/usr/bin/swiftc -parse-as-library -module-name SQLEngine -Onone @/Users/admin/builder/spi-builder-workspace/.derivedData/Build/Intermediates.noindex/SwiftSQL.build/Debug-watchos/SQLEngine-t.build/Objects-normal/arm64_32/SQLEngine.SwiftFileList -DSWIFT_PACKAGE -DDEBUG -DSWIFT_MODULE_RESOURCE_BUNDLE_UNAVAILABLE -DXcode -enable-experimental-feature Lifetimes -plugin-path /Applications/Xcode-27.0.0-Release.Candidate.app/Contents/Developer/Toolchains/XcodeDefault.xctoolchain/usr/lib/swift/host/plugins/testing -enable-experimental-feature DebugDescriptionMacro -sdk /Applications/Xcode-27.0.0-Release.Candidate.app/Contents/Developer/Platforms/WatchOS.platform/Developer/SDKs/WatchOS27.0.sdk -target arm64_32-apple-watchos9.0 -g -module-cache-path /Users/admin/builder/spi-builder-workspace/.derivedData/ModuleCache.noindex -Xfrontend -serialize-debugging-options -profile-coverage-mapping -profile-generate -enable-testing -index-store-path /Users/admin/builder/spi-builder-workspace/.derivedData/Index.noindex/DataStore -Xcc -D_LIBCPP_HARDENING_MODE\=_LIBCPP_HARDENING_MODE_DEBUG -swift-version 6 -I /Users/admin/builder/spi-builder-workspace/.derivedData/Build/Products/Debug-watchos -Isystem /Applications/Xcode-27.0.0-Release.Candidate.app/Contents/Developer/Platforms/WatchOS.platform/Developer/usr/lib -F /Users/admin/builder/spi-builder-workspace/.derivedData/Build/Products/Debug-watchos -F /Applications/Xcode-27.0.0-Release.Candidate.app/Contents/Developer/Platforms/WatchOS.platform/Developer/Library/Frameworks -F /Applications/Xcode-27.0.0-Release.Candidate.app/Contents/Developer/Platforms/WatchOS.platform/Developer/SDKs/WatchOS27.0.sdk/Developer/Library/Frameworks -c -j10 -enable-batch-mode -incremental -Xcc -ivfsstatcache -Xcc /Users/admin/builder/spi-builder-workspace/.derivedData/SDKStatCaches.noindex/watchos27.0-24R360-e829b21a6f8c9b70876ba0858053c04477534ef55a1706bf4c1112bbb242f0a2.sdkstatcache -output-file-map /Users/admin/builder/spi-builder-workspace/.derivedData/Build/Intermediates.noindex/SwiftSQL.build/Debug-watchos/SQLEngine-t.build/Objects-normal/arm64_32/SQLEngine-OutputFileMap.json -save-temps -no-color-diagnostics -explicit-module-build -module-cache-path /Users/admin/builder/spi-builder-workspace/.derivedData/Build/Intermediates.noindex/SwiftExplicitPrecompiledModules -clang-scanner-module-cache-path /Users/admin/builder/spi-builder-workspace/.derivedData/ModuleCache.noindex -sdk-module-cache-path /Users/admin/builder/spi-builder-workspace/.derivedData/SDKExplicitPrecompiledModules -emit-dependencies -emit-module -emit-module-path /Users/admin/builder/spi-builder-workspace/.derivedData/Build/Intermediates.noindex/SwiftSQL.build/Debug-watchos/SQLEngine-t.build/Objects-normal/arm64_32/SQLEngine.swiftmodule -serialize-diagnostics -dependency-scan-serialize-diagnostics-path /Users/admin/builder/spi-builder-workspace/.derivedData/Build/Intermediates.noindex/SwiftSQL.build/Debug-watchos/SQLEngine-t.build/Objects-normal/arm64_32/SQLEngine-dependency-scan.dia -validate-clang-modules-once -clang-build-session-file /Users/admin/builder/spi-builder-workspace/.derivedData/ModuleCache.noindex/Session.modulevalidation -Xcc -fmodules-prune-interval\=86400 -Xcc -fmodules-prune-after\=345600 -package-name swiftsql -emit-const-values -const-gather-protocols-list /Users/admin/builder/spi-builder-workspace/.derivedData/Build/Intermediates.noindex/SwiftSQL.build/Debug-watchos/SQLEngine-t.build/Objects-normal/arm64_32/SQLEngine_const_extract_protocols.json -Xcc -I/Users/admin/builder/spi-builder-workspace/.derivedData/Build/Products/Debug-watchos/include -Xcc -I/Users/admin/builder/spi-builder-workspace/.derivedData/Build/Intermediates.noindex/SwiftSQL.build/Debug-watchos/SQLEngine-t.build/DerivedSources-normal/arm64_32 -Xcc -I/Users/admin/builder/spi-builder-workspace/.derivedData/Build/Intermediates.noindex/SwiftSQL.build/Debug-watchos/SQLEngine-t.build/DerivedSources/arm64_32 -Xcc -I/Users/admin/builder/spi-builder-workspace/.derivedData/Build/Intermediates.noindex/SwiftSQL.build/Debug-watchos/SQLEngine-t.build/DerivedSources -Xcc -DSWIFT_PACKAGE -Xcc -DDEBUG\=1 -emit-objc-header -emit-objc-header-path /Users/admin/builder/spi-builder-workspace/.derivedData/Build/Intermediates.noindex/SwiftSQL.build/Debug-watchos/SQLEngine-t.build/Objects-normal/arm64_32/SQLEngine-Swift.h -working-directory /Users/admin/builder/spi-builder-workspace/.swiftpm/xcode -experimental-emit-module-separately -disable-cmo
SwiftDriver Mustache normal arm64_32 com.apple.xcode.tools.swift.compiler (in target 'Mustache' from project 'swift-mustache')
cd /Users/admin/builder/spi-builder-workspace/.swiftpm/xcode
builtin-SwiftDriver -- /Applications/Xcode-27.0.0-Release.Candidate.app/Contents/Developer/Toolchains/XcodeDefault.xctoolchain/usr/bin/swiftc -parse-as-library -module-name Mustache -Onone @/Users/admin/builder/spi-builder-workspace/.derivedData/Build/Intermediates.noindex/swift-mustache.build/Debug-watchos/Mustache-t.build/Objects-normal/arm64_32/Mustache.SwiftFileList -DSWIFT_PACKAGE -DDEBUG -DSWIFT_MODULE_RESOURCE_BUNDLE_UNAVAILABLE -DXcode -plugin-path /Applications/Xcode-27.0.0-Release.Candidate.app/Contents/Developer/Toolchains/XcodeDefault.xctoolchain/usr/lib/swift/host/plugins/testing -enable-experimental-feature DebugDescriptionMacro -sdk /Applications/Xcode-27.0.0-Release.Candidate.app/Contents/Developer/Platforms/WatchOS.platform/Developer/SDKs/WatchOS27.0.sdk -target arm64_32-apple-watchos9.0 -g -module-cache-path /Users/admin/builder/spi-builder-workspace/.derivedData/ModuleCache.noindex -Xfrontend -serialize-debugging-options -profile-coverage-mapping -profile-generate -enable-testing -suppress-warnings -index-store-path /Users/admin/builder/spi-builder-workspace/.derivedData/Index.noindex/DataStore -Xcc -D_LIBCPP_HARDENING_MODE\=_LIBCPP_HARDENING_MODE_DEBUG -swift-version 6 -I /Users/admin/builder/spi-builder-workspace/.derivedData/Build/Products/Debug-watchos -Isystem /Applications/Xcode-27.0.0-Release.Candidate.app/Contents/Developer/Platforms/WatchOS.platform/Developer/usr/lib -F /Users/admin/builder/spi-builder-workspace/.derivedData/Build/Products/Debug-watchos -F /Applications/Xcode-27.0.0-Release.Candidate.app/Contents/Developer/Platforms/WatchOS.platform/Developer/Library/Frameworks -F /Applications/Xcode-27.0.0-Release.Candidate.app/Contents/Developer/Platforms/WatchOS.platform/Developer/SDKs/WatchOS27.0.sdk/Developer/Library/Frameworks -c -j10 -enable-batch-mode -incremental -Xcc -ivfsstatcache -Xcc /Users/admin/builder/spi-builder-workspace/.derivedData/SDKStatCaches.noindex/watchos27.0-24R360-e829b21a6f8c9b70876ba0858053c04477534ef55a1706bf4c1112bbb242f0a2.sdkstatcache -output-file-map /Users/admin/builder/spi-builder-workspace/.derivedData/Build/Intermediates.noindex/swift-mustache.build/Debug-watchos/Mustache-t.build/Objects-normal/arm64_32/Mustache-OutputFileMap.json -save-temps -no-color-diagnostics -explicit-module-build -module-cache-path /Users/admin/builder/spi-builder-workspace/.derivedData/Build/Intermediates.noindex/SwiftExplicitPrecompiledModules -clang-scanner-module-cache-path /Users/admin/builder/spi-builder-workspace/.derivedData/ModuleCache.noindex -sdk-module-cache-path /Users/admin/builder/spi-builder-workspace/.derivedData/SDKExplicitPrecompiledModules -emit-dependencies -emit-module -emit-module-path /Users/admin/builder/spi-builder-workspace/.derivedData/Build/Intermediates.noindex/swift-mustache.build/Debug-watchos/Mustache-t.build/Objects-normal/arm64_32/Mustache.swiftmodule -serialize-diagnostics -dependency-scan-serialize-diagnostics-path /Users/admin/builder/spi-builder-workspace/.derivedData/Build/Intermediates.noindex/swift-mustache.build/Debug-watchos/Mustache-t.build/Objects-normal/arm64_32/Mustache-dependency-scan.dia -validate-clang-modules-once -clang-build-session-file /Users/admin/builder/spi-builder-workspace/.derivedData/ModuleCache.noindex/Session.modulevalidation -Xcc -fmodules-prune-interval\=86400 -Xcc -fmodules-prune-after\=345600 -package-name swift_mustache -emit-const-values -const-gather-protocols-list /Users/admin/builder/spi-builder-workspace/.derivedData/Build/Intermediates.noindex/swift-mustache.build/Debug-watchos/Mustache-t.build/Objects-normal/arm64_32/Mustache_const_extract_protocols.json -Xcc -I/Users/admin/builder/spi-builder-workspace/.derivedData/Build/Products/Debug-watchos/include -Xcc -I/Users/admin/builder/spi-builder-workspace/.derivedData/Build/Intermediates.noindex/swift-mustache.build/Debug-watchos/Mustache-t.build/DerivedSources-normal/arm64_32 -Xcc -I/Users/admin/builder/spi-builder-workspace/.derivedData/Build/Intermediates.noindex/swift-mustache.build/Debug-watchos/Mustache-t.build/DerivedSources/arm64_32 -Xcc -I/Users/admin/builder/spi-builder-workspace/.derivedData/Build/Intermediates.noindex/swift-mustache.build/Debug-watchos/Mustache-t.build/DerivedSources -Xcc -DSWIFT_PACKAGE -Xcc -DDEBUG\=1 -emit-objc-header -emit-objc-header-path /Users/admin/builder/spi-builder-workspace/.derivedData/Build/Intermediates.noindex/swift-mustache.build/Debug-watchos/Mustache-t.build/Objects-normal/arm64_32/Mustache-Swift.h -working-directory /Users/admin/builder/spi-builder-workspace/.swiftpm/xcode -experimental-emit-module-separately -disable-cmo
SwiftDriver Decant normal arm64 com.apple.xcode.tools.swift.compiler (in target 'Decant' from project 'SwiftWinMD')
cd /Users/admin/builder/spi-builder-workspace/.swiftpm/xcode
builtin-SwiftDriver -- /Applications/Xcode-27.0.0-Release.Candidate.app/Contents/Developer/Toolchains/XcodeDefault.xctoolchain/usr/bin/swiftc -parse-as-library -module-name Decant -Onone @/Users/admin/builder/spi-builder-workspace/.derivedData/Build/Intermediates.noindex/SwiftWinMD.build/Debug-watchos/Decant-t.build/Objects-normal/arm64/Decant.SwiftFileList -DSWIFT_PACKAGE -DDEBUG -DSWIFT_MODULE_RESOURCE_BUNDLE_UNAVAILABLE -DXcode -enable-experimental-feature Lifetimes -plugin-path /Applications/Xcode-27.0.0-Release.Candidate.app/Contents/Developer/Toolchains/XcodeDefault.xctoolchain/usr/lib/swift/host/plugins/testing -enable-experimental-feature DebugDescriptionMacro -sdk /Applications/Xcode-27.0.0-Release.Candidate.app/Contents/Developer/Platforms/WatchOS.platform/Developer/SDKs/WatchOS27.0.sdk -target arm64-apple-watchos9.0 -g -module-cache-path /Users/admin/builder/spi-builder-workspace/.derivedData/ModuleCache.noindex -Xfrontend -serialize-debugging-options -profile-coverage-mapping -profile-generate -enable-testing -index-store-path /Users/admin/builder/spi-builder-workspace/.derivedData/Index.noindex/DataStore -Xcc -D_LIBCPP_HARDENING_MODE\=_LIBCPP_HARDENING_MODE_DEBUG -swift-version 6 -I /Users/admin/builder/spi-builder-workspace/.derivedData/Build/Products/Debug-watchos -Isystem /Applications/Xcode-27.0.0-Release.Candidate.app/Contents/Developer/Platforms/WatchOS.platform/Developer/usr/lib -F /Users/admin/builder/spi-builder-workspace/.derivedData/Build/Products/Debug-watchos -F /Applications/Xcode-27.0.0-Release.Candidate.app/Contents/Developer/Platforms/WatchOS.platform/Developer/Library/Frameworks -F /Applications/Xcode-27.0.0-Release.Candidate.app/Contents/Developer/Platforms/WatchOS.platform/Developer/SDKs/WatchOS27.0.sdk/Developer/Library/Frameworks -c -j10 -enable-batch-mode -incremental -Xcc -ivfsstatcache -Xcc /Users/admin/builder/spi-builder-workspace/.derivedData/SDKStatCaches.noindex/watchos27.0-24R360-e829b21a6f8c9b70876ba0858053c04477534ef55a1706bf4c1112bbb242f0a2.sdkstatcache -output-file-map /Users/admin/builder/spi-builder-workspace/.derivedData/Build/Intermediates.noindex/SwiftWinMD.build/Debug-watchos/Decant-t.build/Objects-normal/arm64/Decant-OutputFileMap.json -save-temps -no-color-diagnostics -explicit-module-build -module-cache-path /Users/admin/builder/spi-builder-workspace/.derivedData/Build/Intermediates.noindex/SwiftExplicitPrecompiledModules -clang-scanner-module-cache-path /Users/admin/builder/spi-builder-workspace/.derivedData/ModuleCache.noindex -sdk-module-cache-path /Users/admin/builder/spi-builder-workspace/.derivedData/SDKExplicitPrecompiledModules -emit-dependencies -emit-module -emit-module-path /Users/admin/builder/spi-builder-workspace/.derivedData/Build/Intermediates.noindex/SwiftWinMD.build/Debug-watchos/Decant-t.build/Objects-normal/arm64/Decant.swiftmodule -serialize-diagnostics -dependency-scan-serialize-diagnostics-path /Users/admin/builder/spi-builder-workspace/.derivedData/Build/Intermediates.noindex/SwiftWinMD.build/Debug-watchos/Decant-t.build/Objects-normal/arm64/Decant-dependency-scan.dia -validate-clang-modules-once -clang-build-session-file /Users/admin/builder/spi-builder-workspace/.derivedData/ModuleCache.noindex/Session.modulevalidation -Xcc -fmodules-prune-interval\=86400 -Xcc -fmodules-prune-after\=345600 -package-name spi_builder_workspace -emit-const-values -const-gather-protocols-list /Users/admin/builder/spi-builder-workspace/.derivedData/Build/Intermediates.noindex/SwiftWinMD.build/Debug-watchos/Decant-t.build/Objects-normal/arm64/Decant_const_extract_protocols.json -Xcc -I/Users/admin/builder/spi-builder-workspace/.derivedData/Build/Products/Debug-watchos/include -Xcc -I/Users/admin/builder/spi-builder-workspace/.derivedData/Build/Intermediates.noindex/SwiftWinMD.build/Debug-watchos/Decant-t.build/DerivedSources-normal/arm64 -Xcc -I/Users/admin/builder/spi-builder-workspace/.derivedData/Build/Intermediates.noindex/SwiftWinMD.build/Debug-watchos/Decant-t.build/DerivedSources/arm64 -Xcc -I/Users/admin/builder/spi-builder-workspace/.derivedData/Build/Intermediates.noindex/SwiftWinMD.build/Debug-watchos/Decant-t.build/DerivedSources -Xcc -DSWIFT_PACKAGE -Xcc -DDEBUG\=1 -emit-objc-header -emit-objc-header-path /Users/admin/builder/spi-builder-workspace/.derivedData/Build/Intermediates.noindex/SwiftWinMD.build/Debug-watchos/Decant-t.build/Objects-normal/arm64/Decant-Swift.h -working-directory /Users/admin/builder/spi-builder-workspace/.swiftpm/xcode -experimental-emit-module-separately -disable-cmo
SwiftDriver Mustache normal arm64 com.apple.xcode.tools.swift.compiler (in target 'Mustache' from project 'swift-mustache')
cd /Users/admin/builder/spi-builder-workspace/.swiftpm/xcode
builtin-SwiftDriver -- /Applications/Xcode-27.0.0-Release.Candidate.app/Contents/Developer/Toolchains/XcodeDefault.xctoolchain/usr/bin/swiftc -parse-as-library -module-name Mustache -Onone @/Users/admin/builder/spi-builder-workspace/.derivedData/Build/Intermediates.noindex/swift-mustache.build/Debug-watchos/Mustache-t.build/Objects-normal/arm64/Mustache.SwiftFileList -DSWIFT_PACKAGE -DDEBUG -DSWIFT_MODULE_RESOURCE_BUNDLE_UNAVAILABLE -DXcode -plugin-path /Applications/Xcode-27.0.0-Release.Candidate.app/Contents/Developer/Toolchains/XcodeDefault.xctoolchain/usr/lib/swift/host/plugins/testing -enable-experimental-feature DebugDescriptionMacro -sdk /Applications/Xcode-27.0.0-Release.Candidate.app/Contents/Developer/Platforms/WatchOS.platform/Developer/SDKs/WatchOS27.0.sdk -target arm64-apple-watchos9.0 -g -module-cache-path /Users/admin/builder/spi-builder-workspace/.derivedData/ModuleCache.noindex -Xfrontend -serialize-debugging-options -profile-coverage-mapping -profile-generate -enable-testing -suppress-warnings -index-store-path /Users/admin/builder/spi-builder-workspace/.derivedData/Index.noindex/DataStore -Xcc -D_LIBCPP_HARDENING_MODE\=_LIBCPP_HARDENING_MODE_DEBUG -swift-version 6 -I /Users/admin/builder/spi-builder-workspace/.derivedData/Build/Products/Debug-watchos -Isystem /Applications/Xcode-27.0.0-Release.Candidate.app/Contents/Developer/Platforms/WatchOS.platform/Developer/usr/lib -F /Users/admin/builder/spi-builder-workspace/.derivedData/Build/Products/Debug-watchos -F /Applications/Xcode-27.0.0-Release.Candidate.app/Contents/Developer/Platforms/WatchOS.platform/Developer/Library/Frameworks -F /Applications/Xcode-27.0.0-Release.Candidate.app/Contents/Developer/Platforms/WatchOS.platform/Developer/SDKs/WatchOS27.0.sdk/Developer/Library/Frameworks -c -j10 -enable-batch-mode -incremental -Xcc -ivfsstatcache -Xcc /Users/admin/builder/spi-builder-workspace/.derivedData/SDKStatCaches.noindex/watchos27.0-24R360-e829b21a6f8c9b70876ba0858053c04477534ef55a1706bf4c1112bbb242f0a2.sdkstatcache -output-file-map /Users/admin/builder/spi-builder-workspace/.derivedData/Build/Intermediates.noindex/swift-mustache.build/Debug-watchos/Mustache-t.build/Objects-normal/arm64/Mustache-OutputFileMap.json -save-temps -no-color-diagnostics -explicit-module-build -module-cache-path /Users/admin/builder/spi-builder-workspace/.derivedData/Build/Intermediates.noindex/SwiftExplicitPrecompiledModules -clang-scanner-module-cache-path /Users/admin/builder/spi-builder-workspace/.derivedData/ModuleCache.noindex -sdk-module-cache-path /Users/admin/builder/spi-builder-workspace/.derivedData/SDKExplicitPrecompiledModules -emit-dependencies -emit-module -emit-module-path /Users/admin/builder/spi-builder-workspace/.derivedData/Build/Intermediates.noindex/swift-mustache.build/Debug-watchos/Mustache-t.build/Objects-normal/arm64/Mustache.swiftmodule -serialize-diagnostics -dependency-scan-serialize-diagnostics-path /Users/admin/builder/spi-builder-workspace/.derivedData/Build/Intermediates.noindex/swift-mustache.build/Debug-watchos/Mustache-t.build/Objects-normal/arm64/Mustache-dependency-scan.dia -validate-clang-modules-once -clang-build-session-file /Users/admin/builder/spi-builder-workspace/.derivedData/ModuleCache.noindex/Session.modulevalidation -Xcc -fmodules-prune-interval\=86400 -Xcc -fmodules-prune-after\=345600 -package-name swift_mustache -emit-const-values -const-gather-protocols-list /Users/admin/builder/spi-builder-workspace/.derivedData/Build/Intermediates.noindex/swift-mustache.build/Debug-watchos/Mustache-t.build/Objects-normal/arm64/Mustache_const_extract_protocols.json -Xcc -I/Users/admin/builder/spi-builder-workspace/.derivedData/Build/Products/Debug-watchos/include -Xcc -I/Users/admin/builder/spi-builder-workspace/.derivedData/Build/Intermediates.noindex/swift-mustache.build/Debug-watchos/Mustache-t.build/DerivedSources-normal/arm64 -Xcc -I/Users/admin/builder/spi-builder-workspace/.derivedData/Build/Intermediates.noindex/swift-mustache.build/Debug-watchos/Mustache-t.build/DerivedSources/arm64 -Xcc -I/Users/admin/builder/spi-builder-workspace/.derivedData/Build/Intermediates.noindex/swift-mustache.build/Debug-watchos/Mustache-t.build/DerivedSources -Xcc -DSWIFT_PACKAGE -Xcc -DDEBUG\=1 -emit-objc-header -emit-objc-header-path /Users/admin/builder/spi-builder-workspace/.derivedData/Build/Intermediates.noindex/swift-mustache.build/Debug-watchos/Mustache-t.build/Objects-normal/arm64/Mustache-Swift.h -working-directory /Users/admin/builder/spi-builder-workspace/.swiftpm/xcode -experimental-emit-module-separately -disable-cmo
SwiftDriver Decant normal arm64_32 com.apple.xcode.tools.swift.compiler (in target 'Decant' from project 'SwiftWinMD')
cd /Users/admin/builder/spi-builder-workspace/.swiftpm/xcode
builtin-SwiftDriver -- /Applications/Xcode-27.0.0-Release.Candidate.app/Contents/Developer/Toolchains/XcodeDefault.xctoolchain/usr/bin/swiftc -parse-as-library -module-name Decant -Onone @/Users/admin/builder/spi-builder-workspace/.derivedData/Build/Intermediates.noindex/SwiftWinMD.build/Debug-watchos/Decant-t.build/Objects-normal/arm64_32/Decant.SwiftFileList -DSWIFT_PACKAGE -DDEBUG -DSWIFT_MODULE_RESOURCE_BUNDLE_UNAVAILABLE -DXcode -enable-experimental-feature Lifetimes -plugin-path /Applications/Xcode-27.0.0-Release.Candidate.app/Contents/Developer/Toolchains/XcodeDefault.xctoolchain/usr/lib/swift/host/plugins/testing -enable-experimental-feature DebugDescriptionMacro -sdk /Applications/Xcode-27.0.0-Release.Candidate.app/Contents/Developer/Platforms/WatchOS.platform/Developer/SDKs/WatchOS27.0.sdk -target arm64_32-apple-watchos9.0 -g -module-cache-path /Users/admin/builder/spi-builder-workspace/.derivedData/ModuleCache.noindex -Xfrontend -serialize-debugging-options -profile-coverage-mapping -profile-generate -enable-testing -index-store-path /Users/admin/builder/spi-builder-workspace/.derivedData/Index.noindex/DataStore -Xcc -D_LIBCPP_HARDENING_MODE\=_LIBCPP_HARDENING_MODE_DEBUG -swift-version 6 -I /Users/admin/builder/spi-builder-workspace/.derivedData/Build/Products/Debug-watchos -Isystem /Applications/Xcode-27.0.0-Release.Candidate.app/Contents/Developer/Platforms/WatchOS.platform/Developer/usr/lib -F /Users/admin/builder/spi-builder-workspace/.derivedData/Build/Products/Debug-watchos -F /Applications/Xcode-27.0.0-Release.Candidate.app/Contents/Developer/Platforms/WatchOS.platform/Developer/Library/Frameworks -F /Applications/Xcode-27.0.0-Release.Candidate.app/Contents/Developer/Platforms/WatchOS.platform/Developer/SDKs/WatchOS27.0.sdk/Developer/Library/Frameworks -c -j10 -enable-batch-mode -incremental -Xcc -ivfsstatcache -Xcc /Users/admin/builder/spi-builder-workspace/.derivedData/SDKStatCaches.noindex/watchos27.0-24R360-e829b21a6f8c9b70876ba0858053c04477534ef55a1706bf4c1112bbb242f0a2.sdkstatcache -output-file-map /Users/admin/builder/spi-builder-workspace/.derivedData/Build/Intermediates.noindex/SwiftWinMD.build/Debug-watchos/Decant-t.build/Objects-normal/arm64_32/Decant-OutputFileMap.json -save-temps -no-color-diagnostics -explicit-module-build -module-cache-path /Users/admin/builder/spi-builder-workspace/.derivedData/Build/Intermediates.noindex/SwiftExplicitPrecompiledModules -clang-scanner-module-cache-path /Users/admin/builder/spi-builder-workspace/.derivedData/ModuleCache.noindex -sdk-module-cache-path /Users/admin/builder/spi-builder-workspace/.derivedData/SDKExplicitPrecompiledModules -emit-dependencies -emit-module -emit-module-path /Users/admin/builder/spi-builder-workspace/.derivedData/Build/Intermediates.noindex/SwiftWinMD.build/Debug-watchos/Decant-t.build/Objects-normal/arm64_32/Decant.swiftmodule -serialize-diagnostics -dependency-scan-serialize-diagnostics-path /Users/admin/builder/spi-builder-workspace/.derivedData/Build/Intermediates.noindex/SwiftWinMD.build/Debug-watchos/Decant-t.build/Objects-normal/arm64_32/Decant-dependency-scan.dia -validate-clang-modules-once -clang-build-session-file /Users/admin/builder/spi-builder-workspace/.derivedData/ModuleCache.noindex/Session.modulevalidation -Xcc -fmodules-prune-interval\=86400 -Xcc -fmodules-prune-after\=345600 -package-name spi_builder_workspace -emit-const-values -const-gather-protocols-list /Users/admin/builder/spi-builder-workspace/.derivedData/Build/Intermediates.noindex/SwiftWinMD.build/Debug-watchos/Decant-t.build/Objects-normal/arm64_32/Decant_const_extract_protocols.json -Xcc -I/Users/admin/builder/spi-builder-workspace/.derivedData/Build/Products/Debug-watchos/include -Xcc -I/Users/admin/builder/spi-builder-workspace/.derivedData/Build/Intermediates.noindex/SwiftWinMD.build/Debug-watchos/Decant-t.build/DerivedSources-normal/arm64_32 -Xcc -I/Users/admin/builder/spi-builder-workspace/.derivedData/Build/Intermediates.noindex/SwiftWinMD.build/Debug-watchos/Decant-t.build/DerivedSources/arm64_32 -Xcc -I/Users/admin/builder/spi-builder-workspace/.derivedData/Build/Intermediates.noindex/SwiftWinMD.build/Debug-watchos/Decant-t.build/DerivedSources -Xcc -DSWIFT_PACKAGE -Xcc -DDEBUG\=1 -emit-objc-header -emit-objc-header-path /Users/admin/builder/spi-builder-workspace/.derivedData/Build/Intermediates.noindex/SwiftWinMD.build/Debug-watchos/Decant-t.build/Objects-normal/arm64_32/Decant-Swift.h -working-directory /Users/admin/builder/spi-builder-workspace/.swiftpm/xcode -experimental-emit-module-separately -disable-cmo
SwiftDriver ArgumentParserToolInfo normal arm64 com.apple.xcode.tools.swift.compiler (in target 'ArgumentParserToolInfo' from project 'swift-argument-parser')
cd /Users/admin/builder/spi-builder-workspace/.swiftpm/xcode
builtin-SwiftDriver -- /Applications/Xcode-27.0.0-Release.Candidate.app/Contents/Developer/Toolchains/XcodeDefault.xctoolchain/usr/bin/swiftc -parse-as-library -module-name ArgumentParserToolInfo -Onone @/Users/admin/builder/spi-builder-workspace/.derivedData/Build/Intermediates.noindex/swift-argument-parser.build/Debug-watchos/ArgumentParserToolInfo-t.build/Objects-normal/arm64/ArgumentParserToolInfo.SwiftFileList -DSWIFT_PACKAGE -DDEBUG -DSWIFT_MODULE_RESOURCE_BUNDLE_UNAVAILABLE -DXcode -plugin-path /Applications/Xcode-27.0.0-Release.Candidate.app/Contents/Developer/Toolchains/XcodeDefault.xctoolchain/usr/lib/swift/host/plugins/testing -enable-experimental-feature DebugDescriptionMacro -sdk /Applications/Xcode-27.0.0-Release.Candidate.app/Contents/Developer/Platforms/WatchOS.platform/Developer/SDKs/WatchOS27.0.sdk -target arm64-apple-watchos9.0 -g -module-cache-path /Users/admin/builder/spi-builder-workspace/.derivedData/ModuleCache.noindex -Xfrontend -serialize-debugging-options -profile-coverage-mapping -profile-generate -enable-testing -suppress-warnings -index-store-path /Users/admin/builder/spi-builder-workspace/.derivedData/Index.noindex/DataStore -Xcc -D_LIBCPP_HARDENING_MODE\=_LIBCPP_HARDENING_MODE_DEBUG -swift-version 6 -I /Users/admin/builder/spi-builder-workspace/.derivedData/Build/Products/Debug-watchos -Isystem /Applications/Xcode-27.0.0-Release.Candidate.app/Contents/Developer/Platforms/WatchOS.platform/Developer/usr/lib -F /Users/admin/builder/spi-builder-workspace/.derivedData/Build/Products/Debug-watchos -F /Applications/Xcode-27.0.0-Release.Candidate.app/Contents/Developer/Platforms/WatchOS.platform/Developer/Library/Frameworks -F /Applications/Xcode-27.0.0-Release.Candidate.app/Contents/Developer/Platforms/WatchOS.platform/Developer/SDKs/WatchOS27.0.sdk/Developer/Library/Frameworks -c -j10 -enable-batch-mode -incremental -Xcc -ivfsstatcache -Xcc /Users/admin/builder/spi-builder-workspace/.derivedData/SDKStatCaches.noindex/watchos27.0-24R360-e829b21a6f8c9b70876ba0858053c04477534ef55a1706bf4c1112bbb242f0a2.sdkstatcache -output-file-map /Users/admin/builder/spi-builder-workspace/.derivedData/Build/Intermediates.noindex/swift-argument-parser.build/Debug-watchos/ArgumentParserToolInfo-t.build/Objects-normal/arm64/ArgumentParserToolInfo-OutputFileMap.json -save-temps -no-color-diagnostics -explicit-module-build -module-cache-path /Users/admin/builder/spi-builder-workspace/.derivedData/Build/Intermediates.noindex/SwiftExplicitPrecompiledModules -clang-scanner-module-cache-path /Users/admin/builder/spi-builder-workspace/.derivedData/ModuleCache.noindex -sdk-module-cache-path /Users/admin/builder/spi-builder-workspace/.derivedData/SDKExplicitPrecompiledModules -emit-dependencies -emit-module -emit-module-path /Users/admin/builder/spi-builder-workspace/.derivedData/Build/Intermediates.noindex/swift-argument-parser.build/Debug-watchos/ArgumentParserToolInfo-t.build/Objects-normal/arm64/ArgumentParserToolInfo.swiftmodule -serialize-diagnostics -dependency-scan-serialize-diagnostics-path /Users/admin/builder/spi-builder-workspace/.derivedData/Build/Intermediates.noindex/swift-argument-parser.build/Debug-watchos/ArgumentParserToolInfo-t.build/Objects-normal/arm64/ArgumentParserToolInfo-dependency-scan.dia -user-module-version 1.8.2 -validate-clang-modules-once -clang-build-session-file /Users/admin/builder/spi-builder-workspace/.derivedData/ModuleCache.noindex/Session.modulevalidation -Xcc -fmodules-prune-interval\=86400 -Xcc -fmodules-prune-after\=345600 -package-name swift_argument_parser -emit-const-values -const-gather-protocols-list /Users/admin/builder/spi-builder-workspace/.derivedData/Build/Intermediates.noindex/swift-argument-parser.build/Debug-watchos/ArgumentParserToolInfo-t.build/Objects-normal/arm64/ArgumentParserToolInfo_const_extract_protocols.json -Xcc -I/Users/admin/builder/spi-builder-workspace/.derivedData/Build/Products/Debug-watchos/include -Xcc -I/Users/admin/builder/spi-builder-workspace/.derivedData/Build/Intermediates.noindex/swift-argument-parser.build/Debug-watchos/ArgumentParserToolInfo-t.build/DerivedSources-normal/arm64 -Xcc -I/Users/admin/builder/spi-builder-workspace/.derivedData/Build/Intermediates.noindex/swift-argument-parser.build/Debug-watchos/ArgumentParserToolInfo-t.build/DerivedSources/arm64 -Xcc -I/Users/admin/builder/spi-builder-workspace/.derivedData/Build/Intermediates.noindex/swift-argument-parser.build/Debug-watchos/ArgumentParserToolInfo-t.build/DerivedSources -Xcc -DSWIFT_PACKAGE -Xcc -DDEBUG\=1 -emit-objc-header -emit-objc-header-path /Users/admin/builder/spi-builder-workspace/.derivedData/Build/Intermediates.noindex/swift-argument-parser.build/Debug-watchos/ArgumentParserToolInfo-t.build/Objects-normal/arm64/ArgumentParserToolInfo-Swift.h -working-directory /Users/admin/builder/spi-builder-workspace/.swiftpm/xcode -experimental-emit-module-separately -disable-cmo
SwiftDriver ArgumentParserToolInfo normal arm64_32 com.apple.xcode.tools.swift.compiler (in target 'ArgumentParserToolInfo' from project 'swift-argument-parser')
cd /Users/admin/builder/spi-builder-workspace/.swiftpm/xcode
builtin-SwiftDriver -- /Applications/Xcode-27.0.0-Release.Candidate.app/Contents/Developer/Toolchains/XcodeDefault.xctoolchain/usr/bin/swiftc -parse-as-library -module-name ArgumentParserToolInfo -Onone @/Users/admin/builder/spi-builder-workspace/.derivedData/Build/Intermediates.noindex/swift-argument-parser.build/Debug-watchos/ArgumentParserToolInfo-t.build/Objects-normal/arm64_32/ArgumentParserToolInfo.SwiftFileList -DSWIFT_PACKAGE -DDEBUG -DSWIFT_MODULE_RESOURCE_BUNDLE_UNAVAILABLE -DXcode -plugin-path /Applications/Xcode-27.0.0-Release.Candidate.app/Contents/Developer/Toolchains/XcodeDefault.xctoolchain/usr/lib/swift/host/plugins/testing -enable-experimental-feature DebugDescriptionMacro -sdk /Applications/Xcode-27.0.0-Release.Candidate.app/Contents/Developer/Platforms/WatchOS.platform/Developer/SDKs/WatchOS27.0.sdk -target arm64_32-apple-watchos9.0 -g -module-cache-path /Users/admin/builder/spi-builder-workspace/.derivedData/ModuleCache.noindex -Xfrontend -serialize-debugging-options -profile-coverage-mapping -profile-generate -enable-testing -suppress-warnings -index-store-path /Users/admin/builder/spi-builder-workspace/.derivedData/Index.noindex/DataStore -Xcc -D_LIBCPP_HARDENING_MODE\=_LIBCPP_HARDENING_MODE_DEBUG -swift-version 6 -I /Users/admin/builder/spi-builder-workspace/.derivedData/Build/Products/Debug-watchos -Isystem /Applications/Xcode-27.0.0-Release.Candidate.app/Contents/Developer/Platforms/WatchOS.platform/Developer/usr/lib -F /Users/admin/builder/spi-builder-workspace/.derivedData/Build/Products/Debug-watchos -F /Applications/Xcode-27.0.0-Release.Candidate.app/Contents/Developer/Platforms/WatchOS.platform/Developer/Library/Frameworks -F /Applications/Xcode-27.0.0-Release.Candidate.app/Contents/Developer/Platforms/WatchOS.platform/Developer/SDKs/WatchOS27.0.sdk/Developer/Library/Frameworks -c -j10 -enable-batch-mode -incremental -Xcc -ivfsstatcache -Xcc /Users/admin/builder/spi-builder-workspace/.derivedData/SDKStatCaches.noindex/watchos27.0-24R360-e829b21a6f8c9b70876ba0858053c04477534ef55a1706bf4c1112bbb242f0a2.sdkstatcache -output-file-map /Users/admin/builder/spi-builder-workspace/.derivedData/Build/Intermediates.noindex/swift-argument-parser.build/Debug-watchos/ArgumentParserToolInfo-t.build/Objects-normal/arm64_32/ArgumentParserToolInfo-OutputFileMap.json -save-temps -no-color-diagnostics -explicit-module-build -module-cache-path /Users/admin/builder/spi-builder-workspace/.derivedData/Build/Intermediates.noindex/SwiftExplicitPrecompiledModules -clang-scanner-module-cache-path /Users/admin/builder/spi-builder-workspace/.derivedData/ModuleCache.noindex -sdk-module-cache-path /Users/admin/builder/spi-builder-workspace/.derivedData/SDKExplicitPrecompiledModules -emit-dependencies -emit-module -emit-module-path /Users/admin/builder/spi-builder-workspace/.derivedData/Build/Intermediates.noindex/swift-argument-parser.build/Debug-watchos/ArgumentParserToolInfo-t.build/Objects-normal/arm64_32/ArgumentParserToolInfo.swiftmodule -serialize-diagnostics -dependency-scan-serialize-diagnostics-path /Users/admin/builder/spi-builder-workspace/.derivedData/Build/Intermediates.noindex/swift-argument-parser.build/Debug-watchos/ArgumentParserToolInfo-t.build/Objects-normal/arm64_32/ArgumentParserToolInfo-dependency-scan.dia -user-module-version 1.8.2 -validate-clang-modules-once -clang-build-session-file /Users/admin/builder/spi-builder-workspace/.derivedData/ModuleCache.noindex/Session.modulevalidation -Xcc -fmodules-prune-interval\=86400 -Xcc -fmodules-prune-after\=345600 -package-name swift_argument_parser -emit-const-values -const-gather-protocols-list /Users/admin/builder/spi-builder-workspace/.derivedData/Build/Intermediates.noindex/swift-argument-parser.build/Debug-watchos/ArgumentParserToolInfo-t.build/Objects-normal/arm64_32/ArgumentParserToolInfo_const_extract_protocols.json -Xcc -I/Users/admin/builder/spi-builder-workspace/.derivedData/Build/Products/Debug-watchos/include -Xcc -I/Users/admin/builder/spi-builder-workspace/.derivedData/Build/Intermediates.noindex/swift-argument-parser.build/Debug-watchos/ArgumentParserToolInfo-t.build/DerivedSources-normal/arm64_32 -Xcc -I/Users/admin/builder/spi-builder-workspace/.derivedData/Build/Intermediates.noindex/swift-argument-parser.build/Debug-watchos/ArgumentParserToolInfo-t.build/DerivedSources/arm64_32 -Xcc -I/Users/admin/builder/spi-builder-workspace/.derivedData/Build/Intermediates.noindex/swift-argument-parser.build/Debug-watchos/ArgumentParserToolInfo-t.build/DerivedSources -Xcc -DSWIFT_PACKAGE -Xcc -DDEBUG\=1 -emit-objc-header -emit-objc-header-path /Users/admin/builder/spi-builder-workspace/.derivedData/Build/Intermediates.noindex/swift-argument-parser.build/Debug-watchos/ArgumentParserToolInfo-t.build/Objects-normal/arm64_32/ArgumentParserToolInfo-Swift.h -working-directory /Users/admin/builder/spi-builder-workspace/.swiftpm/xcode -experimental-emit-module-separately -disable-cmo
SwiftEmitModule normal arm64_32 Emitting\ module\ for\ ArgumentParserToolInfo (in target 'ArgumentParserToolInfo' from project 'swift-argument-parser')
SwiftCompile normal arm64_32 (in target 'ArgumentParserToolInfo' from project 'swift-argument-parser')
cd /Users/admin/builder/spi-builder-workspace/.swiftpm/xcode
SwiftEmitModule normal arm64 Emitting\ module\ for\ ArgumentParserToolInfo (in target 'ArgumentParserToolInfo' from project 'swift-argument-parser')
SwiftCompile normal arm64 (in target 'ArgumentParserToolInfo' from project 'swift-argument-parser')
cd /Users/admin/builder/spi-builder-workspace/.swiftpm/xcode
SwiftCompile normal arm64 Compiling\ ToolInfo.swift /Users/admin/builder/spi-builder-workspace/.dependencies/checkouts/swift-argument-parser/Sources/ArgumentParserToolInfo/ToolInfo.swift (in target 'ArgumentParserToolInfo' from project 'swift-argument-parser')
SwiftCompile normal arm64 /Users/admin/builder/spi-builder-workspace/.dependencies/checkouts/swift-argument-parser/Sources/ArgumentParserToolInfo/ToolInfo.swift (in target 'ArgumentParserToolInfo' from project 'swift-argument-parser')
cd /Users/admin/builder/spi-builder-workspace/.swiftpm/xcode
builtin-SwiftPerFileCompile ToolInfo.swift
SwiftCompile normal arm64_32 Compiling\ ToolInfo.swift /Users/admin/builder/spi-builder-workspace/.dependencies/checkouts/swift-argument-parser/Sources/ArgumentParserToolInfo/ToolInfo.swift (in target 'ArgumentParserToolInfo' from project 'swift-argument-parser')
SwiftCompile normal arm64_32 /Users/admin/builder/spi-builder-workspace/.dependencies/checkouts/swift-argument-parser/Sources/ArgumentParserToolInfo/ToolInfo.swift (in target 'ArgumentParserToolInfo' from project 'swift-argument-parser')
cd /Users/admin/builder/spi-builder-workspace/.swiftpm/xcode
builtin-SwiftPerFileCompile ToolInfo.swift
SwiftEmitModule normal arm64_32 Emitting\ module\ for\ Decant (in target 'Decant' from project 'SwiftWinMD')
SwiftCompile normal arm64_32 (in target 'Decant' from project 'SwiftWinMD')
cd /Users/admin/builder/spi-builder-workspace/.swiftpm/xcode
SwiftEmitModule normal arm64 Emitting\ module\ for\ Decant (in target 'Decant' from project 'SwiftWinMD')
SwiftCompile normal arm64 (in target 'Decant' from project 'SwiftWinMD')
cd /Users/admin/builder/spi-builder-workspace/.swiftpm/xcode
SwiftExplicitDependencyGeneratePcm arm64_32 /Users/admin/builder/spi-builder-workspace/.derivedData/SDKExplicitPrecompiledModules/ptrauth-EW7YZZ7LEZE1QZF2T8148IPSA.pcm
SwiftExplicitDependencyGeneratePcm arm64 /Users/admin/builder/spi-builder-workspace/.derivedData/SDKExplicitPrecompiledModules/_Builtin_stdbool-B692L2PMR118794VVYBG37897.pcm
SwiftExplicitDependencyGeneratePcm arm64 /Users/admin/builder/spi-builder-workspace/.derivedData/SDKExplicitPrecompiledModules/_Builtin_float-E4M4A8689VXF1T7P7BV56IKBT.pcm
SwiftExplicitDependencyGeneratePcm arm64_32 /Users/admin/builder/spi-builder-workspace/.derivedData/SDKExplicitPrecompiledModules/_Builtin_stdbool-84ZA1VDW90AGWZ2LF5KOCM8DZ.pcm
SwiftExplicitDependencyGeneratePcm arm64 /Users/admin/builder/spi-builder-workspace/.derivedData/SDKExplicitPrecompiledModules/ptrauth-C7VQASAJ967Q4Q6SRD4I3CFWZ.pcm
SwiftEmitModule normal arm64 Emitting\ module\ for\ SQLEngine (in target 'SQLEngine' from project 'SwiftSQL')
/Users/admin/builder/spi-builder-workspace/SwiftSQL/Sources/SQLEngine/Aggregate.swift:137:24: error: 'Int128' is only available in watchOS 11.0 or newer
116 | /// (`SUM(x) OVER (PARTITION BY d)`) folds every partition row through one
117 | /// accumulator, so it is `internal` rather than the grouping path's private.
118 | internal struct Accumulator {
| `- note: add '@available' attribute to enclosing struct
119 | private let function: Aggregate
120 | // Whether to fold each DISTINCT non-NULL value once — the ISO `DISTINCT` set
:
135 | // undoes, and the widen decision is deferred so a double anywhere widens the
136 | // group.
137 | private var integer: Int128 = 0
| `- error: 'Int128' is only available in watchOS 11.0 or newer
138 | private var total = 0.0
139 | private var widened = false
/Users/admin/builder/spi-builder-workspace/SwiftSQL/Sources/SQLEngine/Aggregate.swift:137:33: error: 'Int128' is only available in watchOS 11.0 or newer
116 | /// (`SUM(x) OVER (PARTITION BY d)`) folds every partition row through one
117 | /// accumulator, so it is `internal` rather than the grouping path's private.
118 | internal struct Accumulator {
| `- note: add '@available' attribute to enclosing struct
119 | private let function: Aggregate
120 | // Whether to fold each DISTINCT non-NULL value once — the ISO `DISTINCT` set
:
135 | // undoes, and the widen decision is deferred so a double anywhere widens the
136 | // group.
137 | private var integer: Int128 = 0
| `- error: 'Int128' is only available in watchOS 11.0 or newer
138 | private var total = 0.0
139 | private var widened = false
/Users/admin/builder/spi-builder-workspace/SwiftSQL/Sources/SQLEngine/Token.swift:270:25: error: 'InlineArray' is only available in watchOS 26.0 or newer
268 |
269 |
270 | private let kHexDigits: InlineArray<_, Character> = [
| | `- error: 'InlineArray' is only available in watchOS 26.0 or newer
| `- note: add '@available' attribute to enclosing let
271 | "0", "1", "2", "3", "4", "5", "6", "7", "8", "9", "a", "b", "c", "d", "e", "f"
272 | ]
Failed frontend command:
/Applications/Xcode-27.0.0-Release.Candidate.app/Contents/Developer/Toolchains/XcodeDefault.xctoolchain/usr/bin/swift-frontend -frontend -emit-module -experimental-skip-non-inlinable-function-bodies-without-types /Users/admin/builder/spi-builder-workspace/SwiftSQL/Sources/SQLEngine/AST+Expression.swift /Users/admin/builder/spi-builder-workspace/SwiftSQL/Sources/SQLEngine/AST.swift /Users/admin/builder/spi-builder-workspace/SwiftSQL/Sources/SQLEngine/Adapter.swift /Users/admin/builder/spi-builder-workspace/SwiftSQL/Sources/SQLEngine/Aggregate.swift /Users/admin/builder/spi-builder-workspace/SwiftSQL/Sources/SQLEngine/Aggregation.swift /Users/admin/builder/spi-builder-workspace/SwiftSQL/Sources/SQLEngine/Carrier.swift /Users/admin/builder/spi-builder-workspace/SwiftSQL/Sources/SQLEngine/Compilation.swift /Users/admin/builder/spi-builder-workspace/SwiftSQL/Sources/SQLEngine/Context.swift /Users/admin/builder/spi-builder-workspace/SwiftSQL/Sources/SQLEngine/Decorrelation.swift /Users/admin/builder/spi-builder-workspace/SwiftSQL/Sources/SQLEngine/Definition.swift /Users/admin/builder/spi-builder-workspace/SwiftSQL/Sources/SQLEngine/Demotion.swift /Users/admin/builder/spi-builder-workspace/SwiftSQL/Sources/SQLEngine/Engine.swift /Users/admin/builder/spi-builder-workspace/SwiftSQL/Sources/SQLEngine/Error.swift /Users/admin/builder/spi-builder-workspace/SwiftSQL/Sources/SQLEngine/Evaluation.swift /Users/admin/builder/spi-builder-workspace/SwiftSQL/Sources/SQLEngine/Explain.swift /Users/admin/builder/spi-builder-workspace/SwiftSQL/Sources/SQLEngine/Filter.swift /Users/admin/builder/spi-builder-workspace/SwiftSQL/Sources/SQLEngine/Function.swift /Users/admin/builder/spi-builder-workspace/SwiftSQL/Sources/SQLEngine/Grouped.swift /Users/admin/builder/spi-builder-workspace/SwiftSQL/Sources/SQLEngine/GroupingSets.swift /Users/admin/builder/spi-builder-workspace/SwiftSQL/Sources/SQLEngine/Interpreter.swift /Users/admin/builder/spi-builder-workspace/SwiftSQL/Sources/SQLEngine/Lexer.swift /Users/admin/builder/spi-builder-workspace/SwiftSQL/Sources/SQLEngine/Operator.swift /Users/admin/builder/spi-builder-workspace/SwiftSQL/Sources/SQLEngine/Optimisation.swift /Users/admin/builder/spi-builder-workspace/SwiftSQL/Sources/SQLEngine/OutputColumn.swift /Users/admin/builder/spi-builder-workspace/SwiftSQL/Sources/SQLEngine/Parser+Predicate.swift /Users/admin/builder/spi-builder-workspace/SwiftSQL/Sources/SQLEngine/Parser+Projection.swift /Users/admin/builder/spi-builder-workspace/SwiftSQL/Sources/SQLEngine/Parser.swift /Users/admin/builder/spi-builder-workspace/SwiftSQL/Sources/SQLEngine/Pushdown.swift /Users/admin/builder/spi-builder-workspace/SwiftSQL/Sources/SQLEngine/RelationInstance.swift /Users/admin/builder/spi-builder-workspace/SwiftSQL/Sources/SQLEngine/Reordering.swift /Users/admin/builder/spi-builder-workspace/SwiftSQL/Sources/SQLEngine/Resolution.swift /Users/admin/builder/spi-builder-workspace/SwiftSQL/Sources/SQLEngine/Schema+Derivation.swift /Users/admin/builder/spi-builder-workspace/SwiftSQL/Sources/SQLEngine/Schema.swift /Users/admin/builder/spi-builder-workspace/SwiftSQL/Sources/SQLEngine/Scope.swift /Users/admin/builder/spi-builder-workspace/SwiftSQL/Sources/SQLEngine/Statement.swift /Users/admin/builder/spi-builder-workspace/SwiftSQL/Sources/SQLEngine/Token.swift /Users/admin/builder/spi-builder-workspace/SwiftSQL/Sources/SQLEngine/Window.swift /Users/admin/builder/spi-builder-workspace/SwiftSQL/Sources/SQLEngine/Windowed.swift /Users/admin/builder/spi-builder-workspace/SwiftSQL/Sources/SQLEngine/With.swift -target arm64-apple-watchos9.0 -disable-cross-import-overlay-search -load-resolved-plugin /Applications/Xcode-27.0.0-Release.Candidate.app/Contents/Developer/Platforms/WatchOS.platform/Developer/usr/lib/swift/host/plugins/libSwiftMacros.dylib\#/Applications/Xcode-27.0.0-Release.Candidate.app/Contents/Developer/Platforms/WatchOS.platform/Developer/usr/bin/swift-plugin-server\#SwiftMacros -disable-implicit-swift-modules -Xcc -fno-implicit-modules -Xcc -fno-implicit-module-maps -explicit-swift-module-map-file /Users/admin/builder/spi-builder-workspace/.derivedData/Build/Intermediates.noindex/SwiftSQL.build/Debug-watchos/SQLEngine-t.build/Objects-normal/arm64/SQLEngine-dependencies-2.json -Xllvm -aarch64-use-tbi -enable-objc-interop -stack-check -sdk /Applications/Xcode-27.0.0-Release.Candidate.app/Contents/Developer/Platforms/WatchOS.platform/Developer/SDKs/WatchOS27.0.sdk -I /Users/admin/builder/spi-builder-workspace/.derivedData/Build/Products/Debug-watchos -Isystem /Applications/Xcode-27.0.0-Release.Candidate.app/Contents/Developer/Platforms/WatchOS.platform/Developer/usr/lib -F /Users/admin/builder/spi-builder-workspace/.derivedData/Build/Products/Debug-watchos -F /Applications/Xcode-27.0.0-Release.Candidate.app/Contents/Developer/Platforms/WatchOS.platform/Developer/Library/Frameworks -F /Applications/Xcode-27.0.0-Release.Candidate.app/Contents/Developer/Platforms/WatchOS.platform/Developer/SDKs/WatchOS27.0.sdk/Developer/Library/Frameworks -module-cache-path /Users/admin/builder/spi-builder-workspace/.derivedData/Build/Intermediates.noindex/SwiftExplicitPrecompiledModules -no-color-diagnostics -Xcc -fno-color-diagnostics -enable-testing -g -debug-info-format\=dwarf -dwarf-version\=4 -profile-generate -profile-coverage-mapping -swift-version 6 -Onone -D SWIFT_PACKAGE -D DEBUG -D SWIFT_MODULE_RESOURCE_BUNDLE_UNAVAILABLE -D Xcode -serialize-debugging-options -enable-experimental-feature Lifetimes -enable-experimental-feature DebugDescriptionMacro -empty-abi-descriptor -validate-clang-modules-once -clang-build-session-file /Users/admin/builder/spi-builder-workspace/.derivedData/ModuleCache.noindex/Session.modulevalidation -Xcc -working-directory -Xcc /Users/admin/builder/spi-builder-workspace/.swiftpm/xcode -enable-anonymous-context-mangled-names -file-compilation-dir /Users/admin/builder/spi-builder-workspace/.swiftpm/xcode -Xcc -D_LIBCPP_HARDENING_MODE\=_LIBCPP_HARDENING_MODE_DEBUG -Xcc -ivfsstatcache -Xcc /Users/admin/builder/spi-builder-workspace/.derivedData/SDKStatCaches.noindex/watchos27.0-24R360-e829b21a6f8c9b70876ba0858053c04477534ef55a1706bf4c1112bbb242f0a2.sdkstatcache -Xcc -fmodules-prune-interval\=86400 -Xcc -fmodules-prune-after\=345600 -Xcc -I/Users/admin/builder/spi-builder-workspace/.derivedData/Build/Products/Debug-watchos/include -Xcc -I/Users/admin/builder/spi-builder-workspace/.derivedData/Build/Intermediates.noindex/SwiftSQL.build/Debug-watchos/SQLEngine-t.build/DerivedSources-normal/arm64 -Xcc -I/Users/admin/builder/spi-builder-workspace/.derivedData/Build/Intermediates.noindex/SwiftSQL.build/Debug-watchos/SQLEngine-t.build/DerivedSources/arm64 -Xcc -I/Users/admin/builder/spi-builder-workspace/.derivedData/Build/Intermediates.noindex/SwiftSQL.build/Debug-watchos/SQLEngine-t.build/DerivedSources -Xcc -DSWIFT_PACKAGE -Xcc -DDEBUG\=1 -no-auto-bridging-header-chaining -module-name SQLEngine -package-name swiftsql -const-gather-protocols-file /Users/admin/builder/spi-builder-workspace/.derivedData/Build/Intermediates.noindex/SwiftSQL.build/Debug-watchos/SQLEngine-t.build/Objects-normal/arm64/SQLEngine_const_extract_protocols.json -disable-clang-spi -clang-target arm64-apple-watchos27.0 -target-sdk-version 27.0 -target-sdk-name watchos27.0 -in-process-plugin-server-path /Applications/Xcode-27.0.0-Release.Candidate.app/Contents/Developer/Toolchains/XcodeDefault.xctoolchain/usr/lib/swift/host/libSwiftInProcPluginServer.dylib -emit-module-doc-path /Users/admin/builder/spi-builder-workspace/.derivedData/Build/Intermediates.noindex/SwiftSQL.build/Debug-watchos/SQLEngine-t.build/Objects-normal/arm64/SQLEngine.swiftdoc -emit-module-source-info-path /Users/admin/builder/spi-builder-workspace/.derivedData/Build/Intermediates.noindex/SwiftSQL.build/Debug-watchos/SQLEngine-t.build/Objects-normal/arm64/SQLEngine.swiftsourceinfo -emit-objc-header-path /Users/admin/builder/spi-builder-workspace/.derivedData/Build/Intermediates.noindex/SwiftSQL.build/Debug-watchos/SQLEngine-t.build/Objects-normal/arm64/SQLEngine-Swift.h -serialize-diagnostics-path /Users/admin/builder/spi-builder-workspace/.derivedData/Build/Intermediates.noindex/SwiftSQL.build/Debug-watchos/SQLEngine-t.build/Objects-normal/arm64/SQLEngine-primary-emit-module.dia -emit-dependencies-path /Users/admin/builder/spi-builder-workspace/.derivedData/Build/Intermediates.noindex/SwiftSQL.build/Debug-watchos/SQLEngine-t.build/Objects-normal/arm64/SQLEngine-primary-emit-module.d -parse-as-library -o /Users/admin/builder/spi-builder-workspace/.derivedData/Build/Intermediates.noindex/SwiftSQL.build/Debug-watchos/SQLEngine-t.build/Objects-normal/arm64/SQLEngine.swiftmodule -emit-abi-descriptor-path /Users/admin/builder/spi-builder-workspace/.derivedData/Build/Intermediates.noindex/SwiftSQL.build/Debug-watchos/SQLEngine-t.build/Objects-normal/arm64/SQLEngine.abi.json
SwiftCompile normal arm64 (in target 'SQLEngine' from project 'SwiftSQL')
cd /Users/admin/builder/spi-builder-workspace/.swiftpm/xcode
SwiftEmitModule normal arm64_32 Emitting\ module\ for\ SQLEngine (in target 'SQLEngine' from project 'SwiftSQL')
SwiftCompile normal arm64_32 (in target 'SQLEngine' from project 'SwiftSQL')
cd /Users/admin/builder/spi-builder-workspace/.swiftpm/xcode
/Users/admin/builder/spi-builder-workspace/SwiftSQL/Sources/SQLEngine/Aggregate.swift:137:24: error: 'Int128' is only available in watchOS 11.0 or newer
116 | /// (`SUM(x) OVER (PARTITION BY d)`) folds every partition row through one
117 | /// accumulator, so it is `internal` rather than the grouping path's private.
118 | internal struct Accumulator {
| `- note: add '@available' attribute to enclosing struct
119 | private let function: Aggregate
120 | // Whether to fold each DISTINCT non-NULL value once — the ISO `DISTINCT` set
:
135 | // undoes, and the widen decision is deferred so a double anywhere widens the
136 | // group.
137 | private var integer: Int128 = 0
| `- error: 'Int128' is only available in watchOS 11.0 or newer
138 | private var total = 0.0
139 | private var widened = false
/Users/admin/builder/spi-builder-workspace/SwiftSQL/Sources/SQLEngine/Aggregate.swift:137:33: error: 'Int128' is only available in watchOS 11.0 or newer
116 | /// (`SUM(x) OVER (PARTITION BY d)`) folds every partition row through one
117 | /// accumulator, so it is `internal` rather than the grouping path's private.
118 | internal struct Accumulator {
| `- note: add '@available' attribute to enclosing struct
119 | private let function: Aggregate
120 | // Whether to fold each DISTINCT non-NULL value once — the ISO `DISTINCT` set
:
135 | // undoes, and the widen decision is deferred so a double anywhere widens the
136 | // group.
137 | private var integer: Int128 = 0
| `- error: 'Int128' is only available in watchOS 11.0 or newer
138 | private var total = 0.0
139 | private var widened = false
/Users/admin/builder/spi-builder-workspace/SwiftSQL/Sources/SQLEngine/Token.swift:270:25: error: 'InlineArray' is only available in watchOS 26.0 or newer
268 |
269 |
270 | private let kHexDigits: InlineArray<_, Character> = [
| | `- error: 'InlineArray' is only available in watchOS 26.0 or newer
| `- note: add '@available' attribute to enclosing let
271 | "0", "1", "2", "3", "4", "5", "6", "7", "8", "9", "a", "b", "c", "d", "e", "f"
272 | ]
SwiftExplicitDependencyGeneratePcm arm64 /Users/admin/builder/spi-builder-workspace/.derivedData/SDKExplicitPrecompiledModules/_AvailabilityInternal-42EVAC8Q6P1ZT6G3A168N97G4.pcm
SwiftExplicitDependencyGeneratePcm arm64 /Users/admin/builder/spi-builder-workspace/.derivedData/SDKExplicitPrecompiledModules/ptrcheck-8K07997SIHO7YGY7UQ3LOQ3TJ.pcm
SwiftExplicitDependencyGeneratePcm arm64_32 /Users/admin/builder/spi-builder-workspace/.derivedData/SDKExplicitPrecompiledModules/_Builtin_stddef-2F9BFIPBQ5EWNSK5G7G7V4EKL.pcm
SwiftExplicitDependencyGeneratePcm arm64_32 /Users/admin/builder/spi-builder-workspace/.derivedData/SDKExplicitPrecompiledModules/_Builtin_float-372PLGDQ1U3B6Z5EA5DJMDORJ.pcm
SwiftExplicitDependencyGeneratePcm arm64_32 /Users/admin/builder/spi-builder-workspace/.derivedData/SDKExplicitPrecompiledModules/_AvailabilityInternal-22ZP1ILSQW16KHXZS5GBZHOCS.pcm
SwiftExplicitDependencyGeneratePcm arm64 /Users/admin/builder/spi-builder-workspace/.derivedData/SDKExplicitPrecompiledModules/_Builtin_stdarg-3X4KLXUYEI0UGBILP4X7D0CYW.pcm
SwiftExplicitDependencyGeneratePcm arm64_32 /Users/admin/builder/spi-builder-workspace/.derivedData/SDKExplicitPrecompiledModules/_Builtin_stdarg-EYJP6DFYQL9GJLH1TJ84A8MHV.pcm
SwiftCompile normal arm64_32 Compiling\ AST+Expression.swift,\ AST.swift,\ Adapter.swift,\ Aggregate.swift /Users/admin/builder/spi-builder-workspace/SwiftSQL/Sources/SQLEngine/AST+Expression.swift /Users/admin/builder/spi-builder-workspace/SwiftSQL/Sources/SQLEngine/AST.swift /Users/admin/builder/spi-builder-workspace/SwiftSQL/Sources/SQLEngine/Adapter.swift /Users/admin/builder/spi-builder-workspace/SwiftSQL/Sources/SQLEngine/Aggregate.swift (in target 'SQLEngine' from project 'SwiftSQL')
SwiftCompile normal arm64_32 /Users/admin/builder/spi-builder-workspace/SwiftSQL/Sources/SQLEngine/AST+Expression.swift (in target 'SQLEngine' from project 'SwiftSQL')
cd /Users/admin/builder/spi-builder-workspace/.swiftpm/xcode
builtin-SwiftPerFileCompile AST+Expression.swift
SwiftCompile normal arm64_32 /Users/admin/builder/spi-builder-workspace/SwiftSQL/Sources/SQLEngine/AST.swift (in target 'SQLEngine' from project 'SwiftSQL')
cd /Users/admin/builder/spi-builder-workspace/.swiftpm/xcode
builtin-SwiftPerFileCompile AST.swift
SwiftCompile normal arm64_32 /Users/admin/builder/spi-builder-workspace/SwiftSQL/Sources/SQLEngine/Adapter.swift (in target 'SQLEngine' from project 'SwiftSQL')
cd /Users/admin/builder/spi-builder-workspace/.swiftpm/xcode
builtin-SwiftPerFileCompile Adapter.swift
SwiftCompile normal arm64_32 /Users/admin/builder/spi-builder-workspace/SwiftSQL/Sources/SQLEngine/Aggregate.swift (in target 'SQLEngine' from project 'SwiftSQL')
cd /Users/admin/builder/spi-builder-workspace/.swiftpm/xcode
builtin-SwiftPerFileCompile Aggregate.swift
/Users/admin/builder/spi-builder-workspace/SwiftSQL/Sources/SQLEngine/Aggregate.swift:137:24: error: 'Int128' is only available in watchOS 11.0 or newer
116 | /// (`SUM(x) OVER (PARTITION BY d)`) folds every partition row through one
117 | /// accumulator, so it is `internal` rather than the grouping path's private.
118 | internal struct Accumulator {
| `- note: add '@available' attribute to enclosing struct
119 | private let function: Aggregate
120 | // Whether to fold each DISTINCT non-NULL value once — the ISO `DISTINCT` set
:
135 | // undoes, and the widen decision is deferred so a double anywhere widens the
136 | // group.
137 | private var integer: Int128 = 0
| `- error: 'Int128' is only available in watchOS 11.0 or newer
138 | private var total = 0.0
139 | private var widened = false
/Users/admin/builder/spi-builder-workspace/SwiftSQL/Sources/SQLEngine/Aggregate.swift:137:33: error: 'Int128' is only available in watchOS 11.0 or newer
116 | /// (`SUM(x) OVER (PARTITION BY d)`) folds every partition row through one
117 | /// accumulator, so it is `internal` rather than the grouping path's private.
118 | internal struct Accumulator {
| `- note: add '@available' attribute to enclosing struct
119 | private let function: Aggregate
120 | // Whether to fold each DISTINCT non-NULL value once — the ISO `DISTINCT` set
:
135 | // undoes, and the widen decision is deferred so a double anywhere widens the
136 | // group.
137 | private var integer: Int128 = 0
| `- error: 'Int128' is only available in watchOS 11.0 or newer
138 | private var total = 0.0
139 | private var widened = false
/Users/admin/builder/spi-builder-workspace/SwiftSQL/Sources/SQLEngine/Aggregate.swift:206:17: error: conformance of 'Int128' to 'BinaryInteger' is only available in watchOS 11.0 or newer
116 | /// (`SUM(x) OVER (PARTITION BY d)`) folds every partition row through one
117 | /// accumulator, so it is `internal` rather than the grouping path's private.
118 | internal struct Accumulator {
| `- note: add '@available' attribute to enclosing struct
119 | private let function: Aggregate
120 | // Whether to fold each DISTINCT non-NULL value once — the ISO `DISTINCT` set
:
157 | /// non-finite double total is not raised here — the widen/overflow decision
158 | /// is deferred to `value` so it is order-independent.
159 | internal mutating func fold(_ value: Value) throws(SQLError) {
| `- note: add '@available' attribute to enclosing instance method
160 | // Every aggregate but a row-count ignores NULL — a NULL argument does not
161 | // fold, so an all-NULL group aggregates as an empty one.
:
204 | case let .integer(number):
205 | total += Double(number)
206 | integer += Int128(number)
| |- error: conformance of 'Int128' to 'BinaryInteger' is only available in watchOS 11.0 or newer
| `- note: add 'if #available' version check
207 | case let .double(number):
208 | total += number
/Users/admin/builder/spi-builder-workspace/SwiftSQL/Sources/SQLEngine/Aggregate.swift:206:20: error: 'Int128' is only available in watchOS 11.0 or newer
116 | /// (`SUM(x) OVER (PARTITION BY d)`) folds every partition row through one
117 | /// accumulator, so it is `internal` rather than the grouping path's private.
118 | internal struct Accumulator {
| `- note: add '@available' attribute to enclosing struct
119 | private let function: Aggregate
120 | // Whether to fold each DISTINCT non-NULL value once — the ISO `DISTINCT` set
:
157 | /// non-finite double total is not raised here — the widen/overflow decision
158 | /// is deferred to `value` so it is order-independent.
159 | internal mutating func fold(_ value: Value) throws(SQLError) {
| `- note: add '@available' attribute to enclosing instance method
160 | // Every aggregate but a row-count ignores NULL — a NULL argument does not
161 | // fold, so an all-NULL group aggregates as an empty one.
:
204 | case let .integer(number):
205 | total += Double(number)
206 | integer += Int128(number)
| |- error: 'Int128' is only available in watchOS 11.0 or newer
| `- note: add 'if #available' version check
207 | case let .double(number):
208 | total += number
/Users/admin/builder/spi-builder-workspace/SwiftSQL/Sources/SQLEngine/Aggregate.swift:206:20: error: conformance of 'Int128' to 'FixedWidthInteger' is only available in watchOS 11.0 or newer
116 | /// (`SUM(x) OVER (PARTITION BY d)`) folds every partition row through one
117 | /// accumulator, so it is `internal` rather than the grouping path's private.
118 | internal struct Accumulator {
| `- note: add '@available' attribute to enclosing struct
119 | private let function: Aggregate
120 | // Whether to fold each DISTINCT non-NULL value once — the ISO `DISTINCT` set
:
157 | /// non-finite double total is not raised here — the widen/overflow decision
158 | /// is deferred to `value` so it is order-independent.
159 | internal mutating func fold(_ value: Value) throws(SQLError) {
| `- note: add '@available' attribute to enclosing instance method
160 | // Every aggregate but a row-count ignores NULL — a NULL argument does not
161 | // fold, so an all-NULL group aggregates as an empty one.
:
204 | case let .integer(number):
205 | total += Double(number)
206 | integer += Int128(number)
| |- error: conformance of 'Int128' to 'FixedWidthInteger' is only available in watchOS 11.0 or newer
| `- note: add 'if #available' version check
207 | case let .double(number):
208 | total += number
/Users/admin/builder/spi-builder-workspace/SwiftSQL/Sources/SQLEngine/Aggregate.swift:206:20: error: conformance of 'Int128' to 'SignedInteger' is only available in watchOS 11.0 or newer
116 | /// (`SUM(x) OVER (PARTITION BY d)`) folds every partition row through one
117 | /// accumulator, so it is `internal` rather than the grouping path's private.
118 | internal struct Accumulator {
| `- note: add '@available' attribute to enclosing struct
119 | private let function: Aggregate
120 | // Whether to fold each DISTINCT non-NULL value once — the ISO `DISTINCT` set
:
157 | /// non-finite double total is not raised here — the widen/overflow decision
158 | /// is deferred to `value` so it is order-independent.
159 | internal mutating func fold(_ value: Value) throws(SQLError) {
| `- note: add '@available' attribute to enclosing instance method
160 | // Every aggregate but a row-count ignores NULL — a NULL argument does not
161 | // fold, so an all-NULL group aggregates as an empty one.
:
204 | case let .integer(number):
205 | total += Double(number)
206 | integer += Int128(number)
| |- error: conformance of 'Int128' to 'SignedInteger' is only available in watchOS 11.0 or newer
| `- note: add 'if #available' version check
207 | case let .double(number):
208 | total += number
/Users/admin/builder/spi-builder-workspace/SwiftSQL/Sources/SQLEngine/Aggregate.swift:258:25: error: conformance of 'Int128' to 'BinaryInteger' is only available in watchOS 11.0 or newer
116 | /// (`SUM(x) OVER (PARTITION BY d)`) folds every partition row through one
117 | /// accumulator, so it is `internal` rather than the grouping path's private.
118 | internal struct Accumulator {
| `- note: add '@available' attribute to enclosing struct
119 | private let function: Aggregate
120 | // Whether to fold each DISTINCT non-NULL value once — the ISO `DISTINCT` set
:
243 | /// value undoes — or a `SUM`/`AVG` double result is not finite. `AVG`
244 | /// divides the wide total, so an integer sum outside `Int` still averages.
245 | internal var value: Value {
| `- note: add '@available' attribute to enclosing property
246 | get throws(SQLError) {
247 | switch function {
:
256 | return .double(total)
257 | }
258 | guard let sum = Int(exactly: integer) else {
| |- error: conformance of 'Int128' to 'BinaryInteger' is only available in watchOS 11.0 or newer
| `- note: add 'if #available' version check
259 | throw .magnitude("integer overflow")
260 | }
SwiftCompile normal arm64 Compiling\ Aggregation.swift,\ Carrier.swift,\ Compilation.swift,\ Context.swift /Users/admin/builder/spi-builder-workspace/SwiftSQL/Sources/SQLEngine/Aggregation.swift /Users/admin/builder/spi-builder-workspace/SwiftSQL/Sources/SQLEngine/Carrier.swift /Users/admin/builder/spi-builder-workspace/SwiftSQL/Sources/SQLEngine/Compilation.swift /Users/admin/builder/spi-builder-workspace/SwiftSQL/Sources/SQLEngine/Context.swift (in target 'SQLEngine' from project 'SwiftSQL')
SwiftCompile normal arm64 /Users/admin/builder/spi-builder-workspace/SwiftSQL/Sources/SQLEngine/Aggregation.swift (in target 'SQLEngine' from project 'SwiftSQL')
cd /Users/admin/builder/spi-builder-workspace/.swiftpm/xcode
builtin-SwiftPerFileCompile Aggregation.swift
SwiftCompile normal arm64 /Users/admin/builder/spi-builder-workspace/SwiftSQL/Sources/SQLEngine/Carrier.swift (in target 'SQLEngine' from project 'SwiftSQL')
cd /Users/admin/builder/spi-builder-workspace/.swiftpm/xcode
builtin-SwiftPerFileCompile Carrier.swift
SwiftCompile normal arm64 /Users/admin/builder/spi-builder-workspace/SwiftSQL/Sources/SQLEngine/Compilation.swift (in target 'SQLEngine' from project 'SwiftSQL')
cd /Users/admin/builder/spi-builder-workspace/.swiftpm/xcode
builtin-SwiftPerFileCompile Compilation.swift
SwiftCompile normal arm64 /Users/admin/builder/spi-builder-workspace/SwiftSQL/Sources/SQLEngine/Context.swift (in target 'SQLEngine' from project 'SwiftSQL')
cd /Users/admin/builder/spi-builder-workspace/.swiftpm/xcode
builtin-SwiftPerFileCompile Context.swift
SwiftExplicitDependencyGeneratePcm arm64 /Users/admin/builder/spi-builder-workspace/.derivedData/SDKExplicitPrecompiledModules/_DarwinFoundation1-7YQ9TVI7XTOGQU9OADRXP33D1.pcm
SwiftCompile normal arm64 Compiling\ Lexer.swift,\ Operator.swift,\ Optimisation.swift,\ OutputColumn.swift /Users/admin/builder/spi-builder-workspace/SwiftSQL/Sources/SQLEngine/Lexer.swift /Users/admin/builder/spi-builder-workspace/SwiftSQL/Sources/SQLEngine/Operator.swift /Users/admin/builder/spi-builder-workspace/SwiftSQL/Sources/SQLEngine/Optimisation.swift /Users/admin/builder/spi-builder-workspace/SwiftSQL/Sources/SQLEngine/OutputColumn.swift (in target 'SQLEngine' from project 'SwiftSQL')
/Users/admin/builder/spi-builder-workspace/SwiftSQL/Sources/SQLEngine/Lexer.swift:12:13: error: 'UInt128' is only available in watchOS 11.0 or newer
9 |
10 | /// Whether `byte` is ASCII whitespace: tab, newline, carriage return, space.
11 | private func whitespace(_ byte: UInt8) -> Bool {
| `- note: add '@available' attribute to enclosing global function
12 | let mask: UInt128 = 0x0000_0000_0000_0000_0000_0001_0000_2600
| |- error: 'UInt128' is only available in watchOS 11.0 or newer
| `- note: add 'if #available' version check
13 | return mask & (1 << UInt128(byte)) != 0
14 | }
/Users/admin/builder/spi-builder-workspace/SwiftSQL/Sources/SQLEngine/Lexer.swift:12:23: error: 'UInt128' is only available in watchOS 11.0 or newer
9 |
10 | /// Whether `byte` is ASCII whitespace: tab, newline, carriage return, space.
11 | private func whitespace(_ byte: UInt8) -> Bool {
| `- note: add '@available' attribute to enclosing global function
12 | let mask: UInt128 = 0x0000_0000_0000_0000_0000_0001_0000_2600
| |- error: 'UInt128' is only available in watchOS 11.0 or newer
| `- note: add 'if #available' version check
13 | return mask & (1 << UInt128(byte)) != 0
14 | }
/Users/admin/builder/spi-builder-workspace/SwiftSQL/Sources/SQLEngine/Lexer.swift:13:38: error: conformance of 'UInt128' to 'BinaryInteger' is only available in watchOS 11.0 or newer
9 |
10 | /// Whether `byte` is ASCII whitespace: tab, newline, carriage return, space.
11 | private func whitespace(_ byte: UInt8) -> Bool {
| `- note: add '@available' attribute to enclosing global function
12 | let mask: UInt128 = 0x0000_0000_0000_0000_0000_0001_0000_2600
13 | return mask & (1 << UInt128(byte)) != 0
| |- error: conformance of 'UInt128' to 'BinaryInteger' is only available in watchOS 11.0 or newer
| `- note: add 'if #available' version check
14 | }
15 |
/Users/admin/builder/spi-builder-workspace/SwiftSQL/Sources/SQLEngine/Lexer.swift:13:15: error: conformance of 'UInt128' to 'BinaryInteger' is only available in watchOS 11.0 or newer
9 |
10 | /// Whether `byte` is ASCII whitespace: tab, newline, carriage return, space.
11 | private func whitespace(_ byte: UInt8) -> Bool {
| `- note: add '@available' attribute to enclosing global function
12 | let mask: UInt128 = 0x0000_0000_0000_0000_0000_0001_0000_2600
13 | return mask & (1 << UInt128(byte)) != 0
| |- error: conformance of 'UInt128' to 'BinaryInteger' is only available in watchOS 11.0 or newer
| `- note: add 'if #available' version check
14 | }
15 |
/Users/admin/builder/spi-builder-workspace/SwiftSQL/Sources/SQLEngine/Lexer.swift:13:20: error: conformance of 'UInt128' to 'BinaryInteger' is only available in watchOS 11.0 or newer
9 |
10 | /// Whether `byte` is ASCII whitespace: tab, newline, carriage return, space.
11 | private func whitespace(_ byte: UInt8) -> Bool {
| `- note: add '@available' attribute to enclosing global function
12 | let mask: UInt128 = 0x0000_0000_0000_0000_0000_0001_0000_2600
13 | return mask & (1 << UInt128(byte)) != 0
| |- error: conformance of 'UInt128' to 'BinaryInteger' is only available in watchOS 11.0 or newer
| `- note: add 'if #available' version check
14 | }
15 |
/Users/admin/builder/spi-builder-workspace/SwiftSQL/Sources/SQLEngine/Lexer.swift:13:20: error: conformance of 'UInt128' to 'BinaryInteger' is only available in watchOS 11.0 or newer
9 |
10 | /// Whether `byte` is ASCII whitespace: tab, newline, carriage return, space.
11 | private func whitespace(_ byte: UInt8) -> Bool {
| `- note: add '@available' attribute to enclosing global function
12 | let mask: UInt128 = 0x0000_0000_0000_0000_0000_0001_0000_2600
13 | return mask & (1 << UInt128(byte)) != 0
| |- error: conformance of 'UInt128' to 'BinaryInteger' is only available in watchOS 11.0 or newer
| `- note: add 'if #available' version check
14 | }
15 |
/Users/admin/builder/spi-builder-workspace/SwiftSQL/Sources/SQLEngine/Lexer.swift:13:18: error: 'UInt128' is only available in watchOS 11.0 or newer
9 |
10 | /// Whether `byte` is ASCII whitespace: tab, newline, carriage return, space.
11 | private func whitespace(_ byte: UInt8) -> Bool {
| `- note: add '@available' attribute to enclosing global function
12 | let mask: UInt128 = 0x0000_0000_0000_0000_0000_0001_0000_2600
13 | return mask & (1 << UInt128(byte)) != 0
| |- error: 'UInt128' is only available in watchOS 11.0 or newer
| `- note: add 'if #available' version check
14 | }
15 |
/Users/admin/builder/spi-builder-workspace/SwiftSQL/Sources/SQLEngine/Lexer.swift:13:23: error: 'UInt128' is only available in watchOS 11.0 or newer
9 |
10 | /// Whether `byte` is ASCII whitespace: tab, newline, carriage return, space.
11 | private func whitespace(_ byte: UInt8) -> Bool {
| `- note: add '@available' attribute to enclosing global function
12 | let mask: UInt128 = 0x0000_0000_0000_0000_0000_0001_0000_2600
13 | return mask & (1 << UInt128(byte)) != 0
| |- error: 'UInt128' is only available in watchOS 11.0 or newer
| `- note: add 'if #available' version check
14 | }
15 |
/Users/admin/builder/spi-builder-workspace/SwiftSQL/Sources/SQLEngine/Lexer.swift:13:23: error: conformance of 'UInt128' to 'FixedWidthInteger' is only available in watchOS 11.0 or newer
9 |
10 | /// Whether `byte` is ASCII whitespace: tab, newline, carriage return, space.
11 | private func whitespace(_ byte: UInt8) -> Bool {
| `- note: add '@available' attribute to enclosing global function
12 | let mask: UInt128 = 0x0000_0000_0000_0000_0000_0001_0000_2600
13 | return mask & (1 << UInt128(byte)) != 0
| |- error: conformance of 'UInt128' to 'FixedWidthInteger' is only available in watchOS 11.0 or newer
| `- note: add 'if #available' version check
14 | }
15 |
/Users/admin/builder/spi-builder-workspace/SwiftSQL/Sources/SQLEngine/Lexer.swift:13:23: error: conformance of 'UInt128' to 'UnsignedInteger' is only available in watchOS 11.0 or newer
9 |
10 | /// Whether `byte` is ASCII whitespace: tab, newline, carriage return, space.
11 | private func whitespace(_ byte: UInt8) -> Bool {
| `- note: add '@available' attribute to enclosing global function
12 | let mask: UInt128 = 0x0000_0000_0000_0000_0000_0001_0000_2600
13 | return mask & (1 << UInt128(byte)) != 0
| |- error: conformance of 'UInt128' to 'UnsignedInteger' is only available in watchOS 11.0 or newer
| `- note: add 'if #available' version check
14 | }
15 |
/Users/admin/builder/spi-builder-workspace/SwiftSQL/Sources/SQLEngine/Lexer.swift:18:13: error: 'UInt128' is only available in watchOS 11.0 or newer
15 |
16 | /// Whether `byte` is an ASCII decimal digit, `0`–`9`.
17 | private func digit(_ byte: UInt8) -> Bool {
| `- note: add '@available' attribute to enclosing global function
18 | let mask: UInt128 = 0x0000_0000_0000_0000_03ff_0000_0000_0000
| |- error: 'UInt128' is only available in watchOS 11.0 or newer
| `- note: add 'if #available' version check
19 | return mask & (1 << UInt128(byte)) != 0
20 | }
/Users/admin/builder/spi-builder-workspace/SwiftSQL/Sources/SQLEngine/Lexer.swift:18:23: error: 'UInt128' is only available in watchOS 11.0 or newer
15 |
16 | /// Whether `byte` is an ASCII decimal digit, `0`–`9`.
17 | private func digit(_ byte: UInt8) -> Bool {
| `- note: add '@available' attribute to enclosing global function
18 | let mask: UInt128 = 0x0000_0000_0000_0000_03ff_0000_0000_0000
| |- error: 'UInt128' is only available in watchOS 11.0 or newer
| `- note: add 'if #available' version check
19 | return mask & (1 << UInt128(byte)) != 0
20 | }
/Users/admin/builder/spi-builder-workspace/SwiftSQL/Sources/SQLEngine/Lexer.swift:19:38: error: conformance of 'UInt128' to 'BinaryInteger' is only available in watchOS 11.0 or newer
15 |
16 | /// Whether `byte` is an ASCII decimal digit, `0`–`9`.
17 | private func digit(_ byte: UInt8) -> Bool {
| `- note: add '@available' attribute to enclosing global function
18 | let mask: UInt128 = 0x0000_0000_0000_0000_03ff_0000_0000_0000
19 | return mask & (1 << UInt128(byte)) != 0
| |- error: conformance of 'UInt128' to 'BinaryInteger' is only available in watchOS 11.0 or newer
| `- note: add 'if #available' version check
20 | }
21 |
/Users/admin/builder/spi-builder-workspace/SwiftSQL/Sources/SQLEngine/Lexer.swift:19:15: error: conformance of 'UInt128' to 'BinaryInteger' is only available in watchOS 11.0 or newer
15 |
16 | /// Whether `byte` is an ASCII decimal digit, `0`–`9`.
17 | private func digit(_ byte: UInt8) -> Bool {
| `- note: add '@available' attribute to enclosing global function
18 | let mask: UInt128 = 0x0000_0000_0000_0000_03ff_0000_0000_0000
19 | return mask & (1 << UInt128(byte)) != 0
| |- error: conformance of 'UInt128' to 'BinaryInteger' is only available in watchOS 11.0 or newer
| `- note: add 'if #available' version check
20 | }
21 |
/Users/admin/builder/spi-builder-workspace/SwiftSQL/Sources/SQLEngine/Lexer.swift:19:20: error: conformance of 'UInt128' to 'BinaryInteger' is only available in watchOS 11.0 or newer
15 |
16 | /// Whether `byte` is an ASCII decimal digit, `0`–`9`.
17 | private func digit(_ byte: UInt8) -> Bool {
| `- note: add '@available' attribute to enclosing global function
18 | let mask: UInt128 = 0x0000_0000_0000_0000_03ff_0000_0000_0000
19 | return mask & (1 << UInt128(byte)) != 0
| |- error: conformance of 'UInt128' to 'BinaryInteger' is only available in watchOS 11.0 or newer
| `- note: add 'if #available' version check
20 | }
21 |
/Users/admin/builder/spi-builder-workspace/SwiftSQL/Sources/SQLEngine/Lexer.swift:19:20: error: conformance of 'UInt128' to 'BinaryInteger' is only available in watchOS 11.0 or newer
15 |
16 | /// Whether `byte` is an ASCII decimal digit, `0`–`9`.
17 | private func digit(_ byte: UInt8) -> Bool {
| `- note: add '@available' attribute to enclosing global function
18 | let mask: UInt128 = 0x0000_0000_0000_0000_03ff_0000_0000_0000
19 | return mask & (1 << UInt128(byte)) != 0
| |- error: conformance of 'UInt128' to 'BinaryInteger' is only available in watchOS 11.0 or newer
| `- note: add 'if #available' version check
20 | }
21 |
/Users/admin/builder/spi-builder-workspace/SwiftSQL/Sources/SQLEngine/Lexer.swift:19:18: error: 'UInt128' is only available in watchOS 11.0 or newer
15 |
16 | /// Whether `byte` is an ASCII decimal digit, `0`–`9`.
17 | private func digit(_ byte: UInt8) -> Bool {
| `- note: add '@available' attribute to enclosing global function
18 | let mask: UInt128 = 0x0000_0000_0000_0000_03ff_0000_0000_0000
19 | return mask & (1 << UInt128(byte)) != 0
| |- error: 'UInt128' is only available in watchOS 11.0 or newer
| `- note: add 'if #available' version check
20 | }
21 |
/Users/admin/builder/spi-builder-workspace/SwiftSQL/Sources/SQLEngine/Lexer.swift:19:23: error: 'UInt128' is only available in watchOS 11.0 or newer
15 |
16 | /// Whether `byte` is an ASCII decimal digit, `0`–`9`.
17 | private func digit(_ byte: UInt8) -> Bool {
| `- note: add '@available' attribute to enclosing global function
18 | let mask: UInt128 = 0x0000_0000_0000_0000_03ff_0000_0000_0000
19 | return mask & (1 << UInt128(byte)) != 0
| |- error: 'UInt128' is only available in watchOS 11.0 or newer
| `- note: add 'if #available' version check
20 | }
21 |
/Users/admin/builder/spi-builder-workspace/SwiftSQL/Sources/SQLEngine/Lexer.swift:19:23: error: conformance of 'UInt128' to 'FixedWidthInteger' is only available in watchOS 11.0 or newer
15 |
16 | /// Whether `byte` is an ASCII decimal digit, `0`–`9`.
17 | private func digit(_ byte: UInt8) -> Bool {
| `- note: add '@available' attribute to enclosing global function
18 | let mask: UInt128 = 0x0000_0000_0000_0000_03ff_0000_0000_0000
19 | return mask & (1 << UInt128(byte)) != 0
| |- error: conformance of 'UInt128' to 'FixedWidthInteger' is only available in watchOS 11.0 or newer
| `- note: add 'if #available' version check
20 | }
21 |
/Users/admin/builder/spi-builder-workspace/SwiftSQL/Sources/SQLEngine/Lexer.swift:19:23: error: conformance of 'UInt128' to 'UnsignedInteger' is only available in watchOS 11.0 or newer
15 |
16 | /// Whether `byte` is an ASCII decimal digit, `0`–`9`.
17 | private func digit(_ byte: UInt8) -> Bool {
| `- note: add '@available' attribute to enclosing global function
18 | let mask: UInt128 = 0x0000_0000_0000_0000_03ff_0000_0000_0000
19 | return mask & (1 << UInt128(byte)) != 0
| |- error: conformance of 'UInt128' to 'UnsignedInteger' is only available in watchOS 11.0 or newer
| `- note: add 'if #available' version check
20 | }
21 |
/Users/admin/builder/spi-builder-workspace/SwiftSQL/Sources/SQLEngine/Lexer.swift:24:13: error: 'UInt128' is only available in watchOS 11.0 or newer
21 |
22 | /// Whether `byte` may begin an identifier: an ASCII letter or `_`.
23 | private func initial(_ byte: UInt8) -> Bool {
| `- note: add '@available' attribute to enclosing global function
24 | let mask: UInt128 = 0x07ff_fffe_87ff_fffe_0000_0000_0000_0000
| |- error: 'UInt128' is only available in watchOS 11.0 or newer
| `- note: add 'if #available' version check
25 | return mask & (1 << UInt128(byte)) != 0
26 | }
/Users/admin/builder/spi-builder-workspace/SwiftSQL/Sources/SQLEngine/Lexer.swift:24:23: error: 'UInt128' is only available in watchOS 11.0 or newer
21 |
22 | /// Whether `byte` may begin an identifier: an ASCII letter or `_`.
23 | private func initial(_ byte: UInt8) -> Bool {
| `- note: add '@available' attribute to enclosing global function
24 | let mask: UInt128 = 0x07ff_fffe_87ff_fffe_0000_0000_0000_0000
| |- error: 'UInt128' is only available in watchOS 11.0 or newer
| `- note: add 'if #available' version check
25 | return mask & (1 << UInt128(byte)) != 0
26 | }
/Users/admin/builder/spi-builder-workspace/SwiftSQL/Sources/SQLEngine/Lexer.swift:25:38: error: conformance of 'UInt128' to 'BinaryInteger' is only available in watchOS 11.0 or newer
21 |
22 | /// Whether `byte` may begin an identifier: an ASCII letter or `_`.
23 | private func initial(_ byte: UInt8) -> Bool {
| `- note: add '@available' attribute to enclosing global function
24 | let mask: UInt128 = 0x07ff_fffe_87ff_fffe_0000_0000_0000_0000
25 | return mask & (1 << UInt128(byte)) != 0
| |- error: conformance of 'UInt128' to 'BinaryInteger' is only available in watchOS 11.0 or newer
| `- note: add 'if #available' version check
26 | }
27 |
/Users/admin/builder/spi-builder-workspace/SwiftSQL/Sources/SQLEngine/Lexer.swift:25:15: error: conformance of 'UInt128' to 'BinaryInteger' is only available in watchOS 11.0 or newer
21 |
22 | /// Whether `byte` may begin an identifier: an ASCII letter or `_`.
23 | private func initial(_ byte: UInt8) -> Bool {
| `- note: add '@available' attribute to enclosing global function
24 | let mask: UInt128 = 0x07ff_fffe_87ff_fffe_0000_0000_0000_0000
25 | return mask & (1 << UInt128(byte)) != 0
| |- error: conformance of 'UInt128' to 'BinaryInteger' is only available in watchOS 11.0 or newer
| `- note: add 'if #available' version check
26 | }
27 |
/Users/admin/builder/spi-builder-workspace/SwiftSQL/Sources/SQLEngine/Lexer.swift:25:20: error: conformance of 'UInt128' to 'BinaryInteger' is only available in watchOS 11.0 or newer
21 |
22 | /// Whether `byte` may begin an identifier: an ASCII letter or `_`.
23 | private func initial(_ byte: UInt8) -> Bool {
| `- note: add '@available' attribute to enclosing global function
24 | let mask: UInt128 = 0x07ff_fffe_87ff_fffe_0000_0000_0000_0000
25 | return mask & (1 << UInt128(byte)) != 0
| |- error: conformance of 'UInt128' to 'BinaryInteger' is only available in watchOS 11.0 or newer
| `- note: add 'if #available' version check
26 | }
27 |
/Users/admin/builder/spi-builder-workspace/SwiftSQL/Sources/SQLEngine/Lexer.swift:25:20: error: conformance of 'UInt128' to 'BinaryInteger' is only available in watchOS 11.0 or newer
21 |
22 | /// Whether `byte` may begin an identifier: an ASCII letter or `_`.
23 | private func initial(_ byte: UInt8) -> Bool {
| `- note: add '@available' attribute to enclosing global function
24 | let mask: UInt128 = 0x07ff_fffe_87ff_fffe_0000_0000_0000_0000
25 | return mask & (1 << UInt128(byte)) != 0
| |- error: conformance of 'UInt128' to 'BinaryInteger' is only available in watchOS 11.0 or newer
| `- note: add 'if #available' version check
26 | }
27 |
/Users/admin/builder/spi-builder-workspace/SwiftSQL/Sources/SQLEngine/Lexer.swift:25:18: error: 'UInt128' is only available in watchOS 11.0 or newer
21 |
22 | /// Whether `byte` may begin an identifier: an ASCII letter or `_`.
23 | private func initial(_ byte: UInt8) -> Bool {
| `- note: add '@available' attribute to enclosing global function
24 | let mask: UInt128 = 0x07ff_fffe_87ff_fffe_0000_0000_0000_0000
25 | return mask & (1 << UInt128(byte)) != 0
| |- error: 'UInt128' is only available in watchOS 11.0 or newer
| `- note: add 'if #available' version check
26 | }
27 |
/Users/admin/builder/spi-builder-workspace/SwiftSQL/Sources/SQLEngine/Lexer.swift:25:23: error: 'UInt128' is only available in watchOS 11.0 or newer
21 |
22 | /// Whether `byte` may begin an identifier: an ASCII letter or `_`.
23 | private func initial(_ byte: UInt8) -> Bool {
| `- note: add '@available' attribute to enclosing global function
24 | let mask: UInt128 = 0x07ff_fffe_87ff_fffe_0000_0000_0000_0000
25 | return mask & (1 << UInt128(byte)) != 0
| |- error: 'UInt128' is only available in watchOS 11.0 or newer
| `- note: add 'if #available' version check
26 | }
27 |
/Users/admin/builder/spi-builder-workspace/SwiftSQL/Sources/SQLEngine/Lexer.swift:25:23: error: conformance of 'UInt128' to 'FixedWidthInteger' is only available in watchOS 11.0 or newer
21 |
22 | /// Whether `byte` may begin an identifier: an ASCII letter or `_`.
23 | private func initial(_ byte: UInt8) -> Bool {
| `- note: add '@available' attribute to enclosing global function
24 | let mask: UInt128 = 0x07ff_fffe_87ff_fffe_0000_0000_0000_0000
25 | return mask & (1 << UInt128(byte)) != 0
| |- error: conformance of 'UInt128' to 'FixedWidthInteger' is only available in watchOS 11.0 or newer
| `- note: add 'if #available' version check
26 | }
27 |
/Users/admin/builder/spi-builder-workspace/SwiftSQL/Sources/SQLEngine/Lexer.swift:25:23: error: conformance of 'UInt128' to 'UnsignedInteger' is only available in watchOS 11.0 or newer
21 |
22 | /// Whether `byte` may begin an identifier: an ASCII letter or `_`.
23 | private func initial(_ byte: UInt8) -> Bool {
| `- note: add '@available' attribute to enclosing global function
24 | let mask: UInt128 = 0x07ff_fffe_87ff_fffe_0000_0000_0000_0000
25 | return mask & (1 << UInt128(byte)) != 0
| |- error: conformance of 'UInt128' to 'UnsignedInteger' is only available in watchOS 11.0 or newer
| `- note: add 'if #available' version check
26 | }
27 |
/Users/admin/builder/spi-builder-workspace/SwiftSQL/Sources/SQLEngine/Lexer.swift:30:13: error: 'UInt128' is only available in watchOS 11.0 or newer
27 |
28 | /// Whether `byte` may continue an identifier: a letter, digit, `_`, or `.`.
29 | private func continuation(_ byte: UInt8) -> Bool {
| `- note: add '@available' attribute to enclosing global function
30 | let mask: UInt128 = 0x07ff_fffe_87ff_fffe_03ff_4000_0000_0000
| |- error: 'UInt128' is only available in watchOS 11.0 or newer
| `- note: add 'if #available' version check
31 | return mask & (1 << UInt128(byte)) != 0
32 | }
/Users/admin/builder/spi-builder-workspace/SwiftSQL/Sources/SQLEngine/Lexer.swift:30:23: error: 'UInt128' is only available in watchOS 11.0 or newer
27 |
28 | /// Whether `byte` may continue an identifier: a letter, digit, `_`, or `.`.
29 | private func continuation(_ byte: UInt8) -> Bool {
| `- note: add '@available' attribute to enclosing global function
30 | let mask: UInt128 = 0x07ff_fffe_87ff_fffe_03ff_4000_0000_0000
| |- error: 'UInt128' is only available in watchOS 11.0 or newer
| `- note: add 'if #available' version check
31 | return mask & (1 << UInt128(byte)) != 0
32 | }
/Users/admin/builder/spi-builder-workspace/SwiftSQL/Sources/SQLEngine/Lexer.swift:31:38: error: conformance of 'UInt128' to 'BinaryInteger' is only available in watchOS 11.0 or newer
27 |
28 | /// Whether `byte` may continue an identifier: a letter, digit, `_`, or `.`.
29 | private func continuation(_ byte: UInt8) -> Bool {
| `- note: add '@available' attribute to enclosing global function
30 | let mask: UInt128 = 0x07ff_fffe_87ff_fffe_03ff_4000_0000_0000
31 | return mask & (1 << UInt128(byte)) != 0
| |- error: conformance of 'UInt128' to 'BinaryInteger' is only available in watchOS 11.0 or newer
| `- note: add 'if #available' version check
32 | }
33 |
/Users/admin/builder/spi-builder-workspace/SwiftSQL/Sources/SQLEngine/Lexer.swift:31:15: error: conformance of 'UInt128' to 'BinaryInteger' is only available in watchOS 11.0 or newer
27 |
28 | /// Whether `byte` may continue an identifier: a letter, digit, `_`, or `.`.
29 | private func continuation(_ byte: UInt8) -> Bool {
| `- note: add '@available' attribute to enclosing global function
30 | let mask: UInt128 = 0x07ff_fffe_87ff_fffe_03ff_4000_0000_0000
31 | return mask & (1 << UInt128(byte)) != 0
| |- error: conformance of 'UInt128' to 'BinaryInteger' is only available in watchOS 11.0 or newer
| `- note: add 'if #available' version check
32 | }
33 |
/Users/admin/builder/spi-builder-workspace/SwiftSQL/Sources/SQLEngine/Lexer.swift:31:20: error: conformance of 'UInt128' to 'BinaryInteger' is only available in watchOS 11.0 or newer
27 |
28 | /// Whether `byte` may continue an identifier: a letter, digit, `_`, or `.`.
29 | private func continuation(_ byte: UInt8) -> Bool {
| `- note: add '@available' attribute to enclosing global function
30 | let mask: UInt128 = 0x07ff_fffe_87ff_fffe_03ff_4000_0000_0000
31 | return mask & (1 << UInt128(byte)) != 0
| |- error: conformance of 'UInt128' to 'BinaryInteger' is only available in watchOS 11.0 or newer
| `- note: add 'if #available' version check
32 | }
33 |
/Users/admin/builder/spi-builder-workspace/SwiftSQL/Sources/SQLEngine/Lexer.swift:31:20: error: conformance of 'UInt128' to 'BinaryInteger' is only available in watchOS 11.0 or newer
27 |
28 | /// Whether `byte` may continue an identifier: a letter, digit, `_`, or `.`.
29 | private func continuation(_ byte: UInt8) -> Bool {
| `- note: add '@available' attribute to enclosing global function
30 | let mask: UInt128 = 0x07ff_fffe_87ff_fffe_03ff_4000_0000_0000
31 | return mask & (1 << UInt128(byte)) != 0
| |- error: conformance of 'UInt128' to 'BinaryInteger' is only available in watchOS 11.0 or newer
| `- note: add 'if #available' version check
32 | }
33 |
/Users/admin/builder/spi-builder-workspace/SwiftSQL/Sources/SQLEngine/Lexer.swift:31:18: error: 'UInt128' is only available in watchOS 11.0 or newer
27 |
28 | /// Whether `byte` may continue an identifier: a letter, digit, `_`, or `.`.
29 | private func continuation(_ byte: UInt8) -> Bool {
| `- note: add '@available' attribute to enclosing global function
30 | let mask: UInt128 = 0x07ff_fffe_87ff_fffe_03ff_4000_0000_0000
31 | return mask & (1 << UInt128(byte)) != 0
| |- error: 'UInt128' is only available in watchOS 11.0 or newer
| `- note: add 'if #available' version check
32 | }
33 |
/Users/admin/builder/spi-builder-workspace/SwiftSQL/Sources/SQLEngine/Lexer.swift:31:23: error: 'UInt128' is only available in watchOS 11.0 or newer
27 |
28 | /// Whether `byte` may continue an identifier: a letter, digit, `_`, or `.`.
29 | private func continuation(_ byte: UInt8) -> Bool {
| `- note: add '@available' attribute to enclosing global function
30 | let mask: UInt128 = 0x07ff_fffe_87ff_fffe_03ff_4000_0000_0000
31 | return mask & (1 << UInt128(byte)) != 0
| |- error: 'UInt128' is only available in watchOS 11.0 or newer
| `- note: add 'if #available' version check
32 | }
33 |
/Users/admin/builder/spi-builder-workspace/SwiftSQL/Sources/SQLEngine/Lexer.swift:31:23: error: conformance of 'UInt128' to 'FixedWidthInteger' is only available in watchOS 11.0 or newer
27 |
28 | /// Whether `byte` may continue an identifier: a letter, digit, `_`, or `.`.
29 | private func continuation(_ byte: UInt8) -> Bool {
| `- note: add '@available' attribute to enclosing global function
30 | let mask: UInt128 = 0x07ff_fffe_87ff_fffe_03ff_4000_0000_0000
31 | return mask & (1 << UInt128(byte)) != 0
| |- error: conformance of 'UInt128' to 'FixedWidthInteger' is only available in watchOS 11.0 or newer
| `- note: add 'if #available' version check
32 | }
33 |
/Users/admin/builder/spi-builder-workspace/SwiftSQL/Sources/SQLEngine/Lexer.swift:31:23: error: conformance of 'UInt128' to 'UnsignedInteger' is only available in watchOS 11.0 or newer
27 |
28 | /// Whether `byte` may continue an identifier: a letter, digit, `_`, or `.`.
29 | private func continuation(_ byte: UInt8) -> Bool {
| `- note: add '@available' attribute to enclosing global function
30 | let mask: UInt128 = 0x07ff_fffe_87ff_fffe_03ff_4000_0000_0000
31 | return mask & (1 << UInt128(byte)) != 0
| |- error: conformance of 'UInt128' to 'UnsignedInteger' is only available in watchOS 11.0 or newer
| `- note: add 'if #available' version check
32 | }
33 |
Failed frontend command:
/Applications/Xcode-27.0.0-Release.Candidate.app/Contents/Developer/Toolchains/XcodeDefault.xctoolchain/usr/bin/swift-frontend -frontend -c /Users/admin/builder/spi-builder-workspace/SwiftSQL/Sources/SQLEngine/AST+Expression.swift /Users/admin/builder/spi-builder-workspace/SwiftSQL/Sources/SQLEngine/AST.swift /Users/admin/builder/spi-builder-workspace/SwiftSQL/Sources/SQLEngine/Adapter.swift /Users/admin/builder/spi-builder-workspace/SwiftSQL/Sources/SQLEngine/Aggregate.swift /Users/admin/builder/spi-builder-workspace/SwiftSQL/Sources/SQLEngine/Aggregation.swift /Users/admin/builder/spi-builder-workspace/SwiftSQL/Sources/SQLEngine/Carrier.swift /Users/admin/builder/spi-builder-workspace/SwiftSQL/Sources/SQLEngine/Compilation.swift /Users/admin/builder/spi-builder-workspace/SwiftSQL/Sources/SQLEngine/Context.swift /Users/admin/builder/spi-builder-workspace/SwiftSQL/Sources/SQLEngine/Decorrelation.swift /Users/admin/builder/spi-builder-workspace/SwiftSQL/Sources/SQLEngine/Definition.swift /Users/admin/builder/spi-builder-workspace/SwiftSQL/Sources/SQLEngine/Demotion.swift /Users/admin/builder/spi-builder-workspace/SwiftSQL/Sources/SQLEngine/Engine.swift /Users/admin/builder/spi-builder-workspace/SwiftSQL/Sources/SQLEngine/Error.swift /Users/admin/builder/spi-builder-workspace/SwiftSQL/Sources/SQLEngine/Evaluation.swift /Users/admin/builder/spi-builder-workspace/SwiftSQL/Sources/SQLEngine/Explain.swift /Users/admin/builder/spi-builder-workspace/SwiftSQL/Sources/SQLEngine/Filter.swift /Users/admin/builder/spi-builder-workspace/SwiftSQL/Sources/SQLEngine/Function.swift /Users/admin/builder/spi-builder-workspace/SwiftSQL/Sources/SQLEngine/Grouped.swift /Users/admin/builder/spi-builder-workspace/SwiftSQL/Sources/SQLEngine/GroupingSets.swift /Users/admin/builder/spi-builder-workspace/SwiftSQL/Sources/SQLEngine/Interpreter.swift -primary-file /Users/admin/builder/spi-builder-workspace/SwiftSQL/Sources/SQLEngine/Lexer.swift -primary-file /Users/admin/builder/spi-builder-workspace/SwiftSQL/Sources/SQLEngine/Operator.swift -primary-file /Users/admin/builder/spi-builder-workspace/SwiftSQL/Sources/SQLEngine/Optimisation.swift -primary-file /Users/admin/builder/spi-builder-workspace/SwiftSQL/Sources/SQLEngine/OutputColumn.swift /Users/admin/builder/spi-builder-workspace/SwiftSQL/Sources/SQLEngine/Parser+Predicate.swift /Users/admin/builder/spi-builder-workspace/SwiftSQL/Sources/SQLEngine/Parser+Projection.swift /Users/admin/builder/spi-builder-workspace/SwiftSQL/Sources/SQLEngine/Parser.swift /Users/admin/builder/spi-builder-workspace/SwiftSQL/Sources/SQLEngine/Pushdown.swift /Users/admin/builder/spi-builder-workspace/SwiftSQL/Sources/SQLEngine/RelationInstance.swift /Users/admin/builder/spi-builder-workspace/SwiftSQL/Sources/SQLEngine/Reordering.swift /Users/admin/builder/spi-builder-workspace/SwiftSQL/Sources/SQLEngine/Resolution.swift /Users/admin/builder/spi-builder-workspace/SwiftSQL/Sources/SQLEngine/Schema+Derivation.swift /Users/admin/builder/spi-builder-workspace/SwiftSQL/Sources/SQLEngine/Schema.swift /Users/admin/builder/spi-builder-workspace/SwiftSQL/Sources/SQLEngine/Scope.swift /Users/admin/builder/spi-builder-workspace/SwiftSQL/Sources/SQLEngine/Statement.swift /Users/admin/builder/spi-builder-workspace/SwiftSQL/Sources/SQLEngine/Token.swift /Users/admin/builder/spi-builder-workspace/SwiftSQL/Sources/SQLEngine/Window.swift /Users/admin/builder/spi-builder-workspace/SwiftSQL/Sources/SQLEngine/Windowed.swift /Users/admin/builder/spi-builder-workspace/SwiftSQL/Sources/SQLEngine/With.swift -supplementary-output-file-map /Users/admin/builder/spi-builder-workspace/.derivedData/Build/Intermediates.noindex/SwiftSQL.build/Debug-watchos/SQLEngine-t.build/Objects-normal/arm64/supplementaryOutputs-13 -target arm64-apple-watchos9.0 -disable-cross-import-overlay-search -load-resolved-plugin /Applications/Xcode-27.0.0-Release.Candidate.app/Contents/Developer/Platforms/WatchOS.platform/Developer/usr/lib/swift/host/plugins/libSwiftMacros.dylib\#/Applications/Xcode-27.0.0-Release.Candidate.app/Contents/Developer/Platforms/WatchOS.platform/Developer/usr/bin/swift-plugin-server\#SwiftMacros -disable-implicit-swift-modules -Xcc -fno-implicit-modules -Xcc -fno-implicit-module-maps -explicit-swift-module-map-file /Users/admin/builder/spi-builder-workspace/.derivedData/Build/Intermediates.noindex/SwiftSQL.build/Debug-watchos/SQLEngine-t.build/Objects-normal/arm64/SQLEngine-dependencies-2.json -Xllvm -aarch64-use-tbi -enable-objc-interop -stack-check -sdk /Applications/Xcode-27.0.0-Release.Candidate.app/Contents/Developer/Platforms/WatchOS.platform/Developer/SDKs/WatchOS27.0.sdk -I /Users/admin/builder/spi-builder-workspace/.derivedData/Build/Products/Debug-watchos -Isystem /Applications/Xcode-27.0.0-Release.Candidate.app/Contents/Developer/Platforms/WatchOS.platform/Developer/usr/lib -F /Users/admin/builder/spi-builder-workspace/.derivedData/Build/Products/Debug-watchos -F /Applications/Xcode-27.0.0-Release.Candidate.app/Contents/Developer/Platforms/WatchOS.platform/Developer/Library/Frameworks -F /Applications/Xcode-27.0.0-Release.Candidate.app/Contents/Developer/Platforms/WatchOS.platform/Developer/SDKs/WatchOS27.0.sdk/Developer/Library/Frameworks -module-cache-path /Users/admin/builder/spi-builder-workspace/.derivedData/Build/Intermediates.noindex/SwiftExplicitPrecompiledModules -no-color-diagnostics -Xcc -fno-color-diagnostics -enable-testing -g -debug-info-format\=dwarf -dwarf-version\=4 -profile-generate -profile-coverage-mapping -swift-version 6 -Onone -D SWIFT_PACKAGE -D DEBUG -D SWIFT_MODULE_RESOURCE_BUNDLE_UNAVAILABLE -D Xcode -serialize-debugging-options -enable-experimental-feature Lifetimes -enable-experimental-feature DebugDescriptionMacro -empty-abi-descriptor -validate-clang-modules-once -clang-build-session-file /Users/admin/builder/spi-builder-workspace/.derivedData/ModuleCache.noindex/Session.modulevalidation -Xcc -working-directory -Xcc /Users/admin/builder/spi-builder-workspace/.swiftpm/xcode -enable-anonymous-context-mangled-names -file-compilation-dir /Users/admin/builder/spi-builder-workspace/.swiftpm/xcode -Xcc -D_LIBCPP_HARDENING_MODE\=_LIBCPP_HARDENING_MODE_DEBUG -Xcc -ivfsstatcache -Xcc /Users/admin/builder/spi-builder-workspace/.derivedData/SDKStatCaches.noindex/watchos27.0-24R360-e829b21a6f8c9b70876ba0858053c04477534ef55a1706bf4c1112bbb242f0a2.sdkstatcache -Xcc -fmodules-prune-interval\=86400 -Xcc -fmodules-prune-after\=345600 -Xcc -I/Users/admin/builder/spi-builder-workspace/.derivedData/Build/Products/Debug-watchos/include -Xcc -I/Users/admin/builder/spi-builder-workspace/.derivedData/Build/Intermediates.noindex/SwiftSQL.build/Debug-watchos/SQLEngine-t.build/DerivedSources-normal/arm64 -Xcc -I/Users/admin/builder/spi-builder-workspace/.derivedData/Build/Intermediates.noindex/SwiftSQL.build/Debug-watchos/SQLEngine-t.build/DerivedSources/arm64 -Xcc -I/Users/admin/builder/spi-builder-workspace/.derivedData/Build/Intermediates.noindex/SwiftSQL.build/Debug-watchos/SQLEngine-t.build/DerivedSources -Xcc -DSWIFT_PACKAGE -Xcc -DDEBUG\=1 -no-auto-bridging-header-chaining -module-name SQLEngine -package-name swiftsql -const-gather-protocols-file /Users/admin/builder/spi-builder-workspace/.derivedData/Build/Intermediates.noindex/SwiftSQL.build/Debug-watchos/SQLEngine-t.build/Objects-normal/arm64/SQLEngine_const_extract_protocols.json -disable-clang-spi -clang-target arm64-apple-watchos27.0 -target-sdk-version 27.0 -target-sdk-name watchos27.0 -in-process-plugin-server-path /Applications/Xcode-27.0.0-Release.Candidate.app/Contents/Developer/Toolchains/XcodeDefault.xctoolchain/usr/lib/swift/host/libSwiftInProcPluginServer.dylib -parse-as-library -o /Users/admin/builder/spi-builder-workspace/.derivedData/Build/Intermediates.noindex/SwiftSQL.build/Debug-watchos/SQLEngine-t.build/Objects-normal/arm64/Lexer.o -o /Users/admin/builder/spi-builder-workspace/.derivedData/Build/Intermediates.noindex/SwiftSQL.build/Debug-watchos/SQLEngine-t.build/Objects-normal/arm64/Operator.o -o /Users/admin/builder/spi-builder-workspace/.derivedData/Build/Intermediates.noindex/SwiftSQL.build/Debug-watchos/SQLEngine-t.build/Objects-normal/arm64/Optimisation.o -o /Users/admin/builder/spi-builder-workspace/.derivedData/Build/Intermediates.noindex/SwiftSQL.build/Debug-watchos/SQLEngine-t.build/Objects-normal/arm64/OutputColumn.o -debug-module-path /Users/admin/builder/spi-builder-workspace/.derivedData/Build/Intermediates.noindex/SwiftSQL.build/Debug-watchos/SQLEngine-t.build/Objects-normal/arm64/SQLEngine.swiftmodule -index-unit-output-path /SwiftSQL.build/Debug-watchos/SQLEngine-t.build/Objects-normal/arm64/Lexer.o -index-unit-output-path /SwiftSQL.build/Debug-watchos/SQLEngine-t.build/Objects-normal/arm64/Operator.o -index-unit-output-path /SwiftSQL.build/Debug-watchos/SQLEngine-t.build/Objects-normal/arm64/Optimisation.o -index-unit-output-path /SwiftSQL.build/Debug-watchos/SQLEngine-t.build/Objects-normal/arm64/OutputColumn.o -index-store-path /Users/admin/builder/spi-builder-workspace/.derivedData/Index.noindex/DataStore -index-system-modules
SwiftCompile normal arm64 /Users/admin/builder/spi-builder-workspace/SwiftSQL/Sources/SQLEngine/Lexer.swift (in target 'SQLEngine' from project 'SwiftSQL')
cd /Users/admin/builder/spi-builder-workspace/.swiftpm/xcode
builtin-SwiftPerFileCompile Lexer.swift
SwiftCompile normal arm64 /Users/admin/builder/spi-builder-workspace/SwiftSQL/Sources/SQLEngine/Operator.swift (in target 'SQLEngine' from project 'SwiftSQL')
cd /Users/admin/builder/spi-builder-workspace/.swiftpm/xcode
builtin-SwiftPerFileCompile Operator.swift
SwiftCompile normal arm64 /Users/admin/builder/spi-builder-workspace/SwiftSQL/Sources/SQLEngine/Optimisation.swift (in target 'SQLEngine' from project 'SwiftSQL')
cd /Users/admin/builder/spi-builder-workspace/.swiftpm/xcode
builtin-SwiftPerFileCompile Optimisation.swift
SwiftCompile normal arm64 /Users/admin/builder/spi-builder-workspace/SwiftSQL/Sources/SQLEngine/OutputColumn.swift (in target 'SQLEngine' from project 'SwiftSQL')
cd /Users/admin/builder/spi-builder-workspace/.swiftpm/xcode
builtin-SwiftPerFileCompile OutputColumn.swift
SwiftCompile normal arm64_32 Compiling\ Schema.swift,\ Scope.swift,\ Statement.swift,\ Token.swift /Users/admin/builder/spi-builder-workspace/SwiftSQL/Sources/SQLEngine/Schema.swift /Users/admin/builder/spi-builder-workspace/SwiftSQL/Sources/SQLEngine/Scope.swift /Users/admin/builder/spi-builder-workspace/SwiftSQL/Sources/SQLEngine/Statement.swift /Users/admin/builder/spi-builder-workspace/SwiftSQL/Sources/SQLEngine/Token.swift (in target 'SQLEngine' from project 'SwiftSQL')
SwiftCompile normal arm64_32 /Users/admin/builder/spi-builder-workspace/SwiftSQL/Sources/SQLEngine/Schema.swift (in target 'SQLEngine' from project 'SwiftSQL')
cd /Users/admin/builder/spi-builder-workspace/.swiftpm/xcode
builtin-SwiftPerFileCompile Schema.swift
SwiftCompile normal arm64_32 /Users/admin/builder/spi-builder-workspace/SwiftSQL/Sources/SQLEngine/Scope.swift (in target 'SQLEngine' from project 'SwiftSQL')
cd /Users/admin/builder/spi-builder-workspace/.swiftpm/xcode
builtin-SwiftPerFileCompile Scope.swift
SwiftCompile normal arm64_32 /Users/admin/builder/spi-builder-workspace/SwiftSQL/Sources/SQLEngine/Statement.swift (in target 'SQLEngine' from project 'SwiftSQL')
cd /Users/admin/builder/spi-builder-workspace/.swiftpm/xcode
builtin-SwiftPerFileCompile Statement.swift
SwiftCompile normal arm64_32 /Users/admin/builder/spi-builder-workspace/SwiftSQL/Sources/SQLEngine/Token.swift (in target 'SQLEngine' from project 'SwiftSQL')
cd /Users/admin/builder/spi-builder-workspace/.swiftpm/xcode
builtin-SwiftPerFileCompile Token.swift
SwiftExplicitDependencyGeneratePcm arm64_32 /Users/admin/builder/spi-builder-workspace/.derivedData/SDKExplicitPrecompiledModules/_DarwinFoundation1-5SNIO0SFHX9KJZTLQGIPAPXUZ.pcm
SwiftCompile normal arm64_32 Compiling\ Decorrelation.swift,\ Definition.swift,\ Demotion.swift,\ Engine.swift /Users/admin/builder/spi-builder-workspace/SwiftSQL/Sources/SQLEngine/Decorrelation.swift /Users/admin/builder/spi-builder-workspace/SwiftSQL/Sources/SQLEngine/Definition.swift /Users/admin/builder/spi-builder-workspace/SwiftSQL/Sources/SQLEngine/Demotion.swift /Users/admin/builder/spi-builder-workspace/SwiftSQL/Sources/SQLEngine/Engine.swift (in target 'SQLEngine' from project 'SwiftSQL')
SwiftCompile normal arm64_32 /Users/admin/builder/spi-builder-workspace/SwiftSQL/Sources/SQLEngine/Decorrelation.swift (in target 'SQLEngine' from project 'SwiftSQL')
cd /Users/admin/builder/spi-builder-workspace/.swiftpm/xcode
builtin-SwiftPerFileCompile Decorrelation.swift
SwiftCompile normal arm64_32 /Users/admin/builder/spi-builder-workspace/SwiftSQL/Sources/SQLEngine/Definition.swift (in target 'SQLEngine' from project 'SwiftSQL')
cd /Users/admin/builder/spi-builder-workspace/.swiftpm/xcode
builtin-SwiftPerFileCompile Definition.swift
SwiftCompile normal arm64_32 /Users/admin/builder/spi-builder-workspace/SwiftSQL/Sources/SQLEngine/Demotion.swift (in target 'SQLEngine' from project 'SwiftSQL')
cd /Users/admin/builder/spi-builder-workspace/.swiftpm/xcode
builtin-SwiftPerFileCompile Demotion.swift
SwiftCompile normal arm64_32 /Users/admin/builder/spi-builder-workspace/SwiftSQL/Sources/SQLEngine/Engine.swift (in target 'SQLEngine' from project 'SwiftSQL')
cd /Users/admin/builder/spi-builder-workspace/.swiftpm/xcode
builtin-SwiftPerFileCompile Engine.swift
SwiftExplicitDependencyGeneratePcm arm64 /Users/admin/builder/spi-builder-workspace/.derivedData/SDKExplicitPrecompiledModules/_DarwinFoundation2-CUPL4FH2SA95GMALQP4M6O8UA.pcm
SwiftExplicitDependencyGeneratePcm arm64_32 /Users/admin/builder/spi-builder-workspace/.derivedData/SDKExplicitPrecompiledModules/_Builtin_limits-AQMEC9CLG0FZQN6TLGDQ6WF78.pcm
SwiftExplicitDependencyGeneratePcm arm64 /Users/admin/builder/spi-builder-workspace/.derivedData/SDKExplicitPrecompiledModules/sys_types-9KPVYINL86WUSHF45TU8PWZZ1.pcm
SwiftExplicitDependencyGeneratePcm arm64_32 /Users/admin/builder/spi-builder-workspace/.derivedData/SDKExplicitPrecompiledModules/_DarwinFoundation2-FP2Q8F1Q2HR151SBYKTU6Q8B.pcm
SwiftDriverJobDiscovery normal arm64 Compiling ToolInfo.swift (in target 'ArgumentParserToolInfo' from project 'swift-argument-parser')
SwiftExplicitDependencyGeneratePcm arm64 /Users/admin/builder/spi-builder-workspace/.derivedData/SDKExplicitPrecompiledModules/string_h-4N9Z22C0HUO8GV7GFPCLZRZA2.pcm
SwiftExplicitDependencyGeneratePcm arm64 /Users/admin/builder/spi-builder-workspace/.derivedData/SDKExplicitPrecompiledModules/_Builtin_stdint-6TUACK4YPMARFT56PLIO388SJ.pcm
PruneExplicitPrecompiledModules /Users/admin/builder/spi-builder-workspace/.derivedData/SDKExplicitPrecompiledModules
PruneExplicitPrecompiledModules /Users/admin/builder/spi-builder-workspace/.derivedData/Build/Intermediates.noindex/ExplicitPrecompiledModules
PruneExplicitPrecompiledModules /Users/admin/builder/spi-builder-workspace/.derivedData/Build/Intermediates.noindex/SwiftExplicitPrecompiledModules
2026-09-27 12:04:15.400 xcodebuild[863:5393] [MT] IDERunDestination: Supported platforms for the buildables in the current scheme is empty.
** BUILD FAILED **
The following build commands failed:
SwiftEmitModule normal arm64 Emitting\ module\ for\ SQLEngine (in target 'SQLEngine' from project 'SwiftSQL')
SwiftCompile normal arm64 (in target 'SQLEngine' from project 'SwiftSQL')
SwiftCompile normal arm64 Compiling\ Lexer.swift,\ Operator.swift,\ Optimisation.swift,\ OutputColumn.swift /Users/admin/builder/spi-builder-workspace/SwiftSQL/Sources/SQLEngine/Lexer.swift /Users/admin/builder/spi-builder-workspace/SwiftSQL/Sources/SQLEngine/Operator.swift /Users/admin/builder/spi-builder-workspace/SwiftSQL/Sources/SQLEngine/Optimisation.swift /Users/admin/builder/spi-builder-workspace/SwiftSQL/Sources/SQLEngine/OutputColumn.swift (in target 'SQLEngine' from project 'SwiftSQL')
SwiftCompile normal arm64 /Users/admin/builder/spi-builder-workspace/SwiftSQL/Sources/SQLEngine/Lexer.swift (in target 'SQLEngine' from project 'SwiftSQL')
Building workspace SwiftWinMD with scheme SwiftWinMD-Package
(5 failures)
BUILD FAILURE 6.4 watchOS