The Swift Package Index logo.Swift Package Index

Track the adoption of Swift 6 strict concurrency checks for data race safety. How many packages are Ready for Swift 6?

Build Information

Failed to build Disruptive with Swift 5.10 for Linux.

Build Command

bash -c docker run --rm -v "checkouts-4606859-1":/host -w "$workDir" registry.gitlab.com/finestructure/spi-images:basic-5.10-latest swift build 2>&1

Build Log

========================================
RunAll
========================================
Builder version: 4.29.0
Interrupt handler set up.
========================================
Checkout
========================================
Clone URL: https://github.com/vegather/Disruptive.git
Reference: 2.0.0
Initialized empty Git repository in /host/spi-builder-workspace/.git/
hint: Using 'master' as the name for the initial branch. This default branch name
hint: is subject to change. To configure the initial branch name to use in all
hint: of your new repositories, which will suppress this warning, call:
hint:
hint: 	git config --global init.defaultBranch <name>
hint:
hint: Names commonly chosen instead of 'master' are 'main', 'trunk' and
hint: 'development'. The just-created branch can be renamed via this command:
hint:
hint: 	git branch -m <name>
From https://github.com/vegather/Disruptive
 * tag               2.0.0      -> FETCH_HEAD
HEAD is now at 2fe9734 Link tweaks
Cloned https://github.com/vegather/Disruptive.git
Revision (git rev-parse @):
2fe9734bb6362e982f99a72087128d5805e51499
SUCCESS checkout https://github.com/vegather/Disruptive.git at 2.0.0
========================================
Build
========================================
Selected platform:         linux
Swift version:             5.10
Building package at path:  $workDir
https://github.com/vegather/Disruptive.git
Running build ...
bash -c docker run --rm -v "checkouts-4606859-1":/host -w "$workDir" registry.gitlab.com/finestructure/spi-images:basic-5.10-latest swift build 2>&1
Building for debugging...
[0/2] Write sources
[1/2] Write swift-version-24593BA9C3E375BF.txt
error: emit-module command failed with exit code 1 (use -v to see invocation)
[3/19] Emitting module Disruptive
/host/spi-builder-workspace/Sources/Disruptive/Helpers/JWT.swift:9:8: error: no such module 'CryptoKit'
import CryptoKit
       ^
[4/19] Compiling Disruptive Requests.swift
/host/spi-builder-workspace/Sources/Disruptive/Helpers/JWT.swift:9:8: error: no such module 'CryptoKit'
import CryptoKit
       ^
[5/19] Compiling Disruptive RetryScheme.swift
/host/spi-builder-workspace/Sources/Disruptive/Helpers/JWT.swift:9:8: error: no such module 'CryptoKit'
import CryptoKit
       ^
[6/19] Compiling Disruptive Disruptive.swift
/host/spi-builder-workspace/Sources/Disruptive/Helpers/JWT.swift:9:8: error: no such module 'CryptoKit'
import CryptoKit
       ^
[7/19] Compiling Disruptive Authentication.swift
/host/spi-builder-workspace/Sources/Disruptive/Helpers/JWT.swift:9:8: error: no such module 'CryptoKit'
import CryptoKit
       ^
[8/19] Compiling Disruptive DTLog.swift
/host/spi-builder-workspace/Sources/Disruptive/Helpers/JWT.swift:9:8: error: no such module 'CryptoKit'
import CryptoKit
       ^
[9/21] Compiling Disruptive JWT.swift
/host/spi-builder-workspace/Sources/Disruptive/Helpers/JWT.swift:9:8: error: no such module 'CryptoKit'
import CryptoKit
       ^
[10/21] Compiling Disruptive NetworkTypes.swift
/host/spi-builder-workspace/Sources/Disruptive/Helpers/JWT.swift:9:8: error: no such module 'CryptoKit'
import CryptoKit
       ^
[11/21] Compiling Disruptive ServerSentEvents.swift
/host/spi-builder-workspace/Sources/Disruptive/Helpers/JWT.swift:9:8: error: no such module 'CryptoKit'
import CryptoKit
       ^
[12/21] Compiling Disruptive Utils.swift
/host/spi-builder-workspace/Sources/Disruptive/Helpers/JWT.swift:9:8: error: no such module 'CryptoKit'
import CryptoKit
       ^
[13/21] Compiling Disruptive Organization.swift
/host/spi-builder-workspace/Sources/Disruptive/Helpers/JWT.swift:9:8: error: no such module 'CryptoKit'
import CryptoKit
       ^
[14/21] Compiling Disruptive Permissions.swift
/host/spi-builder-workspace/Sources/Disruptive/Helpers/JWT.swift:9:8: error: no such module 'CryptoKit'
import CryptoKit
       ^
[15/21] Compiling Disruptive Device.swift
/host/spi-builder-workspace/Sources/Disruptive/Helpers/JWT.swift:9:8: error: no such module 'CryptoKit'
import CryptoKit
       ^
[16/21] Compiling Disruptive Event.swift
/host/spi-builder-workspace/Sources/Disruptive/Helpers/JWT.swift:9:8: error: no such module 'CryptoKit'
import CryptoKit
       ^
[17/21] Compiling Disruptive Diagnostics.swift
/host/spi-builder-workspace/Sources/Disruptive/Helpers/JWT.swift:9:8: error: no such module 'CryptoKit'
import CryptoKit
       ^
[18/21] Compiling Disruptive Errors.swift
/host/spi-builder-workspace/Sources/Disruptive/Helpers/JWT.swift:9:8: error: no such module 'CryptoKit'
import CryptoKit
       ^
[19/21] Compiling Disruptive EventTypes.swift
/host/spi-builder-workspace/Sources/Disruptive/Helpers/JWT.swift:9:8: error: no such module 'CryptoKit'
import CryptoKit
       ^
[20/21] Compiling Disruptive Project.swift
/host/spi-builder-workspace/Sources/Disruptive/Helpers/JWT.swift:9:8: error: no such module 'CryptoKit'
import CryptoKit
       ^
[21/21] Compiling Disruptive Stream.swift
/host/spi-builder-workspace/Sources/Disruptive/Helpers/JWT.swift:9:8: error: no such module 'CryptoKit'
import CryptoKit
       ^
error: fatalError
[0/1] Planning build
Building for debugging...
[0/1] Write swift-version-24593BA9C3E375BF.txt
error: emit-module command failed with exit code 1 (use -v to see invocation)
[2/18] Emitting module Disruptive
/host/spi-builder-workspace/Sources/Disruptive/Helpers/JWT.swift:9:8: error: no such module 'CryptoKit'
import CryptoKit
       ^
[3/20] Compiling Disruptive JWT.swift
/host/spi-builder-workspace/Sources/Disruptive/Helpers/JWT.swift:9:8: error: no such module 'CryptoKit'
import CryptoKit
       ^
[4/20] Compiling Disruptive NetworkTypes.swift
/host/spi-builder-workspace/Sources/Disruptive/Helpers/JWT.swift:9:8: error: no such module 'CryptoKit'
import CryptoKit
       ^
[5/20] Compiling Disruptive Organization.swift
/host/spi-builder-workspace/Sources/Disruptive/Helpers/JWT.swift:9:8: error: no such module 'CryptoKit'
import CryptoKit
       ^
[6/20] Compiling Disruptive Permissions.swift
/host/spi-builder-workspace/Sources/Disruptive/Helpers/JWT.swift:9:8: error: no such module 'CryptoKit'
import CryptoKit
       ^
[7/20] Compiling Disruptive Device.swift
/host/spi-builder-workspace/Sources/Disruptive/Helpers/JWT.swift:9:8: error: no such module 'CryptoKit'
import CryptoKit
       ^
[8/20] Compiling Disruptive Event.swift
/host/spi-builder-workspace/Sources/Disruptive/Helpers/JWT.swift:9:8: error: no such module 'CryptoKit'
import CryptoKit
       ^
[9/20] Compiling Disruptive Requests.swift
/host/spi-builder-workspace/Sources/Disruptive/Helpers/JWT.swift:9:8: error: no such module 'CryptoKit'
import CryptoKit
       ^
[10/20] Compiling Disruptive RetryScheme.swift
/host/spi-builder-workspace/Sources/Disruptive/Helpers/JWT.swift:9:8: error: no such module 'CryptoKit'
import CryptoKit
       ^
[11/20] Compiling Disruptive ServerSentEvents.swift
/host/spi-builder-workspace/Sources/Disruptive/Helpers/JWT.swift:9:8: error: no such module 'CryptoKit'
import CryptoKit
       ^
[12/20] Compiling Disruptive Utils.swift
/host/spi-builder-workspace/Sources/Disruptive/Helpers/JWT.swift:9:8: error: no such module 'CryptoKit'
import CryptoKit
       ^
[13/20] Compiling Disruptive Disruptive.swift
/host/spi-builder-workspace/Sources/Disruptive/Helpers/JWT.swift:9:8: error: no such module 'CryptoKit'
import CryptoKit
       ^
[14/20] Compiling Disruptive Authentication.swift
/host/spi-builder-workspace/Sources/Disruptive/Helpers/JWT.swift:9:8: error: no such module 'CryptoKit'
import CryptoKit
       ^
[15/20] Compiling Disruptive DTLog.swift
/host/spi-builder-workspace/Sources/Disruptive/Helpers/JWT.swift:9:8: error: no such module 'CryptoKit'
import CryptoKit
       ^
[16/20] Compiling Disruptive Diagnostics.swift
/host/spi-builder-workspace/Sources/Disruptive/Helpers/JWT.swift:9:8: error: no such module 'CryptoKit'
import CryptoKit
       ^
[17/20] Compiling Disruptive Errors.swift
/host/spi-builder-workspace/Sources/Disruptive/Helpers/JWT.swift:9:8: error: no such module 'CryptoKit'
import CryptoKit
       ^
[18/20] Compiling Disruptive EventTypes.swift
/host/spi-builder-workspace/Sources/Disruptive/Helpers/JWT.swift:9:8: error: no such module 'CryptoKit'
import CryptoKit
       ^
[19/20] Compiling Disruptive Project.swift
/host/spi-builder-workspace/Sources/Disruptive/Helpers/JWT.swift:9:8: error: no such module 'CryptoKit'
import CryptoKit
       ^
[20/20] Compiling Disruptive Stream.swift
/host/spi-builder-workspace/Sources/Disruptive/Helpers/JWT.swift:9:8: error: no such module 'CryptoKit'
import CryptoKit
       ^
error: fatalError
BUILD FAILURE 5.10 linux

Build Machine: Linux 1