Build Information
Failed to build swift-winui, reference v0.2.2 (c4f1cb), with Swift 6.1 for Wasm on 28 Aug 2026 02:42:43 UTC.
Build Command
bash -c docker run --pull=always --rm -v "checkouts-54344845-1":/host -w "$PWD" -e JAVA_HOME="/root/.sdkman/candidates/java/current" -e SPI_BUILD="1" -e SPI_PROCESSING="1" registry.gitlab.com/saguaro1/spi-images:wasm-6.1-latest swift build --swift-sdk wasm32-unknown-wasi 2>&1Build Log
========================================
RunAll
========================================
Builder version: 5.0.2
Interrupt handler set up.
========================================
Checkout
========================================
Clone URL: https://github.com/moreSwift/swift-winui.git
Reference: v0.2.2
Initialized empty Git repository in /host/spi-builder-workspace/.git/
hint: Using 'master' as the name for the initial branch. This default branch name
hint: is subject to change. To configure the initial branch name to use in all
hint: of your new repositories, which will suppress this warning, call:
hint:
hint: git config --global init.defaultBranch <name>
hint:
hint: Names commonly chosen instead of 'master' are 'main', 'trunk' and
hint: 'development'. The just-created branch can be renamed via this command:
hint:
hint: git branch -m <name>
From https://github.com/moreSwift/swift-winui
* tag v0.2.2 -> FETCH_HEAD
HEAD is now at c4f1cb7 WinUI: Add ColorPicker bindings
Cloned https://github.com/moreSwift/swift-winui.git
Revision (git rev-parse @):
c4f1cb75c02f4a4fdefcef2e5c5c4388c7cf9389
SUCCESS checkout https://github.com/moreSwift/swift-winui.git at v0.2.2
========================================
Build
========================================
Selected platform: wasm
Swift version: 6.1
Building package at path: $PWD
https://github.com/moreSwift/swift-winui.git
https://github.com/moreSwift/swift-winui.git
WARNING: environment variable SUPPRESS_SWIFT_6_FLAGS is not set
Running build ...
bash -c docker run --pull=always --rm -v "checkouts-54344845-1":/host -w "$PWD" -e JAVA_HOME="/root/.sdkman/candidates/java/current" -e SPI_BUILD="1" -e SPI_PROCESSING="1" registry.gitlab.com/saguaro1/spi-images:wasm-6.1-latest swift build --swift-sdk wasm32-unknown-wasi -Xswiftc -Xfrontend -Xswiftc -stats-output-dir -Xswiftc -Xfrontend -Xswiftc .stats -Xswiftc -strict-concurrency=complete -Xswiftc -enable-upcoming-feature -Xswiftc StrictConcurrency -Xswiftc -enable-upcoming-feature -Xswiftc DisableOutwardActorInference -Xswiftc -enable-upcoming-feature -Xswiftc GlobalActorIsolatedTypesUsability -Xswiftc -enable-upcoming-feature -Xswiftc InferSendableFromCaptures 2>&1
wasm-6.1-latest: Pulling from saguaro1/spi-images
Digest: sha256:290f441d1f5b7bf0dbbe61e8b7514208804cdcb507d57b3c762463ad036298f7
Status: Image is up to date for registry.gitlab.com/saguaro1/spi-images:wasm-6.1-latest
Building for debugging...
[0/26] Write sources
[5/26] Copying Microsoft.WindowsAppRuntime.Bootstrap.dll
[6/26] Compiling CWinRT shim.c
[7/26] Write Objects.LinkFileList
[8/26] Archiving libCWinRT.a
/host/spi-builder-workspace/Sources/CWinAppSDK/delayloadhelper.c:1:10: fatal error: 'wtypesbase.h' file not found
1 | #include <wtypesbase.h>
| ^~~~~~~~~~~~~~
1 error generated.
[9/26] Compiling CWinAppSDK delayloadhelper.c
[9/26] Write swift-version-24593BA9C3E375BF.txt
Running build ...
bash -c docker run --pull=always --rm -v "checkouts-54344845-1":/host -w "$PWD" -e JAVA_HOME="/root/.sdkman/candidates/java/current" -e SPI_BUILD="1" -e SPI_PROCESSING="1" registry.gitlab.com/saguaro1/spi-images:wasm-6.1-latest swift build --swift-sdk wasm32-unknown-wasi 2>&1
wasm-6.1-latest: Pulling from saguaro1/spi-images
Digest: sha256:290f441d1f5b7bf0dbbe61e8b7514208804cdcb507d57b3c762463ad036298f7
Status: Image is up to date for registry.gitlab.com/saguaro1/spi-images:wasm-6.1-latest
[0/1] Planning build
Building for debugging...
/host/spi-builder-workspace/Sources/CWinAppSDK/delayloadhelper.c:1:10: fatal error: 'wtypesbase.h' file not found
1 | #include <wtypesbase.h>
| ^~~~~~~~~~~~~~
1 error generated.
[0/17] Compiling CWinAppSDK delayloadhelper.c
[0/17] Write swift-version-24593BA9C3E375BF.txt
BUILD FAILURE 6.1 wasm