Build Information
Failed to build CurrencyConverter, reference main (8a824b), with Swift 6.2 for watchOS using Xcode 26.3 on 8 Oct 2026 21:53:39 UTC.
Build Command
No build command. This typically means the build failed at an early stage where we determine the build command.Build Log
========================================
RunAll
========================================
Builder version: 5.1.1
Interrupt handler set up.
========================================
Checkout
========================================
Clone URL: https://github.com/pixyzehn/currency-converter.git
Reference: main
Initialized empty Git repository in /Users/admin/builder/spi-builder-workspace/.git/
From https://github.com/pixyzehn/currency-converter
* branch main -> FETCH_HEAD
* [new branch] main -> origin/main
HEAD is now at 8a824b1 Raise minimum versions to iOS 16 and macOS 13
Cloned https://github.com/pixyzehn/currency-converter.git
Revision (git rev-parse @):
8a824b17a06a18b662f84dde966768e8366f1e2b
SPI manifest file found: $PWD/.spi.yml
SUCCESS checkout https://github.com/pixyzehn/currency-converter.git at main
========================================
Build
========================================
Selected platform: watchOS
Swift version: 6.2
Building package at path: $PWD
https://github.com/pixyzehn/currency-converter.git
Command line invocation:
/Applications/Xcode-26.3.0.app/Contents/Developer/usr/bin/xcodebuild -IDEClonedSourcePackagesDirPathOverride=/Users/admin/builder/spi-builder-workspace/.dependencies -resolvePackageDependencies
Resolve Package Graph
package 'spi-builder-workspace' is using Swift tools version 6.4.0 but the installed version is 6.2.4
Resolved source packages:
spi-builder-workspace: (null)
2026-10-08 17:53:31.504 xcodebuild[538:3110] [MT] IDERunDestination: Supported platforms for the buildables in the current scheme is empty.
2026-10-08 17:53:38.831 xcodebuild[538:3110] [MT] IDERunDestination: Supported platforms for the buildables in the current scheme is empty.
2026-10-08 17:53:38.882 xcodebuild[538:3110] Writing error result bundle to /var/folders/xq/y_g06wb113726d38xsyx71_h0000gn/T/ResultBundle_2026-08-10_17-53-0038.xcresult
xcodebuild: error: Could not resolve package dependencies:
package 'spi-builder-workspace' is using Swift tools version 6.4.0 but the installed version is 6.2.4
Command line invocation:
/Applications/Xcode-26.3.0.app/Contents/Developer/usr/bin/xcodebuild -IDEClonedSourcePackagesDirPathOverride=/Users/admin/builder/spi-builder-workspace/.dependencies -resolvePackageDependencies
Resolve Package Graph
package 'spi-builder-workspace' is using Swift tools version 6.4.0 but the installed version is 6.2.4
Resolved source packages:
spi-builder-workspace: (null)
2026-10-08 17:53:39.525 xcodebuild[600:3650] [MT] IDERunDestination: Supported platforms for the buildables in the current scheme is empty.
2026-10-08 17:53:39.676 xcodebuild[600:3650] [MT] IDERunDestination: Supported platforms for the buildables in the current scheme is empty.
2026-10-08 17:53:39.723 xcodebuild[600:3650] Writing error result bundle to /var/folders/xq/y_g06wb113726d38xsyx71_h0000gn/T/ResultBundle_2026-08-10_17-53-0039.xcresult
xcodebuild: error: Could not resolve package dependencies:
package 'spi-builder-workspace' is using Swift tools version 6.4.0 but the installed version is 6.2.4
BUILD FAILURE 6.2 watchOS