Build Information
Failed to build spfk-audio-hardware, reference 5.4.2 (c14a18), with Swift 6.4 for visionOS using Xcode 27.0 on 5 Oct 2026 10:29:20 UTC.
Build Command
env DEVELOPER_DIR=/Applications/Xcode-27.0.0-Release.Candidate.app xcrun xcodebuild -IDEClonedSourcePackagesDirPathOverride=$PWD/.dependencies -skipMacroValidation -skipPackagePluginValidation -derivedDataPath $PWD/.derivedData build -scheme spfk-audio-hardware -destination generic/platform=xrOSBuild Log
SwiftCompile normal arm64 /Users/admin/builder/spi-builder-workspace/.dependencies/checkouts/swift-extensions/Sources/SwiftExtensions/Extensions/Foundation/String\ and\ NSRegularExpression.swift (in target 'SwiftExtensions' from project 'swift-extensions')
cd /Users/admin/builder/spi-builder-workspace/.swiftpm/xcode
builtin-SwiftPerFileCompile String\ and\ NSRegularExpression.swift
SwiftCompile normal arm64 /Users/admin/builder/spi-builder-workspace/.dependencies/checkouts/swift-extensions/Sources/SwiftExtensions/Extensions/Foundation/String\ and\ NumberFormatter.swift (in target 'SwiftExtensions' from project 'swift-extensions')
cd /Users/admin/builder/spi-builder-workspace/.swiftpm/xcode
builtin-SwiftPerFileCompile String\ and\ NumberFormatter.swift
SwiftCompile normal arm64 /Users/admin/builder/spi-builder-workspace/.dependencies/checkouts/swift-extensions/Sources/SwiftExtensions/Extensions/Foundation/TimeInterval.swift (in target 'SwiftExtensions' from project 'swift-extensions')
cd /Users/admin/builder/spi-builder-workspace/.swiftpm/xcode
builtin-SwiftPerFileCompile TimeInterval.swift
SwiftCompile normal arm64 /Users/admin/builder/spi-builder-workspace/.dependencies/checkouts/swift-extensions/Sources/SwiftExtensions/Extensions/Foundation/Timespec\ and\ TimeInterval.swift (in target 'SwiftExtensions' from project 'swift-extensions')
cd /Users/admin/builder/spi-builder-workspace/.swiftpm/xcode
builtin-SwiftPerFileCompile Timespec\ and\ TimeInterval.swift
SwiftCompile normal arm64 /Users/admin/builder/spi-builder-workspace/.dependencies/checkouts/swift-extensions/Sources/SwiftExtensions/Extensions/Foundation/Timespec.swift (in target 'SwiftExtensions' from project 'swift-extensions')
cd /Users/admin/builder/spi-builder-workspace/.swiftpm/xcode
builtin-SwiftPerFileCompile Timespec.swift
SwiftCompile normal arm64 /Users/admin/builder/spi-builder-workspace/.dependencies/checkouts/swift-extensions/Sources/SwiftExtensions/Extensions/Foundation/URL.swift (in target 'SwiftExtensions' from project 'swift-extensions')
cd /Users/admin/builder/spi-builder-workspace/.swiftpm/xcode
builtin-SwiftPerFileCompile URL.swift
SwiftCompile normal arm64 /Users/admin/builder/spi-builder-workspace/.dependencies/checkouts/swift-extensions/Sources/SwiftExtensions/Extensions/Foundation/UserDefaults.swift (in target 'SwiftExtensions' from project 'swift-extensions')
cd /Users/admin/builder/spi-builder-workspace/.swiftpm/xcode
builtin-SwiftPerFileCompile UserDefaults.swift
SwiftCompile normal arm64 /Users/admin/builder/spi-builder-workspace/.dependencies/checkouts/swift-extensions/Sources/SwiftExtensions/Extensions/Foundation/XMLElement.swift (in target 'SwiftExtensions' from project 'swift-extensions')
cd /Users/admin/builder/spi-builder-workspace/.swiftpm/xcode
builtin-SwiftPerFileCompile XMLElement.swift
SwiftCompile normal arm64 /Users/admin/builder/spi-builder-workspace/.dependencies/checkouts/swift-extensions/Sources/SwiftExtensions/Extensions/Foundation/XMLNode.swift (in target 'SwiftExtensions' from project 'swift-extensions')
cd /Users/admin/builder/spi-builder-workspace/.swiftpm/xcode
builtin-SwiftPerFileCompile XMLNode.swift
SwiftDriverJobDiscovery normal arm64 Compiling AsyncChunksOfCountOrSignalSequence.swift, AsyncChunksOfCountSequence.swift, AsyncCompactedSequence.swift, AsyncExclusiveReductionsSequence.swift, AsyncInclusiveReductionsSequence.swift, AsyncJoinedBySeparatorSequence.swift (in target 'AsyncAlgorithms' from project 'swift-async-algorithms')
SwiftCompile normal arm64 Compiling\ Bool.swift,\ Collections.swift,\ Concurrency.swift,\ FloatingPoint.swift,\ Integers.swift,\ Operators.swift,\ Optional.swift,\ Ranges.swift,\ Result.swift /Users/admin/builder/spi-builder-workspace/.dependencies/checkouts/swift-extensions/Sources/SwiftExtensions/Extensions/Swift/Bool.swift /Users/admin/builder/spi-builder-workspace/.dependencies/checkouts/swift-extensions/Sources/SwiftExtensions/Extensions/Swift/Collections.swift /Users/admin/builder/spi-builder-workspace/.dependencies/checkouts/swift-extensions/Sources/SwiftExtensions/Extensions/Swift/Concurrency.swift /Users/admin/builder/spi-builder-workspace/.dependencies/checkouts/swift-extensions/Sources/SwiftExtensions/Extensions/Swift/FloatingPoint.swift /Users/admin/builder/spi-builder-workspace/.dependencies/checkouts/swift-extensions/Sources/SwiftExtensions/Extensions/Swift/Integers.swift /Users/admin/builder/spi-builder-workspace/.dependencies/checkouts/swift-extensions/Sources/SwiftExtensions/Extensions/Swift/Operators.swift /Users/admin/builder/spi-builder-workspace/.dependencies/checkouts/swift-extensions/Sources/SwiftExtensions/Extensions/Swift/Optional.swift /Users/admin/builder/spi-builder-workspace/.dependencies/checkouts/swift-extensions/Sources/SwiftExtensions/Extensions/Swift/Ranges.swift /Users/admin/builder/spi-builder-workspace/.dependencies/checkouts/swift-extensions/Sources/SwiftExtensions/Extensions/Swift/Result.swift (in target 'SwiftExtensions' from project 'swift-extensions')
SwiftCompile normal arm64 /Users/admin/builder/spi-builder-workspace/.dependencies/checkouts/swift-extensions/Sources/SwiftExtensions/Extensions/Swift/Bool.swift (in target 'SwiftExtensions' from project 'swift-extensions')
cd /Users/admin/builder/spi-builder-workspace/.swiftpm/xcode
builtin-SwiftPerFileCompile Bool.swift
SwiftCompile normal arm64 /Users/admin/builder/spi-builder-workspace/.dependencies/checkouts/swift-extensions/Sources/SwiftExtensions/Extensions/Swift/Collections.swift (in target 'SwiftExtensions' from project 'swift-extensions')
cd /Users/admin/builder/spi-builder-workspace/.swiftpm/xcode
builtin-SwiftPerFileCompile Collections.swift
SwiftCompile normal arm64 /Users/admin/builder/spi-builder-workspace/.dependencies/checkouts/swift-extensions/Sources/SwiftExtensions/Extensions/Swift/Concurrency.swift (in target 'SwiftExtensions' from project 'swift-extensions')
cd /Users/admin/builder/spi-builder-workspace/.swiftpm/xcode
builtin-SwiftPerFileCompile Concurrency.swift
SwiftCompile normal arm64 /Users/admin/builder/spi-builder-workspace/.dependencies/checkouts/swift-extensions/Sources/SwiftExtensions/Extensions/Swift/FloatingPoint.swift (in target 'SwiftExtensions' from project 'swift-extensions')
cd /Users/admin/builder/spi-builder-workspace/.swiftpm/xcode
builtin-SwiftPerFileCompile FloatingPoint.swift
SwiftCompile normal arm64 /Users/admin/builder/spi-builder-workspace/.dependencies/checkouts/swift-extensions/Sources/SwiftExtensions/Extensions/Swift/Integers.swift (in target 'SwiftExtensions' from project 'swift-extensions')
cd /Users/admin/builder/spi-builder-workspace/.swiftpm/xcode
builtin-SwiftPerFileCompile Integers.swift
SwiftCompile normal arm64 /Users/admin/builder/spi-builder-workspace/.dependencies/checkouts/swift-extensions/Sources/SwiftExtensions/Extensions/Swift/Operators.swift (in target 'SwiftExtensions' from project 'swift-extensions')
cd /Users/admin/builder/spi-builder-workspace/.swiftpm/xcode
builtin-SwiftPerFileCompile Operators.swift
SwiftCompile normal arm64 /Users/admin/builder/spi-builder-workspace/.dependencies/checkouts/swift-extensions/Sources/SwiftExtensions/Extensions/Swift/Optional.swift (in target 'SwiftExtensions' from project 'swift-extensions')
cd /Users/admin/builder/spi-builder-workspace/.swiftpm/xcode
builtin-SwiftPerFileCompile Optional.swift
SwiftCompile normal arm64 /Users/admin/builder/spi-builder-workspace/.dependencies/checkouts/swift-extensions/Sources/SwiftExtensions/Extensions/Swift/Ranges.swift (in target 'SwiftExtensions' from project 'swift-extensions')
cd /Users/admin/builder/spi-builder-workspace/.swiftpm/xcode
builtin-SwiftPerFileCompile Ranges.swift
SwiftCompile normal arm64 /Users/admin/builder/spi-builder-workspace/.dependencies/checkouts/swift-extensions/Sources/SwiftExtensions/Extensions/Swift/Result.swift (in target 'SwiftExtensions' from project 'swift-extensions')
cd /Users/admin/builder/spi-builder-workspace/.swiftpm/xcode
builtin-SwiftPerFileCompile Result.swift
SwiftDriverJobDiscovery normal arm64 Compiling UnsafeTransfer.swift, AsyncZip2Sequence.swift, AsyncZip3Sequence.swift, ZipStateMachine.swift, ZipStorage.swift (in target 'AsyncAlgorithms' from project 'swift-async-algorithms')
SwiftCompile normal arm64 Compiling\ FloatingPoint\ and\ Foundation.swift,\ FormatStyle.swift,\ Integers\ and\ Foundation.swift,\ NSArray.swift,\ NSAttributedString.swift,\ Progress.swift,\ String\ and\ CharacterSet.swift,\ String\ and\ Data.swift,\ String\ and\ Foundation.swift /Users/admin/builder/spi-builder-workspace/.dependencies/checkouts/swift-extensions/Sources/SwiftExtensions/Extensions/Foundation/FloatingPoint\ and\ Foundation.swift /Users/admin/builder/spi-builder-workspace/.dependencies/checkouts/swift-extensions/Sources/SwiftExtensions/Extensions/Foundation/FormatStyle.swift /Users/admin/builder/spi-builder-workspace/.dependencies/checkouts/swift-extensions/Sources/SwiftExtensions/Extensions/Foundation/Integers\ and\ Foundation.swift /Users/admin/builder/spi-builder-workspace/.dependencies/checkouts/swift-extensions/Sources/SwiftExtensions/Extensions/Foundation/NSArray.swift /Users/admin/builder/spi-builder-workspace/.dependencies/checkouts/swift-extensions/Sources/SwiftExtensions/Extensions/Foundation/NSAttributedString.swift /Users/admin/builder/spi-builder-workspace/.dependencies/checkouts/swift-extensions/Sources/SwiftExtensions/Extensions/Foundation/Progress.swift /Users/admin/builder/spi-builder-workspace/.dependencies/checkouts/swift-extensions/Sources/SwiftExtensions/Extensions/Foundation/String\ and\ CharacterSet.swift /Users/admin/builder/spi-builder-workspace/.dependencies/checkouts/swift-extensions/Sources/SwiftExtensions/Extensions/Foundation/String\ and\ Data.swift /Users/admin/builder/spi-builder-workspace/.dependencies/checkouts/swift-extensions/Sources/SwiftExtensions/Extensions/Foundation/String\ and\ Foundation.swift (in target 'SwiftExtensions' from project 'swift-extensions')
SwiftCompile normal arm64 /Users/admin/builder/spi-builder-workspace/.dependencies/checkouts/swift-extensions/Sources/SwiftExtensions/Extensions/Foundation/FloatingPoint\ and\ Foundation.swift (in target 'SwiftExtensions' from project 'swift-extensions')
cd /Users/admin/builder/spi-builder-workspace/.swiftpm/xcode
builtin-SwiftPerFileCompile FloatingPoint\ and\ Foundation.swift
SwiftCompile normal arm64 /Users/admin/builder/spi-builder-workspace/.dependencies/checkouts/swift-extensions/Sources/SwiftExtensions/Extensions/Foundation/FormatStyle.swift (in target 'SwiftExtensions' from project 'swift-extensions')
cd /Users/admin/builder/spi-builder-workspace/.swiftpm/xcode
builtin-SwiftPerFileCompile FormatStyle.swift
SwiftCompile normal arm64 /Users/admin/builder/spi-builder-workspace/.dependencies/checkouts/swift-extensions/Sources/SwiftExtensions/Extensions/Foundation/Integers\ and\ Foundation.swift (in target 'SwiftExtensions' from project 'swift-extensions')
cd /Users/admin/builder/spi-builder-workspace/.swiftpm/xcode
builtin-SwiftPerFileCompile Integers\ and\ Foundation.swift
SwiftCompile normal arm64 /Users/admin/builder/spi-builder-workspace/.dependencies/checkouts/swift-extensions/Sources/SwiftExtensions/Extensions/Foundation/NSArray.swift (in target 'SwiftExtensions' from project 'swift-extensions')
cd /Users/admin/builder/spi-builder-workspace/.swiftpm/xcode
builtin-SwiftPerFileCompile NSArray.swift
SwiftCompile normal arm64 /Users/admin/builder/spi-builder-workspace/.dependencies/checkouts/swift-extensions/Sources/SwiftExtensions/Extensions/Foundation/NSAttributedString.swift (in target 'SwiftExtensions' from project 'swift-extensions')
cd /Users/admin/builder/spi-builder-workspace/.swiftpm/xcode
builtin-SwiftPerFileCompile NSAttributedString.swift
SwiftCompile normal arm64 /Users/admin/builder/spi-builder-workspace/.dependencies/checkouts/swift-extensions/Sources/SwiftExtensions/Extensions/Foundation/Progress.swift (in target 'SwiftExtensions' from project 'swift-extensions')
cd /Users/admin/builder/spi-builder-workspace/.swiftpm/xcode
builtin-SwiftPerFileCompile Progress.swift
SwiftCompile normal arm64 /Users/admin/builder/spi-builder-workspace/.dependencies/checkouts/swift-extensions/Sources/SwiftExtensions/Extensions/Foundation/String\ and\ CharacterSet.swift (in target 'SwiftExtensions' from project 'swift-extensions')
cd /Users/admin/builder/spi-builder-workspace/.swiftpm/xcode
builtin-SwiftPerFileCompile String\ and\ CharacterSet.swift
SwiftCompile normal arm64 /Users/admin/builder/spi-builder-workspace/.dependencies/checkouts/swift-extensions/Sources/SwiftExtensions/Extensions/Foundation/String\ and\ Data.swift (in target 'SwiftExtensions' from project 'swift-extensions')
cd /Users/admin/builder/spi-builder-workspace/.swiftpm/xcode
builtin-SwiftPerFileCompile String\ and\ Data.swift
SwiftCompile normal arm64 /Users/admin/builder/spi-builder-workspace/.dependencies/checkouts/swift-extensions/Sources/SwiftExtensions/Extensions/Foundation/String\ and\ Foundation.swift (in target 'SwiftExtensions' from project 'swift-extensions')
cd /Users/admin/builder/spi-builder-workspace/.swiftpm/xcode
builtin-SwiftPerFileCompile String\ and\ Foundation.swift
SwiftDriverJobDiscovery normal arm64 Compiling DebounceStorage.swift, Dictionary.swift, AsyncFlatMapLatestSequence.swift, FlatMapLatestStateMachine.swift, FlatMapLatestStorage.swift, Disconnected.swift (in target 'AsyncAlgorithms' from project 'swift-async-algorithms')
SwiftCompile normal arm64 Compiling\ PropertyAccessorSubject+PropertyBuilder.swift,\ PropertyAccessorSubject+Proxy.swift,\ PropertyAccessorSubject+SingleProperty.swift,\ PropertyAccessorSubject.swift,\ PropertyUpdateResult.swift,\ RawRepresentableSortComparator.swift,\ SemanticVersion.swift,\ BinaryInteger+SignedUnitInterval.swift,\ SignedUnitInterval+Operators.swift,\ SignedUnitInterval.swift /Users/admin/builder/spi-builder-workspace/.dependencies/checkouts/swift-extensions/Sources/SwiftExtensions/Abstractions/PropertyAccessor/PropertyAccessorSubject+PropertyBuilder.swift /Users/admin/builder/spi-builder-workspace/.dependencies/checkouts/swift-extensions/Sources/SwiftExtensions/Abstractions/PropertyAccessor/PropertyAccessorSubject+Proxy.swift /Users/admin/builder/spi-builder-workspace/.dependencies/checkouts/swift-extensions/Sources/SwiftExtensions/Abstractions/PropertyAccessor/PropertyAccessorSubject+SingleProperty.swift /Users/admin/builder/spi-builder-workspace/.dependencies/checkouts/swift-extensions/Sources/SwiftExtensions/Abstractions/PropertyAccessor/PropertyAccessorSubject.swift /Users/admin/builder/spi-builder-workspace/.dependencies/checkouts/swift-extensions/Sources/SwiftExtensions/Abstractions/PropertyAccessor/PropertyUpdateResult.swift /Users/admin/builder/spi-builder-workspace/.dependencies/checkouts/swift-extensions/Sources/SwiftExtensions/Abstractions/RawRepresentableSortComparator.swift /Users/admin/builder/spi-builder-workspace/.dependencies/checkouts/swift-extensions/Sources/SwiftExtensions/Abstractions/SemanticVersion.swift /Users/admin/builder/spi-builder-workspace/.dependencies/checkouts/swift-extensions/Sources/SwiftExtensions/Abstractions/SignedUnitInterval/BinaryInteger+SignedUnitInterval.swift /Users/admin/builder/spi-builder-workspace/.dependencies/checkouts/swift-extensions/Sources/SwiftExtensions/Abstractions/SignedUnitInterval/SignedUnitInterval+Operators.swift /Users/admin/builder/spi-builder-workspace/.dependencies/checkouts/swift-extensions/Sources/SwiftExtensions/Abstractions/SignedUnitInterval/SignedUnitInterval.swift (in target 'SwiftExtensions' from project 'swift-extensions')
SwiftCompile normal arm64 /Users/admin/builder/spi-builder-workspace/.dependencies/checkouts/swift-extensions/Sources/SwiftExtensions/Abstractions/PropertyAccessor/PropertyAccessorSubject+PropertyBuilder.swift (in target 'SwiftExtensions' from project 'swift-extensions')
cd /Users/admin/builder/spi-builder-workspace/.swiftpm/xcode
builtin-SwiftPerFileCompile PropertyAccessorSubject+PropertyBuilder.swift
SwiftCompile normal arm64 /Users/admin/builder/spi-builder-workspace/.dependencies/checkouts/swift-extensions/Sources/SwiftExtensions/Abstractions/PropertyAccessor/PropertyAccessorSubject+Proxy.swift (in target 'SwiftExtensions' from project 'swift-extensions')
cd /Users/admin/builder/spi-builder-workspace/.swiftpm/xcode
builtin-SwiftPerFileCompile PropertyAccessorSubject+Proxy.swift
SwiftCompile normal arm64 /Users/admin/builder/spi-builder-workspace/.dependencies/checkouts/swift-extensions/Sources/SwiftExtensions/Abstractions/PropertyAccessor/PropertyAccessorSubject+SingleProperty.swift (in target 'SwiftExtensions' from project 'swift-extensions')
cd /Users/admin/builder/spi-builder-workspace/.swiftpm/xcode
builtin-SwiftPerFileCompile PropertyAccessorSubject+SingleProperty.swift
SwiftCompile normal arm64 /Users/admin/builder/spi-builder-workspace/.dependencies/checkouts/swift-extensions/Sources/SwiftExtensions/Abstractions/PropertyAccessor/PropertyAccessorSubject.swift (in target 'SwiftExtensions' from project 'swift-extensions')
cd /Users/admin/builder/spi-builder-workspace/.swiftpm/xcode
builtin-SwiftPerFileCompile PropertyAccessorSubject.swift
SwiftCompile normal arm64 /Users/admin/builder/spi-builder-workspace/.dependencies/checkouts/swift-extensions/Sources/SwiftExtensions/Abstractions/PropertyAccessor/PropertyUpdateResult.swift (in target 'SwiftExtensions' from project 'swift-extensions')
cd /Users/admin/builder/spi-builder-workspace/.swiftpm/xcode
builtin-SwiftPerFileCompile PropertyUpdateResult.swift
SwiftCompile normal arm64 /Users/admin/builder/spi-builder-workspace/.dependencies/checkouts/swift-extensions/Sources/SwiftExtensions/Abstractions/RawRepresentableSortComparator.swift (in target 'SwiftExtensions' from project 'swift-extensions')
cd /Users/admin/builder/spi-builder-workspace/.swiftpm/xcode
builtin-SwiftPerFileCompile RawRepresentableSortComparator.swift
SwiftCompile normal arm64 /Users/admin/builder/spi-builder-workspace/.dependencies/checkouts/swift-extensions/Sources/SwiftExtensions/Abstractions/SemanticVersion.swift (in target 'SwiftExtensions' from project 'swift-extensions')
cd /Users/admin/builder/spi-builder-workspace/.swiftpm/xcode
builtin-SwiftPerFileCompile SemanticVersion.swift
SwiftCompile normal arm64 /Users/admin/builder/spi-builder-workspace/.dependencies/checkouts/swift-extensions/Sources/SwiftExtensions/Abstractions/SignedUnitInterval/BinaryInteger+SignedUnitInterval.swift (in target 'SwiftExtensions' from project 'swift-extensions')
cd /Users/admin/builder/spi-builder-workspace/.swiftpm/xcode
builtin-SwiftPerFileCompile BinaryInteger+SignedUnitInterval.swift
SwiftCompile normal arm64 /Users/admin/builder/spi-builder-workspace/.dependencies/checkouts/swift-extensions/Sources/SwiftExtensions/Abstractions/SignedUnitInterval/SignedUnitInterval+Operators.swift (in target 'SwiftExtensions' from project 'swift-extensions')
cd /Users/admin/builder/spi-builder-workspace/.swiftpm/xcode
builtin-SwiftPerFileCompile SignedUnitInterval+Operators.swift
SwiftCompile normal arm64 /Users/admin/builder/spi-builder-workspace/.dependencies/checkouts/swift-extensions/Sources/SwiftExtensions/Abstractions/SignedUnitInterval/SignedUnitInterval.swift (in target 'SwiftExtensions' from project 'swift-extensions')
cd /Users/admin/builder/spi-builder-workspace/.swiftpm/xcode
builtin-SwiftPerFileCompile SignedUnitInterval.swift
SwiftDriverJobDiscovery normal arm64 Compiling _TinyArray.swift, AsyncInterspersedSequence.swift, Locking.swift, AsyncMerge2Sequence.swift, AsyncMerge3Sequence.swift, MergeStateMachine.swift (in target 'AsyncAlgorithms' from project 'swift-async-algorithms')
SwiftCompile normal arm64 Compiling\ String\ Sanitize\ Path\ Component.swift,\ String\ Title\ Case.swift,\ String\ Wrapped.swift,\ Time.swift,\ BinaryInteger+UnitInterval.swift,\ UnitInterval+Operators.swift,\ UnitInterval+ScaleType.swift,\ UnitInterval.swift,\ Validated\ Property\ Wrapper.swift,\ ZeroIndexedCollection.swift /Users/admin/builder/spi-builder-workspace/.dependencies/checkouts/swift-extensions/Sources/SwiftExtensions/Abstractions/String\ Sanitize\ Path\ Component.swift /Users/admin/builder/spi-builder-workspace/.dependencies/checkouts/swift-extensions/Sources/SwiftExtensions/Abstractions/String\ Title\ Case.swift /Users/admin/builder/spi-builder-workspace/.dependencies/checkouts/swift-extensions/Sources/SwiftExtensions/Abstractions/String\ Wrapped.swift /Users/admin/builder/spi-builder-workspace/.dependencies/checkouts/swift-extensions/Sources/SwiftExtensions/Abstractions/Time.swift /Users/admin/builder/spi-builder-workspace/.dependencies/checkouts/swift-extensions/Sources/SwiftExtensions/Abstractions/UnitInterval/BinaryInteger+UnitInterval.swift /Users/admin/builder/spi-builder-workspace/.dependencies/checkouts/swift-extensions/Sources/SwiftExtensions/Abstractions/UnitInterval/UnitInterval+Operators.swift /Users/admin/builder/spi-builder-workspace/.dependencies/checkouts/swift-extensions/Sources/SwiftExtensions/Abstractions/UnitInterval/UnitInterval+ScaleType.swift /Users/admin/builder/spi-builder-workspace/.dependencies/checkouts/swift-extensions/Sources/SwiftExtensions/Abstractions/UnitInterval/UnitInterval.swift /Users/admin/builder/spi-builder-workspace/.dependencies/checkouts/swift-extensions/Sources/SwiftExtensions/Abstractions/Validated\ Property\ Wrapper.swift /Users/admin/builder/spi-builder-workspace/.dependencies/checkouts/swift-extensions/Sources/SwiftExtensions/Abstractions/ZeroIndexedCollection.swift (in target 'SwiftExtensions' from project 'swift-extensions')
SwiftCompile normal arm64 /Users/admin/builder/spi-builder-workspace/.dependencies/checkouts/swift-extensions/Sources/SwiftExtensions/Abstractions/String\ Sanitize\ Path\ Component.swift (in target 'SwiftExtensions' from project 'swift-extensions')
cd /Users/admin/builder/spi-builder-workspace/.swiftpm/xcode
builtin-SwiftPerFileCompile String\ Sanitize\ Path\ Component.swift
SwiftCompile normal arm64 /Users/admin/builder/spi-builder-workspace/.dependencies/checkouts/swift-extensions/Sources/SwiftExtensions/Abstractions/String\ Title\ Case.swift (in target 'SwiftExtensions' from project 'swift-extensions')
cd /Users/admin/builder/spi-builder-workspace/.swiftpm/xcode
builtin-SwiftPerFileCompile String\ Title\ Case.swift
SwiftCompile normal arm64 /Users/admin/builder/spi-builder-workspace/.dependencies/checkouts/swift-extensions/Sources/SwiftExtensions/Abstractions/String\ Wrapped.swift (in target 'SwiftExtensions' from project 'swift-extensions')
cd /Users/admin/builder/spi-builder-workspace/.swiftpm/xcode
builtin-SwiftPerFileCompile String\ Wrapped.swift
SwiftCompile normal arm64 /Users/admin/builder/spi-builder-workspace/.dependencies/checkouts/swift-extensions/Sources/SwiftExtensions/Abstractions/Time.swift (in target 'SwiftExtensions' from project 'swift-extensions')
cd /Users/admin/builder/spi-builder-workspace/.swiftpm/xcode
builtin-SwiftPerFileCompile Time.swift
SwiftCompile normal arm64 /Users/admin/builder/spi-builder-workspace/.dependencies/checkouts/swift-extensions/Sources/SwiftExtensions/Abstractions/UnitInterval/BinaryInteger+UnitInterval.swift (in target 'SwiftExtensions' from project 'swift-extensions')
cd /Users/admin/builder/spi-builder-workspace/.swiftpm/xcode
builtin-SwiftPerFileCompile BinaryInteger+UnitInterval.swift
SwiftCompile normal arm64 /Users/admin/builder/spi-builder-workspace/.dependencies/checkouts/swift-extensions/Sources/SwiftExtensions/Abstractions/UnitInterval/UnitInterval+Operators.swift (in target 'SwiftExtensions' from project 'swift-extensions')
cd /Users/admin/builder/spi-builder-workspace/.swiftpm/xcode
builtin-SwiftPerFileCompile UnitInterval+Operators.swift
SwiftCompile normal arm64 /Users/admin/builder/spi-builder-workspace/.dependencies/checkouts/swift-extensions/Sources/SwiftExtensions/Abstractions/UnitInterval/UnitInterval+ScaleType.swift (in target 'SwiftExtensions' from project 'swift-extensions')
cd /Users/admin/builder/spi-builder-workspace/.swiftpm/xcode
builtin-SwiftPerFileCompile UnitInterval+ScaleType.swift
SwiftCompile normal arm64 /Users/admin/builder/spi-builder-workspace/.dependencies/checkouts/swift-extensions/Sources/SwiftExtensions/Abstractions/UnitInterval/UnitInterval.swift (in target 'SwiftExtensions' from project 'swift-extensions')
cd /Users/admin/builder/spi-builder-workspace/.swiftpm/xcode
builtin-SwiftPerFileCompile UnitInterval.swift
SwiftCompile normal arm64 /Users/admin/builder/spi-builder-workspace/.dependencies/checkouts/swift-extensions/Sources/SwiftExtensions/Abstractions/Validated\ Property\ Wrapper.swift (in target 'SwiftExtensions' from project 'swift-extensions')
cd /Users/admin/builder/spi-builder-workspace/.swiftpm/xcode
builtin-SwiftPerFileCompile Validated\ Property\ Wrapper.swift
SwiftCompile normal arm64 /Users/admin/builder/spi-builder-workspace/.dependencies/checkouts/swift-extensions/Sources/SwiftExtensions/Abstractions/ZeroIndexedCollection.swift (in target 'SwiftExtensions' from project 'swift-extensions')
cd /Users/admin/builder/spi-builder-workspace/.swiftpm/xcode
builtin-SwiftPerFileCompile ZeroIndexedCollection.swift
SwiftDriverJobDiscovery normal arm64 Compiling AsyncJoinedSequence.swift, AsyncMapErrorSequence.swift, AsyncRemoveDuplicatesSequence.swift, AsyncShareSequence.swift, AsyncSyncSequence.swift, AsyncThrottleSequence.swift (in target 'AsyncAlgorithms' from project 'swift-async-algorithms')
SwiftCompile normal arm64 Compiling\ String.swift,\ FilePath\ and\ URL.swift,\ SwiftDataParsing+API\ 2.1.0.swift,\ SwiftDataParsing+API\ 2.1.1.swift,\ SwiftDataParsing.swift,\ Clipboard.swift,\ Globals.swift,\ OSLogger.swift,\ Protocols.swift /Users/admin/builder/spi-builder-workspace/.dependencies/checkouts/swift-extensions/Sources/SwiftExtensions/Extensions/Swift/String.swift /Users/admin/builder/spi-builder-workspace/.dependencies/checkouts/swift-extensions/Sources/SwiftExtensions/Extensions/System/FilePath\ and\ URL.swift /Users/admin/builder/spi-builder-workspace/.dependencies/checkouts/swift-extensions/Sources/SwiftExtensions/External/swift-data-parsing/SwiftDataParsing+API\ 2.1.0.swift /Users/admin/builder/spi-builder-workspace/.dependencies/checkouts/swift-extensions/Sources/SwiftExtensions/External/swift-data-parsing/SwiftDataParsing+API\ 2.1.1.swift /Users/admin/builder/spi-builder-workspace/.dependencies/checkouts/swift-extensions/Sources/SwiftExtensions/External/swift-data-parsing/SwiftDataParsing.swift /Users/admin/builder/spi-builder-workspace/.dependencies/checkouts/swift-extensions/Sources/SwiftExtensions/Global/Clipboard.swift /Users/admin/builder/spi-builder-workspace/.dependencies/checkouts/swift-extensions/Sources/SwiftExtensions/Global/Globals.swift /Users/admin/builder/spi-builder-workspace/.dependencies/checkouts/swift-extensions/Sources/SwiftExtensions/Logging/OSLogger.swift /Users/admin/builder/spi-builder-workspace/.dependencies/checkouts/swift-extensions/Sources/SwiftExtensions/Protocols/Protocols.swift (in target 'SwiftExtensions' from project 'swift-extensions')
SwiftCompile normal arm64 /Users/admin/builder/spi-builder-workspace/.dependencies/checkouts/swift-extensions/Sources/SwiftExtensions/Extensions/Swift/String.swift (in target 'SwiftExtensions' from project 'swift-extensions')
cd /Users/admin/builder/spi-builder-workspace/.swiftpm/xcode
builtin-SwiftPerFileCompile String.swift
SwiftCompile normal arm64 /Users/admin/builder/spi-builder-workspace/.dependencies/checkouts/swift-extensions/Sources/SwiftExtensions/Extensions/System/FilePath\ and\ URL.swift (in target 'SwiftExtensions' from project 'swift-extensions')
cd /Users/admin/builder/spi-builder-workspace/.swiftpm/xcode
builtin-SwiftPerFileCompile FilePath\ and\ URL.swift
SwiftCompile normal arm64 /Users/admin/builder/spi-builder-workspace/.dependencies/checkouts/swift-extensions/Sources/SwiftExtensions/External/swift-data-parsing/SwiftDataParsing+API\ 2.1.0.swift (in target 'SwiftExtensions' from project 'swift-extensions')
cd /Users/admin/builder/spi-builder-workspace/.swiftpm/xcode
builtin-SwiftPerFileCompile SwiftDataParsing+API\ 2.1.0.swift
SwiftCompile normal arm64 /Users/admin/builder/spi-builder-workspace/.dependencies/checkouts/swift-extensions/Sources/SwiftExtensions/External/swift-data-parsing/SwiftDataParsing+API\ 2.1.1.swift (in target 'SwiftExtensions' from project 'swift-extensions')
cd /Users/admin/builder/spi-builder-workspace/.swiftpm/xcode
builtin-SwiftPerFileCompile SwiftDataParsing+API\ 2.1.1.swift
SwiftCompile normal arm64 /Users/admin/builder/spi-builder-workspace/.dependencies/checkouts/swift-extensions/Sources/SwiftExtensions/External/swift-data-parsing/SwiftDataParsing.swift (in target 'SwiftExtensions' from project 'swift-extensions')
cd /Users/admin/builder/spi-builder-workspace/.swiftpm/xcode
builtin-SwiftPerFileCompile SwiftDataParsing.swift
SwiftCompile normal arm64 /Users/admin/builder/spi-builder-workspace/.dependencies/checkouts/swift-extensions/Sources/SwiftExtensions/Global/Clipboard.swift (in target 'SwiftExtensions' from project 'swift-extensions')
cd /Users/admin/builder/spi-builder-workspace/.swiftpm/xcode
builtin-SwiftPerFileCompile Clipboard.swift
SwiftCompile normal arm64 /Users/admin/builder/spi-builder-workspace/.dependencies/checkouts/swift-extensions/Sources/SwiftExtensions/Global/Globals.swift (in target 'SwiftExtensions' from project 'swift-extensions')
cd /Users/admin/builder/spi-builder-workspace/.swiftpm/xcode
builtin-SwiftPerFileCompile Globals.swift
SwiftCompile normal arm64 /Users/admin/builder/spi-builder-workspace/.dependencies/checkouts/swift-extensions/Sources/SwiftExtensions/Logging/OSLogger.swift (in target 'SwiftExtensions' from project 'swift-extensions')
cd /Users/admin/builder/spi-builder-workspace/.swiftpm/xcode
builtin-SwiftPerFileCompile OSLogger.swift
SwiftCompile normal arm64 /Users/admin/builder/spi-builder-workspace/.dependencies/checkouts/swift-extensions/Sources/SwiftExtensions/Protocols/Protocols.swift (in target 'SwiftExtensions' from project 'swift-extensions')
cd /Users/admin/builder/spi-builder-workspace/.swiftpm/xcode
builtin-SwiftPerFileCompile Protocols.swift
SwiftDriverJobDiscovery normal arm64 Compiling Collection BinarySearch.swift, NSControl.swift, NSEvent.swift, NSFont.swift, NSImage.swift, NSScreen.swift, URL and AppKit.swift, CGFloat.swift, CGPoint.swift (in target 'SwiftExtensions' from project 'swift-extensions')
SwiftCompile normal arm64 Compiling\ CanonicalFilePath.swift,\ Clamped\ Property\ Wrapper.swift,\ Collection\ Set-Like\ Methods.swift,\ ComparableSortComparator.swift,\ DateComponents\ from\ String.swift,\ DomainName.swift,\ EmailAddress.swift,\ IPAddress.swift,\ ReverseDomainName.swift,\ AnyPropertyAccessor.swift /Users/admin/builder/spi-builder-workspace/.dependencies/checkouts/swift-extensions/Sources/SwiftExtensions/Abstractions/CanonicalFilePath.swift /Users/admin/builder/spi-builder-workspace/.dependencies/checkouts/swift-extensions/Sources/SwiftExtensions/Abstractions/Clamped\ Property\ Wrapper.swift /Users/admin/builder/spi-builder-workspace/.dependencies/checkouts/swift-extensions/Sources/SwiftExtensions/Abstractions/Collection\ Set-Like\ Methods.swift /Users/admin/builder/spi-builder-workspace/.dependencies/checkouts/swift-extensions/Sources/SwiftExtensions/Abstractions/ComparableSortComparator.swift /Users/admin/builder/spi-builder-workspace/.dependencies/checkouts/swift-extensions/Sources/SwiftExtensions/Abstractions/DateComponents\ from\ String.swift /Users/admin/builder/spi-builder-workspace/.dependencies/checkouts/swift-extensions/Sources/SwiftExtensions/Abstractions/Network/DomainName.swift /Users/admin/builder/spi-builder-workspace/.dependencies/checkouts/swift-extensions/Sources/SwiftExtensions/Abstractions/Network/EmailAddress.swift /Users/admin/builder/spi-builder-workspace/.dependencies/checkouts/swift-extensions/Sources/SwiftExtensions/Abstractions/Network/IPAddress.swift /Users/admin/builder/spi-builder-workspace/.dependencies/checkouts/swift-extensions/Sources/SwiftExtensions/Abstractions/Network/ReverseDomainName.swift /Users/admin/builder/spi-builder-workspace/.dependencies/checkouts/swift-extensions/Sources/SwiftExtensions/Abstractions/PropertyAccessor/AnyPropertyAccessor.swift (in target 'SwiftExtensions' from project 'swift-extensions')
SwiftCompile normal arm64 /Users/admin/builder/spi-builder-workspace/.dependencies/checkouts/swift-extensions/Sources/SwiftExtensions/Abstractions/CanonicalFilePath.swift (in target 'SwiftExtensions' from project 'swift-extensions')
cd /Users/admin/builder/spi-builder-workspace/.swiftpm/xcode
builtin-SwiftPerFileCompile CanonicalFilePath.swift
SwiftCompile normal arm64 /Users/admin/builder/spi-builder-workspace/.dependencies/checkouts/swift-extensions/Sources/SwiftExtensions/Abstractions/Clamped\ Property\ Wrapper.swift (in target 'SwiftExtensions' from project 'swift-extensions')
cd /Users/admin/builder/spi-builder-workspace/.swiftpm/xcode
builtin-SwiftPerFileCompile Clamped\ Property\ Wrapper.swift
SwiftCompile normal arm64 /Users/admin/builder/spi-builder-workspace/.dependencies/checkouts/swift-extensions/Sources/SwiftExtensions/Abstractions/Collection\ Set-Like\ Methods.swift (in target 'SwiftExtensions' from project 'swift-extensions')
cd /Users/admin/builder/spi-builder-workspace/.swiftpm/xcode
builtin-SwiftPerFileCompile Collection\ Set-Like\ Methods.swift
SwiftCompile normal arm64 /Users/admin/builder/spi-builder-workspace/.dependencies/checkouts/swift-extensions/Sources/SwiftExtensions/Abstractions/ComparableSortComparator.swift (in target 'SwiftExtensions' from project 'swift-extensions')
cd /Users/admin/builder/spi-builder-workspace/.swiftpm/xcode
builtin-SwiftPerFileCompile ComparableSortComparator.swift
SwiftCompile normal arm64 /Users/admin/builder/spi-builder-workspace/.dependencies/checkouts/swift-extensions/Sources/SwiftExtensions/Abstractions/DateComponents\ from\ String.swift (in target 'SwiftExtensions' from project 'swift-extensions')
cd /Users/admin/builder/spi-builder-workspace/.swiftpm/xcode
builtin-SwiftPerFileCompile DateComponents\ from\ String.swift
SwiftCompile normal arm64 /Users/admin/builder/spi-builder-workspace/.dependencies/checkouts/swift-extensions/Sources/SwiftExtensions/Abstractions/Network/DomainName.swift (in target 'SwiftExtensions' from project 'swift-extensions')
cd /Users/admin/builder/spi-builder-workspace/.swiftpm/xcode
builtin-SwiftPerFileCompile DomainName.swift
SwiftCompile normal arm64 /Users/admin/builder/spi-builder-workspace/.dependencies/checkouts/swift-extensions/Sources/SwiftExtensions/Abstractions/Network/EmailAddress.swift (in target 'SwiftExtensions' from project 'swift-extensions')
cd /Users/admin/builder/spi-builder-workspace/.swiftpm/xcode
builtin-SwiftPerFileCompile EmailAddress.swift
SwiftCompile normal arm64 /Users/admin/builder/spi-builder-workspace/.dependencies/checkouts/swift-extensions/Sources/SwiftExtensions/Abstractions/Network/IPAddress.swift (in target 'SwiftExtensions' from project 'swift-extensions')
cd /Users/admin/builder/spi-builder-workspace/.swiftpm/xcode
builtin-SwiftPerFileCompile IPAddress.swift
SwiftCompile normal arm64 /Users/admin/builder/spi-builder-workspace/.dependencies/checkouts/swift-extensions/Sources/SwiftExtensions/Abstractions/Network/ReverseDomainName.swift (in target 'SwiftExtensions' from project 'swift-extensions')
cd /Users/admin/builder/spi-builder-workspace/.swiftpm/xcode
builtin-SwiftPerFileCompile ReverseDomainName.swift
SwiftCompile normal arm64 /Users/admin/builder/spi-builder-workspace/.dependencies/checkouts/swift-extensions/Sources/SwiftExtensions/Abstractions/PropertyAccessor/AnyPropertyAccessor.swift (in target 'SwiftExtensions' from project 'swift-extensions')
cd /Users/admin/builder/spi-builder-workspace/.swiftpm/xcode
builtin-SwiftPerFileCompile AnyPropertyAccessor.swift
SwiftDriverJobDiscovery normal arm64 Emitting module for AsyncAlgorithms (in target 'AsyncAlgorithms' from project 'swift-async-algorithms')
SwiftDriver\ Compilation\ Requirements AsyncAlgorithms normal arm64 com.apple.xcode.tools.swift.compiler (in target 'AsyncAlgorithms' from project 'swift-async-algorithms')
cd /Users/admin/builder/spi-builder-workspace/.swiftpm/xcode
builtin-Swift-Compilation-Requirements -- /Applications/Xcode-27.0.0.app/Contents/Developer/Toolchains/XcodeDefault.xctoolchain/usr/bin/swiftc -parse-as-library -module-name AsyncAlgorithms -Onone @/Users/admin/builder/spi-builder-workspace/.derivedData/Build/Intermediates.noindex/swift-async-algorithms.build/Debug-xros/AsyncAlgorithms-t.build/Objects-normal/arm64/AsyncAlgorithms.SwiftFileList -DSWIFT_PACKAGE -DDEBUG -DSWIFT_MODULE_RESOURCE_BUNDLE_UNAVAILABLE -DXcode -enable-experimental-feature AvailabilityMacro\=AsyncAlgorithms\ 1.0:macOS\ 10.15,\ iOS\ 13.0,\ tvOS\ 13.0,\ watchOS\ 6.0 -enable-experimental-feature AvailabilityMacro\=AsyncAlgorithms\ 1.1:macOS\ 15.0,\ iOS\ 18.0,\ tvOS\ 18.0,\ watchOS\ 11.0,\ visionOS\ 2.0 -enable-experimental-feature AvailabilityMacro\=AsyncAlgorithms\ 1.2:macOS\ 15.0,\ iOS\ 18.0,\ tvOS\ 18.0,\ watchOS\ 11.0,\ visionOS\ 2.0 -enable-experimental-feature AvailabilityMacro\=AsyncAlgorithms\ 1.3:macOS\ 15.0,\ iOS\ 18.0,\ tvOS\ 18.0,\ watchOS\ 11.0,\ visionOS\ 2.0 -enable-experimental-feature StrictConcurrency\=complete -plugin-path /Applications/Xcode-27.0.0.app/Contents/Developer/Toolchains/XcodeDefault.xctoolchain/usr/lib/swift/host/plugins/testing -enable-experimental-feature DebugDescriptionMacro -sdk /Applications/Xcode-27.0.0.app/Contents/Developer/Platforms/XROS.platform/Developer/SDKs/XROS27.0.sdk -target arm64-apple-xros1.0 -g -module-cache-path /Users/admin/builder/spi-builder-workspace/.derivedData/ModuleCache.noindex -Xfrontend -serialize-debugging-options -profile-coverage-mapping -profile-generate -enable-testing -suppress-warnings -index-store-path /Users/admin/builder/spi-builder-workspace/.derivedData/Index.noindex/DataStore -Xcc -D_LIBCPP_HARDENING_MODE\=_LIBCPP_HARDENING_MODE_DEBUG -swift-version 6 -I /Users/admin/builder/spi-builder-workspace/.derivedData/Build/Products/Debug-xros -Isystem /Applications/Xcode-27.0.0.app/Contents/Developer/Platforms/XROS.platform/Developer/usr/lib -F /Users/admin/builder/spi-builder-workspace/.derivedData/Build/Products/Debug-xros/PackageFrameworks -F /Users/admin/builder/spi-builder-workspace/.derivedData/Build/Products/Debug-xros -F /Applications/Xcode-27.0.0.app/Contents/Developer/Platforms/XROS.platform/Developer/Library/Frameworks -F /Applications/Xcode-27.0.0.app/Contents/Developer/Platforms/XROS.platform/Developer/SDKs/XROS27.0.sdk/Developer/Library/Frameworks -c -j10 -enable-batch-mode -incremental -Xcc -ivfsstatcache -Xcc /Users/admin/builder/spi-builder-workspace/.derivedData/SDKStatCaches.noindex/xros27.0-24M361-e829b21a6f8c9b70876ba0858053c04489c3c372b822c72ca60ec5271cbc7f3c.sdkstatcache -output-file-map /Users/admin/builder/spi-builder-workspace/.derivedData/Build/Intermediates.noindex/swift-async-algorithms.build/Debug-xros/AsyncAlgorithms-t.build/Objects-normal/arm64/AsyncAlgorithms-OutputFileMap.json -save-temps -no-color-diagnostics -explicit-module-build -module-cache-path /Users/admin/builder/spi-builder-workspace/.derivedData/Build/Intermediates.noindex/SwiftExplicitPrecompiledModules -clang-scanner-module-cache-path /Users/admin/builder/spi-builder-workspace/.derivedData/ModuleCache.noindex -sdk-module-cache-path /Users/admin/builder/spi-builder-workspace/.derivedData/SDKExplicitPrecompiledModules -emit-dependencies -emit-module -emit-module-path /Users/admin/builder/spi-builder-workspace/.derivedData/Build/Intermediates.noindex/swift-async-algorithms.build/Debug-xros/AsyncAlgorithms-t.build/Objects-normal/arm64/AsyncAlgorithms.swiftmodule -serialize-diagnostics -dependency-scan-serialize-diagnostics-path /Users/admin/builder/spi-builder-workspace/.derivedData/Build/Intermediates.noindex/swift-async-algorithms.build/Debug-xros/AsyncAlgorithms-t.build/Objects-normal/arm64/AsyncAlgorithms-dependency-scan.dia -user-module-version 1.1.7 -validate-clang-modules-once -clang-build-session-file /Users/admin/builder/spi-builder-workspace/.derivedData/ModuleCache.noindex/Session.modulevalidation -Xcc -fmodules-prune-interval\=86400 -Xcc -fmodules-prune-after\=345600 -package-name swift_async_algorithms -emit-const-values -const-gather-protocols-list /Users/admin/builder/spi-builder-workspace/.derivedData/Build/Intermediates.noindex/swift-async-algorithms.build/Debug-xros/AsyncAlgorithms-t.build/Objects-normal/arm64/AsyncAlgorithms_const_extract_protocols.json -Xcc -I/Users/admin/builder/spi-builder-workspace/.derivedData/Build/Products/Debug-xros/include -Xcc -I/Users/admin/builder/spi-builder-workspace/.derivedData/Build/Intermediates.noindex/swift-async-algorithms.build/Debug-xros/AsyncAlgorithms-t.build/DerivedSources-normal/arm64 -Xcc -I/Users/admin/builder/spi-builder-workspace/.derivedData/Build/Intermediates.noindex/swift-async-algorithms.build/Debug-xros/AsyncAlgorithms-t.build/DerivedSources/arm64 -Xcc -I/Users/admin/builder/spi-builder-workspace/.derivedData/Build/Intermediates.noindex/swift-async-algorithms.build/Debug-xros/AsyncAlgorithms-t.build/DerivedSources -Xcc -DSWIFT_PACKAGE -Xcc -DDEBUG\=1 -emit-objc-header -emit-objc-header-path /Users/admin/builder/spi-builder-workspace/.derivedData/Build/Intermediates.noindex/swift-async-algorithms.build/Debug-xros/AsyncAlgorithms-t.build/Objects-normal/arm64/AsyncAlgorithms-Swift.h -working-directory /Users/admin/builder/spi-builder-workspace/.swiftpm/xcode -experimental-emit-module-separately -disable-cmo
SwiftDriverJobDiscovery normal arm64 Compiling AsyncCombineLatest2Sequence.swift, AsyncCombineLatest3Sequence.swift, CombineLatestStateMachine.swift, CombineLatestStorage.swift, AsyncDebounceSequence.swift, DebounceStateMachine.swift (in target 'AsyncAlgorithms' from project 'swift-async-algorithms')
SwiftCompile normal arm64 Compiling\ CGRect.swift,\ FloatingPoint\ and\ Darwin.swift,\ DispatchGroup.swift,\ DispatchTimeInterval.swift,\ CharacterSet.swift,\ Collections\ and\ Foundation.swift,\ Darwin\ and\ Foundation.swift,\ Decimal.swift,\ Dispatch\ and\ Foundation.swift /Users/admin/builder/spi-builder-workspace/.dependencies/checkouts/swift-extensions/Sources/SwiftExtensions/Extensions/CoreGraphics/CGRect.swift /Users/admin/builder/spi-builder-workspace/.dependencies/checkouts/swift-extensions/Sources/SwiftExtensions/Extensions/Darwin/FloatingPoint\ and\ Darwin.swift /Users/admin/builder/spi-builder-workspace/.dependencies/checkouts/swift-extensions/Sources/SwiftExtensions/Extensions/Dispatch/DispatchGroup.swift /Users/admin/builder/spi-builder-workspace/.dependencies/checkouts/swift-extensions/Sources/SwiftExtensions/Extensions/Dispatch/DispatchTimeInterval.swift /Users/admin/builder/spi-builder-workspace/.dependencies/checkouts/swift-extensions/Sources/SwiftExtensions/Extensions/Foundation/CharacterSet.swift /Users/admin/builder/spi-builder-workspace/.dependencies/checkouts/swift-extensions/Sources/SwiftExtensions/Extensions/Foundation/Collections\ and\ Foundation.swift /Users/admin/builder/spi-builder-workspace/.dependencies/checkouts/swift-extensions/Sources/SwiftExtensions/Extensions/Foundation/Darwin\ and\ Foundation.swift /Users/admin/builder/spi-builder-workspace/.dependencies/checkouts/swift-extensions/Sources/SwiftExtensions/Extensions/Foundation/Decimal.swift /Users/admin/builder/spi-builder-workspace/.dependencies/checkouts/swift-extensions/Sources/SwiftExtensions/Extensions/Foundation/Dispatch\ and\ Foundation.swift (in target 'SwiftExtensions' from project 'swift-extensions')
SwiftCompile normal arm64 /Users/admin/builder/spi-builder-workspace/.dependencies/checkouts/swift-extensions/Sources/SwiftExtensions/Extensions/CoreGraphics/CGRect.swift (in target 'SwiftExtensions' from project 'swift-extensions')
cd /Users/admin/builder/spi-builder-workspace/.swiftpm/xcode
builtin-SwiftPerFileCompile CGRect.swift
SwiftCompile normal arm64 /Users/admin/builder/spi-builder-workspace/.dependencies/checkouts/swift-extensions/Sources/SwiftExtensions/Extensions/Darwin/FloatingPoint\ and\ Darwin.swift (in target 'SwiftExtensions' from project 'swift-extensions')
cd /Users/admin/builder/spi-builder-workspace/.swiftpm/xcode
builtin-SwiftPerFileCompile FloatingPoint\ and\ Darwin.swift
SwiftCompile normal arm64 /Users/admin/builder/spi-builder-workspace/.dependencies/checkouts/swift-extensions/Sources/SwiftExtensions/Extensions/Dispatch/DispatchGroup.swift (in target 'SwiftExtensions' from project 'swift-extensions')
cd /Users/admin/builder/spi-builder-workspace/.swiftpm/xcode
builtin-SwiftPerFileCompile DispatchGroup.swift
SwiftCompile normal arm64 /Users/admin/builder/spi-builder-workspace/.dependencies/checkouts/swift-extensions/Sources/SwiftExtensions/Extensions/Dispatch/DispatchTimeInterval.swift (in target 'SwiftExtensions' from project 'swift-extensions')
cd /Users/admin/builder/spi-builder-workspace/.swiftpm/xcode
builtin-SwiftPerFileCompile DispatchTimeInterval.swift
SwiftCompile normal arm64 /Users/admin/builder/spi-builder-workspace/.dependencies/checkouts/swift-extensions/Sources/SwiftExtensions/Extensions/Foundation/CharacterSet.swift (in target 'SwiftExtensions' from project 'swift-extensions')
cd /Users/admin/builder/spi-builder-workspace/.swiftpm/xcode
builtin-SwiftPerFileCompile CharacterSet.swift
SwiftCompile normal arm64 /Users/admin/builder/spi-builder-workspace/.dependencies/checkouts/swift-extensions/Sources/SwiftExtensions/Extensions/Foundation/Collections\ and\ Foundation.swift (in target 'SwiftExtensions' from project 'swift-extensions')
cd /Users/admin/builder/spi-builder-workspace/.swiftpm/xcode
builtin-SwiftPerFileCompile Collections\ and\ Foundation.swift
SwiftCompile normal arm64 /Users/admin/builder/spi-builder-workspace/.dependencies/checkouts/swift-extensions/Sources/SwiftExtensions/Extensions/Foundation/Darwin\ and\ Foundation.swift (in target 'SwiftExtensions' from project 'swift-extensions')
cd /Users/admin/builder/spi-builder-workspace/.swiftpm/xcode
builtin-SwiftPerFileCompile Darwin\ and\ Foundation.swift
SwiftCompile normal arm64 /Users/admin/builder/spi-builder-workspace/.dependencies/checkouts/swift-extensions/Sources/SwiftExtensions/Extensions/Foundation/Decimal.swift (in target 'SwiftExtensions' from project 'swift-extensions')
cd /Users/admin/builder/spi-builder-workspace/.swiftpm/xcode
builtin-SwiftPerFileCompile Decimal.swift
SwiftCompile normal arm64 /Users/admin/builder/spi-builder-workspace/.dependencies/checkouts/swift-extensions/Sources/SwiftExtensions/Extensions/Foundation/Dispatch\ and\ Foundation.swift (in target 'SwiftExtensions' from project 'swift-extensions')
cd /Users/admin/builder/spi-builder-workspace/.swiftpm/xcode
builtin-SwiftPerFileCompile Dispatch\ and\ Foundation.swift
SwiftMergeGeneratedHeaders /Users/admin/builder/spi-builder-workspace/.derivedData/Build/Intermediates.noindex/GeneratedModuleMaps-xros/AsyncAlgorithms-Swift.h /Users/admin/builder/spi-builder-workspace/.derivedData/Build/Intermediates.noindex/swift-async-algorithms.build/Debug-xros/AsyncAlgorithms-t.build/Objects-normal/arm64/AsyncAlgorithms-Swift.h (in target 'AsyncAlgorithms' from project 'swift-async-algorithms')
cd /Users/admin/builder/spi-builder-workspace/.dependencies/checkouts/swift-async-algorithms
builtin-swiftHeaderTool -arch arm64 /Users/admin/builder/spi-builder-workspace/.derivedData/Build/Intermediates.noindex/swift-async-algorithms.build/Debug-xros/AsyncAlgorithms-t.build/Objects-normal/arm64/AsyncAlgorithms-Swift.h -o /Users/admin/builder/spi-builder-workspace/.derivedData/Build/Intermediates.noindex/GeneratedModuleMaps-xros/AsyncAlgorithms-Swift.h
SwiftDriverJobDiscovery normal arm64 Compiling MergeStorage.swift, MultiProducerSingleConsumerAsyncChannel+Internal.swift, MultiProducerSingleConsumerAsyncChannel.swift, RangeReplaceableCollection.swift, Rethrow.swift, SetAlgebra.swift (in target 'AsyncAlgorithms' from project 'swift-async-algorithms')
Copy /Users/admin/builder/spi-builder-workspace/.derivedData/Build/Products/Debug-xros/AsyncAlgorithms.swiftmodule/arm64-apple-xros.swiftmodule /Users/admin/builder/spi-builder-workspace/.derivedData/Build/Intermediates.noindex/swift-async-algorithms.build/Debug-xros/AsyncAlgorithms-t.build/Objects-normal/arm64/AsyncAlgorithms.swiftmodule (in target 'AsyncAlgorithms' from project 'swift-async-algorithms')
cd /Users/admin/builder/spi-builder-workspace/.dependencies/checkouts/swift-async-algorithms
builtin-copy -exclude .DS_Store -exclude CVS -exclude .svn -exclude .git -exclude .hg -resolve-src-symlinks -rename /Users/admin/builder/spi-builder-workspace/.derivedData/Build/Intermediates.noindex/swift-async-algorithms.build/Debug-xros/AsyncAlgorithms-t.build/Objects-normal/arm64/AsyncAlgorithms.swiftmodule /Users/admin/builder/spi-builder-workspace/.derivedData/Build/Products/Debug-xros/AsyncAlgorithms.swiftmodule/arm64-apple-xros.swiftmodule
Copy /Users/admin/builder/spi-builder-workspace/.derivedData/Build/Products/Debug-xros/AsyncAlgorithms.swiftmodule/arm64-apple-xros.swiftdoc /Users/admin/builder/spi-builder-workspace/.derivedData/Build/Intermediates.noindex/swift-async-algorithms.build/Debug-xros/AsyncAlgorithms-t.build/Objects-normal/arm64/AsyncAlgorithms.swiftdoc (in target 'AsyncAlgorithms' from project 'swift-async-algorithms')
cd /Users/admin/builder/spi-builder-workspace/.dependencies/checkouts/swift-async-algorithms
builtin-copy -exclude .DS_Store -exclude CVS -exclude .svn -exclude .git -exclude .hg -resolve-src-symlinks -rename /Users/admin/builder/spi-builder-workspace/.derivedData/Build/Intermediates.noindex/swift-async-algorithms.build/Debug-xros/AsyncAlgorithms-t.build/Objects-normal/arm64/AsyncAlgorithms.swiftdoc /Users/admin/builder/spi-builder-workspace/.derivedData/Build/Products/Debug-xros/AsyncAlgorithms.swiftmodule/arm64-apple-xros.swiftdoc
Copy /Users/admin/builder/spi-builder-workspace/.derivedData/Build/Products/Debug-xros/AsyncAlgorithms.swiftmodule/arm64-apple-xros.abi.json /Users/admin/builder/spi-builder-workspace/.derivedData/Build/Intermediates.noindex/swift-async-algorithms.build/Debug-xros/AsyncAlgorithms-t.build/Objects-normal/arm64/AsyncAlgorithms.abi.json (in target 'AsyncAlgorithms' from project 'swift-async-algorithms')
cd /Users/admin/builder/spi-builder-workspace/.dependencies/checkouts/swift-async-algorithms
builtin-copy -exclude .DS_Store -exclude CVS -exclude .svn -exclude .git -exclude .hg -resolve-src-symlinks -rename /Users/admin/builder/spi-builder-workspace/.derivedData/Build/Intermediates.noindex/swift-async-algorithms.build/Debug-xros/AsyncAlgorithms-t.build/Objects-normal/arm64/AsyncAlgorithms.abi.json /Users/admin/builder/spi-builder-workspace/.derivedData/Build/Products/Debug-xros/AsyncAlgorithms.swiftmodule/arm64-apple-xros.abi.json
Copy /Users/admin/builder/spi-builder-workspace/.derivedData/Build/Products/Debug-xros/AsyncAlgorithms.swiftmodule/Project/arm64-apple-xros.swiftsourceinfo /Users/admin/builder/spi-builder-workspace/.derivedData/Build/Intermediates.noindex/swift-async-algorithms.build/Debug-xros/AsyncAlgorithms-t.build/Objects-normal/arm64/AsyncAlgorithms.swiftsourceinfo (in target 'AsyncAlgorithms' from project 'swift-async-algorithms')
cd /Users/admin/builder/spi-builder-workspace/.dependencies/checkouts/swift-async-algorithms
builtin-copy -exclude .DS_Store -exclude CVS -exclude .svn -exclude .git -exclude .hg -resolve-src-symlinks -rename /Users/admin/builder/spi-builder-workspace/.derivedData/Build/Intermediates.noindex/swift-async-algorithms.build/Debug-xros/AsyncAlgorithms-t.build/Objects-normal/arm64/AsyncAlgorithms.swiftsourceinfo /Users/admin/builder/spi-builder-workspace/.derivedData/Build/Products/Debug-xros/AsyncAlgorithms.swiftmodule/Project/arm64-apple-xros.swiftsourceinfo
SwiftCompile normal arm64 Compiling\ AsyncPropertyAccessor+Methods.swift,\ AsyncPropertyAccessor.swift,\ GenericAsyncPropertyAccessor.swift,\ GenericPropertyAccessor.swift,\ PropertyAccessor+Methods.swift,\ PropertyAccessor.swift,\ PropertyAccessorBuilder.swift,\ PropertyAccessorProxy.swift,\ PropertyAccessorSubject+AsyncPropertyArray.swift,\ PropertyAccessorSubject+PropertyArray.swift /Users/admin/builder/spi-builder-workspace/.dependencies/checkouts/swift-extensions/Sources/SwiftExtensions/Abstractions/PropertyAccessor/AsyncPropertyAccessor+Methods.swift /Users/admin/builder/spi-builder-workspace/.dependencies/checkouts/swift-extensions/Sources/SwiftExtensions/Abstractions/PropertyAccessor/AsyncPropertyAccessor.swift /Users/admin/builder/spi-builder-workspace/.dependencies/checkouts/swift-extensions/Sources/SwiftExtensions/Abstractions/PropertyAccessor/GenericAsyncPropertyAccessor.swift /Users/admin/builder/spi-builder-workspace/.dependencies/checkouts/swift-extensions/Sources/SwiftExtensions/Abstractions/PropertyAccessor/GenericPropertyAccessor.swift /Users/admin/builder/spi-builder-workspace/.dependencies/checkouts/swift-extensions/Sources/SwiftExtensions/Abstractions/PropertyAccessor/PropertyAccessor+Methods.swift /Users/admin/builder/spi-builder-workspace/.dependencies/checkouts/swift-extensions/Sources/SwiftExtensions/Abstractions/PropertyAccessor/PropertyAccessor.swift /Users/admin/builder/spi-builder-workspace/.dependencies/checkouts/swift-extensions/Sources/SwiftExtensions/Abstractions/PropertyAccessor/PropertyAccessorBuilder.swift /Users/admin/builder/spi-builder-workspace/.dependencies/checkouts/swift-extensions/Sources/SwiftExtensions/Abstractions/PropertyAccessor/PropertyAccessorProxy.swift /Users/admin/builder/spi-builder-workspace/.dependencies/checkouts/swift-extensions/Sources/SwiftExtensions/Abstractions/PropertyAccessor/PropertyAccessorSubject+AsyncPropertyArray.swift /Users/admin/builder/spi-builder-workspace/.dependencies/checkouts/swift-extensions/Sources/SwiftExtensions/Abstractions/PropertyAccessor/PropertyAccessorSubject+PropertyArray.swift (in target 'SwiftExtensions' from project 'swift-extensions')
SwiftCompile normal arm64 /Users/admin/builder/spi-builder-workspace/.dependencies/checkouts/swift-extensions/Sources/SwiftExtensions/Abstractions/PropertyAccessor/AsyncPropertyAccessor+Methods.swift (in target 'SwiftExtensions' from project 'swift-extensions')
cd /Users/admin/builder/spi-builder-workspace/.swiftpm/xcode
builtin-SwiftPerFileCompile AsyncPropertyAccessor+Methods.swift
SwiftCompile normal arm64 /Users/admin/builder/spi-builder-workspace/.dependencies/checkouts/swift-extensions/Sources/SwiftExtensions/Abstractions/PropertyAccessor/AsyncPropertyAccessor.swift (in target 'SwiftExtensions' from project 'swift-extensions')
cd /Users/admin/builder/spi-builder-workspace/.swiftpm/xcode
builtin-SwiftPerFileCompile AsyncPropertyAccessor.swift
SwiftCompile normal arm64 /Users/admin/builder/spi-builder-workspace/.dependencies/checkouts/swift-extensions/Sources/SwiftExtensions/Abstractions/PropertyAccessor/GenericAsyncPropertyAccessor.swift (in target 'SwiftExtensions' from project 'swift-extensions')
cd /Users/admin/builder/spi-builder-workspace/.swiftpm/xcode
builtin-SwiftPerFileCompile GenericAsyncPropertyAccessor.swift
SwiftCompile normal arm64 /Users/admin/builder/spi-builder-workspace/.dependencies/checkouts/swift-extensions/Sources/SwiftExtensions/Abstractions/PropertyAccessor/GenericPropertyAccessor.swift (in target 'SwiftExtensions' from project 'swift-extensions')
cd /Users/admin/builder/spi-builder-workspace/.swiftpm/xcode
builtin-SwiftPerFileCompile GenericPropertyAccessor.swift
SwiftCompile normal arm64 /Users/admin/builder/spi-builder-workspace/.dependencies/checkouts/swift-extensions/Sources/SwiftExtensions/Abstractions/PropertyAccessor/PropertyAccessor+Methods.swift (in target 'SwiftExtensions' from project 'swift-extensions')
cd /Users/admin/builder/spi-builder-workspace/.swiftpm/xcode
builtin-SwiftPerFileCompile PropertyAccessor+Methods.swift
SwiftCompile normal arm64 /Users/admin/builder/spi-builder-workspace/.dependencies/checkouts/swift-extensions/Sources/SwiftExtensions/Abstractions/PropertyAccessor/PropertyAccessor.swift (in target 'SwiftExtensions' from project 'swift-extensions')
cd /Users/admin/builder/spi-builder-workspace/.swiftpm/xcode
builtin-SwiftPerFileCompile PropertyAccessor.swift
SwiftCompile normal arm64 /Users/admin/builder/spi-builder-workspace/.dependencies/checkouts/swift-extensions/Sources/SwiftExtensions/Abstractions/PropertyAccessor/PropertyAccessorBuilder.swift (in target 'SwiftExtensions' from project 'swift-extensions')
cd /Users/admin/builder/spi-builder-workspace/.swiftpm/xcode
builtin-SwiftPerFileCompile PropertyAccessorBuilder.swift
SwiftCompile normal arm64 /Users/admin/builder/spi-builder-workspace/.dependencies/checkouts/swift-extensions/Sources/SwiftExtensions/Abstractions/PropertyAccessor/PropertyAccessorProxy.swift (in target 'SwiftExtensions' from project 'swift-extensions')
cd /Users/admin/builder/spi-builder-workspace/.swiftpm/xcode
builtin-SwiftPerFileCompile PropertyAccessorProxy.swift
SwiftCompile normal arm64 /Users/admin/builder/spi-builder-workspace/.dependencies/checkouts/swift-extensions/Sources/SwiftExtensions/Abstractions/PropertyAccessor/PropertyAccessorSubject+AsyncPropertyArray.swift (in target 'SwiftExtensions' from project 'swift-extensions')
cd /Users/admin/builder/spi-builder-workspace/.swiftpm/xcode
builtin-SwiftPerFileCompile PropertyAccessorSubject+AsyncPropertyArray.swift
SwiftCompile normal arm64 /Users/admin/builder/spi-builder-workspace/.dependencies/checkouts/swift-extensions/Sources/SwiftExtensions/Abstractions/PropertyAccessor/PropertyAccessorSubject+PropertyArray.swift (in target 'SwiftExtensions' from project 'swift-extensions')
cd /Users/admin/builder/spi-builder-workspace/.swiftpm/xcode
builtin-SwiftPerFileCompile PropertyAccessorSubject+PropertyArray.swift
SwiftDriverJobDiscovery normal arm64 Compiling String and NSRegularExpression.swift, String and NumberFormatter.swift, TimeInterval.swift, Timespec and TimeInterval.swift, Timespec.swift, URL.swift, UserDefaults.swift, XMLElement.swift, XMLNode.swift (in target 'SwiftExtensions' from project 'swift-extensions')
SwiftDriver\ Compilation DequeModule normal arm64 com.apple.xcode.tools.swift.compiler (in target 'DequeModule' from project 'swift-collections')
cd /Users/admin/builder/spi-builder-workspace/.swiftpm/xcode
builtin-Swift-Compilation -- /Applications/Xcode-27.0.0.app/Contents/Developer/Toolchains/XcodeDefault.xctoolchain/usr/bin/swiftc -parse-as-library -module-name DequeModule -Onone @/Users/admin/builder/spi-builder-workspace/.derivedData/Build/Intermediates.noindex/swift-collections.build/Debug-xros/DequeModule-t.build/Objects-normal/arm64/DequeModule.SwiftFileList -DSWIFT_PACKAGE -DDEBUG -DSWIFT_MODULE_RESOURCE_BUNDLE_UNAVAILABLE -DCOLLECTIONS_RANDOMIZED_TESTING -DXcode -enable-experimental-feature AvailabilityMacro\=SwiftStdlib\ 5.0:\ macOS\ 10.14.4,\ iOS\ 12.2,\ watchOS\ 5.2,\ tvOS\ 12.2 -enable-experimental-feature AvailabilityMacro\=SwiftStdlib\ 5.1:\ macOS\ 10.15,\ iOS\ 13.0,\ watchOS\ 6.0,\ tvOS\ 13.0 -enable-experimental-feature AvailabilityMacro\=SwiftStdlib\ 5.6:\ macOS\ 12.3,\ iOS\ 15.4,\ watchOS\ 8.5,\ tvOS\ 15.4 -enable-experimental-feature AvailabilityMacro\=SwiftStdlib\ 5.7:\ macOS\ 13.0,\ iOS\ 16.0,\ watchOS\ 9.0,\ tvOS\ 16.0 -enable-experimental-feature AvailabilityMacro\=SwiftStdlib\ 5.8:\ macOS\ 13.3,\ iOS\ 16.4,\ watchOS\ 9.4,\ tvOS\ 16.4 -enable-experimental-feature AvailabilityMacro\=SwiftStdlib\ 5.9:\ macOS\ 14.0,\ iOS\ 17.0,\ watchOS\ 10.0,\ tvOS\ 17.0 -enable-experimental-feature AvailabilityMacro\=SwiftStdlib\ 5.10:\ macOS\ 14.4,\ iOS\ 17.4,\ watchOS\ 10.4,\ tvOS\ 17.4,\ visionOS\ 1.1 -enable-experimental-feature AvailabilityMacro\=SwiftStdlib\ 6.0:\ macOS\ 15.0,\ iOS\ 18.0,\ watchOS\ 11.0,\ tvOS\ 18.0,\ visionOS\ 2.0 -enable-experimental-feature AvailabilityMacro\=SwiftStdlib\ 6.1:\ macOS\ 15.4,\ iOS\ 18.4,\ watchOS\ 11.4,\ tvOS\ 18.4,\ visionOS\ 2.4 -enable-experimental-feature AvailabilityMacro\=SwiftStdlib\ 6.2:\ macOS\ 26.0,\ iOS\ 26.0,\ watchOS\ 26.0,\ tvOS\ 26.0,\ visionOS\ 26.0 -enable-experimental-feature AvailabilityMacro\=SwiftStdlib\ 6.3:\ macOS\ 26.4,\ iOS\ 26.4,\ watchOS\ 26.4,\ tvOS\ 26.4,\ visionOS\ 26.4 -enable-experimental-feature AvailabilityMacro\=SwiftStdlib\ 6.4:\ macOS\ 27.0,\ iOS\ 27.0,\ watchOS\ 27.0,\ tvOS\ 27.0,\ visionOS\ 27.0 -enable-experimental-feature AvailabilityMacro\=SwiftStdlib\ 6.5:\ macOS\ 9999,\ iOS\ 9999,\ watchOS\ 9999,\ tvOS\ 9999,\ visionOS\ 9999 -enable-upcoming-feature MemberImportVisibility -enable-experimental-feature BuiltinModule -enable-experimental-feature Lifetimes -enable-experimental-feature InoutLifetimeDependence -enable-experimental-feature AddressableParameters -enable-experimental-feature AddressableTypes -enable-experimental-feature SuppressedAssociatedTypesWithDefaults -enable-experimental-feature BorrowingSequence -plugin-path /Applications/Xcode-27.0.0.app/Contents/Developer/Toolchains/XcodeDefault.xctoolchain/usr/lib/swift/host/plugins/testing -enable-experimental-feature DebugDescriptionMacro -sdk /Applications/Xcode-27.0.0.app/Contents/Developer/Platforms/XROS.platform/Developer/SDKs/XROS27.0.sdk -target arm64-apple-xros1.0 -g -module-cache-path /Users/admin/builder/spi-builder-workspace/.derivedData/ModuleCache.noindex -Xfrontend -serialize-debugging-options -profile-coverage-mapping -profile-generate -enable-testing -suppress-warnings -index-store-path /Users/admin/builder/spi-builder-workspace/.derivedData/Index.noindex/DataStore -Xcc -D_LIBCPP_HARDENING_MODE\=_LIBCPP_HARDENING_MODE_DEBUG -swift-version 6 -I /Users/admin/builder/spi-builder-workspace/.derivedData/Build/Products/Debug-xros -Isystem /Applications/Xcode-27.0.0.app/Contents/Developer/Platforms/XROS.platform/Developer/usr/lib -F /Users/admin/builder/spi-builder-workspace/.derivedData/Build/Products/Debug-xros/PackageFrameworks -F /Users/admin/builder/spi-builder-workspace/.derivedData/Build/Products/Debug-xros -F /Applications/Xcode-27.0.0.app/Contents/Developer/Platforms/XROS.platform/Developer/Library/Frameworks -F /Applications/Xcode-27.0.0.app/Contents/Developer/Platforms/XROS.platform/Developer/SDKs/XROS27.0.sdk/Developer/Library/Frameworks -c -j10 -enable-batch-mode -incremental -Xcc -ivfsstatcache -Xcc /Users/admin/builder/spi-builder-workspace/.derivedData/SDKStatCaches.noindex/xros27.0-24M361-e829b21a6f8c9b70876ba0858053c04489c3c372b822c72ca60ec5271cbc7f3c.sdkstatcache -output-file-map /Users/admin/builder/spi-builder-workspace/.derivedData/Build/Intermediates.noindex/swift-collections.build/Debug-xros/DequeModule-t.build/Objects-normal/arm64/DequeModule-OutputFileMap.json -save-temps -no-color-diagnostics -explicit-module-build -module-cache-path /Users/admin/builder/spi-builder-workspace/.derivedData/Build/Intermediates.noindex/SwiftExplicitPrecompiledModules -clang-scanner-module-cache-path /Users/admin/builder/spi-builder-workspace/.derivedData/ModuleCache.noindex -sdk-module-cache-path /Users/admin/builder/spi-builder-workspace/.derivedData/SDKExplicitPrecompiledModules -emit-dependencies -emit-module -emit-module-path /Users/admin/builder/spi-builder-workspace/.derivedData/Build/Intermediates.noindex/swift-collections.build/Debug-xros/DequeModule-t.build/Objects-normal/arm64/DequeModule.swiftmodule -serialize-diagnostics -dependency-scan-serialize-diagnostics-path /Users/admin/builder/spi-builder-workspace/.derivedData/Build/Intermediates.noindex/swift-collections.build/Debug-xros/DequeModule-t.build/Objects-normal/arm64/DequeModule-dependency-scan.dia -user-module-version 1.7.1 -validate-clang-modules-once -clang-build-session-file /Users/admin/builder/spi-builder-workspace/.derivedData/ModuleCache.noindex/Session.modulevalidation -Xcc -fmodules-prune-interval\=86400 -Xcc -fmodules-prune-after\=345600 -package-name swift_collections -emit-const-values -const-gather-protocols-list /Users/admin/builder/spi-builder-workspace/.derivedData/Build/Intermediates.noindex/swift-collections.build/Debug-xros/DequeModule-t.build/Objects-normal/arm64/DequeModule_const_extract_protocols.json -Xcc -I/Users/admin/builder/spi-builder-workspace/.derivedData/Build/Products/Debug-xros/include -Xcc -I/Users/admin/builder/spi-builder-workspace/.derivedData/Build/Intermediates.noindex/swift-collections.build/Debug-xros/DequeModule-t.build/DerivedSources-normal/arm64 -Xcc -I/Users/admin/builder/spi-builder-workspace/.derivedData/Build/Intermediates.noindex/swift-collections.build/Debug-xros/DequeModule-t.build/DerivedSources/arm64 -Xcc -I/Users/admin/builder/spi-builder-workspace/.derivedData/Build/Intermediates.noindex/swift-collections.build/Debug-xros/DequeModule-t.build/DerivedSources -Xcc -DSWIFT_PACKAGE -Xcc -DDEBUG\=1 -emit-objc-header -emit-objc-header-path /Users/admin/builder/spi-builder-workspace/.derivedData/Build/Intermediates.noindex/swift-collections.build/Debug-xros/DequeModule-t.build/Objects-normal/arm64/DequeModule-Swift.h -working-directory /Users/admin/builder/spi-builder-workspace/.swiftpm/xcode -experimental-emit-module-separately -disable-cmo
SwiftCompile normal arm64 Compiling\ UnboundedBufferStateMachine.swift,\ UnboundedBufferStorage.swift,\ AsyncChannel.swift,\ AsyncThrowingChannel.swift,\ ChannelStateMachine.swift,\ ChannelStorage.swift /Users/admin/builder/spi-builder-workspace/.dependencies/checkouts/swift-async-algorithms/Sources/AsyncAlgorithms/Buffer/UnboundedBufferStateMachine.swift /Users/admin/builder/spi-builder-workspace/.dependencies/checkouts/swift-async-algorithms/Sources/AsyncAlgorithms/Buffer/UnboundedBufferStorage.swift /Users/admin/builder/spi-builder-workspace/.dependencies/checkouts/swift-async-algorithms/Sources/AsyncAlgorithms/Channels/AsyncChannel.swift /Users/admin/builder/spi-builder-workspace/.dependencies/checkouts/swift-async-algorithms/Sources/AsyncAlgorithms/Channels/AsyncThrowingChannel.swift /Users/admin/builder/spi-builder-workspace/.dependencies/checkouts/swift-async-algorithms/Sources/AsyncAlgorithms/Channels/ChannelStateMachine.swift /Users/admin/builder/spi-builder-workspace/.dependencies/checkouts/swift-async-algorithms/Sources/AsyncAlgorithms/Channels/ChannelStorage.swift (in target 'AsyncAlgorithms' from project 'swift-async-algorithms')
SwiftCompile normal arm64 /Users/admin/builder/spi-builder-workspace/.dependencies/checkouts/swift-async-algorithms/Sources/AsyncAlgorithms/Buffer/UnboundedBufferStateMachine.swift (in target 'AsyncAlgorithms' from project 'swift-async-algorithms')
cd /Users/admin/builder/spi-builder-workspace/.swiftpm/xcode
builtin-SwiftPerFileCompile UnboundedBufferStateMachine.swift
SwiftCompile normal arm64 /Users/admin/builder/spi-builder-workspace/.dependencies/checkouts/swift-async-algorithms/Sources/AsyncAlgorithms/Buffer/UnboundedBufferStorage.swift (in target 'AsyncAlgorithms' from project 'swift-async-algorithms')
cd /Users/admin/builder/spi-builder-workspace/.swiftpm/xcode
builtin-SwiftPerFileCompile UnboundedBufferStorage.swift
SwiftCompile normal arm64 /Users/admin/builder/spi-builder-workspace/.dependencies/checkouts/swift-async-algorithms/Sources/AsyncAlgorithms/Channels/AsyncChannel.swift (in target 'AsyncAlgorithms' from project 'swift-async-algorithms')
cd /Users/admin/builder/spi-builder-workspace/.swiftpm/xcode
builtin-SwiftPerFileCompile AsyncChannel.swift
SwiftCompile normal arm64 /Users/admin/builder/spi-builder-workspace/.dependencies/checkouts/swift-async-algorithms/Sources/AsyncAlgorithms/Channels/AsyncThrowingChannel.swift (in target 'AsyncAlgorithms' from project 'swift-async-algorithms')
cd /Users/admin/builder/spi-builder-workspace/.swiftpm/xcode
builtin-SwiftPerFileCompile AsyncThrowingChannel.swift
SwiftCompile normal arm64 /Users/admin/builder/spi-builder-workspace/.dependencies/checkouts/swift-async-algorithms/Sources/AsyncAlgorithms/Channels/ChannelStateMachine.swift (in target 'AsyncAlgorithms' from project 'swift-async-algorithms')
cd /Users/admin/builder/spi-builder-workspace/.swiftpm/xcode
builtin-SwiftPerFileCompile ChannelStateMachine.swift
SwiftCompile normal arm64 /Users/admin/builder/spi-builder-workspace/.dependencies/checkouts/swift-async-algorithms/Sources/AsyncAlgorithms/Channels/ChannelStorage.swift (in target 'AsyncAlgorithms' from project 'swift-async-algorithms')
cd /Users/admin/builder/spi-builder-workspace/.swiftpm/xcode
builtin-SwiftPerFileCompile ChannelStorage.swift
Ld /Users/admin/builder/spi-builder-workspace/.derivedData/Build/Products/Debug-xros/DequeModule.o normal (in target 'DequeModule' from project 'swift-collections')
cd /Users/admin/builder/spi-builder-workspace/.dependencies/checkouts/swift-collections
/Applications/Xcode-27.0.0.app/Contents/Developer/Toolchains/XcodeDefault.xctoolchain/usr/bin/clang -Xlinker -reproducible -target arm64-apple-xros1.0 -r -isysroot /Applications/Xcode-27.0.0.app/Contents/Developer/Platforms/XROS.platform/Developer/SDKs/XROS27.0.sdk -O0 -w -Xlinker -no_warn_duplicate_libraries -F/Users/admin/builder/spi-builder-workspace/.derivedData/Build/Intermediates.noindex/EagerLinkingTBDs/Debug-xros -F/Users/admin/builder/spi-builder-workspace/.derivedData/Build/Products/Debug-xros/PackageFrameworks -F/Users/admin/builder/spi-builder-workspace/.derivedData/Build/Products/Debug-xros -iframework /Applications/Xcode-27.0.0.app/Contents/Developer/Platforms/XROS.platform/Developer/Library/Frameworks -iframework /Applications/Xcode-27.0.0.app/Contents/Developer/Platforms/XROS.platform/Developer/SDKs/XROS27.0.sdk/Developer/Library/Frameworks -filelist /Users/admin/builder/spi-builder-workspace/.derivedData/Build/Intermediates.noindex/swift-collections.build/Debug-xros/DequeModule-t.build/Objects-normal/arm64/DequeModule.LinkFileList -nostdlib -Xlinker -object_path_lto -Xlinker /Users/admin/builder/spi-builder-workspace/.derivedData/Build/Intermediates.noindex/swift-collections.build/Debug-xros/DequeModule-t.build/Objects-normal/arm64/DequeModule_lto.o -Xlinker -no_deduplicate -Xlinker -debug_variant -Xlinker -dependency_info -Xlinker /Users/admin/builder/spi-builder-workspace/.derivedData/Build/Intermediates.noindex/swift-collections.build/Debug-xros/DequeModule-t.build/Objects-normal/arm64/DequeModule_dependency_info.dat -fobjc-link-runtime -L/Applications/Xcode-27.0.0.app/Contents/Developer/Toolchains/XcodeDefault.xctoolchain/usr/lib/swift/xros -L/usr/lib/swift -Xlinker -add_ast_path -Xlinker /Users/admin/builder/spi-builder-workspace/.derivedData/Build/Intermediates.noindex/swift-collections.build/Debug-xros/DequeModule-t.build/Objects-normal/arm64/DequeModule.swiftmodule -o /Users/admin/builder/spi-builder-workspace/.derivedData/Build/Products/Debug-xros/DequeModule.o
SwiftDriverJobDiscovery normal arm64 Emitting module for SwiftExtensions (in target 'SwiftExtensions' from project 'swift-extensions')
SwiftDriver\ Compilation\ Requirements SwiftExtensions normal arm64 com.apple.xcode.tools.swift.compiler (in target 'SwiftExtensions' from project 'swift-extensions')
cd /Users/admin/builder/spi-builder-workspace/.swiftpm/xcode
builtin-Swift-Compilation-Requirements -- /Applications/Xcode-27.0.0.app/Contents/Developer/Toolchains/XcodeDefault.xctoolchain/usr/bin/swiftc -parse-as-library -module-name SwiftExtensions -Onone @/Users/admin/builder/spi-builder-workspace/.derivedData/Build/Intermediates.noindex/swift-extensions.build/Debug-xros/SwiftExtensions-t.build/Objects-normal/arm64/SwiftExtensions.SwiftFileList -DSWIFT_PACKAGE -DDEBUG -DSWIFT_MODULE_RESOURCE_BUNDLE_UNAVAILABLE -DDEBUG -DXcode -enable-experimental-feature Lifetimes -plugin-path /Applications/Xcode-27.0.0.app/Contents/Developer/Toolchains/XcodeDefault.xctoolchain/usr/lib/swift/host/plugins/testing -enable-experimental-feature DebugDescriptionMacro -sdk /Applications/Xcode-27.0.0.app/Contents/Developer/Platforms/XROS.platform/Developer/SDKs/XROS27.0.sdk -target arm64-apple-xros1.0 -g -module-cache-path /Users/admin/builder/spi-builder-workspace/.derivedData/ModuleCache.noindex -Xfrontend -serialize-debugging-options -profile-coverage-mapping -profile-generate -enable-testing -suppress-warnings -index-store-path /Users/admin/builder/spi-builder-workspace/.derivedData/Index.noindex/DataStore -Xcc -D_LIBCPP_HARDENING_MODE\=_LIBCPP_HARDENING_MODE_DEBUG -swift-version 6 -I /Users/admin/builder/spi-builder-workspace/.derivedData/Build/Products/Debug-xros -Isystem /Applications/Xcode-27.0.0.app/Contents/Developer/Platforms/XROS.platform/Developer/usr/lib -F /Users/admin/builder/spi-builder-workspace/.derivedData/Build/Products/Debug-xros/PackageFrameworks -F /Users/admin/builder/spi-builder-workspace/.derivedData/Build/Products/Debug-xros -F /Applications/Xcode-27.0.0.app/Contents/Developer/Platforms/XROS.platform/Developer/Library/Frameworks -F /Applications/Xcode-27.0.0.app/Contents/Developer/Platforms/XROS.platform/Developer/SDKs/XROS27.0.sdk/Developer/Library/Frameworks -c -j10 -enable-batch-mode -incremental -Xcc -ivfsstatcache -Xcc /Users/admin/builder/spi-builder-workspace/.derivedData/SDKStatCaches.noindex/xros27.0-24M361-e829b21a6f8c9b70876ba0858053c04489c3c372b822c72ca60ec5271cbc7f3c.sdkstatcache -output-file-map /Users/admin/builder/spi-builder-workspace/.derivedData/Build/Intermediates.noindex/swift-extensions.build/Debug-xros/SwiftExtensions-t.build/Objects-normal/arm64/SwiftExtensions-OutputFileMap.json -save-temps -no-color-diagnostics -explicit-module-build -module-cache-path /Users/admin/builder/spi-builder-workspace/.derivedData/Build/Intermediates.noindex/SwiftExplicitPrecompiledModules -clang-scanner-module-cache-path /Users/admin/builder/spi-builder-workspace/.derivedData/ModuleCache.noindex -sdk-module-cache-path /Users/admin/builder/spi-builder-workspace/.derivedData/SDKExplicitPrecompiledModules -emit-dependencies -emit-module -emit-module-path /Users/admin/builder/spi-builder-workspace/.derivedData/Build/Intermediates.noindex/swift-extensions.build/Debug-xros/SwiftExtensions-t.build/Objects-normal/arm64/SwiftExtensions.swiftmodule -serialize-diagnostics -dependency-scan-serialize-diagnostics-path /Users/admin/builder/spi-builder-workspace/.derivedData/Build/Intermediates.noindex/swift-extensions.build/Debug-xros/SwiftExtensions-t.build/Objects-normal/arm64/SwiftExtensions-dependency-scan.dia -user-module-version 2.3.2 -validate-clang-modules-once -clang-build-session-file /Users/admin/builder/spi-builder-workspace/.derivedData/ModuleCache.noindex/Session.modulevalidation -Xcc -fmodules-prune-interval\=86400 -Xcc -fmodules-prune-after\=345600 -package-name swift_extensions -emit-const-values -const-gather-protocols-list /Users/admin/builder/spi-builder-workspace/.derivedData/Build/Intermediates.noindex/swift-extensions.build/Debug-xros/SwiftExtensions-t.build/Objects-normal/arm64/SwiftExtensions_const_extract_protocols.json -Xcc -I/Users/admin/builder/spi-builder-workspace/.derivedData/Build/Products/Debug-xros/include -Xcc -I/Users/admin/builder/spi-builder-workspace/.derivedData/Build/Intermediates.noindex/swift-extensions.build/Debug-xros/SwiftExtensions-t.build/DerivedSources-normal/arm64 -Xcc -I/Users/admin/builder/spi-builder-workspace/.derivedData/Build/Intermediates.noindex/swift-extensions.build/Debug-xros/SwiftExtensions-t.build/DerivedSources/arm64 -Xcc -I/Users/admin/builder/spi-builder-workspace/.derivedData/Build/Intermediates.noindex/swift-extensions.build/Debug-xros/SwiftExtensions-t.build/DerivedSources -Xcc -DSWIFT_PACKAGE -Xcc -DDEBUG\=1 -emit-objc-header -emit-objc-header-path /Users/admin/builder/spi-builder-workspace/.derivedData/Build/Intermediates.noindex/swift-extensions.build/Debug-xros/SwiftExtensions-t.build/Objects-normal/arm64/SwiftExtensions-Swift.h -working-directory /Users/admin/builder/spi-builder-workspace/.swiftpm/xcode -experimental-emit-module-separately -disable-cmo
SwiftDriverJobDiscovery normal arm64 Compiling PropertyAccessorSubject+PropertyBuilder.swift, PropertyAccessorSubject+Proxy.swift, PropertyAccessorSubject+SingleProperty.swift, PropertyAccessorSubject.swift, PropertyUpdateResult.swift, RawRepresentableSortComparator.swift, SemanticVersion.swift, BinaryInteger+SignedUnitInterval.swift, SignedUnitInterval+Operators.swift, SignedUnitInterval.swift (in target 'SwiftExtensions' from project 'swift-extensions')
SwiftCompile normal arm64 Compiling\ AsyncThrowingExclusiveReductionsSequence.swift,\ AsyncThrowingInclusiveReductionsSequence.swift,\ AsyncTimerSequence.swift,\ AsyncBufferSequence.swift,\ BoundedBufferStateMachine.swift,\ BoundedBufferStorage.swift /Users/admin/builder/spi-builder-workspace/.dependencies/checkouts/swift-async-algorithms/Sources/AsyncAlgorithms/AsyncThrowingExclusiveReductionsSequence.swift /Users/admin/builder/spi-builder-workspace/.dependencies/checkouts/swift-async-algorithms/Sources/AsyncAlgorithms/AsyncThrowingInclusiveReductionsSequence.swift /Users/admin/builder/spi-builder-workspace/.dependencies/checkouts/swift-async-algorithms/Sources/AsyncAlgorithms/AsyncTimerSequence.swift /Users/admin/builder/spi-builder-workspace/.dependencies/checkouts/swift-async-algorithms/Sources/AsyncAlgorithms/Buffer/AsyncBufferSequence.swift /Users/admin/builder/spi-builder-workspace/.dependencies/checkouts/swift-async-algorithms/Sources/AsyncAlgorithms/Buffer/BoundedBufferStateMachine.swift /Users/admin/builder/spi-builder-workspace/.dependencies/checkouts/swift-async-algorithms/Sources/AsyncAlgorithms/Buffer/BoundedBufferStorage.swift (in target 'AsyncAlgorithms' from project 'swift-async-algorithms')
SwiftCompile normal arm64 /Users/admin/builder/spi-builder-workspace/.dependencies/checkouts/swift-async-algorithms/Sources/AsyncAlgorithms/AsyncThrowingExclusiveReductionsSequence.swift (in target 'AsyncAlgorithms' from project 'swift-async-algorithms')
cd /Users/admin/builder/spi-builder-workspace/.swiftpm/xcode
builtin-SwiftPerFileCompile AsyncThrowingExclusiveReductionsSequence.swift
SwiftCompile normal arm64 /Users/admin/builder/spi-builder-workspace/.dependencies/checkouts/swift-async-algorithms/Sources/AsyncAlgorithms/AsyncThrowingInclusiveReductionsSequence.swift (in target 'AsyncAlgorithms' from project 'swift-async-algorithms')
cd /Users/admin/builder/spi-builder-workspace/.swiftpm/xcode
builtin-SwiftPerFileCompile AsyncThrowingInclusiveReductionsSequence.swift
SwiftCompile normal arm64 /Users/admin/builder/spi-builder-workspace/.dependencies/checkouts/swift-async-algorithms/Sources/AsyncAlgorithms/AsyncTimerSequence.swift (in target 'AsyncAlgorithms' from project 'swift-async-algorithms')
cd /Users/admin/builder/spi-builder-workspace/.swiftpm/xcode
builtin-SwiftPerFileCompile AsyncTimerSequence.swift
SwiftCompile normal arm64 /Users/admin/builder/spi-builder-workspace/.dependencies/checkouts/swift-async-algorithms/Sources/AsyncAlgorithms/Buffer/AsyncBufferSequence.swift (in target 'AsyncAlgorithms' from project 'swift-async-algorithms')
cd /Users/admin/builder/spi-builder-workspace/.swiftpm/xcode
builtin-SwiftPerFileCompile AsyncBufferSequence.swift
SwiftCompile normal arm64 /Users/admin/builder/spi-builder-workspace/.dependencies/checkouts/swift-async-algorithms/Sources/AsyncAlgorithms/Buffer/BoundedBufferStateMachine.swift (in target 'AsyncAlgorithms' from project 'swift-async-algorithms')
cd /Users/admin/builder/spi-builder-workspace/.swiftpm/xcode
builtin-SwiftPerFileCompile BoundedBufferStateMachine.swift
SwiftCompile normal arm64 /Users/admin/builder/spi-builder-workspace/.dependencies/checkouts/swift-async-algorithms/Sources/AsyncAlgorithms/Buffer/BoundedBufferStorage.swift (in target 'AsyncAlgorithms' from project 'swift-async-algorithms')
cd /Users/admin/builder/spi-builder-workspace/.swiftpm/xcode
builtin-SwiftPerFileCompile BoundedBufferStorage.swift
SwiftMergeGeneratedHeaders /Users/admin/builder/spi-builder-workspace/.derivedData/Build/Intermediates.noindex/GeneratedModuleMaps-xros/SwiftExtensions-Swift.h /Users/admin/builder/spi-builder-workspace/.derivedData/Build/Intermediates.noindex/swift-extensions.build/Debug-xros/SwiftExtensions-t.build/Objects-normal/arm64/SwiftExtensions-Swift.h (in target 'SwiftExtensions' from project 'swift-extensions')
cd /Users/admin/builder/spi-builder-workspace/.dependencies/checkouts/swift-extensions
builtin-swiftHeaderTool -arch arm64 /Users/admin/builder/spi-builder-workspace/.derivedData/Build/Intermediates.noindex/swift-extensions.build/Debug-xros/SwiftExtensions-t.build/Objects-normal/arm64/SwiftExtensions-Swift.h -o /Users/admin/builder/spi-builder-workspace/.derivedData/Build/Intermediates.noindex/GeneratedModuleMaps-xros/SwiftExtensions-Swift.h
Copy /Users/admin/builder/spi-builder-workspace/.derivedData/Build/Products/Debug-xros/SwiftExtensions.swiftmodule/arm64-apple-xros.swiftmodule /Users/admin/builder/spi-builder-workspace/.derivedData/Build/Intermediates.noindex/swift-extensions.build/Debug-xros/SwiftExtensions-t.build/Objects-normal/arm64/SwiftExtensions.swiftmodule (in target 'SwiftExtensions' from project 'swift-extensions')
cd /Users/admin/builder/spi-builder-workspace/.dependencies/checkouts/swift-extensions
builtin-copy -exclude .DS_Store -exclude CVS -exclude .svn -exclude .git -exclude .hg -resolve-src-symlinks -rename /Users/admin/builder/spi-builder-workspace/.derivedData/Build/Intermediates.noindex/swift-extensions.build/Debug-xros/SwiftExtensions-t.build/Objects-normal/arm64/SwiftExtensions.swiftmodule /Users/admin/builder/spi-builder-workspace/.derivedData/Build/Products/Debug-xros/SwiftExtensions.swiftmodule/arm64-apple-xros.swiftmodule
Copy /Users/admin/builder/spi-builder-workspace/.derivedData/Build/Products/Debug-xros/SwiftExtensions.swiftmodule/arm64-apple-xros.swiftdoc /Users/admin/builder/spi-builder-workspace/.derivedData/Build/Intermediates.noindex/swift-extensions.build/Debug-xros/SwiftExtensions-t.build/Objects-normal/arm64/SwiftExtensions.swiftdoc (in target 'SwiftExtensions' from project 'swift-extensions')
cd /Users/admin/builder/spi-builder-workspace/.dependencies/checkouts/swift-extensions
builtin-copy -exclude .DS_Store -exclude CVS -exclude .svn -exclude .git -exclude .hg -resolve-src-symlinks -rename /Users/admin/builder/spi-builder-workspace/.derivedData/Build/Intermediates.noindex/swift-extensions.build/Debug-xros/SwiftExtensions-t.build/Objects-normal/arm64/SwiftExtensions.swiftdoc /Users/admin/builder/spi-builder-workspace/.derivedData/Build/Products/Debug-xros/SwiftExtensions.swiftmodule/arm64-apple-xros.swiftdoc
Copy /Users/admin/builder/spi-builder-workspace/.derivedData/Build/Products/Debug-xros/SwiftExtensions.swiftmodule/arm64-apple-xros.abi.json /Users/admin/builder/spi-builder-workspace/.derivedData/Build/Intermediates.noindex/swift-extensions.build/Debug-xros/SwiftExtensions-t.build/Objects-normal/arm64/SwiftExtensions.abi.json (in target 'SwiftExtensions' from project 'swift-extensions')
cd /Users/admin/builder/spi-builder-workspace/.dependencies/checkouts/swift-extensions
builtin-copy -exclude .DS_Store -exclude CVS -exclude .svn -exclude .git -exclude .hg -resolve-src-symlinks -rename /Users/admin/builder/spi-builder-workspace/.derivedData/Build/Intermediates.noindex/swift-extensions.build/Debug-xros/SwiftExtensions-t.build/Objects-normal/arm64/SwiftExtensions.abi.json /Users/admin/builder/spi-builder-workspace/.derivedData/Build/Products/Debug-xros/SwiftExtensions.swiftmodule/arm64-apple-xros.abi.json
Copy /Users/admin/builder/spi-builder-workspace/.derivedData/Build/Products/Debug-xros/SwiftExtensions.swiftmodule/Project/arm64-apple-xros.swiftsourceinfo /Users/admin/builder/spi-builder-workspace/.derivedData/Build/Intermediates.noindex/swift-extensions.build/Debug-xros/SwiftExtensions-t.build/Objects-normal/arm64/SwiftExtensions.swiftsourceinfo (in target 'SwiftExtensions' from project 'swift-extensions')
cd /Users/admin/builder/spi-builder-workspace/.dependencies/checkouts/swift-extensions
builtin-copy -exclude .DS_Store -exclude CVS -exclude .svn -exclude .git -exclude .hg -resolve-src-symlinks -rename /Users/admin/builder/spi-builder-workspace/.derivedData/Build/Intermediates.noindex/swift-extensions.build/Debug-xros/SwiftExtensions-t.build/Objects-normal/arm64/SwiftExtensions.swiftsourceinfo /Users/admin/builder/spi-builder-workspace/.derivedData/Build/Products/Debug-xros/SwiftExtensions.swiftmodule/Project/arm64-apple-xros.swiftsourceinfo
ExtractAppIntentsMetadata (in target 'DequeModule' from project 'swift-collections')
cd /Users/admin/builder/spi-builder-workspace/.dependencies/checkouts/swift-collections
/Applications/Xcode-27.0.0.app/Contents/Developer/Toolchains/XcodeDefault.xctoolchain/usr/bin/appintentsmetadataprocessor --toolchain-dir /var/run/com.apple.security.cryptexd/mnt/com.apple.MobileAsset.MetalToolchain-v27.1.266.1.G2z3Vr/Metal.xctoolchain --module-name DequeModule --sdk-root /Applications/Xcode-27.0.0.app/Contents/Developer/Platforms/XROS.platform/Developer/SDKs/XROS27.0.sdk --xcode-version 27A266a --platform-family xrOS --deployment-target 1.0 --bundle-identifier swift-collections.DequeModule --output /Users/admin/builder/spi-builder-workspace/.derivedData/Build/Products/Debug-xros/DequeModule.appintents --target-triple arm64-apple-xros1.0 --binary-file /Users/admin/builder/spi-builder-workspace/.derivedData/Build/Products/Debug-xros/DequeModule.o --dependency-file /Users/admin/builder/spi-builder-workspace/.derivedData/Build/Intermediates.noindex/swift-collections.build/Debug-xros/DequeModule-t.build/Objects-normal/arm64/DequeModule_dependency_info.dat --stringsdata-file /Users/admin/builder/spi-builder-workspace/.derivedData/Build/Intermediates.noindex/swift-collections.build/Debug-xros/DequeModule-t.build/Objects-normal/arm64/ExtractedAppShortcutsMetadata.stringsdata --source-file-list /Users/admin/builder/spi-builder-workspace/.derivedData/Build/Intermediates.noindex/swift-collections.build/Debug-xros/DequeModule-t.build/Objects-normal/arm64/DequeModule.SwiftFileList --metadata-file-list /Users/admin/builder/spi-builder-workspace/.derivedData/Build/Intermediates.noindex/swift-collections.build/Debug-xros/DequeModule-t.build/DequeModule.DependencyMetadataFileList --static-metadata-file-list /Users/admin/builder/spi-builder-workspace/.derivedData/Build/Intermediates.noindex/swift-collections.build/Debug-xros/DequeModule-t.build/DequeModule.DependencyStaticMetadataFileList --swift-const-vals-list /Users/admin/builder/spi-builder-workspace/.derivedData/Build/Intermediates.noindex/swift-collections.build/Debug-xros/DequeModule-t.build/Objects-normal/arm64/DequeModule.SwiftConstValuesFileList --force --compile-time-extraction --deployment-aware-processing --no-app-shortcuts-localization
2026-10-05 06:29:10.907 appintentsmetadataprocessor[1347:7240] Starting appintentsmetadataprocessor export
2026-10-05 06:29:10.977 appintentsmetadataprocessor[1347:7240] Extracted no relevant App Intents symbols, skipping writing output
SwiftDriverJobDiscovery normal arm64 Compiling CGRect.swift, FloatingPoint and Darwin.swift, DispatchGroup.swift, DispatchTimeInterval.swift, CharacterSet.swift, Collections and Foundation.swift, Darwin and Foundation.swift, Decimal.swift, Dispatch and Foundation.swift (in target 'SwiftExtensions' from project 'swift-extensions')
SwiftDriver SPFKBase normal arm64 com.apple.xcode.tools.swift.compiler (in target 'SPFKBase' from project 'spfk-base')
cd /Users/admin/builder/spi-builder-workspace/.swiftpm/xcode
builtin-SwiftDriver -- /Applications/Xcode-27.0.0.app/Contents/Developer/Toolchains/XcodeDefault.xctoolchain/usr/bin/swiftc -parse-as-library -module-name SPFKBase -Onone @/Users/admin/builder/spi-builder-workspace/.derivedData/Build/Intermediates.noindex/spfk-base.build/Debug-xros/SPFKBase-t.build/Objects-normal/arm64/SPFKBase.SwiftFileList -DSWIFT_PACKAGE -DDEBUG -DSWIFT_MODULE_RESOURCE_BUNDLE_UNAVAILABLE -Xcc -fmodule-map-file\=/Users/admin/builder/spi-builder-workspace/.dependencies/checkouts/swift-numerics/Sources/_NumericsShims/include/module.modulemap -Xcc -fmodule-map-file\=/Users/admin/builder/spi-builder-workspace/.derivedData/Build/Intermediates.noindex/GeneratedModuleMaps-xros/SPFKBaseC.modulemap -DXcode -plugin-path /Applications/Xcode-27.0.0.app/Contents/Developer/Toolchains/XcodeDefault.xctoolchain/usr/lib/swift/host/plugins/testing -enable-experimental-feature DebugDescriptionMacro -sdk /Applications/Xcode-27.0.0.app/Contents/Developer/Platforms/XROS.platform/Developer/SDKs/XROS27.0.sdk -target arm64-apple-xros1.0 -g -module-cache-path /Users/admin/builder/spi-builder-workspace/.derivedData/ModuleCache.noindex -Xfrontend -serialize-debugging-options -profile-coverage-mapping -profile-generate -enable-testing -suppress-warnings -index-store-path /Users/admin/builder/spi-builder-workspace/.derivedData/Index.noindex/DataStore -Xcc -D_LIBCPP_HARDENING_MODE\=_LIBCPP_HARDENING_MODE_DEBUG -swift-version 6 -I /Users/admin/builder/spi-builder-workspace/.derivedData/Build/Products/Debug-xros -Isystem /Applications/Xcode-27.0.0.app/Contents/Developer/Platforms/XROS.platform/Developer/usr/lib -F /Users/admin/builder/spi-builder-workspace/.derivedData/Build/Products/Debug-xros/PackageFrameworks -F /Users/admin/builder/spi-builder-workspace/.derivedData/Build/Products/Debug-xros -F /Applications/Xcode-27.0.0.app/Contents/Developer/Platforms/XROS.platform/Developer/Library/Frameworks -F /Applications/Xcode-27.0.0.app/Contents/Developer/Platforms/XROS.platform/Developer/SDKs/XROS27.0.sdk/Developer/Library/Frameworks -emit-localized-strings -emit-localized-strings-path /Users/admin/builder/spi-builder-workspace/.derivedData/Build/Intermediates.noindex/spfk-base.build/Debug-xros/SPFKBase-t.build/Objects-normal/arm64 -c -j10 -enable-batch-mode -incremental -Xcc -ivfsstatcache -Xcc /Users/admin/builder/spi-builder-workspace/.derivedData/SDKStatCaches.noindex/xros27.0-24M361-e829b21a6f8c9b70876ba0858053c04489c3c372b822c72ca60ec5271cbc7f3c.sdkstatcache -output-file-map /Users/admin/builder/spi-builder-workspace/.derivedData/Build/Intermediates.noindex/spfk-base.build/Debug-xros/SPFKBase-t.build/Objects-normal/arm64/SPFKBase-OutputFileMap.json -save-temps -no-color-diagnostics -explicit-module-build -module-cache-path /Users/admin/builder/spi-builder-workspace/.derivedData/Build/Intermediates.noindex/SwiftExplicitPrecompiledModules -clang-scanner-module-cache-path /Users/admin/builder/spi-builder-workspace/.derivedData/ModuleCache.noindex -sdk-module-cache-path /Users/admin/builder/spi-builder-workspace/.derivedData/SDKExplicitPrecompiledModules -emit-dependencies -emit-module -emit-module-path /Users/admin/builder/spi-builder-workspace/.derivedData/Build/Intermediates.noindex/spfk-base.build/Debug-xros/SPFKBase-t.build/Objects-normal/arm64/SPFKBase.swiftmodule -serialize-diagnostics -dependency-scan-serialize-diagnostics-path /Users/admin/builder/spi-builder-workspace/.derivedData/Build/Intermediates.noindex/spfk-base.build/Debug-xros/SPFKBase-t.build/Objects-normal/arm64/SPFKBase-dependency-scan.dia -user-module-version 1.11.1 -validate-clang-modules-once -clang-build-session-file /Users/admin/builder/spi-builder-workspace/.derivedData/ModuleCache.noindex/Session.modulevalidation -Xcc -fmodules-prune-interval\=86400 -Xcc -fmodules-prune-after\=345600 -package-name spfk_base -emit-const-values -const-gather-protocols-list /Users/admin/builder/spi-builder-workspace/.derivedData/Build/Intermediates.noindex/spfk-base.build/Debug-xros/SPFKBase-t.build/Objects-normal/arm64/SPFKBase_const_extract_protocols.json -Xcc -I/Users/admin/builder/spi-builder-workspace/.dependencies/checkouts/swift-numerics/Sources/_NumericsShims/include -Xcc -I/Users/admin/builder/spi-builder-workspace/.dependencies/checkouts/spfk-base/Sources/SPFKBaseC/include -Xcc -I/Users/admin/builder/spi-builder-workspace/.derivedData/Build/Products/Debug-xros/include -Xcc -I/Users/admin/builder/spi-builder-workspace/.derivedData/Build/Intermediates.noindex/spfk-base.build/Debug-xros/SPFKBase-t.build/DerivedSources-normal/arm64 -Xcc -I/Users/admin/builder/spi-builder-workspace/.derivedData/Build/Intermediates.noindex/spfk-base.build/Debug-xros/SPFKBase-t.build/DerivedSources/arm64 -Xcc -I/Users/admin/builder/spi-builder-workspace/.derivedData/Build/Intermediates.noindex/spfk-base.build/Debug-xros/SPFKBase-t.build/DerivedSources -Xcc -DSWIFT_PACKAGE -Xcc -DDEBUG\=1 -emit-objc-header -emit-objc-header-path /Users/admin/builder/spi-builder-workspace/.derivedData/Build/Intermediates.noindex/spfk-base.build/Debug-xros/SPFKBase-t.build/Objects-normal/arm64/SPFKBase-Swift.h -working-directory /Users/admin/builder/spi-builder-workspace/.swiftpm/xcode -experimental-emit-module-separately -disable-cmo
Ld /Users/admin/builder/spi-builder-workspace/.derivedData/Build/Products/Debug-xros/Collections.o normal (in target 'Collections' from project 'swift-collections')
cd /Users/admin/builder/spi-builder-workspace/.dependencies/checkouts/swift-collections
/Applications/Xcode-27.0.0.app/Contents/Developer/Toolchains/XcodeDefault.xctoolchain/usr/bin/clang -Xlinker -reproducible -target arm64-apple-xros1.0 -r -isysroot /Applications/Xcode-27.0.0.app/Contents/Developer/Platforms/XROS.platform/Developer/SDKs/XROS27.0.sdk -O0 -w -Xlinker -no_warn_duplicate_libraries -F/Users/admin/builder/spi-builder-workspace/.derivedData/Build/Intermediates.noindex/EagerLinkingTBDs/Debug-xros -F/Users/admin/builder/spi-builder-workspace/.derivedData/Build/Products/Debug-xros/PackageFrameworks -F/Users/admin/builder/spi-builder-workspace/.derivedData/Build/Products/Debug-xros -iframework /Applications/Xcode-27.0.0.app/Contents/Developer/Platforms/XROS.platform/Developer/Library/Frameworks -iframework /Applications/Xcode-27.0.0.app/Contents/Developer/Platforms/XROS.platform/Developer/SDKs/XROS27.0.sdk/Developer/Library/Frameworks -filelist /Users/admin/builder/spi-builder-workspace/.derivedData/Build/Intermediates.noindex/swift-collections.build/Debug-xros/Collections-t.build/Objects-normal/arm64/Collections.LinkFileList -nostdlib -Xlinker -object_path_lto -Xlinker /Users/admin/builder/spi-builder-workspace/.derivedData/Build/Intermediates.noindex/swift-collections.build/Debug-xros/Collections-t.build/Objects-normal/arm64/Collections_lto.o -Xlinker -no_deduplicate -Xlinker -debug_variant -Xlinker -dependency_info -Xlinker /Users/admin/builder/spi-builder-workspace/.derivedData/Build/Intermediates.noindex/swift-collections.build/Debug-xros/Collections-t.build/Objects-normal/arm64/Collections_dependency_info.dat -fobjc-link-runtime -L/Applications/Xcode-27.0.0.app/Contents/Developer/Toolchains/XcodeDefault.xctoolchain/usr/lib/swift/xros -L/usr/lib/swift -Xlinker -add_ast_path -Xlinker /Users/admin/builder/spi-builder-workspace/.derivedData/Build/Intermediates.noindex/swift-collections.build/Debug-xros/Collections-t.build/Objects-normal/arm64/Collections.swiftmodule -o /Users/admin/builder/spi-builder-workspace/.derivedData/Build/Products/Debug-xros/Collections.o
ExtractAppIntentsMetadata (in target 'Collections' from project 'swift-collections')
cd /Users/admin/builder/spi-builder-workspace/.dependencies/checkouts/swift-collections
/Applications/Xcode-27.0.0.app/Contents/Developer/Toolchains/XcodeDefault.xctoolchain/usr/bin/appintentsmetadataprocessor --toolchain-dir /var/run/com.apple.security.cryptexd/mnt/com.apple.MobileAsset.MetalToolchain-v27.1.266.1.G2z3Vr/Metal.xctoolchain --module-name Collections --sdk-root /Applications/Xcode-27.0.0.app/Contents/Developer/Platforms/XROS.platform/Developer/SDKs/XROS27.0.sdk --xcode-version 27A266a --platform-family xrOS --deployment-target 1.0 --bundle-identifier swift-collections.Collections --output /Users/admin/builder/spi-builder-workspace/.derivedData/Build/Products/Debug-xros/Collections.appintents --target-triple arm64-apple-xros1.0 --binary-file /Users/admin/builder/spi-builder-workspace/.derivedData/Build/Products/Debug-xros/Collections.o --dependency-file /Users/admin/builder/spi-builder-workspace/.derivedData/Build/Intermediates.noindex/swift-collections.build/Debug-xros/Collections-t.build/Objects-normal/arm64/Collections_dependency_info.dat --stringsdata-file /Users/admin/builder/spi-builder-workspace/.derivedData/Build/Intermediates.noindex/swift-collections.build/Debug-xros/Collections-t.build/Objects-normal/arm64/ExtractedAppShortcutsMetadata.stringsdata --source-file-list /Users/admin/builder/spi-builder-workspace/.derivedData/Build/Intermediates.noindex/swift-collections.build/Debug-xros/Collections-t.build/Objects-normal/arm64/Collections.SwiftFileList --metadata-file-list /Users/admin/builder/spi-builder-workspace/.derivedData/Build/Intermediates.noindex/swift-collections.build/Debug-xros/Collections-t.build/Collections.DependencyMetadataFileList --static-metadata-file-list /Users/admin/builder/spi-builder-workspace/.derivedData/Build/Intermediates.noindex/swift-collections.build/Debug-xros/Collections-t.build/Collections.DependencyStaticMetadataFileList --swift-const-vals-list /Users/admin/builder/spi-builder-workspace/.derivedData/Build/Intermediates.noindex/swift-collections.build/Debug-xros/Collections-t.build/Objects-normal/arm64/Collections.SwiftConstValuesFileList --force --compile-time-extraction --deployment-aware-processing --no-app-shortcuts-localization
2026-10-05 06:29:11.053 appintentsmetadataprocessor[1356:7284] Starting appintentsmetadataprocessor export
2026-10-05 06:29:11.150 appintentsmetadataprocessor[1356:7284] Extracted no relevant App Intents symbols, skipping writing output
SwiftDriverJobDiscovery normal arm64 Compiling String.swift, FilePath and URL.swift, SwiftDataParsing+API 2.1.0.swift, SwiftDataParsing+API 2.1.1.swift, SwiftDataParsing.swift, Clipboard.swift, Globals.swift, OSLogger.swift, Protocols.swift (in target 'SwiftExtensions' from project 'swift-extensions')
SwiftDriverJobDiscovery normal arm64 Compiling AsyncPropertyAccessor+Methods.swift, AsyncPropertyAccessor.swift, GenericAsyncPropertyAccessor.swift, GenericPropertyAccessor.swift, PropertyAccessor+Methods.swift, PropertyAccessor.swift, PropertyAccessorBuilder.swift, PropertyAccessorProxy.swift, PropertyAccessorSubject+AsyncPropertyArray.swift, PropertyAccessorSubject+PropertyArray.swift (in target 'SwiftExtensions' from project 'swift-extensions')
SwiftDriverJobDiscovery normal arm64 Compiling UnboundedBufferStateMachine.swift, UnboundedBufferStorage.swift, AsyncChannel.swift, AsyncThrowingChannel.swift, ChannelStateMachine.swift, ChannelStorage.swift (in target 'AsyncAlgorithms' from project 'swift-async-algorithms')
SwiftDriverJobDiscovery normal arm64 Compiling String Sanitize Path Component.swift, String Title Case.swift, String Wrapped.swift, Time.swift, BinaryInteger+UnitInterval.swift, UnitInterval+Operators.swift, UnitInterval+ScaleType.swift, UnitInterval.swift, Validated Property Wrapper.swift, ZeroIndexedCollection.swift (in target 'SwiftExtensions' from project 'swift-extensions')
SwiftDriverJobDiscovery normal arm64 Compiling Bool.swift, Collections.swift, Concurrency.swift, FloatingPoint.swift, Integers.swift, Operators.swift, Optional.swift, Ranges.swift, Result.swift (in target 'SwiftExtensions' from project 'swift-extensions')
SwiftDriverJobDiscovery normal arm64 Compiling AsyncThrowingExclusiveReductionsSequence.swift, AsyncThrowingInclusiveReductionsSequence.swift, AsyncTimerSequence.swift, AsyncBufferSequence.swift, BoundedBufferStateMachine.swift, BoundedBufferStorage.swift (in target 'AsyncAlgorithms' from project 'swift-async-algorithms')
SwiftDriver\ Compilation AsyncAlgorithms normal arm64 com.apple.xcode.tools.swift.compiler (in target 'AsyncAlgorithms' from project 'swift-async-algorithms')
cd /Users/admin/builder/spi-builder-workspace/.swiftpm/xcode
builtin-Swift-Compilation -- /Applications/Xcode-27.0.0.app/Contents/Developer/Toolchains/XcodeDefault.xctoolchain/usr/bin/swiftc -parse-as-library -module-name AsyncAlgorithms -Onone @/Users/admin/builder/spi-builder-workspace/.derivedData/Build/Intermediates.noindex/swift-async-algorithms.build/Debug-xros/AsyncAlgorithms-t.build/Objects-normal/arm64/AsyncAlgorithms.SwiftFileList -DSWIFT_PACKAGE -DDEBUG -DSWIFT_MODULE_RESOURCE_BUNDLE_UNAVAILABLE -DXcode -enable-experimental-feature AvailabilityMacro\=AsyncAlgorithms\ 1.0:macOS\ 10.15,\ iOS\ 13.0,\ tvOS\ 13.0,\ watchOS\ 6.0 -enable-experimental-feature AvailabilityMacro\=AsyncAlgorithms\ 1.1:macOS\ 15.0,\ iOS\ 18.0,\ tvOS\ 18.0,\ watchOS\ 11.0,\ visionOS\ 2.0 -enable-experimental-feature AvailabilityMacro\=AsyncAlgorithms\ 1.2:macOS\ 15.0,\ iOS\ 18.0,\ tvOS\ 18.0,\ watchOS\ 11.0,\ visionOS\ 2.0 -enable-experimental-feature AvailabilityMacro\=AsyncAlgorithms\ 1.3:macOS\ 15.0,\ iOS\ 18.0,\ tvOS\ 18.0,\ watchOS\ 11.0,\ visionOS\ 2.0 -enable-experimental-feature StrictConcurrency\=complete -plugin-path /Applications/Xcode-27.0.0.app/Contents/Developer/Toolchains/XcodeDefault.xctoolchain/usr/lib/swift/host/plugins/testing -enable-experimental-feature DebugDescriptionMacro -sdk /Applications/Xcode-27.0.0.app/Contents/Developer/Platforms/XROS.platform/Developer/SDKs/XROS27.0.sdk -target arm64-apple-xros1.0 -g -module-cache-path /Users/admin/builder/spi-builder-workspace/.derivedData/ModuleCache.noindex -Xfrontend -serialize-debugging-options -profile-coverage-mapping -profile-generate -enable-testing -suppress-warnings -index-store-path /Users/admin/builder/spi-builder-workspace/.derivedData/Index.noindex/DataStore -Xcc -D_LIBCPP_HARDENING_MODE\=_LIBCPP_HARDENING_MODE_DEBUG -swift-version 6 -I /Users/admin/builder/spi-builder-workspace/.derivedData/Build/Products/Debug-xros -Isystem /Applications/Xcode-27.0.0.app/Contents/Developer/Platforms/XROS.platform/Developer/usr/lib -F /Users/admin/builder/spi-builder-workspace/.derivedData/Build/Products/Debug-xros/PackageFrameworks -F /Users/admin/builder/spi-builder-workspace/.derivedData/Build/Products/Debug-xros -F /Applications/Xcode-27.0.0.app/Contents/Developer/Platforms/XROS.platform/Developer/Library/Frameworks -F /Applications/Xcode-27.0.0.app/Contents/Developer/Platforms/XROS.platform/Developer/SDKs/XROS27.0.sdk/Developer/Library/Frameworks -c -j10 -enable-batch-mode -incremental -Xcc -ivfsstatcache -Xcc /Users/admin/builder/spi-builder-workspace/.derivedData/SDKStatCaches.noindex/xros27.0-24M361-e829b21a6f8c9b70876ba0858053c04489c3c372b822c72ca60ec5271cbc7f3c.sdkstatcache -output-file-map /Users/admin/builder/spi-builder-workspace/.derivedData/Build/Intermediates.noindex/swift-async-algorithms.build/Debug-xros/AsyncAlgorithms-t.build/Objects-normal/arm64/AsyncAlgorithms-OutputFileMap.json -save-temps -no-color-diagnostics -explicit-module-build -module-cache-path /Users/admin/builder/spi-builder-workspace/.derivedData/Build/Intermediates.noindex/SwiftExplicitPrecompiledModules -clang-scanner-module-cache-path /Users/admin/builder/spi-builder-workspace/.derivedData/ModuleCache.noindex -sdk-module-cache-path /Users/admin/builder/spi-builder-workspace/.derivedData/SDKExplicitPrecompiledModules -emit-dependencies -emit-module -emit-module-path /Users/admin/builder/spi-builder-workspace/.derivedData/Build/Intermediates.noindex/swift-async-algorithms.build/Debug-xros/AsyncAlgorithms-t.build/Objects-normal/arm64/AsyncAlgorithms.swiftmodule -serialize-diagnostics -dependency-scan-serialize-diagnostics-path /Users/admin/builder/spi-builder-workspace/.derivedData/Build/Intermediates.noindex/swift-async-algorithms.build/Debug-xros/AsyncAlgorithms-t.build/Objects-normal/arm64/AsyncAlgorithms-dependency-scan.dia -user-module-version 1.1.7 -validate-clang-modules-once -clang-build-session-file /Users/admin/builder/spi-builder-workspace/.derivedData/ModuleCache.noindex/Session.modulevalidation -Xcc -fmodules-prune-interval\=86400 -Xcc -fmodules-prune-after\=345600 -package-name swift_async_algorithms -emit-const-values -const-gather-protocols-list /Users/admin/builder/spi-builder-workspace/.derivedData/Build/Intermediates.noindex/swift-async-algorithms.build/Debug-xros/AsyncAlgorithms-t.build/Objects-normal/arm64/AsyncAlgorithms_const_extract_protocols.json -Xcc -I/Users/admin/builder/spi-builder-workspace/.derivedData/Build/Products/Debug-xros/include -Xcc -I/Users/admin/builder/spi-builder-workspace/.derivedData/Build/Intermediates.noindex/swift-async-algorithms.build/Debug-xros/AsyncAlgorithms-t.build/DerivedSources-normal/arm64 -Xcc -I/Users/admin/builder/spi-builder-workspace/.derivedData/Build/Intermediates.noindex/swift-async-algorithms.build/Debug-xros/AsyncAlgorithms-t.build/DerivedSources/arm64 -Xcc -I/Users/admin/builder/spi-builder-workspace/.derivedData/Build/Intermediates.noindex/swift-async-algorithms.build/Debug-xros/AsyncAlgorithms-t.build/DerivedSources -Xcc -DSWIFT_PACKAGE -Xcc -DDEBUG\=1 -emit-objc-header -emit-objc-header-path /Users/admin/builder/spi-builder-workspace/.derivedData/Build/Intermediates.noindex/swift-async-algorithms.build/Debug-xros/AsyncAlgorithms-t.build/Objects-normal/arm64/AsyncAlgorithms-Swift.h -working-directory /Users/admin/builder/spi-builder-workspace/.swiftpm/xcode -experimental-emit-module-separately -disable-cmo
Ld /Users/admin/builder/spi-builder-workspace/.derivedData/Build/Products/Debug-xros/AsyncAlgorithms.o normal (in target 'AsyncAlgorithms' from project 'swift-async-algorithms')
cd /Users/admin/builder/spi-builder-workspace/.dependencies/checkouts/swift-async-algorithms
/Applications/Xcode-27.0.0.app/Contents/Developer/Toolchains/XcodeDefault.xctoolchain/usr/bin/clang -Xlinker -reproducible -target arm64-apple-xros1.0 -r -isysroot /Applications/Xcode-27.0.0.app/Contents/Developer/Platforms/XROS.platform/Developer/SDKs/XROS27.0.sdk -O0 -w -Xlinker -no_warn_duplicate_libraries -F/Users/admin/builder/spi-builder-workspace/.derivedData/Build/Intermediates.noindex/EagerLinkingTBDs/Debug-xros -F/Users/admin/builder/spi-builder-workspace/.derivedData/Build/Products/Debug-xros/PackageFrameworks -F/Users/admin/builder/spi-builder-workspace/.derivedData/Build/Products/Debug-xros -iframework /Applications/Xcode-27.0.0.app/Contents/Developer/Platforms/XROS.platform/Developer/Library/Frameworks -iframework /Applications/Xcode-27.0.0.app/Contents/Developer/Platforms/XROS.platform/Developer/SDKs/XROS27.0.sdk/Developer/Library/Frameworks -filelist /Users/admin/builder/spi-builder-workspace/.derivedData/Build/Intermediates.noindex/swift-async-algorithms.build/Debug-xros/AsyncAlgorithms-t.build/Objects-normal/arm64/AsyncAlgorithms.LinkFileList -nostdlib -Xlinker -object_path_lto -Xlinker /Users/admin/builder/spi-builder-workspace/.derivedData/Build/Intermediates.noindex/swift-async-algorithms.build/Debug-xros/AsyncAlgorithms-t.build/Objects-normal/arm64/AsyncAlgorithms_lto.o -Xlinker -no_deduplicate -Xlinker -debug_variant -Xlinker -dependency_info -Xlinker /Users/admin/builder/spi-builder-workspace/.derivedData/Build/Intermediates.noindex/swift-async-algorithms.build/Debug-xros/AsyncAlgorithms-t.build/Objects-normal/arm64/AsyncAlgorithms_dependency_info.dat -fobjc-link-runtime -L/Applications/Xcode-27.0.0.app/Contents/Developer/Toolchains/XcodeDefault.xctoolchain/usr/lib/swift/xros -L/usr/lib/swift -Xlinker -add_ast_path -Xlinker /Users/admin/builder/spi-builder-workspace/.derivedData/Build/Intermediates.noindex/swift-async-algorithms.build/Debug-xros/AsyncAlgorithms-t.build/Objects-normal/arm64/AsyncAlgorithms.swiftmodule -o /Users/admin/builder/spi-builder-workspace/.derivedData/Build/Products/Debug-xros/AsyncAlgorithms.o
SwiftDriverJobDiscovery normal arm64 Compiling CanonicalFilePath.swift, Clamped Property Wrapper.swift, Collection Set-Like Methods.swift, ComparableSortComparator.swift, DateComponents from String.swift, DomainName.swift, EmailAddress.swift, IPAddress.swift, ReverseDomainName.swift, AnyPropertyAccessor.swift (in target 'SwiftExtensions' from project 'swift-extensions')
ExtractAppIntentsMetadata (in target 'AsyncAlgorithms' from project 'swift-async-algorithms')
cd /Users/admin/builder/spi-builder-workspace/.dependencies/checkouts/swift-async-algorithms
/Applications/Xcode-27.0.0.app/Contents/Developer/Toolchains/XcodeDefault.xctoolchain/usr/bin/appintentsmetadataprocessor --toolchain-dir /var/run/com.apple.security.cryptexd/mnt/com.apple.MobileAsset.MetalToolchain-v27.1.266.1.G2z3Vr/Metal.xctoolchain --module-name AsyncAlgorithms --sdk-root /Applications/Xcode-27.0.0.app/Contents/Developer/Platforms/XROS.platform/Developer/SDKs/XROS27.0.sdk --xcode-version 27A266a --platform-family xrOS --deployment-target 1.0 --bundle-identifier swift-async-algorithms.AsyncAlgorithms --output /Users/admin/builder/spi-builder-workspace/.derivedData/Build/Products/Debug-xros/AsyncAlgorithms.appintents --target-triple arm64-apple-xros1.0 --binary-file /Users/admin/builder/spi-builder-workspace/.derivedData/Build/Products/Debug-xros/AsyncAlgorithms.o --dependency-file /Users/admin/builder/spi-builder-workspace/.derivedData/Build/Intermediates.noindex/swift-async-algorithms.build/Debug-xros/AsyncAlgorithms-t.build/Objects-normal/arm64/AsyncAlgorithms_dependency_info.dat --stringsdata-file /Users/admin/builder/spi-builder-workspace/.derivedData/Build/Intermediates.noindex/swift-async-algorithms.build/Debug-xros/AsyncAlgorithms-t.build/Objects-normal/arm64/ExtractedAppShortcutsMetadata.stringsdata --source-file-list /Users/admin/builder/spi-builder-workspace/.derivedData/Build/Intermediates.noindex/swift-async-algorithms.build/Debug-xros/AsyncAlgorithms-t.build/Objects-normal/arm64/AsyncAlgorithms.SwiftFileList --metadata-file-list /Users/admin/builder/spi-builder-workspace/.derivedData/Build/Intermediates.noindex/swift-async-algorithms.build/Debug-xros/AsyncAlgorithms-t.build/AsyncAlgorithms.DependencyMetadataFileList --static-metadata-file-list /Users/admin/builder/spi-builder-workspace/.derivedData/Build/Intermediates.noindex/swift-async-algorithms.build/Debug-xros/AsyncAlgorithms-t.build/AsyncAlgorithms.DependencyStaticMetadataFileList --swift-const-vals-list /Users/admin/builder/spi-builder-workspace/.derivedData/Build/Intermediates.noindex/swift-async-algorithms.build/Debug-xros/AsyncAlgorithms-t.build/Objects-normal/arm64/AsyncAlgorithms.SwiftConstValuesFileList --force --compile-time-extraction --deployment-aware-processing --no-app-shortcuts-localization
2026-10-05 06:29:11.459 appintentsmetadataprocessor[1359:7383] Starting appintentsmetadataprocessor export
2026-10-05 06:29:11.529 appintentsmetadataprocessor[1359:7383] Extracted no relevant App Intents symbols, skipping writing output
SwiftExplicitDependencyGeneratePcm arm64 /Users/admin/builder/spi-builder-workspace/.derivedData/SDKExplicitPrecompiledModules/CoreAudioTypes-7GNYK2OHNU3N5J309KBGTWBY2.pcm
SwiftExplicitDependencyGeneratePcm arm64 /Users/admin/builder/spi-builder-workspace/.derivedData/SDKExplicitPrecompiledModules/LocalAuthentication-7ZW78TNIFE0G290W128IPXPU1.pcm
SwiftExplicitDependencyGeneratePcm arm64 /Users/admin/builder/spi-builder-workspace/.derivedData/SDKExplicitPrecompiledModules/CoreMIDI-5Z1U6Z1F8FMO586TNKE9UPACS.pcm
SwiftExplicitDependencyGeneratePcm arm64 /Users/admin/builder/spi-builder-workspace/.derivedData/Build/Intermediates.noindex/SwiftExplicitPrecompiledModules/SPFKBaseC-6SFXMTAJ0FA4R757IDYXTNFIC.pcm
SwiftExplicitDependencyGeneratePcm arm64 /Users/admin/builder/spi-builder-workspace/.derivedData/SDKExplicitPrecompiledModules/CoreAudio-DGYORCEP67CWHUGB90TG0XB20.pcm
SwiftExplicitDependencyGeneratePcm arm64 /Users/admin/builder/spi-builder-workspace/.derivedData/SDKExplicitPrecompiledModules/AudioToolbox-BPVD7YXD051SQEWYL8XEY65WL.pcm
SwiftExplicitDependencyGeneratePcm arm64 /Users/admin/builder/spi-builder-workspace/.derivedData/SDKExplicitPrecompiledModules/CoreMedia-842OS78M433JUMX4QPIKFUIKT.pcm
SwiftExplicitDependencyGeneratePcm arm64 /Users/admin/builder/spi-builder-workspace/.derivedData/SDKExplicitPrecompiledModules/AVFAudio-CH07948S9LXCKRHQSF7AIJA80.pcm
SwiftEmitModule normal arm64 Emitting\ module\ for\ SPFKBase (in target 'SPFKBase' from project 'spfk-base')
SwiftCompile normal arm64 (in target 'SPFKBase' from project 'spfk-base')
cd /Users/admin/builder/spi-builder-workspace/.swiftpm/xcode
SwiftCompile normal arm64 Compiling\ PhaseTrace.swift,\ BinTestCase.swift,\ TestCaseModel.swift,\ TypeDescribable.swift /Users/admin/builder/spi-builder-workspace/.dependencies/checkouts/spfk-base/Sources/SPFKBase/Logging/PhaseTrace.swift /Users/admin/builder/spi-builder-workspace/.dependencies/checkouts/spfk-base/Sources/SPFKBase/Testing/BinTestCase.swift /Users/admin/builder/spi-builder-workspace/.dependencies/checkouts/spfk-base/Sources/SPFKBase/Testing/TestCaseModel.swift /Users/admin/builder/spi-builder-workspace/.dependencies/checkouts/spfk-base/Sources/SPFKBase/TypeDescribable.swift (in target 'SPFKBase' from project 'spfk-base')
SwiftCompile normal arm64 /Users/admin/builder/spi-builder-workspace/.dependencies/checkouts/spfk-base/Sources/SPFKBase/Logging/PhaseTrace.swift (in target 'SPFKBase' from project 'spfk-base')
cd /Users/admin/builder/spi-builder-workspace/.swiftpm/xcode
builtin-SwiftPerFileCompile PhaseTrace.swift
SwiftCompile normal arm64 /Users/admin/builder/spi-builder-workspace/.dependencies/checkouts/spfk-base/Sources/SPFKBase/Testing/BinTestCase.swift (in target 'SPFKBase' from project 'spfk-base')
cd /Users/admin/builder/spi-builder-workspace/.swiftpm/xcode
builtin-SwiftPerFileCompile BinTestCase.swift
SwiftCompile normal arm64 /Users/admin/builder/spi-builder-workspace/.dependencies/checkouts/spfk-base/Sources/SPFKBase/Testing/TestCaseModel.swift (in target 'SPFKBase' from project 'spfk-base')
cd /Users/admin/builder/spi-builder-workspace/.swiftpm/xcode
builtin-SwiftPerFileCompile TestCaseModel.swift
SwiftCompile normal arm64 /Users/admin/builder/spi-builder-workspace/.dependencies/checkouts/spfk-base/Sources/SPFKBase/TypeDescribable.swift (in target 'SPFKBase' from project 'spfk-base')
cd /Users/admin/builder/spi-builder-workspace/.swiftpm/xcode
builtin-SwiftPerFileCompile TypeDescribable.swift
SwiftCompile normal arm64 Compiling\ NSRect.swift,\ NSSize.swift,\ NotificationCenter.swift,\ Number\ Normalization.swift /Users/admin/builder/spi-builder-workspace/.dependencies/checkouts/spfk-base/Sources/SPFKBase/Extensions/Foundation/NSRect.swift /Users/admin/builder/spi-builder-workspace/.dependencies/checkouts/spfk-base/Sources/SPFKBase/Extensions/Foundation/NSSize.swift /Users/admin/builder/spi-builder-workspace/.dependencies/checkouts/spfk-base/Sources/SPFKBase/Extensions/Foundation/NotificationCenter.swift /Users/admin/builder/spi-builder-workspace/.dependencies/checkouts/spfk-base/Sources/SPFKBase/Extensions/Foundation/Number\ Normalization.swift (in target 'SPFKBase' from project 'spfk-base')
SwiftCompile normal arm64 /Users/admin/builder/spi-builder-workspace/.dependencies/checkouts/spfk-base/Sources/SPFKBase/Extensions/Foundation/NSRect.swift (in target 'SPFKBase' from project 'spfk-base')
cd /Users/admin/builder/spi-builder-workspace/.swiftpm/xcode
builtin-SwiftPerFileCompile NSRect.swift
SwiftCompile normal arm64 /Users/admin/builder/spi-builder-workspace/.dependencies/checkouts/spfk-base/Sources/SPFKBase/Extensions/Foundation/NSSize.swift (in target 'SPFKBase' from project 'spfk-base')
cd /Users/admin/builder/spi-builder-workspace/.swiftpm/xcode
builtin-SwiftPerFileCompile NSSize.swift
SwiftCompile normal arm64 /Users/admin/builder/spi-builder-workspace/.dependencies/checkouts/spfk-base/Sources/SPFKBase/Extensions/Foundation/NotificationCenter.swift (in target 'SPFKBase' from project 'spfk-base')
cd /Users/admin/builder/spi-builder-workspace/.swiftpm/xcode
builtin-SwiftPerFileCompile NotificationCenter.swift
SwiftCompile normal arm64 /Users/admin/builder/spi-builder-workspace/.dependencies/checkouts/spfk-base/Sources/SPFKBase/Extensions/Foundation/Number\ Normalization.swift (in target 'SPFKBase' from project 'spfk-base')
cd /Users/admin/builder/spi-builder-workspace/.swiftpm/xcode
builtin-SwiftPerFileCompile Number\ Normalization.swift
SwiftCompile normal arm64 Compiling\ URL+ResourceValues.swift,\ URL.swift,\ BuildConfig.swift,\ Log.swift /Users/admin/builder/spi-builder-workspace/.dependencies/checkouts/spfk-base/Sources/SPFKBase/Extensions/Foundation/URL/URL+ResourceValues.swift /Users/admin/builder/spi-builder-workspace/.dependencies/checkouts/spfk-base/Sources/SPFKBase/Extensions/Foundation/URL/URL.swift /Users/admin/builder/spi-builder-workspace/.dependencies/checkouts/spfk-base/Sources/SPFKBase/Logging/BuildConfig.swift /Users/admin/builder/spi-builder-workspace/.dependencies/checkouts/spfk-base/Sources/SPFKBase/Logging/Log.swift (in target 'SPFKBase' from project 'spfk-base')
SwiftCompile normal arm64 /Users/admin/builder/spi-builder-workspace/.dependencies/checkouts/spfk-base/Sources/SPFKBase/Extensions/Foundation/URL/URL+ResourceValues.swift (in target 'SPFKBase' from project 'spfk-base')
cd /Users/admin/builder/spi-builder-workspace/.swiftpm/xcode
builtin-SwiftPerFileCompile URL+ResourceValues.swift
SwiftCompile normal arm64 /Users/admin/builder/spi-builder-workspace/.dependencies/checkouts/spfk-base/Sources/SPFKBase/Extensions/Foundation/URL/URL.swift (in target 'SPFKBase' from project 'spfk-base')
cd /Users/admin/builder/spi-builder-workspace/.swiftpm/xcode
builtin-SwiftPerFileCompile URL.swift
SwiftCompile normal arm64 /Users/admin/builder/spi-builder-workspace/.dependencies/checkouts/spfk-base/Sources/SPFKBase/Logging/BuildConfig.swift (in target 'SPFKBase' from project 'spfk-base')
cd /Users/admin/builder/spi-builder-workspace/.swiftpm/xcode
builtin-SwiftPerFileCompile BuildConfig.swift
SwiftCompile normal arm64 /Users/admin/builder/spi-builder-workspace/.dependencies/checkouts/spfk-base/Sources/SPFKBase/Logging/Log.swift (in target 'SPFKBase' from project 'spfk-base')
cd /Users/admin/builder/spi-builder-workspace/.swiftpm/xcode
builtin-SwiftPerFileCompile Log.swift
SwiftCompile normal arm64 Compiling\ Benchmark.swift,\ CG\ Wrappers.swift,\ DebouncedTask.swift,\ FloatChannelData.swift,\ HexColor+ColorName.swift /Users/admin/builder/spi-builder-workspace/.dependencies/checkouts/spfk-base/Sources/SPFKBase/Definitions/Benchmark.swift /Users/admin/builder/spi-builder-workspace/.dependencies/checkouts/spfk-base/Sources/SPFKBase/Definitions/CG\ Wrappers.swift /Users/admin/builder/spi-builder-workspace/.dependencies/checkouts/spfk-base/Sources/SPFKBase/Definitions/DebouncedTask.swift /Users/admin/builder/spi-builder-workspace/.dependencies/checkouts/spfk-base/Sources/SPFKBase/Definitions/FloatChannelData.swift /Users/admin/builder/spi-builder-workspace/.dependencies/checkouts/spfk-base/Sources/SPFKBase/Definitions/HexColor/HexColor+ColorName.swift (in target 'SPFKBase' from project 'spfk-base')
SwiftCompile normal arm64 /Users/admin/builder/spi-builder-workspace/.dependencies/checkouts/spfk-base/Sources/SPFKBase/Definitions/Benchmark.swift (in target 'SPFKBase' from project 'spfk-base')
cd /Users/admin/builder/spi-builder-workspace/.swiftpm/xcode
builtin-SwiftPerFileCompile Benchmark.swift
SwiftCompile normal arm64 /Users/admin/builder/spi-builder-workspace/.dependencies/checkouts/spfk-base/Sources/SPFKBase/Definitions/CG\ Wrappers.swift (in target 'SPFKBase' from project 'spfk-base')
cd /Users/admin/builder/spi-builder-workspace/.swiftpm/xcode
builtin-SwiftPerFileCompile CG\ Wrappers.swift
SwiftCompile normal arm64 /Users/admin/builder/spi-builder-workspace/.dependencies/checkouts/spfk-base/Sources/SPFKBase/Definitions/DebouncedTask.swift (in target 'SPFKBase' from project 'spfk-base')
cd /Users/admin/builder/spi-builder-workspace/.swiftpm/xcode
builtin-SwiftPerFileCompile DebouncedTask.swift
SwiftCompile normal arm64 /Users/admin/builder/spi-builder-workspace/.dependencies/checkouts/spfk-base/Sources/SPFKBase/Definitions/FloatChannelData.swift (in target 'SPFKBase' from project 'spfk-base')
cd /Users/admin/builder/spi-builder-workspace/.swiftpm/xcode
builtin-SwiftPerFileCompile FloatChannelData.swift
SwiftCompile normal arm64 /Users/admin/builder/spi-builder-workspace/.dependencies/checkouts/spfk-base/Sources/SPFKBase/Definitions/HexColor/HexColor+ColorName.swift (in target 'SPFKBase' from project 'spfk-base')
cd /Users/admin/builder/spi-builder-workspace/.swiftpm/xcode
builtin-SwiftPerFileCompile HexColor+ColorName.swift
SwiftCompile normal arm64 Compiling\ AsyncSequence.swift,\ Bool+Extensions.swift,\ Collection\ General.swift,\ Collection\ String.swift /Users/admin/builder/spi-builder-workspace/.dependencies/checkouts/spfk-base/Sources/SPFKBase/Extensions/Foundation/AsyncSequence.swift /Users/admin/builder/spi-builder-workspace/.dependencies/checkouts/spfk-base/Sources/SPFKBase/Extensions/Foundation/Bool+Extensions.swift /Users/admin/builder/spi-builder-workspace/.dependencies/checkouts/spfk-base/Sources/SPFKBase/Extensions/Foundation/Collection\ General.swift /Users/admin/builder/spi-builder-workspace/.dependencies/checkouts/spfk-base/Sources/SPFKBase/Extensions/Foundation/Collection\ String.swift (in target 'SPFKBase' from project 'spfk-base')
SwiftCompile normal arm64 /Users/admin/builder/spi-builder-workspace/.dependencies/checkouts/spfk-base/Sources/SPFKBase/Extensions/Foundation/AsyncSequence.swift (in target 'SPFKBase' from project 'spfk-base')
cd /Users/admin/builder/spi-builder-workspace/.swiftpm/xcode
builtin-SwiftPerFileCompile AsyncSequence.swift
SwiftCompile normal arm64 /Users/admin/builder/spi-builder-workspace/.dependencies/checkouts/spfk-base/Sources/SPFKBase/Extensions/Foundation/Bool+Extensions.swift (in target 'SPFKBase' from project 'spfk-base')
cd /Users/admin/builder/spi-builder-workspace/.swiftpm/xcode
builtin-SwiftPerFileCompile Bool+Extensions.swift
SwiftCompile normal arm64 /Users/admin/builder/spi-builder-workspace/.dependencies/checkouts/spfk-base/Sources/SPFKBase/Extensions/Foundation/Collection\ General.swift (in target 'SPFKBase' from project 'spfk-base')
cd /Users/admin/builder/spi-builder-workspace/.swiftpm/xcode
builtin-SwiftPerFileCompile Collection\ General.swift
SwiftCompile normal arm64 /Users/admin/builder/spi-builder-workspace/.dependencies/checkouts/spfk-base/Sources/SPFKBase/Extensions/Foundation/Collection\ String.swift (in target 'SPFKBase' from project 'spfk-base')
cd /Users/admin/builder/spi-builder-workspace/.swiftpm/xcode
builtin-SwiftPerFileCompile Collection\ String.swift
SwiftCompile normal arm64 Compiling\ UnitInterval.swift,\ ExceptionTrap.swift,\ Floating\ Point.swift,\ FourCharCode.swift /Users/admin/builder/spi-builder-workspace/.dependencies/checkouts/spfk-base/Sources/SPFKBase/Definitions/UnitInterval.swift /Users/admin/builder/spi-builder-workspace/.dependencies/checkouts/spfk-base/Sources/SPFKBase/ExceptionTrap.swift /Users/admin/builder/spi-builder-workspace/.dependencies/checkouts/spfk-base/Sources/SPFKBase/Extensions/CoreFoundation/Floating\ Point.swift /Users/admin/builder/spi-builder-workspace/.dependencies/checkouts/spfk-base/Sources/SPFKBase/Extensions/CoreFoundation/FourCharCode.swift (in target 'SPFKBase' from project 'spfk-base')
SwiftCompile normal arm64 /Users/admin/builder/spi-builder-workspace/.dependencies/checkouts/spfk-base/Sources/SPFKBase/Definitions/UnitInterval.swift (in target 'SPFKBase' from project 'spfk-base')
cd /Users/admin/builder/spi-builder-workspace/.swiftpm/xcode
builtin-SwiftPerFileCompile UnitInterval.swift
SwiftCompile normal arm64 /Users/admin/builder/spi-builder-workspace/.dependencies/checkouts/spfk-base/Sources/SPFKBase/ExceptionTrap.swift (in target 'SPFKBase' from project 'spfk-base')
cd /Users/admin/builder/spi-builder-workspace/.swiftpm/xcode
builtin-SwiftPerFileCompile ExceptionTrap.swift
SwiftCompile normal arm64 /Users/admin/builder/spi-builder-workspace/.dependencies/checkouts/spfk-base/Sources/SPFKBase/Extensions/CoreFoundation/Floating\ Point.swift (in target 'SPFKBase' from project 'spfk-base')
cd /Users/admin/builder/spi-builder-workspace/.swiftpm/xcode
builtin-SwiftPerFileCompile Floating\ Point.swift
SwiftCompile normal arm64 /Users/admin/builder/spi-builder-workspace/.dependencies/checkouts/spfk-base/Sources/SPFKBase/Extensions/CoreFoundation/FourCharCode.swift (in target 'SPFKBase' from project 'spfk-base')
cd /Users/admin/builder/spi-builder-workspace/.swiftpm/xcode
builtin-SwiftPerFileCompile FourCharCode.swift
SwiftCompile normal arm64 Compiling\ OSVersion.swift,\ SequentialPCMSource.swift,\ Serializable+Pasteboard.swift,\ Serializable.swift,\ TrimDescription.swift /Users/admin/builder/spi-builder-workspace/.dependencies/checkouts/spfk-base/Sources/SPFKBase/Definitions/OSVersion.swift /Users/admin/builder/spi-builder-workspace/.dependencies/checkouts/spfk-base/Sources/SPFKBase/Definitions/SequentialPCMSource.swift /Users/admin/builder/spi-builder-workspace/.dependencies/checkouts/spfk-base/Sources/SPFKBase/Definitions/Serializable+Pasteboard.swift /Users/admin/builder/spi-builder-workspace/.dependencies/checkouts/spfk-base/Sources/SPFKBase/Definitions/Serializable.swift /Users/admin/builder/spi-builder-workspace/.dependencies/checkouts/spfk-base/Sources/SPFKBase/Definitions/TrimDescription.swift (in target 'SPFKBase' from project 'spfk-base')
SwiftCompile normal arm64 /Users/admin/builder/spi-builder-workspace/.dependencies/checkouts/spfk-base/Sources/SPFKBase/Definitions/OSVersion.swift (in target 'SPFKBase' from project 'spfk-base')
cd /Users/admin/builder/spi-builder-workspace/.swiftpm/xcode
builtin-SwiftPerFileCompile OSVersion.swift
SwiftCompile normal arm64 /Users/admin/builder/spi-builder-workspace/.dependencies/checkouts/spfk-base/Sources/SPFKBase/Definitions/SequentialPCMSource.swift (in target 'SPFKBase' from project 'spfk-base')
cd /Users/admin/builder/spi-builder-workspace/.swiftpm/xcode
builtin-SwiftPerFileCompile SequentialPCMSource.swift
SwiftCompile normal arm64 /Users/admin/builder/spi-builder-workspace/.dependencies/checkouts/spfk-base/Sources/SPFKBase/Definitions/Serializable+Pasteboard.swift (in target 'SPFKBase' from project 'spfk-base')
cd /Users/admin/builder/spi-builder-workspace/.swiftpm/xcode
builtin-SwiftPerFileCompile Serializable+Pasteboard.swift
SwiftCompile normal arm64 /Users/admin/builder/spi-builder-workspace/.dependencies/checkouts/spfk-base/Sources/SPFKBase/Definitions/Serializable.swift (in target 'SPFKBase' from project 'spfk-base')
cd /Users/admin/builder/spi-builder-workspace/.swiftpm/xcode
builtin-SwiftPerFileCompile Serializable.swift
SwiftCompile normal arm64 /Users/admin/builder/spi-builder-workspace/.dependencies/checkouts/spfk-base/Sources/SPFKBase/Definitions/TrimDescription.swift (in target 'SPFKBase' from project 'spfk-base')
cd /Users/admin/builder/spi-builder-workspace/.swiftpm/xcode
builtin-SwiftPerFileCompile TrimDescription.swift
SwiftCompile normal arm64 Compiling\ FileManager.swift,\ FloatingPoint.swift,\ NSError.swift,\ NSException.swift /Users/admin/builder/spi-builder-workspace/.dependencies/checkouts/spfk-base/Sources/SPFKBase/Extensions/Foundation/FileManager.swift /Users/admin/builder/spi-builder-workspace/.dependencies/checkouts/spfk-base/Sources/SPFKBase/Extensions/Foundation/FloatingPoint.swift /Users/admin/builder/spi-builder-workspace/.dependencies/checkouts/spfk-base/Sources/SPFKBase/Extensions/Foundation/NSError.swift /Users/admin/builder/spi-builder-workspace/.dependencies/checkouts/spfk-base/Sources/SPFKBase/Extensions/Foundation/NSException.swift (in target 'SPFKBase' from project 'spfk-base')
SwiftCompile normal arm64 /Users/admin/builder/spi-builder-workspace/.dependencies/checkouts/spfk-base/Sources/SPFKBase/Extensions/Foundation/FileManager.swift (in target 'SPFKBase' from project 'spfk-base')
cd /Users/admin/builder/spi-builder-workspace/.swiftpm/xcode
builtin-SwiftPerFileCompile FileManager.swift
SwiftCompile normal arm64 /Users/admin/builder/spi-builder-workspace/.dependencies/checkouts/spfk-base/Sources/SPFKBase/Extensions/Foundation/FloatingPoint.swift (in target 'SPFKBase' from project 'spfk-base')
cd /Users/admin/builder/spi-builder-workspace/.swiftpm/xcode
builtin-SwiftPerFileCompile FloatingPoint.swift
SwiftCompile normal arm64 /Users/admin/builder/spi-builder-workspace/.dependencies/checkouts/spfk-base/Sources/SPFKBase/Extensions/Foundation/NSError.swift (in target 'SPFKBase' from project 'spfk-base')
cd /Users/admin/builder/spi-builder-workspace/.swiftpm/xcode
builtin-SwiftPerFileCompile NSError.swift
SwiftCompile normal arm64 /Users/admin/builder/spi-builder-workspace/.dependencies/checkouts/spfk-base/Sources/SPFKBase/Extensions/Foundation/NSException.swift (in target 'SPFKBase' from project 'spfk-base')
cd /Users/admin/builder/spi-builder-workspace/.swiftpm/xcode
builtin-SwiftPerFileCompile NSException.swift
SwiftCompile normal arm64 Compiling\ HexColor+NSColor.swift,\ HexColor.swift,\ ParseProgressAccess.swift,\ ParseStopSignal.swift,\ MovementDirection.swift /Users/admin/builder/spi-builder-workspace/.dependencies/checkouts/spfk-base/Sources/SPFKBase/Definitions/HexColor/HexColor+NSColor.swift /Users/admin/builder/spi-builder-workspace/.dependencies/checkouts/spfk-base/Sources/SPFKBase/Definitions/HexColor/HexColor.swift /Users/admin/builder/spi-builder-workspace/.dependencies/checkouts/spfk-base/Sources/SPFKBase/Definitions/Import/ParseProgressAccess.swift /Users/admin/builder/spi-builder-workspace/.dependencies/checkouts/spfk-base/Sources/SPFKBase/Definitions/Import/ParseStopSignal.swift /Users/admin/builder/spi-builder-workspace/.dependencies/checkouts/spfk-base/Sources/SPFKBase/Definitions/MovementDirection.swift (in target 'SPFKBase' from project 'spfk-base')
SwiftCompile normal arm64 /Users/admin/builder/spi-builder-workspace/.dependencies/checkouts/spfk-base/Sources/SPFKBase/Definitions/HexColor/HexColor+NSColor.swift (in target 'SPFKBase' from project 'spfk-base')
cd /Users/admin/builder/spi-builder-workspace/.swiftpm/xcode
builtin-SwiftPerFileCompile HexColor+NSColor.swift
SwiftCompile normal arm64 /Users/admin/builder/spi-builder-workspace/.dependencies/checkouts/spfk-base/Sources/SPFKBase/Definitions/HexColor/HexColor.swift (in target 'SPFKBase' from project 'spfk-base')
cd /Users/admin/builder/spi-builder-workspace/.swiftpm/xcode
builtin-SwiftPerFileCompile HexColor.swift
SwiftCompile normal arm64 /Users/admin/builder/spi-builder-workspace/.dependencies/checkouts/spfk-base/Sources/SPFKBase/Definitions/Import/ParseProgressAccess.swift (in target 'SPFKBase' from project 'spfk-base')
cd /Users/admin/builder/spi-builder-workspace/.swiftpm/xcode
builtin-SwiftPerFileCompile ParseProgressAccess.swift
SwiftCompile normal arm64 /Users/admin/builder/spi-builder-workspace/.dependencies/checkouts/spfk-base/Sources/SPFKBase/Definitions/Import/ParseStopSignal.swift (in target 'SPFKBase' from project 'spfk-base')
cd /Users/admin/builder/spi-builder-workspace/.swiftpm/xcode
builtin-SwiftPerFileCompile ParseStopSignal.swift
SwiftCompile normal arm64 /Users/admin/builder/spi-builder-workspace/.dependencies/checkouts/spfk-base/Sources/SPFKBase/Definitions/MovementDirection.swift (in target 'SPFKBase' from project 'spfk-base')
cd /Users/admin/builder/spi-builder-workspace/.swiftpm/xcode
builtin-SwiftPerFileCompile MovementDirection.swift
SwiftDriverJobDiscovery normal arm64 Compiling FloatingPoint and Foundation.swift, FormatStyle.swift, Integers and Foundation.swift, NSArray.swift, NSAttributedString.swift, Progress.swift, String and CharacterSet.swift, String and Data.swift, String and Foundation.swift (in target 'SwiftExtensions' from project 'swift-extensions')
SwiftDriver\ Compilation SwiftExtensions normal arm64 com.apple.xcode.tools.swift.compiler (in target 'SwiftExtensions' from project 'swift-extensions')
cd /Users/admin/builder/spi-builder-workspace/.swiftpm/xcode
builtin-Swift-Compilation -- /Applications/Xcode-27.0.0.app/Contents/Developer/Toolchains/XcodeDefault.xctoolchain/usr/bin/swiftc -parse-as-library -module-name SwiftExtensions -Onone @/Users/admin/builder/spi-builder-workspace/.derivedData/Build/Intermediates.noindex/swift-extensions.build/Debug-xros/SwiftExtensions-t.build/Objects-normal/arm64/SwiftExtensions.SwiftFileList -DSWIFT_PACKAGE -DDEBUG -DSWIFT_MODULE_RESOURCE_BUNDLE_UNAVAILABLE -DDEBUG -DXcode -enable-experimental-feature Lifetimes -plugin-path /Applications/Xcode-27.0.0.app/Contents/Developer/Toolchains/XcodeDefault.xctoolchain/usr/lib/swift/host/plugins/testing -enable-experimental-feature DebugDescriptionMacro -sdk /Applications/Xcode-27.0.0.app/Contents/Developer/Platforms/XROS.platform/Developer/SDKs/XROS27.0.sdk -target arm64-apple-xros1.0 -g -module-cache-path /Users/admin/builder/spi-builder-workspace/.derivedData/ModuleCache.noindex -Xfrontend -serialize-debugging-options -profile-coverage-mapping -profile-generate -enable-testing -suppress-warnings -index-store-path /Users/admin/builder/spi-builder-workspace/.derivedData/Index.noindex/DataStore -Xcc -D_LIBCPP_HARDENING_MODE\=_LIBCPP_HARDENING_MODE_DEBUG -swift-version 6 -I /Users/admin/builder/spi-builder-workspace/.derivedData/Build/Products/Debug-xros -Isystem /Applications/Xcode-27.0.0.app/Contents/Developer/Platforms/XROS.platform/Developer/usr/lib -F /Users/admin/builder/spi-builder-workspace/.derivedData/Build/Products/Debug-xros/PackageFrameworks -F /Users/admin/builder/spi-builder-workspace/.derivedData/Build/Products/Debug-xros -F /Applications/Xcode-27.0.0.app/Contents/Developer/Platforms/XROS.platform/Developer/Library/Frameworks -F /Applications/Xcode-27.0.0.app/Contents/Developer/Platforms/XROS.platform/Developer/SDKs/XROS27.0.sdk/Developer/Library/Frameworks -c -j10 -enable-batch-mode -incremental -Xcc -ivfsstatcache -Xcc /Users/admin/builder/spi-builder-workspace/.derivedData/SDKStatCaches.noindex/xros27.0-24M361-e829b21a6f8c9b70876ba0858053c04489c3c372b822c72ca60ec5271cbc7f3c.sdkstatcache -output-file-map /Users/admin/builder/spi-builder-workspace/.derivedData/Build/Intermediates.noindex/swift-extensions.build/Debug-xros/SwiftExtensions-t.build/Objects-normal/arm64/SwiftExtensions-OutputFileMap.json -save-temps -no-color-diagnostics -explicit-module-build -module-cache-path /Users/admin/builder/spi-builder-workspace/.derivedData/Build/Intermediates.noindex/SwiftExplicitPrecompiledModules -clang-scanner-module-cache-path /Users/admin/builder/spi-builder-workspace/.derivedData/ModuleCache.noindex -sdk-module-cache-path /Users/admin/builder/spi-builder-workspace/.derivedData/SDKExplicitPrecompiledModules -emit-dependencies -emit-module -emit-module-path /Users/admin/builder/spi-builder-workspace/.derivedData/Build/Intermediates.noindex/swift-extensions.build/Debug-xros/SwiftExtensions-t.build/Objects-normal/arm64/SwiftExtensions.swiftmodule -serialize-diagnostics -dependency-scan-serialize-diagnostics-path /Users/admin/builder/spi-builder-workspace/.derivedData/Build/Intermediates.noindex/swift-extensions.build/Debug-xros/SwiftExtensions-t.build/Objects-normal/arm64/SwiftExtensions-dependency-scan.dia -user-module-version 2.3.2 -validate-clang-modules-once -clang-build-session-file /Users/admin/builder/spi-builder-workspace/.derivedData/ModuleCache.noindex/Session.modulevalidation -Xcc -fmodules-prune-interval\=86400 -Xcc -fmodules-prune-after\=345600 -package-name swift_extensions -emit-const-values -const-gather-protocols-list /Users/admin/builder/spi-builder-workspace/.derivedData/Build/Intermediates.noindex/swift-extensions.build/Debug-xros/SwiftExtensions-t.build/Objects-normal/arm64/SwiftExtensions_const_extract_protocols.json -Xcc -I/Users/admin/builder/spi-builder-workspace/.derivedData/Build/Products/Debug-xros/include -Xcc -I/Users/admin/builder/spi-builder-workspace/.derivedData/Build/Intermediates.noindex/swift-extensions.build/Debug-xros/SwiftExtensions-t.build/DerivedSources-normal/arm64 -Xcc -I/Users/admin/builder/spi-builder-workspace/.derivedData/Build/Intermediates.noindex/swift-extensions.build/Debug-xros/SwiftExtensions-t.build/DerivedSources/arm64 -Xcc -I/Users/admin/builder/spi-builder-workspace/.derivedData/Build/Intermediates.noindex/swift-extensions.build/Debug-xros/SwiftExtensions-t.build/DerivedSources -Xcc -DSWIFT_PACKAGE -Xcc -DDEBUG\=1 -emit-objc-header -emit-objc-header-path /Users/admin/builder/spi-builder-workspace/.derivedData/Build/Intermediates.noindex/swift-extensions.build/Debug-xros/SwiftExtensions-t.build/Objects-normal/arm64/SwiftExtensions-Swift.h -working-directory /Users/admin/builder/spi-builder-workspace/.swiftpm/xcode -experimental-emit-module-separately -disable-cmo
SwiftDriverJobDiscovery normal arm64 Compiling NSRect.swift, NSSize.swift, NotificationCenter.swift, Number Normalization.swift (in target 'SPFKBase' from project 'spfk-base')
SwiftCompile normal arm64 Compiling\ String+C.swift,\ String.swift,\ Task.swift,\ URL+Directory.swift /Users/admin/builder/spi-builder-workspace/.dependencies/checkouts/spfk-base/Sources/SPFKBase/Extensions/Foundation/String+C.swift /Users/admin/builder/spi-builder-workspace/.dependencies/checkouts/spfk-base/Sources/SPFKBase/Extensions/Foundation/String.swift /Users/admin/builder/spi-builder-workspace/.dependencies/checkouts/spfk-base/Sources/SPFKBase/Extensions/Foundation/Task.swift /Users/admin/builder/spi-builder-workspace/.dependencies/checkouts/spfk-base/Sources/SPFKBase/Extensions/Foundation/URL/URL+Directory.swift (in target 'SPFKBase' from project 'spfk-base')
SwiftCompile normal arm64 /Users/admin/builder/spi-builder-workspace/.dependencies/checkouts/spfk-base/Sources/SPFKBase/Extensions/Foundation/String+C.swift (in target 'SPFKBase' from project 'spfk-base')
cd /Users/admin/builder/spi-builder-workspace/.swiftpm/xcode
builtin-SwiftPerFileCompile String+C.swift
SwiftCompile normal arm64 /Users/admin/builder/spi-builder-workspace/.dependencies/checkouts/spfk-base/Sources/SPFKBase/Extensions/Foundation/String.swift (in target 'SPFKBase' from project 'spfk-base')
cd /Users/admin/builder/spi-builder-workspace/.swiftpm/xcode
builtin-SwiftPerFileCompile String.swift
SwiftCompile normal arm64 /Users/admin/builder/spi-builder-workspace/.dependencies/checkouts/spfk-base/Sources/SPFKBase/Extensions/Foundation/Task.swift (in target 'SPFKBase' from project 'spfk-base')
cd /Users/admin/builder/spi-builder-workspace/.swiftpm/xcode
builtin-SwiftPerFileCompile Task.swift
SwiftCompile normal arm64 /Users/admin/builder/spi-builder-workspace/.dependencies/checkouts/spfk-base/Sources/SPFKBase/Extensions/Foundation/URL/URL+Directory.swift (in target 'SPFKBase' from project 'spfk-base')
cd /Users/admin/builder/spi-builder-workspace/.swiftpm/xcode
builtin-SwiftPerFileCompile URL+Directory.swift
SwiftDriverJobDiscovery normal arm64 Emitting module for SPFKBase (in target 'SPFKBase' from project 'spfk-base')
SwiftDriverJobDiscovery normal arm64 Compiling PhaseTrace.swift, BinTestCase.swift, TestCaseModel.swift, TypeDescribable.swift (in target 'SPFKBase' from project 'spfk-base')
SwiftDriver\ Compilation\ Requirements SPFKBase normal arm64 com.apple.xcode.tools.swift.compiler (in target 'SPFKBase' from project 'spfk-base')
cd /Users/admin/builder/spi-builder-workspace/.swiftpm/xcode
builtin-Swift-Compilation-Requirements -- /Applications/Xcode-27.0.0.app/Contents/Developer/Toolchains/XcodeDefault.xctoolchain/usr/bin/swiftc -parse-as-library -module-name SPFKBase -Onone @/Users/admin/builder/spi-builder-workspace/.derivedData/Build/Intermediates.noindex/spfk-base.build/Debug-xros/SPFKBase-t.build/Objects-normal/arm64/SPFKBase.SwiftFileList -DSWIFT_PACKAGE -DDEBUG -DSWIFT_MODULE_RESOURCE_BUNDLE_UNAVAILABLE -Xcc -fmodule-map-file\=/Users/admin/builder/spi-builder-workspace/.dependencies/checkouts/swift-numerics/Sources/_NumericsShims/include/module.modulemap -Xcc -fmodule-map-file\=/Users/admin/builder/spi-builder-workspace/.derivedData/Build/Intermediates.noindex/GeneratedModuleMaps-xros/SPFKBaseC.modulemap -DXcode -plugin-path /Applications/Xcode-27.0.0.app/Contents/Developer/Toolchains/XcodeDefault.xctoolchain/usr/lib/swift/host/plugins/testing -enable-experimental-feature DebugDescriptionMacro -sdk /Applications/Xcode-27.0.0.app/Contents/Developer/Platforms/XROS.platform/Developer/SDKs/XROS27.0.sdk -target arm64-apple-xros1.0 -g -module-cache-path /Users/admin/builder/spi-builder-workspace/.derivedData/ModuleCache.noindex -Xfrontend -serialize-debugging-options -profile-coverage-mapping -profile-generate -enable-testing -suppress-warnings -index-store-path /Users/admin/builder/spi-builder-workspace/.derivedData/Index.noindex/DataStore -Xcc -D_LIBCPP_HARDENING_MODE\=_LIBCPP_HARDENING_MODE_DEBUG -swift-version 6 -I /Users/admin/builder/spi-builder-workspace/.derivedData/Build/Products/Debug-xros -Isystem /Applications/Xcode-27.0.0.app/Contents/Developer/Platforms/XROS.platform/Developer/usr/lib -F /Users/admin/builder/spi-builder-workspace/.derivedData/Build/Products/Debug-xros/PackageFrameworks -F /Users/admin/builder/spi-builder-workspace/.derivedData/Build/Products/Debug-xros -F /Applications/Xcode-27.0.0.app/Contents/Developer/Platforms/XROS.platform/Developer/Library/Frameworks -F /Applications/Xcode-27.0.0.app/Contents/Developer/Platforms/XROS.platform/Developer/SDKs/XROS27.0.sdk/Developer/Library/Frameworks -emit-localized-strings -emit-localized-strings-path /Users/admin/builder/spi-builder-workspace/.derivedData/Build/Intermediates.noindex/spfk-base.build/Debug-xros/SPFKBase-t.build/Objects-normal/arm64 -c -j10 -enable-batch-mode -incremental -Xcc -ivfsstatcache -Xcc /Users/admin/builder/spi-builder-workspace/.derivedData/SDKStatCaches.noindex/xros27.0-24M361-e829b21a6f8c9b70876ba0858053c04489c3c372b822c72ca60ec5271cbc7f3c.sdkstatcache -output-file-map /Users/admin/builder/spi-builder-workspace/.derivedData/Build/Intermediates.noindex/spfk-base.build/Debug-xros/SPFKBase-t.build/Objects-normal/arm64/SPFKBase-OutputFileMap.json -save-temps -no-color-diagnostics -explicit-module-build -module-cache-path /Users/admin/builder/spi-builder-workspace/.derivedData/Build/Intermediates.noindex/SwiftExplicitPrecompiledModules -clang-scanner-module-cache-path /Users/admin/builder/spi-builder-workspace/.derivedData/ModuleCache.noindex -sdk-module-cache-path /Users/admin/builder/spi-builder-workspace/.derivedData/SDKExplicitPrecompiledModules -emit-dependencies -emit-module -emit-module-path /Users/admin/builder/spi-builder-workspace/.derivedData/Build/Intermediates.noindex/spfk-base.build/Debug-xros/SPFKBase-t.build/Objects-normal/arm64/SPFKBase.swiftmodule -serialize-diagnostics -dependency-scan-serialize-diagnostics-path /Users/admin/builder/spi-builder-workspace/.derivedData/Build/Intermediates.noindex/spfk-base.build/Debug-xros/SPFKBase-t.build/Objects-normal/arm64/SPFKBase-dependency-scan.dia -user-module-version 1.11.1 -validate-clang-modules-once -clang-build-session-file /Users/admin/builder/spi-builder-workspace/.derivedData/ModuleCache.noindex/Session.modulevalidation -Xcc -fmodules-prune-interval\=86400 -Xcc -fmodules-prune-after\=345600 -package-name spfk_base -emit-const-values -const-gather-protocols-list /Users/admin/builder/spi-builder-workspace/.derivedData/Build/Intermediates.noindex/spfk-base.build/Debug-xros/SPFKBase-t.build/Objects-normal/arm64/SPFKBase_const_extract_protocols.json -Xcc -I/Users/admin/builder/spi-builder-workspace/.dependencies/checkouts/swift-numerics/Sources/_NumericsShims/include -Xcc -I/Users/admin/builder/spi-builder-workspace/.dependencies/checkouts/spfk-base/Sources/SPFKBaseC/include -Xcc -I/Users/admin/builder/spi-builder-workspace/.derivedData/Build/Products/Debug-xros/include -Xcc -I/Users/admin/builder/spi-builder-workspace/.derivedData/Build/Intermediates.noindex/spfk-base.build/Debug-xros/SPFKBase-t.build/DerivedSources-normal/arm64 -Xcc -I/Users/admin/builder/spi-builder-workspace/.derivedData/Build/Intermediates.noindex/spfk-base.build/Debug-xros/SPFKBase-t.build/DerivedSources/arm64 -Xcc -I/Users/admin/builder/spi-builder-workspace/.derivedData/Build/Intermediates.noindex/spfk-base.build/Debug-xros/SPFKBase-t.build/DerivedSources -Xcc -DSWIFT_PACKAGE -Xcc -DDEBUG\=1 -emit-objc-header -emit-objc-header-path /Users/admin/builder/spi-builder-workspace/.derivedData/Build/Intermediates.noindex/spfk-base.build/Debug-xros/SPFKBase-t.build/Objects-normal/arm64/SPFKBase-Swift.h -working-directory /Users/admin/builder/spi-builder-workspace/.swiftpm/xcode -experimental-emit-module-separately -disable-cmo
Ld /Users/admin/builder/spi-builder-workspace/.derivedData/Build/Products/Debug-xros/SwiftExtensions.o normal (in target 'SwiftExtensions' from project 'swift-extensions')
cd /Users/admin/builder/spi-builder-workspace/.dependencies/checkouts/swift-extensions
/Applications/Xcode-27.0.0.app/Contents/Developer/Toolchains/XcodeDefault.xctoolchain/usr/bin/clang -Xlinker -reproducible -target arm64-apple-xros1.0 -r -isysroot /Applications/Xcode-27.0.0.app/Contents/Developer/Platforms/XROS.platform/Developer/SDKs/XROS27.0.sdk -O0 -w -Xlinker -no_warn_duplicate_libraries -F/Users/admin/builder/spi-builder-workspace/.derivedData/Build/Intermediates.noindex/EagerLinkingTBDs/Debug-xros -F/Users/admin/builder/spi-builder-workspace/.derivedData/Build/Products/Debug-xros/PackageFrameworks -F/Users/admin/builder/spi-builder-workspace/.derivedData/Build/Products/Debug-xros -iframework /Applications/Xcode-27.0.0.app/Contents/Developer/Platforms/XROS.platform/Developer/Library/Frameworks -iframework /Applications/Xcode-27.0.0.app/Contents/Developer/Platforms/XROS.platform/Developer/SDKs/XROS27.0.sdk/Developer/Library/Frameworks -filelist /Users/admin/builder/spi-builder-workspace/.derivedData/Build/Intermediates.noindex/swift-extensions.build/Debug-xros/SwiftExtensions-t.build/Objects-normal/arm64/SwiftExtensions.LinkFileList -nostdlib -Xlinker -object_path_lto -Xlinker /Users/admin/builder/spi-builder-workspace/.derivedData/Build/Intermediates.noindex/swift-extensions.build/Debug-xros/SwiftExtensions-t.build/Objects-normal/arm64/SwiftExtensions_lto.o -Xlinker -no_deduplicate -Xlinker -debug_variant -Xlinker -dependency_info -Xlinker /Users/admin/builder/spi-builder-workspace/.derivedData/Build/Intermediates.noindex/swift-extensions.build/Debug-xros/SwiftExtensions-t.build/Objects-normal/arm64/SwiftExtensions_dependency_info.dat -fobjc-link-runtime -L/Applications/Xcode-27.0.0.app/Contents/Developer/Toolchains/XcodeDefault.xctoolchain/usr/lib/swift/xros -L/usr/lib/swift -Xlinker -add_ast_path -Xlinker /Users/admin/builder/spi-builder-workspace/.derivedData/Build/Intermediates.noindex/swift-extensions.build/Debug-xros/SwiftExtensions-t.build/Objects-normal/arm64/SwiftExtensions.swiftmodule -o /Users/admin/builder/spi-builder-workspace/.derivedData/Build/Products/Debug-xros/SwiftExtensions.o
SwiftMergeGeneratedHeaders /Users/admin/builder/spi-builder-workspace/.derivedData/Build/Intermediates.noindex/GeneratedModuleMaps-xros/SPFKBase-Swift.h /Users/admin/builder/spi-builder-workspace/.derivedData/Build/Intermediates.noindex/spfk-base.build/Debug-xros/SPFKBase-t.build/Objects-normal/arm64/SPFKBase-Swift.h (in target 'SPFKBase' from project 'spfk-base')
cd /Users/admin/builder/spi-builder-workspace/.dependencies/checkouts/spfk-base
builtin-swiftHeaderTool -arch arm64 /Users/admin/builder/spi-builder-workspace/.derivedData/Build/Intermediates.noindex/spfk-base.build/Debug-xros/SPFKBase-t.build/Objects-normal/arm64/SPFKBase-Swift.h -o /Users/admin/builder/spi-builder-workspace/.derivedData/Build/Intermediates.noindex/GeneratedModuleMaps-xros/SPFKBase-Swift.h
Copy /Users/admin/builder/spi-builder-workspace/.derivedData/Build/Products/Debug-xros/SPFKBase.swiftmodule/arm64-apple-xros.swiftmodule /Users/admin/builder/spi-builder-workspace/.derivedData/Build/Intermediates.noindex/spfk-base.build/Debug-xros/SPFKBase-t.build/Objects-normal/arm64/SPFKBase.swiftmodule (in target 'SPFKBase' from project 'spfk-base')
cd /Users/admin/builder/spi-builder-workspace/.dependencies/checkouts/spfk-base
builtin-copy -exclude .DS_Store -exclude CVS -exclude .svn -exclude .git -exclude .hg -resolve-src-symlinks -rename /Users/admin/builder/spi-builder-workspace/.derivedData/Build/Intermediates.noindex/spfk-base.build/Debug-xros/SPFKBase-t.build/Objects-normal/arm64/SPFKBase.swiftmodule /Users/admin/builder/spi-builder-workspace/.derivedData/Build/Products/Debug-xros/SPFKBase.swiftmodule/arm64-apple-xros.swiftmodule
Copy /Users/admin/builder/spi-builder-workspace/.derivedData/Build/Products/Debug-xros/SPFKBase.swiftmodule/arm64-apple-xros.swiftdoc /Users/admin/builder/spi-builder-workspace/.derivedData/Build/Intermediates.noindex/spfk-base.build/Debug-xros/SPFKBase-t.build/Objects-normal/arm64/SPFKBase.swiftdoc (in target 'SPFKBase' from project 'spfk-base')
cd /Users/admin/builder/spi-builder-workspace/.dependencies/checkouts/spfk-base
builtin-copy -exclude .DS_Store -exclude CVS -exclude .svn -exclude .git -exclude .hg -resolve-src-symlinks -rename /Users/admin/builder/spi-builder-workspace/.derivedData/Build/Intermediates.noindex/spfk-base.build/Debug-xros/SPFKBase-t.build/Objects-normal/arm64/SPFKBase.swiftdoc /Users/admin/builder/spi-builder-workspace/.derivedData/Build/Products/Debug-xros/SPFKBase.swiftmodule/arm64-apple-xros.swiftdoc
Copy /Users/admin/builder/spi-builder-workspace/.derivedData/Build/Products/Debug-xros/SPFKBase.swiftmodule/arm64-apple-xros.abi.json /Users/admin/builder/spi-builder-workspace/.derivedData/Build/Intermediates.noindex/spfk-base.build/Debug-xros/SPFKBase-t.build/Objects-normal/arm64/SPFKBase.abi.json (in target 'SPFKBase' from project 'spfk-base')
cd /Users/admin/builder/spi-builder-workspace/.dependencies/checkouts/spfk-base
builtin-copy -exclude .DS_Store -exclude CVS -exclude .svn -exclude .git -exclude .hg -resolve-src-symlinks -rename /Users/admin/builder/spi-builder-workspace/.derivedData/Build/Intermediates.noindex/spfk-base.build/Debug-xros/SPFKBase-t.build/Objects-normal/arm64/SPFKBase.abi.json /Users/admin/builder/spi-builder-workspace/.derivedData/Build/Products/Debug-xros/SPFKBase.swiftmodule/arm64-apple-xros.abi.json
Copy /Users/admin/builder/spi-builder-workspace/.derivedData/Build/Products/Debug-xros/SPFKBase.swiftmodule/Project/arm64-apple-xros.swiftsourceinfo /Users/admin/builder/spi-builder-workspace/.derivedData/Build/Intermediates.noindex/spfk-base.build/Debug-xros/SPFKBase-t.build/Objects-normal/arm64/SPFKBase.swiftsourceinfo (in target 'SPFKBase' from project 'spfk-base')
cd /Users/admin/builder/spi-builder-workspace/.dependencies/checkouts/spfk-base
builtin-copy -exclude .DS_Store -exclude CVS -exclude .svn -exclude .git -exclude .hg -resolve-src-symlinks -rename /Users/admin/builder/spi-builder-workspace/.derivedData/Build/Intermediates.noindex/spfk-base.build/Debug-xros/SPFKBase-t.build/Objects-normal/arm64/SPFKBase.swiftsourceinfo /Users/admin/builder/spi-builder-workspace/.derivedData/Build/Products/Debug-xros/SPFKBase.swiftmodule/Project/arm64-apple-xros.swiftsourceinfo
SwiftDriver SPFKAudioHardware normal arm64 com.apple.xcode.tools.swift.compiler (in target 'SPFKAudioHardware' from project 'spfk-audio-hardware')
cd /Users/admin/builder/spi-builder-workspace/.swiftpm/xcode
builtin-SwiftDriver -- /Applications/Xcode-27.0.0.app/Contents/Developer/Toolchains/XcodeDefault.xctoolchain/usr/bin/swiftc -parse-as-library -module-name SPFKAudioHardware -Onone @/Users/admin/builder/spi-builder-workspace/.derivedData/Build/Intermediates.noindex/spfk-audio-hardware.build/Debug-xros/SPFKAudioHardware-t.build/Objects-normal/arm64/SPFKAudioHardware.SwiftFileList -DSWIFT_PACKAGE -DDEBUG -DSWIFT_MODULE_RESOURCE_BUNDLE_UNAVAILABLE -Xcc -fmodule-map-file\=/Users/admin/builder/spi-builder-workspace/.dependencies/checkouts/swift-numerics/Sources/_NumericsShims/include/module.modulemap -Xcc -fmodule-map-file\=/Users/admin/builder/spi-builder-workspace/.derivedData/Build/Intermediates.noindex/GeneratedModuleMaps-xros/SPFKBaseC.modulemap -DXcode -plugin-path /Applications/Xcode-27.0.0.app/Contents/Developer/Toolchains/XcodeDefault.xctoolchain/usr/lib/swift/host/plugins/testing -enable-experimental-feature DebugDescriptionMacro -sdk /Applications/Xcode-27.0.0.app/Contents/Developer/Platforms/XROS.platform/Developer/SDKs/XROS27.0.sdk -target arm64-apple-xros1.0 -g -module-cache-path /Users/admin/builder/spi-builder-workspace/.derivedData/ModuleCache.noindex -Xfrontend -serialize-debugging-options -profile-coverage-mapping -profile-generate -enable-testing -index-store-path /Users/admin/builder/spi-builder-workspace/.derivedData/Index.noindex/DataStore -Xcc -D_LIBCPP_HARDENING_MODE\=_LIBCPP_HARDENING_MODE_DEBUG -swift-version 6 -I /Users/admin/builder/spi-builder-workspace/.derivedData/Build/Products/Debug-xros -Isystem /Applications/Xcode-27.0.0.app/Contents/Developer/Platforms/XROS.platform/Developer/usr/lib -F /Users/admin/builder/spi-builder-workspace/.derivedData/Build/Products/Debug-xros/PackageFrameworks -F /Users/admin/builder/spi-builder-workspace/.derivedData/Build/Products/Debug-xros -F /Applications/Xcode-27.0.0.app/Contents/Developer/Platforms/XROS.platform/Developer/Library/Frameworks -F /Applications/Xcode-27.0.0.app/Contents/Developer/Platforms/XROS.platform/Developer/SDKs/XROS27.0.sdk/Developer/Library/Frameworks -c -j10 -enable-batch-mode -incremental -Xcc -ivfsstatcache -Xcc /Users/admin/builder/spi-builder-workspace/.derivedData/SDKStatCaches.noindex/xros27.0-24M361-e829b21a6f8c9b70876ba0858053c04489c3c372b822c72ca60ec5271cbc7f3c.sdkstatcache -output-file-map /Users/admin/builder/spi-builder-workspace/.derivedData/Build/Intermediates.noindex/spfk-audio-hardware.build/Debug-xros/SPFKAudioHardware-t.build/Objects-normal/arm64/SPFKAudioHardware-OutputFileMap.json -save-temps -no-color-diagnostics -explicit-module-build -module-cache-path /Users/admin/builder/spi-builder-workspace/.derivedData/Build/Intermediates.noindex/SwiftExplicitPrecompiledModules -clang-scanner-module-cache-path /Users/admin/builder/spi-builder-workspace/.derivedData/ModuleCache.noindex -sdk-module-cache-path /Users/admin/builder/spi-builder-workspace/.derivedData/SDKExplicitPrecompiledModules -emit-dependencies -emit-module -emit-module-path /Users/admin/builder/spi-builder-workspace/.derivedData/Build/Intermediates.noindex/spfk-audio-hardware.build/Debug-xros/SPFKAudioHardware-t.build/Objects-normal/arm64/SPFKAudioHardware.swiftmodule -serialize-diagnostics -dependency-scan-serialize-diagnostics-path /Users/admin/builder/spi-builder-workspace/.derivedData/Build/Intermediates.noindex/spfk-audio-hardware.build/Debug-xros/SPFKAudioHardware-t.build/Objects-normal/arm64/SPFKAudioHardware-dependency-scan.dia -validate-clang-modules-once -clang-build-session-file /Users/admin/builder/spi-builder-workspace/.derivedData/ModuleCache.noindex/Session.modulevalidation -Xcc -fmodules-prune-interval\=86400 -Xcc -fmodules-prune-after\=345600 -package-name spi_builder_workspace -emit-const-values -const-gather-protocols-list /Users/admin/builder/spi-builder-workspace/.derivedData/Build/Intermediates.noindex/spfk-audio-hardware.build/Debug-xros/SPFKAudioHardware-t.build/Objects-normal/arm64/SPFKAudioHardware_const_extract_protocols.json -Xcc -I/Users/admin/builder/spi-builder-workspace/.dependencies/checkouts/swift-numerics/Sources/_NumericsShims/include -Xcc -I/Users/admin/builder/spi-builder-workspace/.dependencies/checkouts/spfk-base/Sources/SPFKBaseC/include -Xcc -I/Users/admin/builder/spi-builder-workspace/.derivedData/Build/Products/Debug-xros/include -Xcc -I/Users/admin/builder/spi-builder-workspace/.derivedData/Build/Intermediates.noindex/spfk-audio-hardware.build/Debug-xros/SPFKAudioHardware-t.build/DerivedSources-normal/arm64 -Xcc -I/Users/admin/builder/spi-builder-workspace/.derivedData/Build/Intermediates.noindex/spfk-audio-hardware.build/Debug-xros/SPFKAudioHardware-t.build/DerivedSources/arm64 -Xcc -I/Users/admin/builder/spi-builder-workspace/.derivedData/Build/Intermediates.noindex/spfk-audio-hardware.build/Debug-xros/SPFKAudioHardware-t.build/DerivedSources -Xcc -DSWIFT_PACKAGE -Xcc -DDEBUG\=1 -emit-objc-header -emit-objc-header-path /Users/admin/builder/spi-builder-workspace/.derivedData/Build/Intermediates.noindex/spfk-audio-hardware.build/Debug-xros/SPFKAudioHardware-t.build/Objects-normal/arm64/SPFKAudioHardware-Swift.h -working-directory /Users/admin/builder/spi-builder-workspace/.swiftpm/xcode -experimental-emit-module-separately -disable-cmo
error: Clang dependency scanning failure: (in target 'SPFKAudioHardware' from project 'spfk-audio-hardware')
/Users/admin/builder/spi-builder-workspace/Sources/SPFKAudioHardware/Public/Definitions/TransportType.swift:5:8: error: Unable to resolve module dependency: 'IOKit' (in target 'SPFKAudioHardware' from project 'spfk-audio-hardware')
note: A dependency of main module 'SPFKAudioHardware'
/Users/admin/builder/spi-builder-workspace/Sources/SPFKAudioHardware/Public/Definitions/TransportType.swift:5:8: note: A dependency of main module 'SPFKAudioHardware'
import IOKit.audio
^ (in target 'SPFKAudioHardware' from project 'spfk-audio-hardware')
SwiftDriverJobDiscovery normal arm64 Compiling AsyncSequence.swift, Bool+Extensions.swift, Collection General.swift, Collection String.swift (in target 'SPFKBase' from project 'spfk-base')
SwiftDriverJobDiscovery normal arm64 Compiling FileManager.swift, FloatingPoint.swift, NSError.swift, NSException.swift (in target 'SPFKBase' from project 'spfk-base')
ExtractAppIntentsMetadata (in target 'SwiftExtensions' from project 'swift-extensions')
cd /Users/admin/builder/spi-builder-workspace/.dependencies/checkouts/swift-extensions
/Applications/Xcode-27.0.0.app/Contents/Developer/Toolchains/XcodeDefault.xctoolchain/usr/bin/appintentsmetadataprocessor --toolchain-dir /var/run/com.apple.security.cryptexd/mnt/com.apple.MobileAsset.MetalToolchain-v27.1.266.1.G2z3Vr/Metal.xctoolchain --module-name SwiftExtensions --sdk-root /Applications/Xcode-27.0.0.app/Contents/Developer/Platforms/XROS.platform/Developer/SDKs/XROS27.0.sdk --xcode-version 27A266a --platform-family xrOS --deployment-target 1.0 --bundle-identifier swift-extensions.SwiftExtensions --output /Users/admin/builder/spi-builder-workspace/.derivedData/Build/Products/Debug-xros/SwiftExtensions.appintents --target-triple arm64-apple-xros1.0 --binary-file /Users/admin/builder/spi-builder-workspace/.derivedData/Build/Products/Debug-xros/SwiftExtensions.o --dependency-file /Users/admin/builder/spi-builder-workspace/.derivedData/Build/Intermediates.noindex/swift-extensions.build/Debug-xros/SwiftExtensions-t.build/Objects-normal/arm64/SwiftExtensions_dependency_info.dat --stringsdata-file /Users/admin/builder/spi-builder-workspace/.derivedData/Build/Intermediates.noindex/swift-extensions.build/Debug-xros/SwiftExtensions-t.build/Objects-normal/arm64/ExtractedAppShortcutsMetadata.stringsdata --source-file-list /Users/admin/builder/spi-builder-workspace/.derivedData/Build/Intermediates.noindex/swift-extensions.build/Debug-xros/SwiftExtensions-t.build/Objects-normal/arm64/SwiftExtensions.SwiftFileList --metadata-file-list /Users/admin/builder/spi-builder-workspace/.derivedData/Build/Intermediates.noindex/swift-extensions.build/Debug-xros/SwiftExtensions-t.build/SwiftExtensions.DependencyMetadataFileList --static-metadata-file-list /Users/admin/builder/spi-builder-workspace/.derivedData/Build/Intermediates.noindex/swift-extensions.build/Debug-xros/SwiftExtensions-t.build/SwiftExtensions.DependencyStaticMetadataFileList --swift-const-vals-list /Users/admin/builder/spi-builder-workspace/.derivedData/Build/Intermediates.noindex/swift-extensions.build/Debug-xros/SwiftExtensions-t.build/Objects-normal/arm64/SwiftExtensions.SwiftConstValuesFileList --force --compile-time-extraction --deployment-aware-processing --no-app-shortcuts-localization
2026-10-05 06:29:12.355 appintentsmetadataprocessor[1387:7477] Starting appintentsmetadataprocessor export
2026-10-05 06:29:12.440 appintentsmetadataprocessor[1387:7477] Extracted no relevant App Intents symbols, skipping writing output
SwiftDriverJobDiscovery normal arm64 Compiling Benchmark.swift, CG Wrappers.swift, DebouncedTask.swift, FloatChannelData.swift, HexColor+ColorName.swift (in target 'SPFKBase' from project 'spfk-base')
SwiftDriverJobDiscovery normal arm64 Compiling UnitInterval.swift, ExceptionTrap.swift, Floating Point.swift, FourCharCode.swift (in target 'SPFKBase' from project 'spfk-base')
SwiftDriverJobDiscovery normal arm64 Compiling OSVersion.swift, SequentialPCMSource.swift, Serializable+Pasteboard.swift, Serializable.swift, TrimDescription.swift (in target 'SPFKBase' from project 'spfk-base')
SwiftDriverJobDiscovery normal arm64 Compiling HexColor+NSColor.swift, HexColor.swift, ParseProgressAccess.swift, ParseStopSignal.swift, MovementDirection.swift (in target 'SPFKBase' from project 'spfk-base')
SwiftDriverJobDiscovery normal arm64 Compiling URL+ResourceValues.swift, URL.swift, BuildConfig.swift, Log.swift (in target 'SPFKBase' from project 'spfk-base')
SwiftDriverJobDiscovery normal arm64 Compiling String+C.swift, String.swift, Task.swift, URL+Directory.swift (in target 'SPFKBase' from project 'spfk-base')
SwiftDriver\ Compilation SPFKBase normal arm64 com.apple.xcode.tools.swift.compiler (in target 'SPFKBase' from project 'spfk-base')
cd /Users/admin/builder/spi-builder-workspace/.swiftpm/xcode
builtin-Swift-Compilation -- /Applications/Xcode-27.0.0.app/Contents/Developer/Toolchains/XcodeDefault.xctoolchain/usr/bin/swiftc -parse-as-library -module-name SPFKBase -Onone @/Users/admin/builder/spi-builder-workspace/.derivedData/Build/Intermediates.noindex/spfk-base.build/Debug-xros/SPFKBase-t.build/Objects-normal/arm64/SPFKBase.SwiftFileList -DSWIFT_PACKAGE -DDEBUG -DSWIFT_MODULE_RESOURCE_BUNDLE_UNAVAILABLE -Xcc -fmodule-map-file\=/Users/admin/builder/spi-builder-workspace/.dependencies/checkouts/swift-numerics/Sources/_NumericsShims/include/module.modulemap -Xcc -fmodule-map-file\=/Users/admin/builder/spi-builder-workspace/.derivedData/Build/Intermediates.noindex/GeneratedModuleMaps-xros/SPFKBaseC.modulemap -DXcode -plugin-path /Applications/Xcode-27.0.0.app/Contents/Developer/Toolchains/XcodeDefault.xctoolchain/usr/lib/swift/host/plugins/testing -enable-experimental-feature DebugDescriptionMacro -sdk /Applications/Xcode-27.0.0.app/Contents/Developer/Platforms/XROS.platform/Developer/SDKs/XROS27.0.sdk -target arm64-apple-xros1.0 -g -module-cache-path /Users/admin/builder/spi-builder-workspace/.derivedData/ModuleCache.noindex -Xfrontend -serialize-debugging-options -profile-coverage-mapping -profile-generate -enable-testing -suppress-warnings -index-store-path /Users/admin/builder/spi-builder-workspace/.derivedData/Index.noindex/DataStore -Xcc -D_LIBCPP_HARDENING_MODE\=_LIBCPP_HARDENING_MODE_DEBUG -swift-version 6 -I /Users/admin/builder/spi-builder-workspace/.derivedData/Build/Products/Debug-xros -Isystem /Applications/Xcode-27.0.0.app/Contents/Developer/Platforms/XROS.platform/Developer/usr/lib -F /Users/admin/builder/spi-builder-workspace/.derivedData/Build/Products/Debug-xros/PackageFrameworks -F /Users/admin/builder/spi-builder-workspace/.derivedData/Build/Products/Debug-xros -F /Applications/Xcode-27.0.0.app/Contents/Developer/Platforms/XROS.platform/Developer/Library/Frameworks -F /Applications/Xcode-27.0.0.app/Contents/Developer/Platforms/XROS.platform/Developer/SDKs/XROS27.0.sdk/Developer/Library/Frameworks -emit-localized-strings -emit-localized-strings-path /Users/admin/builder/spi-builder-workspace/.derivedData/Build/Intermediates.noindex/spfk-base.build/Debug-xros/SPFKBase-t.build/Objects-normal/arm64 -c -j10 -enable-batch-mode -incremental -Xcc -ivfsstatcache -Xcc /Users/admin/builder/spi-builder-workspace/.derivedData/SDKStatCaches.noindex/xros27.0-24M361-e829b21a6f8c9b70876ba0858053c04489c3c372b822c72ca60ec5271cbc7f3c.sdkstatcache -output-file-map /Users/admin/builder/spi-builder-workspace/.derivedData/Build/Intermediates.noindex/spfk-base.build/Debug-xros/SPFKBase-t.build/Objects-normal/arm64/SPFKBase-OutputFileMap.json -save-temps -no-color-diagnostics -explicit-module-build -module-cache-path /Users/admin/builder/spi-builder-workspace/.derivedData/Build/Intermediates.noindex/SwiftExplicitPrecompiledModules -clang-scanner-module-cache-path /Users/admin/builder/spi-builder-workspace/.derivedData/ModuleCache.noindex -sdk-module-cache-path /Users/admin/builder/spi-builder-workspace/.derivedData/SDKExplicitPrecompiledModules -emit-dependencies -emit-module -emit-module-path /Users/admin/builder/spi-builder-workspace/.derivedData/Build/Intermediates.noindex/spfk-base.build/Debug-xros/SPFKBase-t.build/Objects-normal/arm64/SPFKBase.swiftmodule -serialize-diagnostics -dependency-scan-serialize-diagnostics-path /Users/admin/builder/spi-builder-workspace/.derivedData/Build/Intermediates.noindex/spfk-base.build/Debug-xros/SPFKBase-t.build/Objects-normal/arm64/SPFKBase-dependency-scan.dia -user-module-version 1.11.1 -validate-clang-modules-once -clang-build-session-file /Users/admin/builder/spi-builder-workspace/.derivedData/ModuleCache.noindex/Session.modulevalidation -Xcc -fmodules-prune-interval\=86400 -Xcc -fmodules-prune-after\=345600 -package-name spfk_base -emit-const-values -const-gather-protocols-list /Users/admin/builder/spi-builder-workspace/.derivedData/Build/Intermediates.noindex/spfk-base.build/Debug-xros/SPFKBase-t.build/Objects-normal/arm64/SPFKBase_const_extract_protocols.json -Xcc -I/Users/admin/builder/spi-builder-workspace/.dependencies/checkouts/swift-numerics/Sources/_NumericsShims/include -Xcc -I/Users/admin/builder/spi-builder-workspace/.dependencies/checkouts/spfk-base/Sources/SPFKBaseC/include -Xcc -I/Users/admin/builder/spi-builder-workspace/.derivedData/Build/Products/Debug-xros/include -Xcc -I/Users/admin/builder/spi-builder-workspace/.derivedData/Build/Intermediates.noindex/spfk-base.build/Debug-xros/SPFKBase-t.build/DerivedSources-normal/arm64 -Xcc -I/Users/admin/builder/spi-builder-workspace/.derivedData/Build/Intermediates.noindex/spfk-base.build/Debug-xros/SPFKBase-t.build/DerivedSources/arm64 -Xcc -I/Users/admin/builder/spi-builder-workspace/.derivedData/Build/Intermediates.noindex/spfk-base.build/Debug-xros/SPFKBase-t.build/DerivedSources -Xcc -DSWIFT_PACKAGE -Xcc -DDEBUG\=1 -emit-objc-header -emit-objc-header-path /Users/admin/builder/spi-builder-workspace/.derivedData/Build/Intermediates.noindex/spfk-base.build/Debug-xros/SPFKBase-t.build/Objects-normal/arm64/SPFKBase-Swift.h -working-directory /Users/admin/builder/spi-builder-workspace/.swiftpm/xcode -experimental-emit-module-separately -disable-cmo
Ld /Users/admin/builder/spi-builder-workspace/.derivedData/Build/Products/Debug-xros/SPFKBase.o normal (in target 'SPFKBase' from project 'spfk-base')
cd /Users/admin/builder/spi-builder-workspace/.dependencies/checkouts/spfk-base
/Applications/Xcode-27.0.0.app/Contents/Developer/Toolchains/XcodeDefault.xctoolchain/usr/bin/clang -Xlinker -reproducible -target arm64-apple-xros1.0 -r -isysroot /Applications/Xcode-27.0.0.app/Contents/Developer/Platforms/XROS.platform/Developer/SDKs/XROS27.0.sdk -O0 -w -Xlinker -no_warn_duplicate_libraries -F/Users/admin/builder/spi-builder-workspace/.derivedData/Build/Intermediates.noindex/EagerLinkingTBDs/Debug-xros -F/Users/admin/builder/spi-builder-workspace/.derivedData/Build/Products/Debug-xros/PackageFrameworks -F/Users/admin/builder/spi-builder-workspace/.derivedData/Build/Products/Debug-xros -iframework /Applications/Xcode-27.0.0.app/Contents/Developer/Platforms/XROS.platform/Developer/Library/Frameworks -iframework /Applications/Xcode-27.0.0.app/Contents/Developer/Platforms/XROS.platform/Developer/SDKs/XROS27.0.sdk/Developer/Library/Frameworks -filelist /Users/admin/builder/spi-builder-workspace/.derivedData/Build/Intermediates.noindex/spfk-base.build/Debug-xros/SPFKBase-t.build/Objects-normal/arm64/SPFKBase.LinkFileList -nostdlib -Xlinker -object_path_lto -Xlinker /Users/admin/builder/spi-builder-workspace/.derivedData/Build/Intermediates.noindex/spfk-base.build/Debug-xros/SPFKBase-t.build/Objects-normal/arm64/SPFKBase_lto.o -Xlinker -no_deduplicate -Xlinker -debug_variant -Xlinker -dependency_info -Xlinker /Users/admin/builder/spi-builder-workspace/.derivedData/Build/Intermediates.noindex/spfk-base.build/Debug-xros/SPFKBase-t.build/Objects-normal/arm64/SPFKBase_dependency_info.dat -fobjc-link-runtime -L/Applications/Xcode-27.0.0.app/Contents/Developer/Toolchains/XcodeDefault.xctoolchain/usr/lib/swift/xros -L/usr/lib/swift -Xlinker -add_ast_path -Xlinker /Users/admin/builder/spi-builder-workspace/.derivedData/Build/Intermediates.noindex/spfk-base.build/Debug-xros/SPFKBase-t.build/Objects-normal/arm64/SPFKBase.swiftmodule -o /Users/admin/builder/spi-builder-workspace/.derivedData/Build/Products/Debug-xros/SPFKBase.o
ExtractAppIntentsMetadata (in target 'SPFKBase' from project 'spfk-base')
cd /Users/admin/builder/spi-builder-workspace/.dependencies/checkouts/spfk-base
/Applications/Xcode-27.0.0.app/Contents/Developer/Toolchains/XcodeDefault.xctoolchain/usr/bin/appintentsmetadataprocessor --toolchain-dir /var/run/com.apple.security.cryptexd/mnt/com.apple.MobileAsset.MetalToolchain-v27.1.266.1.G2z3Vr/Metal.xctoolchain --module-name SPFKBase --sdk-root /Applications/Xcode-27.0.0.app/Contents/Developer/Platforms/XROS.platform/Developer/SDKs/XROS27.0.sdk --xcode-version 27A266a --platform-family xrOS --deployment-target 1.0 --bundle-identifier spfk-base.SPFKBase --output /Users/admin/builder/spi-builder-workspace/.derivedData/Build/Products/Debug-xros/SPFKBase.appintents --target-triple arm64-apple-xros1.0 --binary-file /Users/admin/builder/spi-builder-workspace/.derivedData/Build/Products/Debug-xros/SPFKBase.o --dependency-file /Users/admin/builder/spi-builder-workspace/.derivedData/Build/Intermediates.noindex/spfk-base.build/Debug-xros/SPFKBase-t.build/Objects-normal/arm64/SPFKBase_dependency_info.dat --stringsdata-file /Users/admin/builder/spi-builder-workspace/.derivedData/Build/Intermediates.noindex/spfk-base.build/Debug-xros/SPFKBase-t.build/Objects-normal/arm64/ExtractedAppShortcutsMetadata.stringsdata --source-file-list /Users/admin/builder/spi-builder-workspace/.derivedData/Build/Intermediates.noindex/spfk-base.build/Debug-xros/SPFKBase-t.build/Objects-normal/arm64/SPFKBase.SwiftFileList --metadata-file-list /Users/admin/builder/spi-builder-workspace/.derivedData/Build/Intermediates.noindex/spfk-base.build/Debug-xros/SPFKBase-t.build/SPFKBase.DependencyMetadataFileList --static-metadata-file-list /Users/admin/builder/spi-builder-workspace/.derivedData/Build/Intermediates.noindex/spfk-base.build/Debug-xros/SPFKBase-t.build/SPFKBase.DependencyStaticMetadataFileList --swift-const-vals-list /Users/admin/builder/spi-builder-workspace/.derivedData/Build/Intermediates.noindex/spfk-base.build/Debug-xros/SPFKBase-t.build/Objects-normal/arm64/SPFKBase.SwiftConstValuesFileList --force --compile-time-extraction --deployment-aware-processing --no-app-shortcuts-localization
PruneExplicitPrecompiledModules /Users/admin/builder/spi-builder-workspace/.derivedData/SDKExplicitPrecompiledModules
PruneExplicitPrecompiledModules /Users/admin/builder/spi-builder-workspace/.derivedData/Build/Intermediates.noindex/ExplicitPrecompiledModules
PruneExplicitPrecompiledModules /Users/admin/builder/spi-builder-workspace/.derivedData/Build/Intermediates.noindex/SwiftExplicitPrecompiledModules
2026-10-05 06:28:58.566 xcodebuild[908:5205] [MT] IDERunDestination: Supported platforms for the buildables in the current scheme is empty.
** BUILD FAILED **
The following build commands failed:
SwiftDriver SPFKAudioHardware normal arm64 com.apple.xcode.tools.swift.compiler (in target 'SPFKAudioHardware' from project 'spfk-audio-hardware')
Building workspace spfk-audio-hardware with scheme spfk-audio-hardware
(2 failures)
Command line invocation:
/Applications/Xcode-27.0.0.app/Contents/Developer/usr/bin/xcodebuild -IDEClonedSourcePackagesDirPathOverride=/Users/admin/builder/spi-builder-workspace/.dependencies -resolvePackageDependencies
Resolve Package Graph
Resolved source packages:
spfk-base: https://github.com/ryanfrancesconi/spfk-base @ 1.11.1
spfk-testing: https://github.com/ryanfrancesconi/spfk-testing @ 1.12.0
swift-async-algorithms: https://github.com/apple/swift-async-algorithms @ 1.1.7
swift-extensions: https://github.com/orchetect/swift-extensions @ 2.3.2
swift-data-parsing: https://github.com/orchetect/swift-data-parsing @ 0.1.2
spfk-audio-hardware: /Users/admin/builder/spi-builder-workspace
swift-collections: https://github.com/apple/swift-collections @ 1.7.1
swift-numerics: https://github.com/apple/swift-numerics @ 1.1.1
resolved source packages: spfk-base, spfk-testing, swift-async-algorithms, swift-extensions, swift-data-parsing, spfk-audio-hardware, swift-collections, swift-numerics
2026-10-05 06:29:14.170 xcodebuild[1391:7605] [MT] IDERunDestination: Supported platforms for the buildables in the current scheme is empty.
{
"dependencies" : [
{
"identity" : "spfk-base",
"requirement" : {
"range" : [
{
"lower_bound" : "1.2.2",
"upper_bound" : "2.0.0"
}
]
},
"type" : "sourceControl",
"url" : "https://github.com/ryanfrancesconi/spfk-base"
},
{
"identity" : "spfk-testing",
"requirement" : {
"range" : [
{
"lower_bound" : "1.1.0",
"upper_bound" : "2.0.0"
}
]
},
"type" : "sourceControl",
"url" : "https://github.com/ryanfrancesconi/spfk-testing"
}
],
"manifest_display_name" : "spfk-audio-hardware",
"name" : "spfk-audio-hardware",
"path" : "/Users/admin/builder/spi-builder-workspace",
"platforms" : [
{
"name" : "macos",
"version" : "13.0"
}
],
"products" : [
{
"name" : "SPFKAudioHardware",
"targets" : [
"SPFKAudioHardware"
],
"type" : {
"library" : [
"automatic"
]
}
}
],
"targets" : [
{
"c99name" : "SPFKAudioHardwareTests",
"module_type" : "SwiftTarget",
"name" : "SPFKAudioHardwareTests",
"path" : "Tests/SPFKAudioHardwareTests",
"product_dependencies" : [
"SPFKTesting"
],
"sources" : [
"AudioDeviceNotificationTests.swift",
"AudioDevicePropertyTests.swift",
"AudioHardwareManagerTests.swift",
"AudioHardwareTests.swift",
"AudioStreamTests.swift",
"Classes/AudioHardwareTestCase.swift",
"Classes/HardwareStateTrait.swift",
"Classes/HardwareSuite.swift",
"Classes/NullDeviceTestCase.swift",
"Classes/SCATestCase+Helpers.swift",
"DefaultAudioDeviceTests.swift",
"Definitions/AudioDeviceNamedChannelTests.swift",
"Definitions/DefinitionTests.swift",
"Definitions/ScopeTests.swift",
"MockPropertyTests.swift",
"Mocks/MockAudioBackend.swift",
"Mocks/MockDeviceFactory.swift",
"NullDeviceTests.swift",
"ProcessDeviceTests.swift",
"SampleRateStateTests.swift"
],
"target_dependencies" : [
"SPFKAudioHardware"
],
"type" : "test"
},
{
"c99name" : "SPFKAudioHardware",
"module_type" : "SwiftTarget",
"name" : "SPFKAudioHardware",
"path" : "Sources/SPFKAudioHardware",
"product_dependencies" : [
"SPFKBase"
],
"product_memberships" : [
"SPFKAudioHardware"
],
"sources" : [
"Internal/AudioBackend.swift",
"Internal/AudioDeviceCache.swift",
"Internal/AudioObjectBackend.swift",
"Internal/AudioObjectPool.swift",
"Internal/AudioObjectPropertyAddress+.swift",
"Internal/AudioObjectPropertyListener.swift",
"Internal/CoreAudioBackend.swift",
"Public/AudioHardwareManager+Aggregate.swift",
"Public/AudioHardwareManager+Properties.swift",
"Public/AudioHardwareManager.swift",
"Public/AudioObject/AudioDevice/AudioDevice+Channels.swift",
"Public/AudioObject/AudioDevice/AudioDevice+DataSource.swift",
"Public/AudioObject/AudioDevice/AudioDevice+DefaultDevice.swift",
"Public/AudioObject/AudioDevice/AudioDevice+HogMode.swift",
"Public/AudioObject/AudioDevice/AudioDevice+LFE.swift",
"Public/AudioObject/AudioDevice/AudioDevice+Latency.swift",
"Public/AudioObject/AudioDevice/AudioDevice+Process.swift",
"Public/AudioObject/AudioDevice/AudioDevice+Static.swift",
"Public/AudioObject/AudioDevice/AudioDevice+Stream.swift",
"Public/AudioObject/AudioDevice/AudioDevice+VirtualMainOutput.swift",
"Public/AudioObject/AudioDevice/AudioDevice+VolumeConversion.swift",
"Public/AudioObject/AudioDevice/AudioDevice.swift",
"Public/AudioObject/AudioDevice/Properties/AudioDevice+Aggregate.swift",
"Public/AudioObject/AudioDevice/Properties/AudioDevice+Channel.swift",
"Public/AudioObject/AudioDevice/Properties/AudioDevice+ClockSource.swift",
"Public/AudioObject/AudioDevice/Properties/AudioDevice+GeneralInformation.swift",
"Public/AudioObject/AudioDevice/Properties/AudioDevice+SampleRate.swift",
"Public/AudioObject/AudioDevice/SampleRateState.swift",
"Public/AudioObject/AudioDevice/SplitAudioDevice.swift",
"Public/AudioObject/AudioObjectOwner.swift",
"Public/AudioObject/AudioStream+Properties.swift",
"Public/AudioObject/AudioStream.swift",
"Public/AudioObject/Model/AudioObjectModel+Static.swift",
"Public/AudioObject/Model/AudioObjectModel.swift",
"Public/AudioObject/Model/AudioPropertyListenerModel.swift",
"Public/Definitions/Channels/AudioDeviceNamedChannel.swift",
"Public/Definitions/Channels/Scope.swift",
"Public/Definitions/Channels/StereoPair.swift",
"Public/Definitions/DefaultSelectorType.swift",
"Public/Definitions/DeviceStatusEvent.swift",
"Public/Definitions/TerminalType.swift",
"Public/Definitions/TransportType.swift",
"Public/Definitions/VolumeInfo.swift",
"Public/Notifications/AudioDeviceNotification.swift",
"Public/Notifications/AudioHardwareNotification.swift",
"Public/Notifications/AudioStreamNotification.swift",
"Public/Notifications/Notification.Name+.swift",
"Public/Notifications/PropertyAddressNotification.swift"
],
"type" : "library"
}
],
"tools_version" : "6.2"
}
{
"workspace" : {
"name" : "spfk-audio-hardware",
"schemes" : [
"spfk-audio-hardware",
"swift-data-parsing"
]
}
}
2026-10-05 06:29:15.792 xcodebuild[1399:7675] [MT] IDERunDestination: Supported platforms for the buildables in the current scheme is empty.
{
"workspace" : {
"name" : "spfk-audio-hardware",
"schemes" : [
"spfk-audio-hardware",
"swift-data-parsing"
]
}
}
2026-10-05 06:29:17.162 xcodebuild[1401:7709] [MT] IDERunDestination: Supported platforms for the buildables in the current scheme is empty.
Running build ...
env DEVELOPER_DIR=/Applications/Xcode-27.0.0-Release.Candidate.app xcrun xcodebuild -IDEClonedSourcePackagesDirPathOverride=$PWD/.dependencies -skipMacroValidation -skipPackagePluginValidation -derivedDataPath $PWD/.derivedData build -scheme spfk-audio-hardware -destination generic/platform=xrOS
Command line invocation:
/Applications/Xcode-27.0.0.app/Contents/Developer/usr/bin/xcodebuild -IDEClonedSourcePackagesDirPathOverride=/Users/admin/builder/spi-builder-workspace/.dependencies -skipMacroValidation -skipPackagePluginValidation -derivedDataPath /Users/admin/builder/spi-builder-workspace/.derivedData build -scheme spfk-audio-hardware -destination generic/platform=xrOS
Resolve Package Graph
Resolved source packages:
spfk-base: https://github.com/ryanfrancesconi/spfk-base @ 1.11.1
swift-extensions: https://github.com/orchetect/swift-extensions @ 2.3.2
swift-data-parsing: https://github.com/orchetect/swift-data-parsing @ 0.1.2
spfk-testing: https://github.com/ryanfrancesconi/spfk-testing @ 1.12.0
spfk-audio-hardware: /Users/admin/builder/spi-builder-workspace
swift-numerics: https://github.com/apple/swift-numerics @ 1.1.1
swift-async-algorithms: https://github.com/apple/swift-async-algorithms @ 1.1.7
swift-collections: https://github.com/apple/swift-collections @ 1.7.1
ComputePackagePrebuildTargetDependencyGraph
Prepare packages
CreateBuildRequest
SendProjectDescription
CreateBuildOperation
ComputeTargetDependencyGraph
note: Building targets in dependency order
note: Target dependency graph (28 targets)
Target 'SPFKAudioHardware-product' in project 'spfk-audio-hardware'
➜ Explicit dependency on target 'SPFKAudioHardware' in project 'spfk-audio-hardware'
➜ Explicit dependency on target 'SPFKBase-product' in project 'spfk-base'
Target 'SPFKAudioHardware' in project 'spfk-audio-hardware'
➜ Explicit dependency on target 'SPFKBase-product' in project 'spfk-base'
Target 'SPFKBase-product' in project 'spfk-base'
➜ Explicit dependency on target 'SPFKBase' in project 'spfk-base'
➜ Explicit dependency on target 'SPFKBaseC' in project 'spfk-base'
➜ Explicit dependency on target 'SwiftExtensions-product' in project 'swift-extensions'
➜ Explicit dependency on target 'Numerics-product' in project 'swift-numerics'
➜ Explicit dependency on target 'Collections-product' in project 'swift-collections'
➜ Explicit dependency on target 'AsyncAlgorithms-product' in project 'swift-async-algorithms'
Target 'SPFKBase' in project 'spfk-base'
➜ Explicit dependency on target 'SPFKBaseC' in project 'spfk-base'
➜ Explicit dependency on target 'SwiftExtensions-product' in project 'swift-extensions'
➜ Explicit dependency on target 'Numerics-product' in project 'swift-numerics'
➜ Explicit dependency on target 'Collections-product' in project 'swift-collections'
➜ Explicit dependency on target 'AsyncAlgorithms-product' in project 'swift-async-algorithms'
Target 'AsyncAlgorithms-product' in project 'swift-async-algorithms'
➜ Explicit dependency on target 'AsyncAlgorithms' in project 'swift-async-algorithms'
➜ Explicit dependency on target 'OrderedCollections-product' in project 'swift-collections'
➜ Explicit dependency on target 'DequeModule-product' in project 'swift-collections'
Target 'AsyncAlgorithms' in project 'swift-async-algorithms'
➜ Explicit dependency on target 'OrderedCollections-product' in project 'swift-collections'
➜ Explicit dependency on target 'DequeModule-product' in project 'swift-collections'
Target 'DequeModule-product' in project 'swift-collections'
➜ Explicit dependency on target 'DequeModule' in project 'swift-collections'
➜ Explicit dependency on target 'InternalCollectionsUtilities' in project 'swift-collections'
➜ Explicit dependency on target 'SpanPreview' in project 'swift-collections'
Target 'OrderedCollections-product' in project 'swift-collections'
➜ Explicit dependency on target 'OrderedCollections' in project 'swift-collections'
➜ Explicit dependency on target 'InternalCollectionsUtilities' in project 'swift-collections'
Target 'Collections-product' in project 'swift-collections'
➜ Explicit dependency on target 'Collections' in project 'swift-collections'
➜ Explicit dependency on target 'InternalCollectionsUtilities' in project 'swift-collections'
➜ Explicit dependency on target 'BitCollections' in project 'swift-collections'
➜ Explicit dependency on target 'SpanPreview' in project 'swift-collections'
➜ Explicit dependency on target 'DequeModule' in project 'swift-collections'
➜ Explicit dependency on target 'HashTreeCollections' in project 'swift-collections'
➜ Explicit dependency on target 'HeapModule' in project 'swift-collections'
➜ Explicit dependency on target 'OrderedCollections' in project 'swift-collections'
➜ Explicit dependency on target '_RopeModule' in project 'swift-collections'
Target 'Collections' in project 'swift-collections'
➜ Explicit dependency on target 'InternalCollectionsUtilities' in project 'swift-collections'
➜ Explicit dependency on target 'BitCollections' in project 'swift-collections'
➜ Explicit dependency on target 'SpanPreview' in project 'swift-collections'
➜ Explicit dependency on target 'DequeModule' in project 'swift-collections'
➜ Explicit dependency on target 'HashTreeCollections' in project 'swift-collections'
➜ Explicit dependency on target 'HeapModule' in project 'swift-collections'
➜ Explicit dependency on target 'OrderedCollections' in project 'swift-collections'
➜ Explicit dependency on target '_RopeModule' in project 'swift-collections'
Target '_RopeModule' in project 'swift-collections'
➜ Explicit dependency on target 'InternalCollectionsUtilities' in project 'swift-collections'
Target 'OrderedCollections' in project 'swift-collections'
➜ Explicit dependency on target 'InternalCollectionsUtilities' in project 'swift-collections'
Target 'HeapModule' in project 'swift-collections'
➜ Explicit dependency on target 'InternalCollectionsUtilities' in project 'swift-collections'
Target 'HashTreeCollections' in project 'swift-collections'
➜ Explicit dependency on target 'InternalCollectionsUtilities' in project 'swift-collections'
Target 'DequeModule' in project 'swift-collections'
➜ Explicit dependency on target 'InternalCollectionsUtilities' in project 'swift-collections'
➜ Explicit dependency on target 'SpanPreview' in project 'swift-collections'
Target 'SpanPreview' in project 'swift-collections'
➜ Explicit dependency on target 'InternalCollectionsUtilities' in project 'swift-collections'
Target 'BitCollections' in project 'swift-collections'
➜ Explicit dependency on target 'InternalCollectionsUtilities' in project 'swift-collections'
Target 'InternalCollectionsUtilities' in project 'swift-collections' (no dependencies)
Target 'Numerics-product' in project 'swift-numerics'
➜ Explicit dependency on target 'Numerics' in project 'swift-numerics'
➜ Explicit dependency on target '_NumericsShims' in project 'swift-numerics'
➜ Explicit dependency on target 'RealModule' in project 'swift-numerics'
➜ Explicit dependency on target 'ComplexModule' in project 'swift-numerics'
Target 'Numerics' in project 'swift-numerics'
➜ Explicit dependency on target '_NumericsShims' in project 'swift-numerics'
➜ Explicit dependency on target 'RealModule' in project 'swift-numerics'
➜ Explicit dependency on target 'ComplexModule' in project 'swift-numerics'
Target 'ComplexModule' in project 'swift-numerics'
➜ Explicit dependency on target '_NumericsShims' in project 'swift-numerics'
➜ Explicit dependency on target 'RealModule' in project 'swift-numerics'
Target 'RealModule' in project 'swift-numerics'
➜ Explicit dependency on target '_NumericsShims' in project 'swift-numerics'
Target '_NumericsShims' in project 'swift-numerics' (no dependencies)
Target 'SwiftExtensions-product' in project 'swift-extensions'
➜ Explicit dependency on target 'SwiftExtensions' in project 'swift-extensions'
➜ Explicit dependency on target 'SwiftDataParsing-product' in project 'swift-data-parsing'
Target 'SwiftExtensions' in project 'swift-extensions'
➜ Explicit dependency on target 'SwiftDataParsing-product' in project 'swift-data-parsing'
Target 'SwiftDataParsing-product' in project 'swift-data-parsing'
➜ Explicit dependency on target 'SwiftDataParsing' in project 'swift-data-parsing'
Target 'SwiftDataParsing' in project 'swift-data-parsing' (no dependencies)
Target 'SPFKBaseC' in project 'spfk-base' (no dependencies)
GatherProvisioningInputs
CreateBuildDescription
ClangStatCache /Applications/Xcode-27.0.0.app/Contents/Developer/Toolchains/XcodeDefault.xctoolchain/usr/bin/clang-stat-cache /Applications/Xcode-27.0.0.app/Contents/Developer/Platforms/XROS.platform/Developer/SDKs/XROS27.0.sdk /Users/admin/builder/spi-builder-workspace/.derivedData/SDKStatCaches.noindex/xros27.0-24M361-e829b21a6f8c9b70876ba0858053c04489c3c372b822c72ca60ec5271cbc7f3c.sdkstatcache
cd /Users/admin/builder/spi-builder-workspace/.swiftpm/xcode
/Applications/Xcode-27.0.0.app/Contents/Developer/Toolchains/XcodeDefault.xctoolchain/usr/bin/clang-stat-cache /Applications/Xcode-27.0.0.app/Contents/Developer/Platforms/XROS.platform/Developer/SDKs/XROS27.0.sdk -o /Users/admin/builder/spi-builder-workspace/.derivedData/SDKStatCaches.noindex/xros27.0-24M361-e829b21a6f8c9b70876ba0858053c04489c3c372b822c72ca60ec5271cbc7f3c.sdkstatcache
SwiftDriver SPFKAudioHardware normal arm64 com.apple.xcode.tools.swift.compiler (in target 'SPFKAudioHardware' from project 'spfk-audio-hardware')
cd /Users/admin/builder/spi-builder-workspace/.swiftpm/xcode
builtin-SwiftDriver -- /Applications/Xcode-27.0.0.app/Contents/Developer/Toolchains/XcodeDefault.xctoolchain/usr/bin/swiftc -parse-as-library -module-name SPFKAudioHardware -Onone @/Users/admin/builder/spi-builder-workspace/.derivedData/Build/Intermediates.noindex/spfk-audio-hardware.build/Debug-xros/SPFKAudioHardware-t.build/Objects-normal/arm64/SPFKAudioHardware.SwiftFileList -DSWIFT_PACKAGE -DDEBUG -DSWIFT_MODULE_RESOURCE_BUNDLE_UNAVAILABLE -Xcc -fmodule-map-file\=/Users/admin/builder/spi-builder-workspace/.dependencies/checkouts/swift-numerics/Sources/_NumericsShims/include/module.modulemap -Xcc -fmodule-map-file\=/Users/admin/builder/spi-builder-workspace/.derivedData/Build/Intermediates.noindex/GeneratedModuleMaps-xros/SPFKBaseC.modulemap -DXcode -plugin-path /Applications/Xcode-27.0.0.app/Contents/Developer/Toolchains/XcodeDefault.xctoolchain/usr/lib/swift/host/plugins/testing -enable-experimental-feature DebugDescriptionMacro -sdk /Applications/Xcode-27.0.0.app/Contents/Developer/Platforms/XROS.platform/Developer/SDKs/XROS27.0.sdk -target arm64-apple-xros1.0 -g -module-cache-path /Users/admin/builder/spi-builder-workspace/.derivedData/ModuleCache.noindex -Xfrontend -serialize-debugging-options -profile-coverage-mapping -profile-generate -enable-testing -index-store-path /Users/admin/builder/spi-builder-workspace/.derivedData/Index.noindex/DataStore -Xcc -D_LIBCPP_HARDENING_MODE\=_LIBCPP_HARDENING_MODE_DEBUG -swift-version 6 -I /Users/admin/builder/spi-builder-workspace/.derivedData/Build/Products/Debug-xros -Isystem /Applications/Xcode-27.0.0.app/Contents/Developer/Platforms/XROS.platform/Developer/usr/lib -F /Users/admin/builder/spi-builder-workspace/.derivedData/Build/Products/Debug-xros/PackageFrameworks -F /Users/admin/builder/spi-builder-workspace/.derivedData/Build/Products/Debug-xros -F /Applications/Xcode-27.0.0.app/Contents/Developer/Platforms/XROS.platform/Developer/Library/Frameworks -F /Applications/Xcode-27.0.0.app/Contents/Developer/Platforms/XROS.platform/Developer/SDKs/XROS27.0.sdk/Developer/Library/Frameworks -c -j10 -enable-batch-mode -incremental -Xcc -ivfsstatcache -Xcc /Users/admin/builder/spi-builder-workspace/.derivedData/SDKStatCaches.noindex/xros27.0-24M361-e829b21a6f8c9b70876ba0858053c04489c3c372b822c72ca60ec5271cbc7f3c.sdkstatcache -output-file-map /Users/admin/builder/spi-builder-workspace/.derivedData/Build/Intermediates.noindex/spfk-audio-hardware.build/Debug-xros/SPFKAudioHardware-t.build/Objects-normal/arm64/SPFKAudioHardware-OutputFileMap.json -save-temps -no-color-diagnostics -explicit-module-build -module-cache-path /Users/admin/builder/spi-builder-workspace/.derivedData/Build/Intermediates.noindex/SwiftExplicitPrecompiledModules -clang-scanner-module-cache-path /Users/admin/builder/spi-builder-workspace/.derivedData/ModuleCache.noindex -sdk-module-cache-path /Users/admin/builder/spi-builder-workspace/.derivedData/SDKExplicitPrecompiledModules -emit-dependencies -emit-module -emit-module-path /Users/admin/builder/spi-builder-workspace/.derivedData/Build/Intermediates.noindex/spfk-audio-hardware.build/Debug-xros/SPFKAudioHardware-t.build/Objects-normal/arm64/SPFKAudioHardware.swiftmodule -serialize-diagnostics -dependency-scan-serialize-diagnostics-path /Users/admin/builder/spi-builder-workspace/.derivedData/Build/Intermediates.noindex/spfk-audio-hardware.build/Debug-xros/SPFKAudioHardware-t.build/Objects-normal/arm64/SPFKAudioHardware-dependency-scan.dia -validate-clang-modules-once -clang-build-session-file /Users/admin/builder/spi-builder-workspace/.derivedData/ModuleCache.noindex/Session.modulevalidation -Xcc -fmodules-prune-interval\=86400 -Xcc -fmodules-prune-after\=345600 -package-name spi_builder_workspace -emit-const-values -const-gather-protocols-list /Users/admin/builder/spi-builder-workspace/.derivedData/Build/Intermediates.noindex/spfk-audio-hardware.build/Debug-xros/SPFKAudioHardware-t.build/Objects-normal/arm64/SPFKAudioHardware_const_extract_protocols.json -Xcc -I/Users/admin/builder/spi-builder-workspace/.dependencies/checkouts/swift-numerics/Sources/_NumericsShims/include -Xcc -I/Users/admin/builder/spi-builder-workspace/.dependencies/checkouts/spfk-base/Sources/SPFKBaseC/include -Xcc -I/Users/admin/builder/spi-builder-workspace/.derivedData/Build/Products/Debug-xros/include -Xcc -I/Users/admin/builder/spi-builder-workspace/.derivedData/Build/Intermediates.noindex/spfk-audio-hardware.build/Debug-xros/SPFKAudioHardware-t.build/DerivedSources-normal/arm64 -Xcc -I/Users/admin/builder/spi-builder-workspace/.derivedData/Build/Intermediates.noindex/spfk-audio-hardware.build/Debug-xros/SPFKAudioHardware-t.build/DerivedSources/arm64 -Xcc -I/Users/admin/builder/spi-builder-workspace/.derivedData/Build/Intermediates.noindex/spfk-audio-hardware.build/Debug-xros/SPFKAudioHardware-t.build/DerivedSources -Xcc -DSWIFT_PACKAGE -Xcc -DDEBUG\=1 -emit-objc-header -emit-objc-header-path /Users/admin/builder/spi-builder-workspace/.derivedData/Build/Intermediates.noindex/spfk-audio-hardware.build/Debug-xros/SPFKAudioHardware-t.build/Objects-normal/arm64/SPFKAudioHardware-Swift.h -working-directory /Users/admin/builder/spi-builder-workspace/.swiftpm/xcode -experimental-emit-module-separately -disable-cmo
error: Clang dependency scanning failure: (in target 'SPFKAudioHardware' from project 'spfk-audio-hardware')
/Users/admin/builder/spi-builder-workspace/Sources/SPFKAudioHardware/Public/Definitions/TransportType.swift:5:8: error: Unable to resolve module dependency: 'IOKit' (in target 'SPFKAudioHardware' from project 'spfk-audio-hardware')
note: A dependency of main module 'SPFKAudioHardware'
/Users/admin/builder/spi-builder-workspace/Sources/SPFKAudioHardware/Public/Definitions/TransportType.swift:5:8: note: A dependency of main module 'SPFKAudioHardware'
import IOKit.audio
^ (in target 'SPFKAudioHardware' from project 'spfk-audio-hardware')
ExtractAppIntentsMetadata (in target 'SPFKBase' from project 'spfk-base')
cd /Users/admin/builder/spi-builder-workspace/.dependencies/checkouts/spfk-base
/Applications/Xcode-27.0.0.app/Contents/Developer/Toolchains/XcodeDefault.xctoolchain/usr/bin/appintentsmetadataprocessor --toolchain-dir /var/run/com.apple.security.cryptexd/mnt/com.apple.MobileAsset.MetalToolchain-v27.1.266.1.G2z3Vr/Metal.xctoolchain --module-name SPFKBase --sdk-root /Applications/Xcode-27.0.0.app/Contents/Developer/Platforms/XROS.platform/Developer/SDKs/XROS27.0.sdk --xcode-version 27A266a --platform-family xrOS --deployment-target 1.0 --bundle-identifier spfk-base.SPFKBase --output /Users/admin/builder/spi-builder-workspace/.derivedData/Build/Products/Debug-xros/SPFKBase.appintents --target-triple arm64-apple-xros1.0 --binary-file /Users/admin/builder/spi-builder-workspace/.derivedData/Build/Products/Debug-xros/SPFKBase.o --dependency-file /Users/admin/builder/spi-builder-workspace/.derivedData/Build/Intermediates.noindex/spfk-base.build/Debug-xros/SPFKBase-t.build/Objects-normal/arm64/SPFKBase_dependency_info.dat --stringsdata-file /Users/admin/builder/spi-builder-workspace/.derivedData/Build/Intermediates.noindex/spfk-base.build/Debug-xros/SPFKBase-t.build/Objects-normal/arm64/ExtractedAppShortcutsMetadata.stringsdata --source-file-list /Users/admin/builder/spi-builder-workspace/.derivedData/Build/Intermediates.noindex/spfk-base.build/Debug-xros/SPFKBase-t.build/Objects-normal/arm64/SPFKBase.SwiftFileList --metadata-file-list /Users/admin/builder/spi-builder-workspace/.derivedData/Build/Intermediates.noindex/spfk-base.build/Debug-xros/SPFKBase-t.build/SPFKBase.DependencyMetadataFileList --static-metadata-file-list /Users/admin/builder/spi-builder-workspace/.derivedData/Build/Intermediates.noindex/spfk-base.build/Debug-xros/SPFKBase-t.build/SPFKBase.DependencyStaticMetadataFileList --swift-const-vals-list /Users/admin/builder/spi-builder-workspace/.derivedData/Build/Intermediates.noindex/spfk-base.build/Debug-xros/SPFKBase-t.build/Objects-normal/arm64/SPFKBase.SwiftConstValuesFileList --force --compile-time-extraction --deployment-aware-processing --no-app-shortcuts-localization
2026-10-05 06:29:19.938 appintentsmetadataprocessor[1405:7792] Starting appintentsmetadataprocessor export
2026-10-05 06:29:19.997 appintentsmetadataprocessor[1405:7792] Extracted no relevant App Intents symbols, skipping writing output
PruneExplicitPrecompiledModules /Users/admin/builder/spi-builder-workspace/.derivedData/Build/Intermediates.noindex/SwiftExplicitPrecompiledModules
PruneExplicitPrecompiledModules /Users/admin/builder/spi-builder-workspace/.derivedData/SDKExplicitPrecompiledModules
PruneExplicitPrecompiledModules /Users/admin/builder/spi-builder-workspace/.derivedData/Build/Intermediates.noindex/ExplicitPrecompiledModules
2026-10-05 06:29:18.529 xcodebuild[1402:7735] [MT] IDERunDestination: Supported platforms for the buildables in the current scheme is empty.
** BUILD FAILED **
The following build commands failed:
SwiftDriver SPFKAudioHardware normal arm64 com.apple.xcode.tools.swift.compiler (in target 'SPFKAudioHardware' from project 'spfk-audio-hardware')
Building workspace spfk-audio-hardware with scheme spfk-audio-hardware
(2 failures)
BUILD FAILURE 6.4 visionOS