Build Information
Failed to build XibKit, reference main (6bc875), with Swift 6.2 for Linux on 9 Sep 2026 15:55:38 UTC.
Build Command
bash -c docker run --pull=always --rm -v "checkouts-53886770-1":/host -w "$PWD" -e JAVA_HOME="/root/.sdkman/candidates/java/current" -e SPI_BUILD="1" -e SPI_PROCESSING="1" registry.gitlab.com/saguaro1/spi-images:basic-6.2-latest swift build --triple x86_64-unknown-linux-gnu 2>&1Build Log
========================================
RunAll
========================================
Builder version: 5.0.2
Interrupt handler set up.
========================================
Checkout
========================================
Clone URL: https://github.com/NikSativa/XibKit.git
Reference: main
Initialized empty Git repository in /host/spi-builder-workspace/.git/
hint: Using 'master' as the name for the initial branch. This default branch name
hint: is subject to change. To configure the initial branch name to use in all
hint: of your new repositories, which will suppress this warning, call:
hint:
hint: git config --global init.defaultBranch <name>
hint:
hint: Names commonly chosen instead of 'master' are 'main', 'trunk' and
hint: 'development'. The just-created branch can be renamed via this command:
hint:
hint: git branch -m <name>
From https://github.com/NikSativa/XibKit
* branch main -> FETCH_HEAD
* [new branch] main -> origin/main
HEAD is now at 6bc8756 Bump SpryKit to 3.2.4
Cloned https://github.com/NikSativa/XibKit.git
Revision (git rev-parse @):
6bc8756114b3e3c59fd79a74c6d44ddf4306c532
SPI manifest file found: $PWD/.spi.yml
SUCCESS checkout https://github.com/NikSativa/XibKit.git at main
========================================
Build
========================================
Selected platform: linux
Swift version: 6.2
Building package at path: $PWD
https://github.com/NikSativa/XibKit.git
Running build ...
bash -c docker run --pull=always --rm -v "checkouts-53886770-1":/host -w "$PWD" -e JAVA_HOME="/root/.sdkman/candidates/java/current" -e SPI_BUILD="1" -e SPI_PROCESSING="1" registry.gitlab.com/saguaro1/spi-images:basic-6.2-latest swift build --triple x86_64-unknown-linux-gnu 2>&1
basic-6.2-latest: Pulling from saguaro1/spi-images
Digest: sha256:4f3911e0f09a6ac47ac813ad3222aa373869118ee0ae384fd641a13da74b5e3f
Status: Image is up to date for registry.gitlab.com/saguaro1/spi-images:basic-6.2-latest
Fetching https://github.com/NikSativa/SpryKit.git
[1/1332] Fetching sprykit
Fetched https://github.com/NikSativa/SpryKit.git from cache (0.47s)
Computing version for https://github.com/NikSativa/SpryKit.git
Computed https://github.com/NikSativa/SpryKit.git at 3.2.4 (0.63s)
Fetching https://github.com/NikSativa/Threading.git
Fetching https://github.com/swiftlang/swift-syntax.git
Fetching https://github.com/mattgallagher/CwlPreconditionTesting.git
[1/1257] Fetching cwlpreconditiontesting
[1258/1800] Fetching cwlpreconditiontesting, threading
Fetched https://github.com/NikSativa/Threading.git from cache (0.44s)
Fetched https://github.com/mattgallagher/CwlPreconditionTesting.git from cache (0.44s)
[1/79667] Fetching swift-syntax
Fetched https://github.com/swiftlang/swift-syntax.git from cache (3.56s)
Computing version for https://github.com/swiftlang/swift-syntax.git
Computed https://github.com/swiftlang/swift-syntax.git at 600.0.1 (4.52s)
Computing version for https://github.com/mattgallagher/CwlPreconditionTesting.git
Computed https://github.com/mattgallagher/CwlPreconditionTesting.git at 2.2.2 (0.17s)
Fetching https://github.com/mattgallagher/CwlCatchException.git
[1/460] Fetching cwlcatchexception
Fetched https://github.com/mattgallagher/CwlCatchException.git from cache (0.36s)
Computing version for https://github.com/NikSativa/Threading.git
Computed https://github.com/NikSativa/Threading.git at 2.3.4 (0.51s)
Computing version for https://github.com/mattgallagher/CwlCatchException.git
Computed https://github.com/mattgallagher/CwlCatchException.git at 2.2.1 (0.16s)
Creating working copy for https://github.com/NikSativa/SpryKit.git
Working copy of https://github.com/NikSativa/SpryKit.git resolved at 3.2.4
Creating working copy for https://github.com/mattgallagher/CwlPreconditionTesting.git
Working copy of https://github.com/mattgallagher/CwlPreconditionTesting.git resolved at 2.2.2
Creating working copy for https://github.com/NikSativa/Threading.git
Working copy of https://github.com/NikSativa/Threading.git resolved at 2.3.4
Creating working copy for https://github.com/swiftlang/swift-syntax.git
Working copy of https://github.com/swiftlang/swift-syntax.git resolved at 600.0.1
Creating working copy for https://github.com/mattgallagher/CwlCatchException.git
Working copy of https://github.com/mattgallagher/CwlCatchException.git resolved at 2.2.1
Downloading package prebuilt https://download.swift.org/prebuilts/swift-syntax/600.0.1/swift-6.2.4-RELEASE-MacroSupport-ubuntu_jammy_x86_64.tar.gz
Downloaded https://download.swift.org/prebuilts/swift-syntax/600.0.1/swift-6.2.4-RELEASE-MacroSupport-ubuntu_jammy_x86_64.tar.gz (0.18s)
Building for debugging...
[0/3] Write sources
[1/3] Copying PrivacyInfo.xcprivacy
[2/3] Write swift-version-24593BA9C3E375BF.txt
[4/12] Compiling XibKit NView.swift
/host/spi-builder-workspace/Source/NCollectionReusableView.swift:1:8: error: no such module 'UIKit'
1 | import UIKit
| `- error: no such module 'UIKit'
2 |
3 | @MainActor
[5/12] Compiling XibKit NViewController.swift
/host/spi-builder-workspace/Source/NCollectionReusableView.swift:1:8: error: no such module 'UIKit'
1 | import UIKit
| `- error: no such module 'UIKit'
2 |
3 | @MainActor
[6/13] Compiling XibKit NTableViewCell.swift
/host/spi-builder-workspace/Source/NCollectionReusableView.swift:1:8: error: no such module 'UIKit'
1 | import UIKit
| `- error: no such module 'UIKit'
2 |
3 | @MainActor
[7/13] Compiling XibKit NTableViewHeaderFooterView.swift
/host/spi-builder-workspace/Source/NCollectionReusableView.swift:1:8: error: no such module 'UIKit'
1 | import UIKit
| `- error: no such module 'UIKit'
2 |
3 | @MainActor
[8/13] Compiling XibKit NCollectionReusableView.swift
/host/spi-builder-workspace/Source/NCollectionReusableView.swift:1:8: error: no such module 'UIKit'
1 | import UIKit
| `- error: no such module 'UIKit'
2 |
3 | @MainActor
[9/13] Compiling XibKit NCollectionViewCell.swift
/host/spi-builder-workspace/Source/NCollectionReusableView.swift:1:8: error: no such module 'UIKit'
1 | import UIKit
| `- error: no such module 'UIKit'
2 |
3 | @MainActor
error: emit-module command failed with exit code 1 (use -v to see invocation)
[10/13] Emitting module XibKit
/host/spi-builder-workspace/Source/NCollectionReusableView.swift:1:8: error: no such module 'UIKit'
1 | import UIKit
| `- error: no such module 'UIKit'
2 |
3 | @MainActor
[11/13] Compiling XibKit XibView.swift
/host/spi-builder-workspace/Source/NCollectionReusableView.swift:1:8: error: no such module 'UIKit'
1 | import UIKit
| `- error: no such module 'UIKit'
2 |
3 | @MainActor
[12/13] Compiling XibKit syncMain.swift
/host/spi-builder-workspace/Source/NCollectionReusableView.swift:1:8: error: no such module 'UIKit'
1 | import UIKit
| `- error: no such module 'UIKit'
2 |
3 | @MainActor
[13/13] Compiling XibKit resource_bundle_accessor.swift
/host/spi-builder-workspace/Source/NCollectionReusableView.swift:1:8: error: no such module 'UIKit'
1 | import UIKit
| `- error: no such module 'UIKit'
2 |
3 | @MainActor
BUILD FAILURE 6.2 linux