The Swift Package Index logo.Swift Package Index

Build Information

Failed to build DLCoreGraphics, reference master (d0c75e), with Swift 6.4 for Linux on 17 Sep 2026 14:24:34 UTC.

Build Command

bash -c docker run --pull=always --rm -v "checkouts-54344847-0":/host -w "$PWD" -e JAVA_HOME="/root/.sdkman/candidates/java/current" -e SPI_BUILD="1" -e SPI_PROCESSING="1" registry.gitlab.com/saguaro1/spi-images:basic-6.4-latest swift build --triple x86_64-unknown-linux-gnu 2>&1

Build Log

========================================
RunAll
========================================
Builder version: 5.1.0
Interrupt handler set up.
========================================
Checkout
========================================
Clone URL: https://github.com/david-livadaru/DLCoreGraphics.git
Reference: master
Initialized empty Git repository in /host/spi-builder-workspace/.git/
hint: Using 'master' as the name for the initial branch. This default branch name
hint: is subject to change. To configure the initial branch name to use in all
hint: of your new repositories, which will suppress this warning, call:
hint:
hint: 	git config --global init.defaultBranch <name>
hint:
hint: Names commonly chosen instead of 'master' are 'main', 'trunk' and
hint: 'development'. The just-created branch can be renamed via this command:
hint:
hint: 	git branch -m <name>
From https://github.com/david-livadaru/DLCoreGraphics
 * branch            master     -> FETCH_HEAD
 * [new branch]      master     -> origin/master
HEAD is now at d0c75ea develop
Cloned https://github.com/david-livadaru/DLCoreGraphics.git
Revision (git rev-parse @):
d0c75ea6464155b1cc6e08c84050065588edb18d
SUCCESS checkout https://github.com/david-livadaru/DLCoreGraphics.git at master
========================================
Build
========================================
Selected platform:         linux
Swift version:             6.4
Building package at path:  $PWD
https://github.com/david-livadaru/DLCoreGraphics.git
Running build ...
bash -c docker run --pull=always --rm -v "checkouts-54344847-0":/host -w "$PWD" -e JAVA_HOME="/root/.sdkman/candidates/java/current" -e SPI_BUILD="1" -e SPI_PROCESSING="1" registry.gitlab.com/saguaro1/spi-images:basic-6.4-latest swift build --triple x86_64-unknown-linux-gnu 2>&1
basic-6.4-latest: Pulling from saguaro1/spi-images
Digest: sha256:c77fcce225e223ac0fafed844619173fc6de8d62dd560eeb28db3182af6a282b
Status: Image is up to date for registry.gitlab.com/saguaro1/spi-images:basic-6.4-latest
Fetching https://github.com/davidlivadaru/DLAngle.git
[1/790] Fetching dlangle
Fetched https://github.com/davidlivadaru/DLAngle.git (0.50s)
Computing version for https://github.com/davidlivadaru/DLAngle.git
Computed https://github.com/davidlivadaru/DLAngle.git at 1.0.1 (0.70s)
Fetching https://github.com/davidlivadaru/DLInterval.git
[1/403] Fetching dlinterval
Fetched https://github.com/davidlivadaru/DLInterval.git (0.48s)
Computing version for https://github.com/davidlivadaru/DLInterval.git
Computed https://github.com/davidlivadaru/DLInterval.git at 1.3.0 (0.66s)
Creating working copy for https://github.com/davidlivadaru/DLAngle.git
Working copy of https://github.com/davidlivadaru/DLAngle.git resolved at 1.0.1
Creating working copy for https://github.com/davidlivadaru/DLInterval.git
Working copy of https://github.com/davidlivadaru/DLInterval.git resolved at 1.3.0
Building for debugging...
[Pre-planning 1 / 126]
[40 / 62] DLInterval
[52 / 72] DLAngle
[53 / 72] DLAngle
[70 / 83] DLCoreGraphics
error: SwiftCompile normal x86_64 /host/spi-builder-workspace/Sources/DLCoreGraphics/Extensions/CoreGraphics/CGPoint/CGPoint+InversibleExtension.swift failed with a nonzero exit code. Command line:     cd /host
    builtin-SwiftPerFileCompile CGPoint+InversibleExtension.swift
error: SwiftCompile normal x86_64 /host/spi-builder-workspace/Sources/DLCoreGraphics/Extensions/CoreGraphics/CGPoint/CGPoint+RoundExtension.swift failed with a nonzero exit code. Command line:     cd /host
    builtin-SwiftPerFileCompile CGPoint+RoundExtension.swift
error: SwiftCompile normal x86_64 /host/spi-builder-workspace/Sources/DLCoreGraphics/Extensions/CoreGraphics/CGPoint/CGPoint+ScaleExtension.swift failed with a nonzero exit code. Command line:     cd /host
    builtin-SwiftPerFileCompile CGPoint+ScaleExtension.swift
error: SwiftCompile normal x86_64 /host/spi-builder-workspace/Sources/DLCoreGraphics/Extensions/CoreGraphics/CGPoint/CGPoint+TranslateExtension.swift failed with a nonzero exit code. Command line:     cd /host
    builtin-SwiftPerFileCompile CGPoint+TranslateExtension.swift
/host/spi-builder-workspace/Sources/DLCoreGraphics/Extensions/CoreGraphics/CGVector/CGVector+InversibleExtension.swift:11:56: error: cannot find type 'CGVector' in scope
 9 |
10 | extension CGVector: Inversible {
11 |     prefix public static func - (_ value: CGVector) -> CGVector {
   |                                                        `- error: cannot find type 'CGVector' in scope
12 |         return CGVector(dx: -value.dx, dy: -value.dy)
13 |     }
/host/spi-builder-workspace/Sources/DLCoreGraphics/Extensions/CoreGraphics/CGVector/CGVector+InversibleExtension.swift:11:43: error: cannot find type 'CGVector' in scope
 9 |
10 | extension CGVector: Inversible {
11 |     prefix public static func - (_ value: CGVector) -> CGVector {
   |                                           `- error: cannot find type 'CGVector' in scope
12 |         return CGVector(dx: -value.dx, dy: -value.dy)
13 |     }
/host/spi-builder-workspace/Sources/DLCoreGraphics/Extensions/Geometry/Translatable2D+OperatorsExtension.swift:35:40: error: cannot find type 'CGVector' in scope
33 |     }
34 |
35 |     static func - (_ lhs: Self, _ rhs: CGVector) -> Self {
   |                                        `- error: cannot find type 'CGVector' in scope
36 |         return lhs + (-rhs)
37 |     }
/host/spi-builder-workspace/Sources/DLCoreGraphics/Extensions/CoreGraphics/CGPoint/CGPoint+RoundExtension.swift:12:13: error: cannot find 'Darwin' in scope
10 | extension CGPoint: Roundable {
11 |     mutating public func round() {
12 |         x = Darwin.round(x)
   |             `- error: cannot find 'Darwin' in scope
13 |         y = Darwin.round(y)
14 |     }
/host/spi-builder-workspace/Sources/DLCoreGraphics/Extensions/CoreGraphics/CGPoint/CGPoint+RoundExtension.swift:13:13: error: cannot find 'Darwin' in scope
11 |     mutating public func round() {
12 |         x = Darwin.round(x)
13 |         y = Darwin.round(y)
   |             `- error: cannot find 'Darwin' in scope
14 |     }
15 |
/host/spi-builder-workspace/Sources/DLCoreGraphics/Extensions/CoreGraphics/CGPoint/CGPoint+RoundExtension.swift:17:27: error: cannot find 'Darwin' in scope
15 |
16 |     public func rounded() -> CGPoint {
17 |         return CGPoint(x: Darwin.round(x), y: Darwin.round(y))
   |                           `- error: cannot find 'Darwin' in scope
18 |     }
19 |
/host/spi-builder-workspace/Sources/DLCoreGraphics/Extensions/CoreGraphics/CGPoint/CGPoint+RoundExtension.swift:17:47: error: cannot find 'Darwin' in scope
15 |
16 |     public func rounded() -> CGPoint {
17 |         return CGPoint(x: Darwin.round(x), y: Darwin.round(y))
   |                                               `- error: cannot find 'Darwin' in scope
18 |     }
19 |
/host/spi-builder-workspace/Sources/DLCoreGraphics/Extensions/CoreGraphics/CGPoint/CGPoint+RoundExtension.swift:21:13: error: cannot find 'Darwin' in scope
19 |
20 |     mutating public func ceil() {
21 |         x = Darwin.ceil(x)
   |             `- error: cannot find 'Darwin' in scope
22 |         y = Darwin.ceil(y)
23 |     }
/host/spi-builder-workspace/Sources/DLCoreGraphics/Extensions/CoreGraphics/CGPoint/CGPoint+RoundExtension.swift:22:13: error: cannot find 'Darwin' in scope
20 |     mutating public func ceil() {
21 |         x = Darwin.ceil(x)
22 |         y = Darwin.ceil(y)
   |             `- error: cannot find 'Darwin' in scope
23 |     }
24 |
/host/spi-builder-workspace/Sources/DLCoreGraphics/Extensions/CoreGraphics/CGPoint/CGPoint+RoundExtension.swift:26:27: error: cannot find 'Darwin' in scope
24 |
25 |     public func ceiling() -> CGPoint {
26 |         return CGPoint(x: Darwin.ceil(x), y: Darwin.ceil(y))
   |                           `- error: cannot find 'Darwin' in scope
27 |     }
28 |
/host/spi-builder-workspace/Sources/DLCoreGraphics/Extensions/CoreGraphics/CGPoint/CGPoint+RoundExtension.swift:26:46: error: cannot find 'Darwin' in scope
24 |
25 |     public func ceiling() -> CGPoint {
26 |         return CGPoint(x: Darwin.ceil(x), y: Darwin.ceil(y))
   |                                              `- error: cannot find 'Darwin' in scope
27 |     }
28 |
/host/spi-builder-workspace/Sources/DLCoreGraphics/Extensions/CoreGraphics/CGPoint/CGPoint+RoundExtension.swift:30:13: error: cannot find 'Darwin' in scope
28 |
29 |     mutating public func floor() {
30 |         x = Darwin.floor(x)
   |             `- error: cannot find 'Darwin' in scope
31 |         y = Darwin.floor(y)
32 |     }
/host/spi-builder-workspace/Sources/DLCoreGraphics/Extensions/CoreGraphics/CGPoint/CGPoint+RoundExtension.swift:31:13: error: cannot find 'Darwin' in scope
29 |     mutating public func floor() {
30 |         x = Darwin.floor(x)
31 |         y = Darwin.floor(y)
   |             `- error: cannot find 'Darwin' in scope
32 |     }
33 |
/host/spi-builder-workspace/Sources/DLCoreGraphics/Extensions/CoreGraphics/CGPoint/CGPoint+RoundExtension.swift:35:27: error: cannot find 'Darwin' in scope
33 |
34 |     public func flooring() -> CGPoint {
35 |         return CGPoint(x: Darwin.floor(x), y: Darwin.floor(y))
   |                           `- error: cannot find 'Darwin' in scope
36 |     }
37 | }
/host/spi-builder-workspace/Sources/DLCoreGraphics/Extensions/CoreGraphics/CGPoint/CGPoint+RoundExtension.swift:35:47: error: cannot find 'Darwin' in scope
33 |
34 |     public func flooring() -> CGPoint {
35 |         return CGPoint(x: Darwin.floor(x), y: Darwin.floor(y))
   |                                               `- error: cannot find 'Darwin' in scope
36 |     }
37 | }
/host/spi-builder-workspace/Sources/DLCoreGraphics/Extensions/CoreGraphics/CGPoint/CGPoint+ScaleExtension.swift:13:16: error: cannot find 'applying' in scope
11 |     // swiftlint:disable:next identifier_name
12 |     public mutating func scale(byX x: CGFloat, y: CGFloat) {
13 |         self = applying(CGAffineTransform(scaleX: x, y: y))
   |                `- error: cannot find 'applying' in scope
14 |     }
15 |
/host/spi-builder-workspace/Sources/DLCoreGraphics/Extensions/CoreGraphics/CGPoint/CGPoint+ScaleExtension.swift:13:25: error: cannot find 'CGAffineTransform' in scope
11 |     // swiftlint:disable:next identifier_name
12 |     public mutating func scale(byX x: CGFloat, y: CGFloat) {
13 |         self = applying(CGAffineTransform(scaleX: x, y: y))
   |                         `- error: cannot find 'CGAffineTransform' in scope
14 |     }
15 |
/host/spi-builder-workspace/Sources/DLCoreGraphics/Extensions/CoreGraphics/CGPoint/CGPoint+ScaleExtension.swift:18:16: error: cannot find 'applying' in scope
16 |     // swiftlint:disable:next identifier_name
17 |     public func scaled(byX x: CGFloat, y: CGFloat) -> CGPoint {
18 |         return applying(CGAffineTransform(scaleX: x, y: y))
   |                `- error: cannot find 'applying' in scope
19 |     }
20 | }
/host/spi-builder-workspace/Sources/DLCoreGraphics/Extensions/CoreGraphics/CGPoint/CGPoint+ScaleExtension.swift:18:25: error: cannot find 'CGAffineTransform' in scope
16 |     // swiftlint:disable:next identifier_name
17 |     public func scaled(byX x: CGFloat, y: CGFloat) -> CGPoint {
18 |         return applying(CGAffineTransform(scaleX: x, y: y))
   |                         `- error: cannot find 'CGAffineTransform' in scope
19 |     }
20 | }
/host/spi-builder-workspace/Sources/DLCoreGraphics/Extensions/CoreGraphics/CGPoint/CGPoint+TranslateExtension.swift:13:16: error: cannot find 'applying' in scope
11 |     // swiftlint:disable:next identifier_name
12 |     mutating public func translate(byX x: CGFloat, y: CGFloat) {
13 |         self = applying(CGAffineTransform(translationX: x, y: y))
   |                `- error: cannot find 'applying' in scope
14 |     }
15 |
/host/spi-builder-workspace/Sources/DLCoreGraphics/Extensions/CoreGraphics/CGPoint/CGPoint+TranslateExtension.swift:13:25: error: cannot find 'CGAffineTransform' in scope
11 |     // swiftlint:disable:next identifier_name
12 |     mutating public func translate(byX x: CGFloat, y: CGFloat) {
13 |         self = applying(CGAffineTransform(translationX: x, y: y))
   |                         `- error: cannot find 'CGAffineTransform' in scope
14 |     }
15 |
/host/spi-builder-workspace/Sources/DLCoreGraphics/Extensions/CoreGraphics/CGPoint/CGPoint+TranslateExtension.swift:18:16: error: cannot find 'applying' in scope
16 |     // swiftlint:disable:next identifier_name
17 |     public func translated(byX x: CGFloat, y: CGFloat) -> CGPoint {
18 |         return applying(CGAffineTransform(translationX: x, y: y))
   |                `- error: cannot find 'applying' in scope
19 |     }
20 | }
/host/spi-builder-workspace/Sources/DLCoreGraphics/Extensions/CoreGraphics/CGPoint/CGPoint+TranslateExtension.swift:18:25: error: cannot find 'CGAffineTransform' in scope
16 |     // swiftlint:disable:next identifier_name
17 |     public func translated(byX x: CGFloat, y: CGFloat) -> CGPoint {
18 |         return applying(CGAffineTransform(translationX: x, y: y))
   |                         `- error: cannot find 'CGAffineTransform' in scope
19 |     }
20 | }
Failed frontend command:
/usr/bin/swift-frontend -frontend -c -primary-file /host/spi-builder-workspace/Sources/DLCoreGraphics/Extensions/CoreGraphics/CGPoint/CGPoint+AbsoluteValueExtension.swift -primary-file /host/spi-builder-workspace/Sources/DLCoreGraphics/Extensions/CoreGraphics/CGPoint/CGPoint+InversibleExtension.swift -primary-file /host/spi-builder-workspace/Sources/DLCoreGraphics/Extensions/CoreGraphics/CGPoint/CGPoint+RoundExtension.swift -primary-file /host/spi-builder-workspace/Sources/DLCoreGraphics/Extensions/CoreGraphics/CGPoint/CGPoint+ScaleExtension.swift -primary-file /host/spi-builder-workspace/Sources/DLCoreGraphics/Extensions/CoreGraphics/CGPoint/CGPoint+TranslateExtension.swift /host/spi-builder-workspace/Sources/DLCoreGraphics/Extensions/CoreGraphics/CGRect/CGRect+AbsoluteValueExtension.swift /host/spi-builder-workspace/Sources/DLCoreGraphics/Extensions/CoreGraphics/CGRect/CGRect+RoundExtension.swift /host/spi-builder-workspace/Sources/DLCoreGraphics/Extensions/CoreGraphics/CGRect/CGRect+ScaleExtension.swift /host/spi-builder-workspace/Sources/DLCoreGraphics/Extensions/CoreGraphics/CGRect/CGRect+TranslateExtension.swift /host/spi-builder-workspace/Sources/DLCoreGraphics/Extensions/CoreGraphics/CGRect/CGRectExtension.swift /host/spi-builder-workspace/Sources/DLCoreGraphics/Extensions/CoreGraphics/CGSize/CGSize+AbsoluteValueExtension.swift /host/spi-builder-workspace/Sources/DLCoreGraphics/Extensions/CoreGraphics/CGSize/CGSize+OperatorsExtension.swift /host/spi-builder-workspace/Sources/DLCoreGraphics/Extensions/CoreGraphics/CGSize/CGSize+RoundExtension.swift /host/spi-builder-workspace/Sources/DLCoreGraphics/Extensions/CoreGraphics/CGSize/CGSize+ScaleExtension.swift /host/spi-builder-workspace/Sources/DLCoreGraphics/Extensions/CoreGraphics/CGVector/CGVector+AbsoluteValueExtension.swift /host/spi-builder-workspace/Sources/DLCoreGraphics/Extensions/CoreGraphics/CGVector/CGVector+CompareExtension.swift /host/spi-builder-workspace/Sources/DLCoreGraphics/Extensions/CoreGraphics/CGVector/CGVector+InversibleExtension.swift /host/spi-builder-workspace/Sources/DLCoreGraphics/Extensions/CoreGraphics/CGVector/CGVector+RoundExtension.swift /host/spi-builder-workspace/Sources/DLCoreGraphics/Extensions/CoreGraphics/CGVector/CGVector+ScaleExtension.swift /host/spi-builder-workspace/Sources/DLCoreGraphics/Extensions/CoreGraphics/CGVector/CGVectorExtension.swift /host/spi-builder-workspace/Sources/DLCoreGraphics/Extensions/Geometry/AbsoluteValueApplicable+FoundationExtension.swift /host/spi-builder-workspace/Sources/DLCoreGraphics/Extensions/Geometry/Roundable+FoundationExtension.swift /host/spi-builder-workspace/Sources/DLCoreGraphics/Extensions/Geometry/Roundable+UIScreenExtension.swift /host/spi-builder-workspace/Sources/DLCoreGraphics/Extensions/Geometry/Scalable2D+OperatorsExtension.swift /host/spi-builder-workspace/Sources/DLCoreGraphics/Extensions/Geometry/Translatable2D+CGVectorExtension.swift /host/spi-builder-workspace/Sources/DLCoreGraphics/Extensions/Geometry/Translatable2D+OperatorsExtension.swift /host/spi-builder-workspace/Sources/DLCoreGraphics/Extensions/UIKit/UIEdgeInsets+InversibleExtension.swift /host/spi-builder-workspace/Sources/DLCoreGraphics/Extensions/UIKit/UIEdgeInsetsExtension.swift /host/spi-builder-workspace/Sources/DLCoreGraphics/Geometry/AbsoluteValueApplicable.swift /host/spi-builder-workspace/Sources/DLCoreGraphics/Geometry/Inversible.swift /host/spi-builder-workspace/Sources/DLCoreGraphics/Geometry/Roundable.swift /host/spi-builder-workspace/Sources/DLCoreGraphics/Geometry/Scalable2D.swift /host/spi-builder-workspace/Sources/DLCoreGraphics/Geometry/Segment.swift /host/spi-builder-workspace/Sources/DLCoreGraphics/Geometry/Transformable2D.swift /host/spi-builder-workspace/Sources/DLCoreGraphics/Geometry/Translatable2D.swift -supplementary-output-file-map /host/spi-builder-workspace/.build/out/Intermediates.noindex/DLCoreGraphics.build/Debug-linux-x86_64/DLCoreGraphics-t.build/Objects-normal/x86_64/supplementaryOutputs-9 -target x86_64-unknown-linux-gnu -disable-objc-interop -I /host/spi-builder-workspace/.build/out/Products/Debug-linux-x86_64 -module-cache-path /host/spi-builder-workspace/.build/out/ModuleCache.noindex -color-diagnostics -Xcc -fcolor-diagnostics -enable-testing -g -debug-info-format\=dwarf -dwarf-version\=4 -swift-version 4 -Onone -D SWIFT_PACKAGE -D DEBUG -D SWIFT_MODULE_RESOURCE_BUNDLE_UNAVAILABLE -D Xcode -serialize-debugging-options -enable-experimental-feature DebugDescriptionMacro -empty-abi-descriptor -external-plugin-path /usr/lib/swift/host/plugins/testing\#/usr/bin/swift-plugin-server -validate-clang-modules-once -clang-build-session-file /host/spi-builder-workspace/.build/out/ModuleCache.noindex/Session.modulevalidation -Xcc -working-directory -Xcc /host -enable-anonymous-context-mangled-names -file-compilation-dir /host -Xcc -fno-omit-frame-pointer -Xcc -D_LIBCPP_HARDENING_MODE\=_LIBCPP_HARDENING_MODE_DEBUG -Xcc -fmodules-prune-interval\=86400 -Xcc -fmodules-prune-after\=345600 -Xcc -I/host/spi-builder-workspace/.build/out/Products/Debug-linux-x86_64/include -Xcc -I/host/spi-builder-workspace/.build/out/Intermediates.noindex/DLCoreGraphics.build/Debug-linux-x86_64/DLCoreGraphics-t.build/DerivedSources-normal/x86_64 -Xcc -I/host/spi-builder-workspace/.build/out/Intermediates.noindex/DLCoreGraphics.build/Debug-linux-x86_64/DLCoreGraphics-t.build/DerivedSources/x86_64 -Xcc -I/host/spi-builder-workspace/.build/out/Intermediates.noindex/DLCoreGraphics.build/Debug-linux-x86_64/DLCoreGraphics-t.build/DerivedSources -Xcc -DSWIFT_PACKAGE -Xcc -DDEBUG\=1 -no-auto-bridging-header-chaining -module-name DLCoreGraphics -const-gather-protocols-file /host/spi-builder-workspace/.build/out/Intermediates.noindex/DLCoreGraphics.build/Debug-linux-x86_64/DLCoreGraphics-t.build/Objects-normal/x86_64/DLCoreGraphics_const_extract_protocols.json -in-process-plugin-server-path /usr/lib/swift/host/libSwiftInProcPluginServer.so -plugin-path /usr/lib/swift/host/plugins -plugin-path /usr/local/lib/swift/host/plugins -parse-as-library -o /host/spi-builder-workspace/.build/out/Intermediates.noindex/DLCoreGraphics.build/Debug-linux-x86_64/DLCoreGraphics-t.build/Objects-normal/x86_64/CGPoint+AbsoluteValueExtension.o -o /host/spi-builder-workspace/.build/out/Intermediates.noindex/DLCoreGraphics.build/Debug-linux-x86_64/DLCoreGraphics-t.build/Objects-normal/x86_64/CGPoint+InversibleExtension.o -o /host/spi-builder-workspace/.build/out/Intermediates.noindex/DLCoreGraphics.build/Debug-linux-x86_64/DLCoreGraphics-t.build/Objects-normal/x86_64/CGPoint+RoundExtension.o -o /host/spi-builder-workspace/.build/out/Intermediates.noindex/DLCoreGraphics.build/Debug-linux-x86_64/DLCoreGraphics-t.build/Objects-normal/x86_64/CGPoint+ScaleExtension.o -o /host/spi-builder-workspace/.build/out/Intermediates.noindex/DLCoreGraphics.build/Debug-linux-x86_64/DLCoreGraphics-t.build/Objects-normal/x86_64/CGPoint+TranslateExtension.o -index-unit-output-path /DLCoreGraphics.build/Debug-linux-x86_64/DLCoreGraphics-t.build/Objects-normal/x86_64/CGPoint+AbsoluteValueExtension.o -index-unit-output-path /DLCoreGraphics.build/Debug-linux-x86_64/DLCoreGraphics-t.build/Objects-normal/x86_64/CGPoint+InversibleExtension.o -index-unit-output-path /DLCoreGraphics.build/Debug-linux-x86_64/DLCoreGraphics-t.build/Objects-normal/x86_64/CGPoint+RoundExtension.o -index-unit-output-path /DLCoreGraphics.build/Debug-linux-x86_64/DLCoreGraphics-t.build/Objects-normal/x86_64/CGPoint+ScaleExtension.o -index-unit-output-path /DLCoreGraphics.build/Debug-linux-x86_64/DLCoreGraphics-t.build/Objects-normal/x86_64/CGPoint+TranslateExtension.o -index-store-path /host/spi-builder-workspace/.build/out -index-system-modules
error: SwiftCompile normal x86_64 /host/spi-builder-workspace/Sources/DLCoreGraphics/Extensions/CoreGraphics/CGRect/CGRect+ScaleExtension.swift failed with a nonzero exit code. Command line:     cd /host
    builtin-SwiftPerFileCompile CGRect+ScaleExtension.swift
error: SwiftCompile normal x86_64 /host/spi-builder-workspace/Sources/DLCoreGraphics/Extensions/CoreGraphics/CGRect/CGRect+TranslateExtension.swift failed with a nonzero exit code. Command line:     cd /host
    builtin-SwiftPerFileCompile CGRect+TranslateExtension.swift
/host/spi-builder-workspace/Sources/DLCoreGraphics/Extensions/CoreGraphics/CGRect/CGRect+ScaleExtension.swift:13:16: error: cannot find 'applying' in scope
11 |     // swiftlint:disable:next identifier_name
12 |     mutating public func scale(byX x: CGFloat, y: CGFloat) {
13 |         self = applying(CGAffineTransform(scaleX: x, y: y))
   |                `- error: cannot find 'applying' in scope
14 |     }
15 |
/host/spi-builder-workspace/Sources/DLCoreGraphics/Extensions/CoreGraphics/CGRect/CGRect+ScaleExtension.swift:13:25: error: cannot find 'CGAffineTransform' in scope
11 |     // swiftlint:disable:next identifier_name
12 |     mutating public func scale(byX x: CGFloat, y: CGFloat) {
13 |         self = applying(CGAffineTransform(scaleX: x, y: y))
   |                         `- error: cannot find 'CGAffineTransform' in scope
14 |     }
15 |
/host/spi-builder-workspace/Sources/DLCoreGraphics/Extensions/CoreGraphics/CGRect/CGRect+ScaleExtension.swift:18:16: error: cannot find 'applying' in scope
16 |     // swiftlint:disable:next identifier_name
17 |     public func scaled(byX x: CGFloat, y: CGFloat) -> CGRect {
18 |         return applying(CGAffineTransform(scaleX: x, y: y))
   |                `- error: cannot find 'applying' in scope
19 |     }
20 | }
/host/spi-builder-workspace/Sources/DLCoreGraphics/Extensions/CoreGraphics/CGRect/CGRect+ScaleExtension.swift:18:25: error: cannot find 'CGAffineTransform' in scope
16 |     // swiftlint:disable:next identifier_name
17 |     public func scaled(byX x: CGFloat, y: CGFloat) -> CGRect {
18 |         return applying(CGAffineTransform(scaleX: x, y: y))
   |                         `- error: cannot find 'CGAffineTransform' in scope
19 |     }
20 | }
/host/spi-builder-workspace/Sources/DLCoreGraphics/Extensions/CoreGraphics/CGRect/CGRect+TranslateExtension.swift:13:16: error: cannot find 'applying' in scope
11 |     // swiftlint:disable:next identifier_name
12 |     mutating public func translate(byX x: CGFloat, y: CGFloat) {
13 |         self = applying(CGAffineTransform(translationX: x, y: y))
   |                `- error: cannot find 'applying' in scope
14 |     }
15 |
/host/spi-builder-workspace/Sources/DLCoreGraphics/Extensions/CoreGraphics/CGRect/CGRect+TranslateExtension.swift:13:25: error: cannot find 'CGAffineTransform' in scope
11 |     // swiftlint:disable:next identifier_name
12 |     mutating public func translate(byX x: CGFloat, y: CGFloat) {
13 |         self = applying(CGAffineTransform(translationX: x, y: y))
   |                         `- error: cannot find 'CGAffineTransform' in scope
14 |     }
15 |
/host/spi-builder-workspace/Sources/DLCoreGraphics/Extensions/CoreGraphics/CGRect/CGRect+TranslateExtension.swift:18:16: error: cannot find 'applying' in scope
16 |     // swiftlint:disable:next identifier_name
17 |     public func translated(byX x: CGFloat, y: CGFloat) -> CGRect {
18 |         return applying(CGAffineTransform(translationX: x, y: y))
   |                `- error: cannot find 'applying' in scope
19 |     }
20 | }
/host/spi-builder-workspace/Sources/DLCoreGraphics/Extensions/CoreGraphics/CGRect/CGRect+TranslateExtension.swift:18:25: error: cannot find 'CGAffineTransform' in scope
16 |     // swiftlint:disable:next identifier_name
17 |     public func translated(byX x: CGFloat, y: CGFloat) -> CGRect {
18 |         return applying(CGAffineTransform(translationX: x, y: y))
   |                         `- error: cannot find 'CGAffineTransform' in scope
19 |     }
20 | }
Failed frontend command:
/usr/bin/swift-frontend -frontend -c /host/spi-builder-workspace/Sources/DLCoreGraphics/Extensions/CoreGraphics/CGPoint/CGPoint+AbsoluteValueExtension.swift /host/spi-builder-workspace/Sources/DLCoreGraphics/Extensions/CoreGraphics/CGPoint/CGPoint+InversibleExtension.swift /host/spi-builder-workspace/Sources/DLCoreGraphics/Extensions/CoreGraphics/CGPoint/CGPoint+RoundExtension.swift /host/spi-builder-workspace/Sources/DLCoreGraphics/Extensions/CoreGraphics/CGPoint/CGPoint+ScaleExtension.swift /host/spi-builder-workspace/Sources/DLCoreGraphics/Extensions/CoreGraphics/CGPoint/CGPoint+TranslateExtension.swift -primary-file /host/spi-builder-workspace/Sources/DLCoreGraphics/Extensions/CoreGraphics/CGRect/CGRect+AbsoluteValueExtension.swift -primary-file /host/spi-builder-workspace/Sources/DLCoreGraphics/Extensions/CoreGraphics/CGRect/CGRect+RoundExtension.swift -primary-file /host/spi-builder-workspace/Sources/DLCoreGraphics/Extensions/CoreGraphics/CGRect/CGRect+ScaleExtension.swift -primary-file /host/spi-builder-workspace/Sources/DLCoreGraphics/Extensions/CoreGraphics/CGRect/CGRect+TranslateExtension.swift -primary-file /host/spi-builder-workspace/Sources/DLCoreGraphics/Extensions/CoreGraphics/CGRect/CGRectExtension.swift /host/spi-builder-workspace/Sources/DLCoreGraphics/Extensions/CoreGraphics/CGSize/CGSize+AbsoluteValueExtension.swift /host/spi-builder-workspace/Sources/DLCoreGraphics/Extensions/CoreGraphics/CGSize/CGSize+OperatorsExtension.swift /host/spi-builder-workspace/Sources/DLCoreGraphics/Extensions/CoreGraphics/CGSize/CGSize+RoundExtension.swift /host/spi-builder-workspace/Sources/DLCoreGraphics/Extensions/CoreGraphics/CGSize/CGSize+ScaleExtension.swift /host/spi-builder-workspace/Sources/DLCoreGraphics/Extensions/CoreGraphics/CGVector/CGVector+AbsoluteValueExtension.swift /host/spi-builder-workspace/Sources/DLCoreGraphics/Extensions/CoreGraphics/CGVector/CGVector+CompareExtension.swift /host/spi-builder-workspace/Sources/DLCoreGraphics/Extensions/CoreGraphics/CGVector/CGVector+InversibleExtension.swift /host/spi-builder-workspace/Sources/DLCoreGraphics/Extensions/CoreGraphics/CGVector/CGVector+RoundExtension.swift /host/spi-builder-workspace/Sources/DLCoreGraphics/Extensions/CoreGraphics/CGVector/CGVector+ScaleExtension.swift /host/spi-builder-workspace/Sources/DLCoreGraphics/Extensions/CoreGraphics/CGVector/CGVectorExtension.swift /host/spi-builder-workspace/Sources/DLCoreGraphics/Extensions/Geometry/AbsoluteValueApplicable+FoundationExtension.swift /host/spi-builder-workspace/Sources/DLCoreGraphics/Extensions/Geometry/Roundable+FoundationExtension.swift /host/spi-builder-workspace/Sources/DLCoreGraphics/Extensions/Geometry/Roundable+UIScreenExtension.swift /host/spi-builder-workspace/Sources/DLCoreGraphics/Extensions/Geometry/Scalable2D+OperatorsExtension.swift /host/spi-builder-workspace/Sources/DLCoreGraphics/Extensions/Geometry/Translatable2D+CGVectorExtension.swift /host/spi-builder-workspace/Sources/DLCoreGraphics/Extensions/Geometry/Translatable2D+OperatorsExtension.swift /host/spi-builder-workspace/Sources/DLCoreGraphics/Extensions/UIKit/UIEdgeInsets+InversibleExtension.swift /host/spi-builder-workspace/Sources/DLCoreGraphics/Extensions/UIKit/UIEdgeInsetsExtension.swift /host/spi-builder-workspace/Sources/DLCoreGraphics/Geometry/AbsoluteValueApplicable.swift /host/spi-builder-workspace/Sources/DLCoreGraphics/Geometry/Inversible.swift /host/spi-builder-workspace/Sources/DLCoreGraphics/Geometry/Roundable.swift /host/spi-builder-workspace/Sources/DLCoreGraphics/Geometry/Scalable2D.swift /host/spi-builder-workspace/Sources/DLCoreGraphics/Geometry/Segment.swift /host/spi-builder-workspace/Sources/DLCoreGraphics/Geometry/Transformable2D.swift /host/spi-builder-workspace/Sources/DLCoreGraphics/Geometry/Translatable2D.swift -supplementary-output-file-map /host/spi-builder-workspace/.build/out/Intermediates.noindex/DLCoreGraphics.build/Debug-linux-x86_64/DLCoreGraphics-t.build/Objects-normal/x86_64/supplementaryOutputs-10 -target x86_64-unknown-linux-gnu -disable-objc-interop -I /host/spi-builder-workspace/.build/out/Products/Debug-linux-x86_64 -module-cache-path /host/spi-builder-workspace/.build/out/ModuleCache.noindex -color-diagnostics -Xcc -fcolor-diagnostics -enable-testing -g -debug-info-format\=dwarf -dwarf-version\=4 -swift-version 4 -Onone -D SWIFT_PACKAGE -D DEBUG -D SWIFT_MODULE_RESOURCE_BUNDLE_UNAVAILABLE -D Xcode -serialize-debugging-options -enable-experimental-feature DebugDescriptionMacro -empty-abi-descriptor -external-plugin-path /usr/lib/swift/host/plugins/testing\#/usr/bin/swift-plugin-server -validate-clang-modules-once -clang-build-session-file /host/spi-builder-workspace/.build/out/ModuleCache.noindex/Session.modulevalidation -Xcc -working-directory -Xcc /host -enable-anonymous-context-mangled-names -file-compilation-dir /host -Xcc -fno-omit-frame-pointer -Xcc -D_LIBCPP_HARDENING_MODE\=_LIBCPP_HARDENING_MODE_DEBUG -Xcc -fmodules-prune-interval\=86400 -Xcc -fmodules-prune-after\=345600 -Xcc -I/host/spi-builder-workspace/.build/out/Products/Debug-linux-x86_64/include -Xcc -I/host/spi-builder-workspace/.build/out/Intermediates.noindex/DLCoreGraphics.build/Debug-linux-x86_64/DLCoreGraphics-t.build/DerivedSources-normal/x86_64 -Xcc -I/host/spi-builder-workspace/.build/out/Intermediates.noindex/DLCoreGraphics.build/Debug-linux-x86_64/DLCoreGraphics-t.build/DerivedSources/x86_64 -Xcc -I/host/spi-builder-workspace/.build/out/Intermediates.noindex/DLCoreGraphics.build/Debug-linux-x86_64/DLCoreGraphics-t.build/DerivedSources -Xcc -DSWIFT_PACKAGE -Xcc -DDEBUG\=1 -no-auto-bridging-header-chaining -module-name DLCoreGraphics -const-gather-protocols-file /host/spi-builder-workspace/.build/out/Intermediates.noindex/DLCoreGraphics.build/Debug-linux-x86_64/DLCoreGraphics-t.build/Objects-normal/x86_64/DLCoreGraphics_const_extract_protocols.json -in-process-plugin-server-path /usr/lib/swift/host/libSwiftInProcPluginServer.so -plugin-path /usr/lib/swift/host/plugins -plugin-path /usr/local/lib/swift/host/plugins -parse-as-library -o /host/spi-builder-workspace/.build/out/Intermediates.noindex/DLCoreGraphics.build/Debug-linux-x86_64/DLCoreGraphics-t.build/Objects-normal/x86_64/CGRect+AbsoluteValueExtension.o -o /host/spi-builder-workspace/.build/out/Intermediates.noindex/DLCoreGraphics.build/Debug-linux-x86_64/DLCoreGraphics-t.build/Objects-normal/x86_64/CGRect+RoundExtension.o -o /host/spi-builder-workspace/.build/out/Intermediates.noindex/DLCoreGraphics.build/Debug-linux-x86_64/DLCoreGraphics-t.build/Objects-normal/x86_64/CGRect+ScaleExtension.o -o /host/spi-builder-workspace/.build/out/Intermediates.noindex/DLCoreGraphics.build/Debug-linux-x86_64/DLCoreGraphics-t.build/Objects-normal/x86_64/CGRect+TranslateExtension.o -o /host/spi-builder-workspace/.build/out/Intermediates.noindex/DLCoreGraphics.build/Debug-linux-x86_64/DLCoreGraphics-t.build/Objects-normal/x86_64/CGRectExtension.o -index-unit-output-path /DLCoreGraphics.build/Debug-linux-x86_64/DLCoreGraphics-t.build/Objects-normal/x86_64/CGRect+AbsoluteValueExtension.o -index-unit-output-path /DLCoreGraphics.build/Debug-linux-x86_64/DLCoreGraphics-t.build/Objects-normal/x86_64/CGRect+RoundExtension.o -index-unit-output-path /DLCoreGraphics.build/Debug-linux-x86_64/DLCoreGraphics-t.build/Objects-normal/x86_64/CGRect+ScaleExtension.o -index-unit-output-path /DLCoreGraphics.build/Debug-linux-x86_64/DLCoreGraphics-t.build/Objects-normal/x86_64/CGRect+TranslateExtension.o -index-unit-output-path /DLCoreGraphics.build/Debug-linux-x86_64/DLCoreGraphics-t.build/Objects-normal/x86_64/CGRectExtension.o -index-store-path /host/spi-builder-workspace/.build/out -index-system-modules
error: SwiftCompile normal x86_64 /host/spi-builder-workspace/Sources/DLCoreGraphics/Extensions/Geometry/Translatable2D+CGVectorExtension.swift failed with a nonzero exit code. Command line:     cd /host
    builtin-SwiftPerFileCompile Translatable2D+CGVectorExtension.swift
error: SwiftCompile normal x86_64 /host/spi-builder-workspace/Sources/DLCoreGraphics/Extensions/Geometry/Translatable2D+OperatorsExtension.swift failed with a nonzero exit code. Command line:     cd /host
    builtin-SwiftPerFileCompile Translatable2D+OperatorsExtension.swift
/host/spi-builder-workspace/Sources/DLCoreGraphics/Extensions/Geometry/Translatable2D+CGVectorExtension.swift:11:40: error: cannot find type 'CGVector' in scope
 9 |
10 | public extension Translatable2D {
11 |     mutating func translate(by vector: CGVector) {
   |                                        `- error: cannot find type 'CGVector' in scope
12 |         translate(byX: vector.dx, y: vector.dy)
13 |     }
/host/spi-builder-workspace/Sources/DLCoreGraphics/Extensions/Geometry/Translatable2D+CGVectorExtension.swift:15:32: error: cannot find type 'CGVector' in scope
13 |     }
14 |
15 |     func translated(by vector: CGVector) -> Self {
   |                                `- error: cannot find type 'CGVector' in scope
16 |         return translated(byX: vector.dx, y: vector.dy)
17 |     }
/host/spi-builder-workspace/Sources/DLCoreGraphics/Extensions/Geometry/Translatable2D+OperatorsExtension.swift:27:40: error: cannot find type 'CGVector' in scope
25 |     }
26 |
27 |     static func + (_ lhs: Self, _ rhs: CGVector) -> Self {
   |                                        `- error: cannot find type 'CGVector' in scope
28 |         return lhs.translated(by: rhs)
29 |     }
/host/spi-builder-workspace/Sources/DLCoreGraphics/Extensions/Geometry/Translatable2D+OperatorsExtension.swift:31:47: error: cannot find type 'CGVector' in scope
29 |     }
30 |
31 |     static func += (_ lhs: inout Self, _ rhs: CGVector) {
   |                                               `- error: cannot find type 'CGVector' in scope
32 |         lhs.translate(by: rhs)
33 |     }
/host/spi-builder-workspace/Sources/DLCoreGraphics/Extensions/Geometry/Translatable2D+OperatorsExtension.swift:35:40: error: cannot find type 'CGVector' in scope
33 |     }
34 |
35 |     static func - (_ lhs: Self, _ rhs: CGVector) -> Self {
   |                                        `- error: cannot find type 'CGVector' in scope
36 |         return lhs + (-rhs)
37 |     }
/host/spi-builder-workspace/Sources/DLCoreGraphics/Extensions/Geometry/Translatable2D+OperatorsExtension.swift:39:47: error: cannot find type 'CGVector' in scope
37 |     }
38 |
39 |     static func -= (_ lhs: inout Self, _ rhs: CGVector) {
   |                                               `- error: cannot find type 'CGVector' in scope
40 |         lhs += (-rhs)
41 |     }
/host/spi-builder-workspace/Sources/DLCoreGraphics/Extensions/CoreGraphics/CGVector/CGVector+InversibleExtension.swift:11:56: error: cannot find type 'CGVector' in scope
 9 |
10 | extension CGVector: Inversible {
11 |     prefix public static func - (_ value: CGVector) -> CGVector {
   |                                                        `- error: cannot find type 'CGVector' in scope
12 |         return CGVector(dx: -value.dx, dy: -value.dy)
13 |     }
/host/spi-builder-workspace/Sources/DLCoreGraphics/Extensions/CoreGraphics/CGVector/CGVector+InversibleExtension.swift:11:43: error: cannot find type 'CGVector' in scope
 9 |
10 | extension CGVector: Inversible {
11 |     prefix public static func - (_ value: CGVector) -> CGVector {
   |                                           `- error: cannot find type 'CGVector' in scope
12 |         return CGVector(dx: -value.dx, dy: -value.dy)
13 |     }
/host/spi-builder-workspace/Sources/DLCoreGraphics/Extensions/Geometry/Translatable2D+OperatorsExtension.swift:28:30: error: incorrect argument label in call (have 'by:', expected 'byX:')
26 |
27 |     static func + (_ lhs: Self, _ rhs: CGVector) -> Self {
28 |         return lhs.translated(by: rhs)
   |                              `- error: incorrect argument label in call (have 'by:', expected 'byX:')
29 |     }
30 |
/host/spi-builder-workspace/Sources/DLCoreGraphics/Extensions/Geometry/Translatable2D+OperatorsExtension.swift:28:38: error: missing argument for parameter 'y' in call
26 |
27 |     static func + (_ lhs: Self, _ rhs: CGVector) -> Self {
28 |         return lhs.translated(by: rhs)
   |                                      `- error: missing argument for parameter 'y' in call
29 |     }
30 |
/host/spi-builder-workspace/Sources/DLCoreGraphics/Geometry/Translatable2D.swift:24:10: note: 'translated(byX:y:)' declared here
22 |     ///   - y: The y offset used for translation.
23 |     /// - Returns: The translated copy of self.
24 |     func translated(byX x: CGFloat, y: CGFloat) -> Self
   |          `- note: 'translated(byX:y:)' declared here
25 |     // swiftlint:enable identifier_name
26 | }
/host/spi-builder-workspace/Sources/DLCoreGraphics/Extensions/Geometry/Translatable2D+OperatorsExtension.swift:32:22: error: incorrect argument label in call (have 'by:', expected 'byX:')
30 |
31 |     static func += (_ lhs: inout Self, _ rhs: CGVector) {
32 |         lhs.translate(by: rhs)
   |                      `- error: incorrect argument label in call (have 'by:', expected 'byX:')
33 |     }
34 |
/host/spi-builder-workspace/Sources/DLCoreGraphics/Extensions/Geometry/Translatable2D+OperatorsExtension.swift:32:30: error: missing argument for parameter 'y' in call
30 |
31 |     static func += (_ lhs: inout Self, _ rhs: CGVector) {
32 |         lhs.translate(by: rhs)
   |                              `- error: missing argument for parameter 'y' in call
33 |     }
34 |
/host/spi-builder-workspace/Sources/DLCoreGraphics/Geometry/Translatable2D.swift:17:19: note: 'translate(byX:y:)' declared here
15 |     ///   - x: The x offset used for translation.
16 |     ///   - y: The y offset used for translation.
17 |     mutating func translate(byX x: CGFloat, y: CGFloat)
   |                   `- note: 'translate(byX:y:)' declared here
18 |     /// Creates a translated copy of self.
19 |     ///
Failed frontend command:
/usr/bin/swift-frontend -frontend -c /host/spi-builder-workspace/Sources/DLCoreGraphics/Extensions/CoreGraphics/CGPoint/CGPoint+AbsoluteValueExtension.swift /host/spi-builder-workspace/Sources/DLCoreGraphics/Extensions/CoreGraphics/CGPoint/CGPoint+InversibleExtension.swift /host/spi-builder-workspace/Sources/DLCoreGraphics/Extensions/CoreGraphics/CGPoint/CGPoint+RoundExtension.swift /host/spi-builder-workspace/Sources/DLCoreGraphics/Extensions/CoreGraphics/CGPoint/CGPoint+ScaleExtension.swift /host/spi-builder-workspace/Sources/DLCoreGraphics/Extensions/CoreGraphics/CGPoint/CGPoint+TranslateExtension.swift /host/spi-builder-workspace/Sources/DLCoreGraphics/Extensions/CoreGraphics/CGRect/CGRect+AbsoluteValueExtension.swift /host/spi-builder-workspace/Sources/DLCoreGraphics/Extensions/CoreGraphics/CGRect/CGRect+RoundExtension.swift /host/spi-builder-workspace/Sources/DLCoreGraphics/Extensions/CoreGraphics/CGRect/CGRect+ScaleExtension.swift /host/spi-builder-workspace/Sources/DLCoreGraphics/Extensions/CoreGraphics/CGRect/CGRect+TranslateExtension.swift /host/spi-builder-workspace/Sources/DLCoreGraphics/Extensions/CoreGraphics/CGRect/CGRectExtension.swift /host/spi-builder-workspace/Sources/DLCoreGraphics/Extensions/CoreGraphics/CGSize/CGSize+AbsoluteValueExtension.swift /host/spi-builder-workspace/Sources/DLCoreGraphics/Extensions/CoreGraphics/CGSize/CGSize+OperatorsExtension.swift /host/spi-builder-workspace/Sources/DLCoreGraphics/Extensions/CoreGraphics/CGSize/CGSize+RoundExtension.swift /host/spi-builder-workspace/Sources/DLCoreGraphics/Extensions/CoreGraphics/CGSize/CGSize+ScaleExtension.swift /host/spi-builder-workspace/Sources/DLCoreGraphics/Extensions/CoreGraphics/CGVector/CGVector+AbsoluteValueExtension.swift /host/spi-builder-workspace/Sources/DLCoreGraphics/Extensions/CoreGraphics/CGVector/CGVector+CompareExtension.swift /host/spi-builder-workspace/Sources/DLCoreGraphics/Extensions/CoreGraphics/CGVector/CGVector+InversibleExtension.swift /host/spi-builder-workspace/Sources/DLCoreGraphics/Extensions/CoreGraphics/CGVector/CGVector+RoundExtension.swift /host/spi-builder-workspace/Sources/DLCoreGraphics/Extensions/CoreGraphics/CGVector/CGVector+ScaleExtension.swift /host/spi-builder-workspace/Sources/DLCoreGraphics/Extensions/CoreGraphics/CGVector/CGVectorExtension.swift /host/spi-builder-workspace/Sources/DLCoreGraphics/Extensions/Geometry/AbsoluteValueApplicable+FoundationExtension.swift /host/spi-builder-workspace/Sources/DLCoreGraphics/Extensions/Geometry/Roundable+FoundationExtension.swift /host/spi-builder-workspace/Sources/DLCoreGraphics/Extensions/Geometry/Roundable+UIScreenExtension.swift -primary-file /host/spi-builder-workspace/Sources/DLCoreGraphics/Extensions/Geometry/Scalable2D+OperatorsExtension.swift -primary-file /host/spi-builder-workspace/Sources/DLCoreGraphics/Extensions/Geometry/Translatable2D+CGVectorExtension.swift -primary-file /host/spi-builder-workspace/Sources/DLCoreGraphics/Extensions/Geometry/Translatable2D+OperatorsExtension.swift -primary-file /host/spi-builder-workspace/Sources/DLCoreGraphics/Extensions/UIKit/UIEdgeInsets+InversibleExtension.swift /host/spi-builder-workspace/Sources/DLCoreGraphics/Extensions/UIKit/UIEdgeInsetsExtension.swift /host/spi-builder-workspace/Sources/DLCoreGraphics/Geometry/AbsoluteValueApplicable.swift /host/spi-builder-workspace/Sources/DLCoreGraphics/Geometry/Inversible.swift /host/spi-builder-workspace/Sources/DLCoreGraphics/Geometry/Roundable.swift /host/spi-builder-workspace/Sources/DLCoreGraphics/Geometry/Scalable2D.swift /host/spi-builder-workspace/Sources/DLCoreGraphics/Geometry/Segment.swift /host/spi-builder-workspace/Sources/DLCoreGraphics/Geometry/Transformable2D.swift /host/spi-builder-workspace/Sources/DLCoreGraphics/Geometry/Translatable2D.swift -supplementary-output-file-map /host/spi-builder-workspace/.build/out/Intermediates.noindex/DLCoreGraphics.build/Debug-linux-x86_64/DLCoreGraphics-t.build/Objects-normal/x86_64/supplementaryOutputs-14 -target x86_64-unknown-linux-gnu -disable-objc-interop -I /host/spi-builder-workspace/.build/out/Products/Debug-linux-x86_64 -module-cache-path /host/spi-builder-workspace/.build/out/ModuleCache.noindex -color-diagnostics -Xcc -fcolor-diagnostics -enable-testing -g -debug-info-format\=dwarf -dwarf-version\=4 -swift-version 4 -Onone -D SWIFT_PACKAGE -D DEBUG -D SWIFT_MODULE_RESOURCE_BUNDLE_UNAVAILABLE -D Xcode -serialize-debugging-options -enable-experimental-feature DebugDescriptionMacro -empty-abi-descriptor -external-plugin-path /usr/lib/swift/host/plugins/testing\#/usr/bin/swift-plugin-server -validate-clang-modules-once -clang-build-session-file /host/spi-builder-workspace/.build/out/ModuleCache.noindex/Session.modulevalidation -Xcc -working-directory -Xcc /host -enable-anonymous-context-mangled-names -file-compilation-dir /host -Xcc -fno-omit-frame-pointer -Xcc -D_LIBCPP_HARDENING_MODE\=_LIBCPP_HARDENING_MODE_DEBUG -Xcc -fmodules-prune-interval\=86400 -Xcc -fmodules-prune-after\=345600 -Xcc -I/host/spi-builder-workspace/.build/out/Products/Debug-linux-x86_64/include -Xcc -I/host/spi-builder-workspace/.build/out/Intermediates.noindex/DLCoreGraphics.build/Debug-linux-x86_64/DLCoreGraphics-t.build/DerivedSources-normal/x86_64 -Xcc -I/host/spi-builder-workspace/.build/out/Intermediates.noindex/DLCoreGraphics.build/Debug-linux-x86_64/DLCoreGraphics-t.build/DerivedSources/x86_64 -Xcc -I/host/spi-builder-workspace/.build/out/Intermediates.noindex/DLCoreGraphics.build/Debug-linux-x86_64/DLCoreGraphics-t.build/DerivedSources -Xcc -DSWIFT_PACKAGE -Xcc -DDEBUG\=1 -no-auto-bridging-header-chaining -module-name DLCoreGraphics -const-gather-protocols-file /host/spi-builder-workspace/.build/out/Intermediates.noindex/DLCoreGraphics.build/Debug-linux-x86_64/DLCoreGraphics-t.build/Objects-normal/x86_64/DLCoreGraphics_const_extract_protocols.json -in-process-plugin-server-path /usr/lib/swift/host/libSwiftInProcPluginServer.so -plugin-path /usr/lib/swift/host/plugins -plugin-path /usr/local/lib/swift/host/plugins -parse-as-library -o /host/spi-builder-workspace/.build/out/Intermediates.noindex/DLCoreGraphics.build/Debug-linux-x86_64/DLCoreGraphics-t.build/Objects-normal/x86_64/Scalable2D+OperatorsExtension.o -o /host/spi-builder-workspace/.build/out/Intermediates.noindex/DLCoreGraphics.build/Debug-linux-x86_64/DLCoreGraphics-t.build/Objects-normal/x86_64/Translatable2D+CGVectorExtension.o -o /host/spi-builder-workspace/.build/out/Intermediates.noindex/DLCoreGraphics.build/Debug-linux-x86_64/DLCoreGraphics-t.build/Objects-normal/x86_64/Translatable2D+OperatorsExtension.o -o /host/spi-builder-workspace/.build/out/Intermediates.noindex/DLCoreGraphics.build/Debug-linux-x86_64/DLCoreGraphics-t.build/Objects-normal/x86_64/UIEdgeInsets+InversibleExtension.o -index-unit-output-path /DLCoreGraphics.build/Debug-linux-x86_64/DLCoreGraphics-t.build/Objects-normal/x86_64/Scalable2D+OperatorsExtension.o -index-unit-output-path /DLCoreGraphics.build/Debug-linux-x86_64/DLCoreGraphics-t.build/Objects-normal/x86_64/Translatable2D+CGVectorExtension.o -index-unit-output-path /DLCoreGraphics.build/Debug-linux-x86_64/DLCoreGraphics-t.build/Objects-normal/x86_64/Translatable2D+OperatorsExtension.o -index-unit-output-path /DLCoreGraphics.build/Debug-linux-x86_64/DLCoreGraphics-t.build/Objects-normal/x86_64/UIEdgeInsets+InversibleExtension.o -index-store-path /host/spi-builder-workspace/.build/out -index-system-modules
error: Build failed
BUILD FAILURE 6.4 linux