The Swift Package Index logo.Swift Package Index

Build Information

Failed to build swift-time, reference main (314641), with Swift 6.1 for Wasm on 4 Oct 2026 00:51:35 UTC.

Build Command

bash -c docker run --pull=always --rm -v "checkouts-54344843-1":/host -w "$PWD" -e JAVA_HOME="/root/.sdkman/candidates/java/current" -e SPI_BUILD="1" -e SPI_PROCESSING="1" registry.gitlab.com/saguaro1/spi-images:wasm-6.1-latest swift build --swift-sdk wasm32-unknown-wasi 2>&1

Build Log

========================================
RunAll
========================================
Builder version: 5.1.1
Interrupt handler set up.
========================================
Checkout
========================================
Clone URL: https://github.com/orchetect/swift-time.git
Reference: main
Initialized empty Git repository in /host/spi-builder-workspace/.git/
hint: Using 'master' as the name for the initial branch. This default branch name
hint: is subject to change. To configure the initial branch name to use in all
hint: of your new repositories, which will suppress this warning, call:
hint:
hint: 	git config --global init.defaultBranch <name>
hint:
hint: Names commonly chosen instead of 'master' are 'main', 'trunk' and
hint: 'development'. The just-created branch can be renamed via this command:
hint:
hint: 	git branch -m <name>
From https://github.com/orchetect/swift-time
 * branch            main       -> FETCH_HEAD
 * [new branch]      main       -> origin/main
HEAD is now at 3146410 Updated package manifest with GitHub Actions env var applied to all targets
Cloned https://github.com/orchetect/swift-time.git
Revision (git rev-parse @):
314641008d1b3c99e17800718d2d3c34bb5f7735
SPI manifest file found: $PWD/.spi.yml
SUCCESS checkout https://github.com/orchetect/swift-time.git at main
========================================
Build
========================================
Selected platform:         wasm
Swift version:             6.1
Building package at path:  $PWD
https://github.com/orchetect/swift-time.git
https://github.com/orchetect/swift-time.git
WARNING: environment variable SUPPRESS_SWIFT_6_FLAGS is not set
Running build ...
bash -c docker run --pull=always --rm -v "checkouts-54344843-1":/host -w "$PWD" -e JAVA_HOME="/root/.sdkman/candidates/java/current" -e SPI_BUILD="1" -e SPI_PROCESSING="1" registry.gitlab.com/saguaro1/spi-images:wasm-6.1-latest swift build --swift-sdk wasm32-unknown-wasi -Xswiftc -Xfrontend -Xswiftc -stats-output-dir -Xswiftc -Xfrontend -Xswiftc .stats -Xswiftc -strict-concurrency=complete -Xswiftc -enable-upcoming-feature -Xswiftc StrictConcurrency -Xswiftc -enable-upcoming-feature -Xswiftc DisableOutwardActorInference -Xswiftc -enable-upcoming-feature -Xswiftc GlobalActorIsolatedTypesUsability -Xswiftc -enable-upcoming-feature -Xswiftc InferSendableFromCaptures 2>&1
wasm-6.1-latest: Pulling from saguaro1/spi-images
Digest: sha256:beceeede496da67681f4fa220a6b97cc098a0178841a413735f598dc6bbaf4c8
Status: Image is up to date for registry.gitlab.com/saguaro1/spi-images:wasm-6.1-latest
Fetching https://github.com/orchetect/swift-testing-extensions
Fetching https://github.com/apple/swift-numerics
[1/1172] Fetching swift-testing-extensions
Fetched https://github.com/orchetect/swift-testing-extensions from cache (0.37s)
[1/6658] Fetching swift-numerics
Fetched https://github.com/apple/swift-numerics from cache (1.04s)
Computing version for https://github.com/orchetect/swift-testing-extensions
Computed https://github.com/orchetect/swift-testing-extensions at 0.3.1 (1.49s)
Fetching https://github.com/swiftlang/swift-syntax.git
Fetching https://github.com/tsolomko/SWCompression
[1/18078] Fetching swcompression
Fetched https://github.com/tsolomko/SWCompression from cache (1.07s)
[1/80311] Fetching swift-syntax
Fetched https://github.com/swiftlang/swift-syntax.git from cache (4.79s)
Computing version for https://github.com/apple/swift-numerics
Computed https://github.com/apple/swift-numerics at 1.1.1 (5.33s)
Computing version for https://github.com/tsolomko/SWCompression
Computed https://github.com/tsolomko/SWCompression at 4.9.1 (0.44s)
Fetching https://github.com/tsolomko/BitByteData
[1/3281] Fetching bitbytedata
Fetched https://github.com/tsolomko/BitByteData from cache (0.63s)
Computing version for https://github.com/tsolomko/BitByteData
Computed https://github.com/tsolomko/BitByteData at 2.1.0 (0.99s)
Computing version for https://github.com/swiftlang/swift-syntax.git
Computed https://github.com/swiftlang/swift-syntax.git at 604.0.0 (1.69s)
Creating working copy for https://github.com/swiftlang/swift-syntax.git
Working copy of https://github.com/swiftlang/swift-syntax.git resolved at 604.0.0
Creating working copy for https://github.com/tsolomko/BitByteData
Working copy of https://github.com/tsolomko/BitByteData resolved at 2.1.0
Creating working copy for https://github.com/orchetect/swift-testing-extensions
Working copy of https://github.com/orchetect/swift-testing-extensions resolved at 0.3.1
Creating working copy for https://github.com/tsolomko/SWCompression
Working copy of https://github.com/tsolomko/SWCompression resolved at 4.9.1
Creating working copy for https://github.com/apple/swift-numerics
Working copy of https://github.com/apple/swift-numerics resolved at 1.1.1
Building for debugging...
[0/2] Write sources
[1/2] Write swift-version-24593BA9C3E375BF.txt
[3/14] Compiling SwiftTime Time Component.swift
<unknown>:0: warning: upcoming feature 'InferSendableFromCaptures' is already enabled as of Swift version 6
<unknown>:0: warning: upcoming feature 'GlobalActorIsolatedTypesUsability' is already enabled as of Swift version 6
<unknown>:0: warning: upcoming feature 'DisableOutwardActorInference' is already enabled as of Swift version 6
[4/14] Compiling SwiftTime Time Format+Internal.swift
<unknown>:0: warning: upcoming feature 'InferSendableFromCaptures' is already enabled as of Swift version 6
<unknown>:0: warning: upcoming feature 'GlobalActorIsolatedTypesUsability' is already enabled as of Swift version 6
<unknown>:0: warning: upcoming feature 'DisableOutwardActorInference' is already enabled as of Swift version 6
[5/15] Compiling SwiftTime Time.swift
<unknown>:0: warning: upcoming feature 'InferSendableFromCaptures' is already enabled as of Swift version 6
<unknown>:0: warning: upcoming feature 'GlobalActorIsolatedTypesUsability' is already enabled as of Swift version 6
<unknown>:0: warning: upcoming feature 'DisableOutwardActorInference' is already enabled as of Swift version 6
[6/15] Compiling SwiftTime Time+Static.swift
<unknown>:0: warning: upcoming feature 'InferSendableFromCaptures' is already enabled as of Swift version 6
<unknown>:0: warning: upcoming feature 'GlobalActorIsolatedTypesUsability' is already enabled as of Swift version 6
<unknown>:0: warning: upcoming feature 'DisableOutwardActorInference' is already enabled as of Swift version 6
[7/15] Compiling SwiftTime Time+String.swift
<unknown>:0: warning: upcoming feature 'InferSendableFromCaptures' is already enabled as of Swift version 6
<unknown>:0: warning: upcoming feature 'GlobalActorIsolatedTypesUsability' is already enabled as of Swift version 6
<unknown>:0: warning: upcoming feature 'DisableOutwardActorInference' is already enabled as of Swift version 6
[8/15] Compiling SwiftTime BinaryInteger+String.swift
<unknown>:0: warning: upcoming feature 'InferSendableFromCaptures' is already enabled as of Swift version 6
<unknown>:0: warning: upcoming feature 'GlobalActorIsolatedTypesUsability' is already enabled as of Swift version 6
<unknown>:0: warning: upcoming feature 'DisableOutwardActorInference' is already enabled as of Swift version 6
[9/15] Emitting module SwiftTime
<unknown>:0: warning: upcoming feature 'InferSendableFromCaptures' is already enabled as of Swift version 6
<unknown>:0: warning: upcoming feature 'GlobalActorIsolatedTypesUsability' is already enabled as of Swift version 6
<unknown>:0: warning: upcoming feature 'DisableOutwardActorInference' is already enabled as of Swift version 6
[10/15] Compiling SwiftTime Time Format.swift
<unknown>:0: warning: upcoming feature 'InferSendableFromCaptures' is already enabled as of Swift version 6
<unknown>:0: warning: upcoming feature 'GlobalActorIsolatedTypesUsability' is already enabled as of Swift version 6
<unknown>:0: warning: upcoming feature 'DisableOutwardActorInference' is already enabled as of Swift version 6
[11/15] Compiling SwiftTime Time+Component.swift
<unknown>:0: warning: upcoming feature 'InferSendableFromCaptures' is already enabled as of Swift version 6
<unknown>:0: warning: upcoming feature 'GlobalActorIsolatedTypesUsability' is already enabled as of Swift version 6
<unknown>:0: warning: upcoming feature 'DisableOutwardActorInference' is already enabled as of Swift version 6
[12/15] Compiling SwiftTime Time+Inits.swift
<unknown>:0: warning: upcoming feature 'InferSendableFromCaptures' is already enabled as of Swift version 6
<unknown>:0: warning: upcoming feature 'GlobalActorIsolatedTypesUsability' is already enabled as of Swift version 6
<unknown>:0: warning: upcoming feature 'DisableOutwardActorInference' is already enabled as of Swift version 6
[13/15] Compiling SwiftTime Time+Internal.swift
<unknown>:0: warning: upcoming feature 'InferSendableFromCaptures' is already enabled as of Swift version 6
<unknown>:0: warning: upcoming feature 'GlobalActorIsolatedTypesUsability' is already enabled as of Swift version 6
<unknown>:0: warning: upcoming feature 'DisableOutwardActorInference' is already enabled as of Swift version 6
[14/15] Compiling SwiftTime Time+Operators.swift
<unknown>:0: warning: upcoming feature 'InferSendableFromCaptures' is already enabled as of Swift version 6
<unknown>:0: warning: upcoming feature 'GlobalActorIsolatedTypesUsability' is already enabled as of Swift version 6
<unknown>:0: warning: upcoming feature 'DisableOutwardActorInference' is already enabled as of Swift version 6
/host/spi-builder-workspace/Sources/SwiftTime/Time/Time+Properties.swift:50:45: error: integer literal '1000000000000000' overflows when stored into 'Int'
48 |         get {
49 |             let seconds = Int64(totalSeconds)
50 |             let atto = Int64(milliseconds * 1_000_000_000_000_000)
   |                                             `- error: integer literal '1000000000000000' overflows when stored into 'Int'
51 |             let duration = sign == .plus
52 |                 ? Duration(secondsComponent: seconds, attosecondsComponent: atto)
[15/15] Compiling SwiftTime Time+Properties.swift
<unknown>:0: warning: upcoming feature 'InferSendableFromCaptures' is already enabled as of Swift version 6
<unknown>:0: warning: upcoming feature 'GlobalActorIsolatedTypesUsability' is already enabled as of Swift version 6
<unknown>:0: warning: upcoming feature 'DisableOutwardActorInference' is already enabled as of Swift version 6
/host/spi-builder-workspace/Sources/SwiftTime/Time/Time+Properties.swift:50:45: error: integer literal '1000000000000000' overflows when stored into 'Int'
48 |         get {
49 |             let seconds = Int64(totalSeconds)
50 |             let atto = Int64(milliseconds * 1_000_000_000_000_000)
   |                                             `- error: integer literal '1000000000000000' overflows when stored into 'Int'
51 |             let duration = sign == .plus
52 |                 ? Duration(secondsComponent: seconds, attosecondsComponent: atto)
Running build ...
bash -c docker run --pull=always --rm -v "checkouts-54344843-1":/host -w "$PWD" -e JAVA_HOME="/root/.sdkman/candidates/java/current" -e SPI_BUILD="1" -e SPI_PROCESSING="1" registry.gitlab.com/saguaro1/spi-images:wasm-6.1-latest swift build --swift-sdk wasm32-unknown-wasi 2>&1
wasm-6.1-latest: Pulling from saguaro1/spi-images
Digest: sha256:beceeede496da67681f4fa220a6b97cc098a0178841a413735f598dc6bbaf4c8
Status: Image is up to date for registry.gitlab.com/saguaro1/spi-images:wasm-6.1-latest
[0/1] Planning build
Building for debugging...
[0/1] Write swift-version-24593BA9C3E375BF.txt
[2/13] Compiling SwiftTime Time.swift
[3/13] Compiling SwiftTime Time+Static.swift
[4/14] Compiling SwiftTime Time Format.swift
[5/14] Compiling SwiftTime Time+Component.swift
[6/14] Emitting module SwiftTime
[7/14] Compiling SwiftTime Time+Inits.swift
[8/14] Compiling SwiftTime Time+Internal.swift
[9/14] Compiling SwiftTime Time Component.swift
[10/14] Compiling SwiftTime Time Format+Internal.swift
[11/14] Compiling SwiftTime Time+Operators.swift
/host/spi-builder-workspace/Sources/SwiftTime/Time/Time+Properties.swift:50:45: error: integer literal '1000000000000000' overflows when stored into 'Int'
48 |         get {
49 |             let seconds = Int64(totalSeconds)
50 |             let atto = Int64(milliseconds * 1_000_000_000_000_000)
   |                                             `- error: integer literal '1000000000000000' overflows when stored into 'Int'
51 |             let duration = sign == .plus
52 |                 ? Duration(secondsComponent: seconds, attosecondsComponent: atto)
[12/14] Compiling SwiftTime Time+Properties.swift
/host/spi-builder-workspace/Sources/SwiftTime/Time/Time+Properties.swift:50:45: error: integer literal '1000000000000000' overflows when stored into 'Int'
48 |         get {
49 |             let seconds = Int64(totalSeconds)
50 |             let atto = Int64(milliseconds * 1_000_000_000_000_000)
   |                                             `- error: integer literal '1000000000000000' overflows when stored into 'Int'
51 |             let duration = sign == .plus
52 |                 ? Duration(secondsComponent: seconds, attosecondsComponent: atto)
[13/14] Compiling SwiftTime BinaryInteger+String.swift
[14/14] Compiling SwiftTime Time+String.swift
BUILD FAILURE 6.1 wasm