The Swift Package Index logo.Swift Package Index

Build Information

Failed to build AEViewModel, reference master (80c4ef), with Swift 6.4 for macOS (Xcode) using Xcode 27.0 on 15 Sep 2026 20:22:24 UTC.

Build Command

env DEVELOPER_DIR=/Applications/Xcode-27.0.0-Release.Candidate.app xcrun xcodebuild -IDEClonedSourcePackagesDirPathOverride=$PWD/.dependencies -skipMacroValidation -skipPackagePluginValidation -derivedDataPath $PWD/.derivedData build -scheme AEViewModel -destination platform=macOS,arch=arm64

Build Log

========================================
RunAll
========================================
Builder version: 5.1.0
Interrupt handler set up.
========================================
Checkout
========================================
Clone URL: https://github.com/tadija/AEViewModel.git
Reference: master
Initialized empty Git repository in /Users/admin/builder/spi-builder-workspace/.git/
From https://github.com/tadija/AEViewModel
 * branch            master     -> FETCH_HEAD
 * [new branch]      master     -> origin/master
HEAD is now at 80c4ef9 Merge branch 'release/0.9.2'
Cloned https://github.com/tadija/AEViewModel.git
Revision (git rev-parse @):
80c4ef9dfaa4a67bd9fb7179074e7ab35462def4
SUCCESS checkout https://github.com/tadija/AEViewModel.git at master
========================================
Build
========================================
Selected platform:         macosXcodebuild
Swift version:             6.4
Building package at path:  $PWD
https://github.com/tadija/AEViewModel.git
Command line invocation:
    /Applications/Xcode-27.0.0-Release.Candidate.app/Contents/Developer/usr/bin/xcodebuild -IDEClonedSourcePackagesDirPathOverride=/Users/admin/builder/spi-builder-workspace/.dependencies -resolvePackageDependencies
resolved source packages:
{
  "dependencies" : [
  ],
  "manifest_display_name" : "AEViewModel",
  "name" : "AEViewModel",
  "path" : "/Users/admin/builder/spi-builder-workspace",
  "platforms" : [
    {
      "name" : "ios",
      "version" : "9.0"
    }
  ],
  "products" : [
    {
      "name" : "AEViewModel",
      "targets" : [
        "AEViewModel"
      ],
      "type" : {
        "library" : [
          "automatic"
        ]
      }
    }
  ],
  "targets" : [
    {
      "c99name" : "AEViewModelTests",
      "module_type" : "SwiftTarget",
      "name" : "AEViewModelTests",
      "path" : "Tests/AEViewModelTests",
      "sources" : [
        "AEViewModelTests.swift"
      ],
      "target_dependencies" : [
        "AEViewModel"
      ],
      "type" : "test"
    },
    {
      "c99name" : "AEViewModel",
      "module_type" : "SwiftTarget",
      "name" : "AEViewModel",
      "path" : "Sources/AEViewModel",
      "product_memberships" : [
        "AEViewModel"
      ],
      "sources" : [
        "BasicDataSource.swift",
        "Cell.swift",
        "CollectionCell.swift",
        "CollectionViewController.swift",
        "DataSource.swift",
        "TableCell.swift",
        "TableViewController.swift"
      ],
      "type" : "library"
    }
  ],
  "tools_version" : "5.1"
}
{
  "project" : {
    "configurations" : [
      "Debug",
      "Release"
    ],
    "name" : "AEViewModel",
    "schemes" : [
      "AEViewModel"
    ],
    "targets" : [
      "AEViewModel",
      "AEViewModelTests"
    ]
  }
}
Running build ...
env DEVELOPER_DIR=/Applications/Xcode-27.0.0-Release.Candidate.app xcrun xcodebuild -IDEClonedSourcePackagesDirPathOverride=$PWD/.dependencies -skipMacroValidation -skipPackagePluginValidation -derivedDataPath $PWD/.derivedData build -scheme AEViewModel -destination platform=macOS,arch=arm64
Command line invocation:
    /Applications/Xcode-27.0.0-Release.Candidate.app/Contents/Developer/usr/bin/xcodebuild -IDEClonedSourcePackagesDirPathOverride=/Users/admin/builder/spi-builder-workspace/.dependencies -skipMacroValidation -skipPackagePluginValidation -derivedDataPath /Users/admin/builder/spi-builder-workspace/.derivedData build -scheme AEViewModel -destination platform=macOS,arch=arm64
ComputePackagePrebuildTargetDependencyGraph
Prepare packages
CreateBuildRequest
SendProjectDescription
CreateBuildOperation
ComputeTargetDependencyGraph
note: Building targets in dependency order
note: Target dependency graph (1 target)
    Target 'AEViewModel' in project 'AEViewModel' (no dependencies)
GatherProvisioningInputs
CreateBuildDescription
ExecuteExternalTool /Applications/Xcode-27.0.0-Release.Candidate.app/Contents/Developer/Toolchains/XcodeDefault.xctoolchain/usr/bin/clang -v -E -dM -isysroot /Applications/Xcode-27.0.0-Release.Candidate.app/Contents/Developer/Platforms/MacOSX.platform/Developer/SDKs/MacOSX27.0.sdk -x c -c /dev/null
ExecuteExternalTool /Applications/Xcode-27.0.0-Release.Candidate.app/Contents/Developer/Toolchains/XcodeDefault.xctoolchain/usr/bin/clang -v -E -dM -arch arm64 -isysroot /Applications/Xcode-27.0.0-Release.Candidate.app/Contents/Developer/Platforms/MacOSX.platform/Developer/SDKs/MacOSX27.0.sdk -x c -c /dev/null
ExecuteExternalTool /Applications/Xcode-27.0.0-Release.Candidate.app/Contents/Developer/Toolchains/XcodeDefault.xctoolchain/usr/bin/swiftc --version
ExecuteExternalTool /Applications/Xcode-27.0.0-Release.Candidate.app/Contents/Developer/Toolchains/XcodeDefault.xctoolchain/usr/bin/ld -version_details
Build description signature: 7e96087222f0077a0701c041f070d56c
Build description path: /Users/admin/builder/spi-builder-workspace/.derivedData/Build/Intermediates.noindex/XCBuildData/7e96087222f0077a0701c041f070d56c.xcbuilddata
/Users/admin/builder/spi-builder-workspace/AEViewModel.xcodeproj: error: The macOS deployment target 'MACOSX_DEPLOYMENT_TARGET' is set to 10.15, but the range of supported deployment target versions is 12.0 to 27.0.x. (in target 'AEViewModel' from project 'AEViewModel')
--- xcodebuild: WARNING: Using the first of multiple matching destinations:
{ platform:macOS, arch:arm64, variant:Mac Catalyst, id:672ba8ec40073313c806ad892ee8d81790387d2c, name:My Mac }
{ platform:macOS, arch:arm64, variant:Designed for [iPad,iPhone], id:672ba8ec40073313c806ad892ee8d81790387d2c, name:My Mac }
** BUILD FAILED **
The following build commands failed:
	Building project AEViewModel with scheme AEViewModel
(1 failure)
Command line invocation:
    /Applications/Xcode-27.0.0-Release.Candidate.app/Contents/Developer/usr/bin/xcodebuild -IDEClonedSourcePackagesDirPathOverride=/Users/admin/builder/spi-builder-workspace/.dependencies -resolvePackageDependencies
resolved source packages:
{
  "dependencies" : [
  ],
  "manifest_display_name" : "AEViewModel",
  "name" : "AEViewModel",
  "path" : "/Users/admin/builder/spi-builder-workspace",
  "platforms" : [
    {
      "name" : "ios",
      "version" : "9.0"
    }
  ],
  "products" : [
    {
      "name" : "AEViewModel",
      "targets" : [
        "AEViewModel"
      ],
      "type" : {
        "library" : [
          "automatic"
        ]
      }
    }
  ],
  "targets" : [
    {
      "c99name" : "AEViewModelTests",
      "module_type" : "SwiftTarget",
      "name" : "AEViewModelTests",
      "path" : "Tests/AEViewModelTests",
      "sources" : [
        "AEViewModelTests.swift"
      ],
      "target_dependencies" : [
        "AEViewModel"
      ],
      "type" : "test"
    },
    {
      "c99name" : "AEViewModel",
      "module_type" : "SwiftTarget",
      "name" : "AEViewModel",
      "path" : "Sources/AEViewModel",
      "product_memberships" : [
        "AEViewModel"
      ],
      "sources" : [
        "BasicDataSource.swift",
        "Cell.swift",
        "CollectionCell.swift",
        "CollectionViewController.swift",
        "DataSource.swift",
        "TableCell.swift",
        "TableViewController.swift"
      ],
      "type" : "library"
    }
  ],
  "tools_version" : "5.1"
}
{
  "project" : {
    "configurations" : [
      "Debug",
      "Release"
    ],
    "name" : "AEViewModel",
    "schemes" : [
      "AEViewModel"
    ],
    "targets" : [
      "AEViewModel",
      "AEViewModelTests"
    ]
  }
}
Running build ...
env DEVELOPER_DIR=/Applications/Xcode-27.0.0-Release.Candidate.app xcrun xcodebuild -IDEClonedSourcePackagesDirPathOverride=$PWD/.dependencies -skipMacroValidation -skipPackagePluginValidation -derivedDataPath $PWD/.derivedData build -scheme AEViewModel -destination platform=macOS,arch=arm64
Command line invocation:
    /Applications/Xcode-27.0.0-Release.Candidate.app/Contents/Developer/usr/bin/xcodebuild -IDEClonedSourcePackagesDirPathOverride=/Users/admin/builder/spi-builder-workspace/.dependencies -skipMacroValidation -skipPackagePluginValidation -derivedDataPath /Users/admin/builder/spi-builder-workspace/.derivedData build -scheme AEViewModel -destination platform=macOS,arch=arm64
ComputePackagePrebuildTargetDependencyGraph
Prepare packages
CreateBuildRequest
SendProjectDescription
CreateBuildOperation
ComputeTargetDependencyGraph
note: Building targets in dependency order
note: Target dependency graph (1 target)
    Target 'AEViewModel' in project 'AEViewModel' (no dependencies)
GatherProvisioningInputs
CreateBuildDescription
/Users/admin/builder/spi-builder-workspace/AEViewModel.xcodeproj: error: The macOS deployment target 'MACOSX_DEPLOYMENT_TARGET' is set to 10.15, but the range of supported deployment target versions is 12.0 to 27.0.x. (in target 'AEViewModel' from project 'AEViewModel')
--- xcodebuild: WARNING: Using the first of multiple matching destinations:
{ platform:macOS, arch:arm64, variant:Mac Catalyst, id:672ba8ec40073313c806ad892ee8d81790387d2c, name:My Mac }
{ platform:macOS, arch:arm64, variant:Designed for [iPad,iPhone], id:672ba8ec40073313c806ad892ee8d81790387d2c, name:My Mac }
** BUILD FAILED **
The following build commands failed:
	Building project AEViewModel with scheme AEViewModel
(1 failure)
BUILD FAILURE 6.4 macosXcodebuild