Build Information
Failed to build MediaHeaderKit, reference main (265c24), with Swift 6.2 for watchOS using Xcode 26.3 on 7 Sep 2026 00:01:18 UTC.
Build Command
env DEVELOPER_DIR=/Applications/Xcode-26.3.0.app xcrun xcodebuild -IDEClonedSourcePackagesDirPathOverride=$PWD/.dependencies -skipMacroValidation -skipPackagePluginValidation -derivedDataPath $PWD/.derivedData build -scheme MediaHeaderKit-Package -destination generic/platform=watchOSBuild Log
========================================
RunAll
========================================
Builder version: 5.0.2
Interrupt handler set up.
========================================
Checkout
========================================
Clone URL: https://github.com/hemz190297/MediaHeaderKit.git
Reference: main
Initialized empty Git repository in /Users/admin/builder/spi-builder-workspace/.git/
From https://github.com/hemz190297/MediaHeaderKit
* branch main -> FETCH_HEAD
* [new branch] main -> origin/main
HEAD is now at 265c24d Refresh demo video
Cloned https://github.com/hemz190297/MediaHeaderKit.git
Revision (git rev-parse @):
265c24d8dac02f7eebd247ffdc8ef054638a03ba
SUCCESS checkout https://github.com/hemz190297/MediaHeaderKit.git at main
========================================
Build
========================================
Selected platform: watchOS
Swift version: 6.2
Building package at path: $PWD
https://github.com/hemz190297/MediaHeaderKit.git
Command line invocation:
/Applications/Xcode-26.3.0.app/Contents/Developer/usr/bin/xcodebuild -IDEClonedSourcePackagesDirPathOverride=/Users/admin/builder/spi-builder-workspace/.dependencies -resolvePackageDependencies
Resolve Package Graph
Fetching from https://github.com/onevcat/Kingfisher.git
Creating working copy of package ‘Kingfisher’
Checking out 8.12.0 of package ‘Kingfisher’
Resolve Package Graph
Resolved source packages:
MediaHeaderKit: /Users/admin/builder/spi-builder-workspace
Kingfisher: https://github.com/onevcat/Kingfisher.git @ 8.12.0
resolved source packages: MediaHeaderKit, Kingfisher
2026-09-06 20:00:49.440 xcodebuild[537:3153] [MT] IDERunDestination: Supported platforms for the buildables in the current scheme is empty.
{
"dependencies" : [
{
"identity" : "kingfisher",
"requirement" : {
"range" : [
{
"lower_bound" : "8.0.0",
"upper_bound" : "9.0.0"
}
]
},
"type" : "sourceControl",
"url" : "https://github.com/onevcat/Kingfisher.git"
}
],
"manifest_display_name" : "MediaHeaderKit",
"name" : "MediaHeaderKit",
"path" : "/Users/admin/builder/spi-builder-workspace",
"platforms" : [
{
"name" : "ios",
"version" : "16.0"
}
],
"products" : [
{
"name" : "MediaHeaderKit",
"targets" : [
"MediaHeaderKit"
],
"type" : {
"library" : [
"automatic"
]
}
},
{
"name" : "MediaHeaderKitKingfisher",
"targets" : [
"MediaHeaderKitKingfisher"
],
"type" : {
"library" : [
"automatic"
]
}
}
],
"swift_languages_versions" : [
"5"
],
"targets" : [
{
"c99name" : "MediaHeaderKitKingfisher",
"module_type" : "SwiftTarget",
"name" : "MediaHeaderKitKingfisher",
"path" : "Sources/MediaHeaderKitKingfisher",
"product_dependencies" : [
"Kingfisher"
],
"product_memberships" : [
"MediaHeaderKitKingfisher"
],
"sources" : [
"KingfisherMediaHeaderImageLoader.swift"
],
"target_dependencies" : [
"MediaHeaderKit"
],
"type" : "library"
},
{
"c99name" : "MediaHeaderKit",
"module_type" : "SwiftTarget",
"name" : "MediaHeaderKit",
"path" : "Sources/MediaHeaderKit",
"product_memberships" : [
"MediaHeaderKit",
"MediaHeaderKitKingfisher"
],
"sources" : [
"Internal/MediaHeaderBlurHash.swift",
"Internal/UIImage+MediaHeaderColor.swift",
"MediaHeaderChipView.swift",
"MediaHeaderConfiguration.swift",
"MediaHeaderImageLoader.swift",
"MediaHeaderItem.swift",
"MediaHeaderPageDots.swift",
"MediaHeaderScrollEffect.swift",
"MediaHeaderSlideCell.swift",
"MediaHeaderView.swift",
"Overlays/MediaHeaderBottomBlurView.swift",
"Overlays/MediaHeaderGradientFadeView.swift",
"Overlays/MediaHeaderProgressiveBlurView.swift",
"Overlays/MediaHeaderScrimView.swift"
],
"type" : "library"
}
],
"tools_version" : "5.9"
}
{
"workspace" : {
"name" : "spi-builder-workspace",
"schemes" : [
"MediaHeaderKit",
"MediaHeaderKit-Package",
"MediaHeaderKitKingfisher"
]
}
}
2026-09-06 20:01:07.810 xcodebuild[715:4446] [MT] IDERunDestination: Supported platforms for the buildables in the current scheme is empty.
Running build ...
env DEVELOPER_DIR=/Applications/Xcode-26.3.0.app xcrun xcodebuild -IDEClonedSourcePackagesDirPathOverride=$PWD/.dependencies -skipMacroValidation -skipPackagePluginValidation -derivedDataPath $PWD/.derivedData build -scheme MediaHeaderKit-Package -destination generic/platform=watchOS
Command line invocation:
/Applications/Xcode-26.3.0.app/Contents/Developer/usr/bin/xcodebuild -IDEClonedSourcePackagesDirPathOverride=/Users/admin/builder/spi-builder-workspace/.dependencies -skipMacroValidation -skipPackagePluginValidation -derivedDataPath /Users/admin/builder/spi-builder-workspace/.derivedData build -scheme MediaHeaderKit-Package -destination generic/platform=watchOS
Resolve Package Graph
Resolve Package Graph
Resolved source packages:
MediaHeaderKit: /Users/admin/builder/spi-builder-workspace
Kingfisher: https://github.com/onevcat/Kingfisher.git @ 8.12.0
ComputePackagePrebuildTargetDependencyGraph
Prepare packages
CreateBuildRequest
SendProjectDescription
CreateBuildOperation
ComputeTargetDependencyGraph
note: Building targets in dependency order
note: Target dependency graph (7 targets)
Target 'MediaHeaderKitKingfisher' in project 'MediaHeaderKit'
➜ Explicit dependency on target 'MediaHeaderKitKingfisher' in project 'MediaHeaderKit'
➜ Explicit dependency on target 'MediaHeaderKit' in project 'MediaHeaderKit'
➜ Explicit dependency on target 'Kingfisher' in project 'Kingfisher'
Target 'MediaHeaderKitKingfisher' in project 'MediaHeaderKit'
➜ Explicit dependency on target 'MediaHeaderKit' in project 'MediaHeaderKit'
➜ Explicit dependency on target 'Kingfisher' in project 'Kingfisher'
Target 'Kingfisher' in project 'Kingfisher'
➜ Explicit dependency on target 'Kingfisher' in project 'Kingfisher'
➜ Explicit dependency on target 'Kingfisher_Kingfisher' in project 'Kingfisher'
Target 'Kingfisher' in project 'Kingfisher'
➜ Explicit dependency on target 'Kingfisher_Kingfisher' in project 'Kingfisher'
Target 'Kingfisher_Kingfisher' in project 'Kingfisher' (no dependencies)
Target 'MediaHeaderKit' in project 'MediaHeaderKit'
➜ Explicit dependency on target 'MediaHeaderKit' in project 'MediaHeaderKit'
Target 'MediaHeaderKit' in project 'MediaHeaderKit' (no dependencies)
GatherProvisioningInputs
CreateBuildDescription
ExecuteExternalTool /Applications/Xcode-26.3.0.app/Contents/Developer/Toolchains/XcodeDefault.xctoolchain/usr/bin/clang -v -E -dM -isysroot /Applications/Xcode-26.3.0.app/Contents/Developer/Platforms/WatchOS.platform/Developer/SDKs/WatchOS26.2.sdk -x c -c /dev/null
ExecuteExternalTool /Applications/Xcode-26.3.0.app/Contents/Developer/Toolchains/XcodeDefault.xctoolchain/usr/bin/swiftc --version
ExecuteExternalTool /Applications/Xcode-26.3.0.app/Contents/Developer/Toolchains/XcodeDefault.xctoolchain/usr/bin/ld -version_details
ReadFileContents /Applications/Xcode-26.3.0.app/Contents/Developer/Toolchains/XcodeDefault.xctoolchain/usr/share/docc/features.json
Build description signature: a53ea7b05ad80824ba49cbee4c9a9e82
Build description path: /Users/admin/builder/spi-builder-workspace/.derivedData/Build/Intermediates.noindex/XCBuildData/a53ea7b05ad80824ba49cbee4c9a9e82.xcbuilddata
ClangStatCache /Applications/Xcode-26.3.0.app/Contents/Developer/Toolchains/XcodeDefault.xctoolchain/usr/bin/clang-stat-cache /Applications/Xcode-26.3.0.app/Contents/Developer/Platforms/WatchOS.platform/Developer/SDKs/WatchOS26.2.sdk /Users/admin/builder/spi-builder-workspace/.derivedData/SDKStatCaches.noindex/watchos26.2-23S303-dc75598d0054f22ec865fa860f139d721753b489057de6bda919edfa1c59a62b.sdkstatcache
cd /Users/admin/builder/spi-builder-workspace/.swiftpm/xcode
/Applications/Xcode-26.3.0.app/Contents/Developer/Toolchains/XcodeDefault.xctoolchain/usr/bin/clang-stat-cache /Applications/Xcode-26.3.0.app/Contents/Developer/Platforms/WatchOS.platform/Developer/SDKs/WatchOS26.2.sdk -o /Users/admin/builder/spi-builder-workspace/.derivedData/SDKStatCaches.noindex/watchos26.2-23S303-dc75598d0054f22ec865fa860f139d721753b489057de6bda919edfa1c59a62b.sdkstatcache
CreateBuildDirectory /Users/admin/builder/spi-builder-workspace/.derivedData/Build/Products
cd /Users/admin/builder/spi-builder-workspace/.swiftpm/xcode
builtin-create-build-directory /Users/admin/builder/spi-builder-workspace/.derivedData/Build/Products
CreateBuildDirectory /Users/admin/builder/spi-builder-workspace/.derivedData/Build/Intermediates.noindex
cd /Users/admin/builder/spi-builder-workspace/.swiftpm/xcode
builtin-create-build-directory /Users/admin/builder/spi-builder-workspace/.derivedData/Build/Intermediates.noindex
CreateBuildDirectory /Users/admin/builder/spi-builder-workspace/.derivedData/Build/Intermediates.noindex/SwiftExplicitPrecompiledModules
cd /Users/admin/builder/spi-builder-workspace/.swiftpm/xcode
builtin-create-build-directory /Users/admin/builder/spi-builder-workspace/.derivedData/Build/Intermediates.noindex/SwiftExplicitPrecompiledModules
CreateBuildDirectory /Users/admin/builder/spi-builder-workspace/.derivedData/Build/Products/Debug-watchos
cd /Users/admin/builder/spi-builder-workspace/.swiftpm/xcode
builtin-create-build-directory /Users/admin/builder/spi-builder-workspace/.derivedData/Build/Products/Debug-watchos
CreateBuildDirectory /Users/admin/builder/spi-builder-workspace/.derivedData/Build/Intermediates.noindex/ExplicitPrecompiledModules
cd /Users/admin/builder/spi-builder-workspace/.swiftpm/xcode
builtin-create-build-directory /Users/admin/builder/spi-builder-workspace/.derivedData/Build/Intermediates.noindex/ExplicitPrecompiledModules
CreateBuildDirectory /Users/admin/builder/spi-builder-workspace/.derivedData/Build/Intermediates.noindex/EagerLinkingTBDs/Debug-watchos
cd /Users/admin/builder/spi-builder-workspace/.swiftpm/xcode
builtin-create-build-directory /Users/admin/builder/spi-builder-workspace/.derivedData/Build/Intermediates.noindex/EagerLinkingTBDs/Debug-watchos
CreateBuildDirectory /Users/admin/builder/spi-builder-workspace/.derivedData/Build/Products/Debug-watchos/PackageFrameworks
cd /Users/admin/builder/spi-builder-workspace/.swiftpm/xcode
builtin-create-build-directory /Users/admin/builder/spi-builder-workspace/.derivedData/Build/Products/Debug-watchos/PackageFrameworks
WriteAuxiliaryFile /Users/admin/builder/spi-builder-workspace/.derivedData/Build/Intermediates.noindex/MediaHeaderKit.build/Debug-watchos/MediaHeaderKitKingfisher.build/Objects-normal/arm64_32/MediaHeaderKitKingfisher.LinkFileList (in target 'MediaHeaderKitKingfisher' from project 'MediaHeaderKit')
cd /Users/admin/builder/spi-builder-workspace
write-file /Users/admin/builder/spi-builder-workspace/.derivedData/Build/Intermediates.noindex/MediaHeaderKit.build/Debug-watchos/MediaHeaderKitKingfisher.build/Objects-normal/arm64_32/MediaHeaderKitKingfisher.LinkFileList
WriteAuxiliaryFile /Users/admin/builder/spi-builder-workspace/.derivedData/Build/Intermediates.noindex/MediaHeaderKit.build/Debug-watchos/MediaHeaderKitKingfisher.build/Objects-normal/arm64_32/MediaHeaderKitKingfisher.SwiftFileList (in target 'MediaHeaderKitKingfisher' from project 'MediaHeaderKit')
cd /Users/admin/builder/spi-builder-workspace
write-file /Users/admin/builder/spi-builder-workspace/.derivedData/Build/Intermediates.noindex/MediaHeaderKit.build/Debug-watchos/MediaHeaderKitKingfisher.build/Objects-normal/arm64_32/MediaHeaderKitKingfisher.SwiftFileList
WriteAuxiliaryFile /Users/admin/builder/spi-builder-workspace/.derivedData/Build/Intermediates.noindex/MediaHeaderKit.build/Debug-watchos/MediaHeaderKitKingfisher.build/Objects-normal/arm64/MediaHeaderKitKingfisher.SwiftFileList (in target 'MediaHeaderKitKingfisher' from project 'MediaHeaderKit')
cd /Users/admin/builder/spi-builder-workspace
write-file /Users/admin/builder/spi-builder-workspace/.derivedData/Build/Intermediates.noindex/MediaHeaderKit.build/Debug-watchos/MediaHeaderKitKingfisher.build/Objects-normal/arm64/MediaHeaderKitKingfisher.SwiftFileList
WriteAuxiliaryFile /Users/admin/builder/spi-builder-workspace/.derivedData/Build/Intermediates.noindex/MediaHeaderKit.build/Debug-watchos/MediaHeaderKitKingfisher.build/Objects-normal/arm64_32/MediaHeaderKitKingfisher_const_extract_protocols.json (in target 'MediaHeaderKitKingfisher' from project 'MediaHeaderKit')
cd /Users/admin/builder/spi-builder-workspace
write-file /Users/admin/builder/spi-builder-workspace/.derivedData/Build/Intermediates.noindex/MediaHeaderKit.build/Debug-watchos/MediaHeaderKitKingfisher.build/Objects-normal/arm64_32/MediaHeaderKitKingfisher_const_extract_protocols.json
WriteAuxiliaryFile /Users/admin/builder/spi-builder-workspace/.derivedData/Build/Intermediates.noindex/MediaHeaderKit.build/Debug-watchos/MediaHeaderKitKingfisher.build/Objects-normal/arm64_32/MediaHeaderKitKingfisher-OutputFileMap.json (in target 'MediaHeaderKitKingfisher' from project 'MediaHeaderKit')
cd /Users/admin/builder/spi-builder-workspace
write-file /Users/admin/builder/spi-builder-workspace/.derivedData/Build/Intermediates.noindex/MediaHeaderKit.build/Debug-watchos/MediaHeaderKitKingfisher.build/Objects-normal/arm64_32/MediaHeaderKitKingfisher-OutputFileMap.json
WriteAuxiliaryFile /Users/admin/builder/spi-builder-workspace/.derivedData/Build/Intermediates.noindex/MediaHeaderKit.build/Debug-watchos/MediaHeaderKitKingfisher.build/Objects-normal/arm64/MediaHeaderKitKingfisher_const_extract_protocols.json (in target 'MediaHeaderKitKingfisher' from project 'MediaHeaderKit')
cd /Users/admin/builder/spi-builder-workspace
write-file /Users/admin/builder/spi-builder-workspace/.derivedData/Build/Intermediates.noindex/MediaHeaderKit.build/Debug-watchos/MediaHeaderKitKingfisher.build/Objects-normal/arm64/MediaHeaderKitKingfisher_const_extract_protocols.json
WriteAuxiliaryFile /Users/admin/builder/spi-builder-workspace/.derivedData/Build/Intermediates.noindex/MediaHeaderKit.build/Debug-watchos/MediaHeaderKitKingfisher.build/Objects-normal/arm64_32/MediaHeaderKitKingfisher.SwiftConstValuesFileList (in target 'MediaHeaderKitKingfisher' from project 'MediaHeaderKit')
cd /Users/admin/builder/spi-builder-workspace
write-file /Users/admin/builder/spi-builder-workspace/.derivedData/Build/Intermediates.noindex/MediaHeaderKit.build/Debug-watchos/MediaHeaderKitKingfisher.build/Objects-normal/arm64_32/MediaHeaderKitKingfisher.SwiftConstValuesFileList
WriteAuxiliaryFile /Users/admin/builder/spi-builder-workspace/.derivedData/Build/Intermediates.noindex/MediaHeaderKit.build/Debug-watchos/MediaHeaderKitKingfisher.build/Objects-normal/arm64/MediaHeaderKitKingfisher.SwiftConstValuesFileList (in target 'MediaHeaderKitKingfisher' from project 'MediaHeaderKit')
cd /Users/admin/builder/spi-builder-workspace
write-file /Users/admin/builder/spi-builder-workspace/.derivedData/Build/Intermediates.noindex/MediaHeaderKit.build/Debug-watchos/MediaHeaderKitKingfisher.build/Objects-normal/arm64/MediaHeaderKitKingfisher.SwiftConstValuesFileList
WriteAuxiliaryFile /Users/admin/builder/spi-builder-workspace/.derivedData/Build/Intermediates.noindex/MediaHeaderKit.build/Debug-watchos/MediaHeaderKitKingfisher.build/Objects-normal/arm64/MediaHeaderKitKingfisher.LinkFileList (in target 'MediaHeaderKitKingfisher' from project 'MediaHeaderKit')
cd /Users/admin/builder/spi-builder-workspace
write-file /Users/admin/builder/spi-builder-workspace/.derivedData/Build/Intermediates.noindex/MediaHeaderKit.build/Debug-watchos/MediaHeaderKitKingfisher.build/Objects-normal/arm64/MediaHeaderKitKingfisher.LinkFileList
WriteAuxiliaryFile /Users/admin/builder/spi-builder-workspace/.derivedData/Build/Intermediates.noindex/MediaHeaderKit.build/Debug-watchos/MediaHeaderKitKingfisher.build/Objects-normal/arm64/MediaHeaderKitKingfisher-OutputFileMap.json (in target 'MediaHeaderKitKingfisher' from project 'MediaHeaderKit')
cd /Users/admin/builder/spi-builder-workspace
write-file /Users/admin/builder/spi-builder-workspace/.derivedData/Build/Intermediates.noindex/MediaHeaderKit.build/Debug-watchos/MediaHeaderKitKingfisher.build/Objects-normal/arm64/MediaHeaderKitKingfisher-OutputFileMap.json
WriteAuxiliaryFile /Users/admin/builder/spi-builder-workspace/.derivedData/Build/Intermediates.noindex/MediaHeaderKit.build/Debug-watchos/MediaHeaderKitKingfisher.build/MediaHeaderKitKingfisher.modulemap (in target 'MediaHeaderKitKingfisher' from project 'MediaHeaderKit')
cd /Users/admin/builder/spi-builder-workspace
write-file /Users/admin/builder/spi-builder-workspace/.derivedData/Build/Intermediates.noindex/MediaHeaderKit.build/Debug-watchos/MediaHeaderKitKingfisher.build/MediaHeaderKitKingfisher.modulemap
WriteAuxiliaryFile /Users/admin/builder/spi-builder-workspace/.derivedData/Build/Intermediates.noindex/MediaHeaderKit.build/Debug-watchos/MediaHeaderKitKingfisher.build/MediaHeaderKitKingfisher.DependencyStaticMetadataFileList (in target 'MediaHeaderKitKingfisher' from project 'MediaHeaderKit')
cd /Users/admin/builder/spi-builder-workspace
write-file /Users/admin/builder/spi-builder-workspace/.derivedData/Build/Intermediates.noindex/MediaHeaderKit.build/Debug-watchos/MediaHeaderKitKingfisher.build/MediaHeaderKitKingfisher.DependencyStaticMetadataFileList
WriteAuxiliaryFile /Users/admin/builder/spi-builder-workspace/.derivedData/Build/Intermediates.noindex/MediaHeaderKit.build/Debug-watchos/MediaHeaderKitKingfisher.build/MediaHeaderKitKingfisher.DependencyMetadataFileList (in target 'MediaHeaderKitKingfisher' from project 'MediaHeaderKit')
cd /Users/admin/builder/spi-builder-workspace
write-file /Users/admin/builder/spi-builder-workspace/.derivedData/Build/Intermediates.noindex/MediaHeaderKit.build/Debug-watchos/MediaHeaderKitKingfisher.build/MediaHeaderKitKingfisher.DependencyMetadataFileList
WriteAuxiliaryFile /Users/admin/builder/spi-builder-workspace/.derivedData/Build/Intermediates.noindex/MediaHeaderKit.build/Debug-watchos/MediaHeaderKit.build/Objects-normal/arm64_32/MediaHeaderKit_const_extract_protocols.json (in target 'MediaHeaderKit' from project 'MediaHeaderKit')
cd /Users/admin/builder/spi-builder-workspace
write-file /Users/admin/builder/spi-builder-workspace/.derivedData/Build/Intermediates.noindex/MediaHeaderKit.build/Debug-watchos/MediaHeaderKit.build/Objects-normal/arm64_32/MediaHeaderKit_const_extract_protocols.json
WriteAuxiliaryFile /Users/admin/builder/spi-builder-workspace/.derivedData/Build/Intermediates.noindex/MediaHeaderKit.build/Debug-watchos/MediaHeaderKit.build/Objects-normal/arm64_32/MediaHeaderKit.SwiftFileList (in target 'MediaHeaderKit' from project 'MediaHeaderKit')
cd /Users/admin/builder/spi-builder-workspace
write-file /Users/admin/builder/spi-builder-workspace/.derivedData/Build/Intermediates.noindex/MediaHeaderKit.build/Debug-watchos/MediaHeaderKit.build/Objects-normal/arm64_32/MediaHeaderKit.SwiftFileList
WriteAuxiliaryFile /Users/admin/builder/spi-builder-workspace/.derivedData/Build/Intermediates.noindex/MediaHeaderKit.build/Debug-watchos/MediaHeaderKit.build/Objects-normal/arm64_32/MediaHeaderKit.SwiftConstValuesFileList (in target 'MediaHeaderKit' from project 'MediaHeaderKit')
cd /Users/admin/builder/spi-builder-workspace
write-file /Users/admin/builder/spi-builder-workspace/.derivedData/Build/Intermediates.noindex/MediaHeaderKit.build/Debug-watchos/MediaHeaderKit.build/Objects-normal/arm64_32/MediaHeaderKit.SwiftConstValuesFileList
WriteAuxiliaryFile /Users/admin/builder/spi-builder-workspace/.derivedData/Build/Intermediates.noindex/MediaHeaderKit.build/Debug-watchos/MediaHeaderKit.build/Objects-normal/arm64_32/MediaHeaderKit.LinkFileList (in target 'MediaHeaderKit' from project 'MediaHeaderKit')
cd /Users/admin/builder/spi-builder-workspace
write-file /Users/admin/builder/spi-builder-workspace/.derivedData/Build/Intermediates.noindex/MediaHeaderKit.build/Debug-watchos/MediaHeaderKit.build/Objects-normal/arm64_32/MediaHeaderKit.LinkFileList
WriteAuxiliaryFile /Users/admin/builder/spi-builder-workspace/.derivedData/Build/Intermediates.noindex/MediaHeaderKit.build/Debug-watchos/MediaHeaderKit.build/Objects-normal/arm64_32/MediaHeaderKit-OutputFileMap.json (in target 'MediaHeaderKit' from project 'MediaHeaderKit')
cd /Users/admin/builder/spi-builder-workspace
write-file /Users/admin/builder/spi-builder-workspace/.derivedData/Build/Intermediates.noindex/MediaHeaderKit.build/Debug-watchos/MediaHeaderKit.build/Objects-normal/arm64_32/MediaHeaderKit-OutputFileMap.json
WriteAuxiliaryFile /Users/admin/builder/spi-builder-workspace/.derivedData/Build/Intermediates.noindex/MediaHeaderKit.build/Debug-watchos/MediaHeaderKit.build/Objects-normal/arm64/MediaHeaderKit.SwiftFileList (in target 'MediaHeaderKit' from project 'MediaHeaderKit')
cd /Users/admin/builder/spi-builder-workspace
write-file /Users/admin/builder/spi-builder-workspace/.derivedData/Build/Intermediates.noindex/MediaHeaderKit.build/Debug-watchos/MediaHeaderKit.build/Objects-normal/arm64/MediaHeaderKit.SwiftFileList
WriteAuxiliaryFile /Users/admin/builder/spi-builder-workspace/.derivedData/Build/Intermediates.noindex/MediaHeaderKit.build/Debug-watchos/MediaHeaderKit.build/Objects-normal/arm64/MediaHeaderKit.SwiftConstValuesFileList (in target 'MediaHeaderKit' from project 'MediaHeaderKit')
cd /Users/admin/builder/spi-builder-workspace
write-file /Users/admin/builder/spi-builder-workspace/.derivedData/Build/Intermediates.noindex/MediaHeaderKit.build/Debug-watchos/MediaHeaderKit.build/Objects-normal/arm64/MediaHeaderKit.SwiftConstValuesFileList
WriteAuxiliaryFile /Users/admin/builder/spi-builder-workspace/.derivedData/Build/Intermediates.noindex/MediaHeaderKit.build/Debug-watchos/MediaHeaderKit.build/Objects-normal/arm64/MediaHeaderKit_const_extract_protocols.json (in target 'MediaHeaderKit' from project 'MediaHeaderKit')
cd /Users/admin/builder/spi-builder-workspace
write-file /Users/admin/builder/spi-builder-workspace/.derivedData/Build/Intermediates.noindex/MediaHeaderKit.build/Debug-watchos/MediaHeaderKit.build/Objects-normal/arm64/MediaHeaderKit_const_extract_protocols.json
WriteAuxiliaryFile /Users/admin/builder/spi-builder-workspace/.derivedData/Build/Intermediates.noindex/MediaHeaderKit.build/Debug-watchos/MediaHeaderKit.build/Objects-normal/arm64/MediaHeaderKit-OutputFileMap.json (in target 'MediaHeaderKit' from project 'MediaHeaderKit')
cd /Users/admin/builder/spi-builder-workspace
write-file /Users/admin/builder/spi-builder-workspace/.derivedData/Build/Intermediates.noindex/MediaHeaderKit.build/Debug-watchos/MediaHeaderKit.build/Objects-normal/arm64/MediaHeaderKit-OutputFileMap.json
WriteAuxiliaryFile /Users/admin/builder/spi-builder-workspace/.derivedData/Build/Intermediates.noindex/MediaHeaderKit.build/Debug-watchos/MediaHeaderKit.build/Objects-normal/arm64/MediaHeaderKit.LinkFileList (in target 'MediaHeaderKit' from project 'MediaHeaderKit')
cd /Users/admin/builder/spi-builder-workspace
write-file /Users/admin/builder/spi-builder-workspace/.derivedData/Build/Intermediates.noindex/MediaHeaderKit.build/Debug-watchos/MediaHeaderKit.build/Objects-normal/arm64/MediaHeaderKit.LinkFileList
Copy /Users/admin/builder/spi-builder-workspace/.derivedData/Build/Intermediates.noindex/GeneratedModuleMaps-watchos/MediaHeaderKitKingfisher.modulemap /Users/admin/builder/spi-builder-workspace/.derivedData/Build/Intermediates.noindex/MediaHeaderKit.build/Debug-watchos/MediaHeaderKitKingfisher.build/MediaHeaderKitKingfisher.modulemap (in target 'MediaHeaderKitKingfisher' from project 'MediaHeaderKit')
cd /Users/admin/builder/spi-builder-workspace
builtin-copy -exclude .DS_Store -exclude CVS -exclude .svn -exclude .git -exclude .hg -resolve-src-symlinks /Users/admin/builder/spi-builder-workspace/.derivedData/Build/Intermediates.noindex/MediaHeaderKit.build/Debug-watchos/MediaHeaderKitKingfisher.build/MediaHeaderKitKingfisher.modulemap /Users/admin/builder/spi-builder-workspace/.derivedData/Build/Intermediates.noindex/GeneratedModuleMaps-watchos
WriteAuxiliaryFile /Users/admin/builder/spi-builder-workspace/.derivedData/Build/Intermediates.noindex/MediaHeaderKit.build/Debug-watchos/MediaHeaderKit.build/MediaHeaderKit.modulemap (in target 'MediaHeaderKit' from project 'MediaHeaderKit')
cd /Users/admin/builder/spi-builder-workspace
write-file /Users/admin/builder/spi-builder-workspace/.derivedData/Build/Intermediates.noindex/MediaHeaderKit.build/Debug-watchos/MediaHeaderKit.build/MediaHeaderKit.modulemap
WriteAuxiliaryFile /Users/admin/builder/spi-builder-workspace/.derivedData/Build/Intermediates.noindex/MediaHeaderKit.build/Debug-watchos/MediaHeaderKit.build/MediaHeaderKit.DependencyStaticMetadataFileList (in target 'MediaHeaderKit' from project 'MediaHeaderKit')
cd /Users/admin/builder/spi-builder-workspace
write-file /Users/admin/builder/spi-builder-workspace/.derivedData/Build/Intermediates.noindex/MediaHeaderKit.build/Debug-watchos/MediaHeaderKit.build/MediaHeaderKit.DependencyStaticMetadataFileList
WriteAuxiliaryFile /Users/admin/builder/spi-builder-workspace/.derivedData/Build/Intermediates.noindex/MediaHeaderKit.build/Debug-watchos/MediaHeaderKit.build/MediaHeaderKit.DependencyMetadataFileList (in target 'MediaHeaderKit' from project 'MediaHeaderKit')
cd /Users/admin/builder/spi-builder-workspace
write-file /Users/admin/builder/spi-builder-workspace/.derivedData/Build/Intermediates.noindex/MediaHeaderKit.build/Debug-watchos/MediaHeaderKit.build/MediaHeaderKit.DependencyMetadataFileList
WriteAuxiliaryFile /Users/admin/builder/spi-builder-workspace/.derivedData/Build/Intermediates.noindex/Kingfisher.build/Debug-watchos/Kingfisher_Kingfisher.build/empty-Kingfisher_Kingfisher.plist (in target 'Kingfisher_Kingfisher' from project 'Kingfisher')
cd /Users/admin/builder/spi-builder-workspace/.dependencies/checkouts/Kingfisher
write-file /Users/admin/builder/spi-builder-workspace/.derivedData/Build/Intermediates.noindex/Kingfisher.build/Debug-watchos/Kingfisher_Kingfisher.build/empty-Kingfisher_Kingfisher.plist
WriteAuxiliaryFile /Users/admin/builder/spi-builder-workspace/.derivedData/Build/Intermediates.noindex/Kingfisher.build/Debug-watchos/Kingfisher_Kingfisher.build/Kingfisher_Kingfisher.DependencyStaticMetadataFileList (in target 'Kingfisher_Kingfisher' from project 'Kingfisher')
cd /Users/admin/builder/spi-builder-workspace/.dependencies/checkouts/Kingfisher
write-file /Users/admin/builder/spi-builder-workspace/.derivedData/Build/Intermediates.noindex/Kingfisher.build/Debug-watchos/Kingfisher_Kingfisher.build/Kingfisher_Kingfisher.DependencyStaticMetadataFileList
WriteAuxiliaryFile /Users/admin/builder/spi-builder-workspace/.derivedData/Build/Intermediates.noindex/Kingfisher.build/Debug-watchos/Kingfisher_Kingfisher.build/Kingfisher_Kingfisher.DependencyMetadataFileList (in target 'Kingfisher_Kingfisher' from project 'Kingfisher')
cd /Users/admin/builder/spi-builder-workspace/.dependencies/checkouts/Kingfisher
write-file /Users/admin/builder/spi-builder-workspace/.derivedData/Build/Intermediates.noindex/Kingfisher.build/Debug-watchos/Kingfisher_Kingfisher.build/Kingfisher_Kingfisher.DependencyMetadataFileList
WriteAuxiliaryFile /Users/admin/builder/spi-builder-workspace/.derivedData/Build/Intermediates.noindex/Kingfisher.build/Debug-watchos/Kingfisher.build/Objects-normal/armv7k/Kingfisher_const_extract_protocols.json (in target 'Kingfisher' from project 'Kingfisher')
cd /Users/admin/builder/spi-builder-workspace/.dependencies/checkouts/Kingfisher
write-file /Users/admin/builder/spi-builder-workspace/.derivedData/Build/Intermediates.noindex/Kingfisher.build/Debug-watchos/Kingfisher.build/Objects-normal/armv7k/Kingfisher_const_extract_protocols.json
WriteAuxiliaryFile /Users/admin/builder/spi-builder-workspace/.derivedData/Build/Intermediates.noindex/Kingfisher.build/Debug-watchos/Kingfisher.build/Objects-normal/armv7k/Kingfisher.SwiftFileList (in target 'Kingfisher' from project 'Kingfisher')
cd /Users/admin/builder/spi-builder-workspace/.dependencies/checkouts/Kingfisher
write-file /Users/admin/builder/spi-builder-workspace/.derivedData/Build/Intermediates.noindex/Kingfisher.build/Debug-watchos/Kingfisher.build/Objects-normal/armv7k/Kingfisher.SwiftFileList
WriteAuxiliaryFile /Users/admin/builder/spi-builder-workspace/.derivedData/Build/Intermediates.noindex/Kingfisher.build/Debug-watchos/Kingfisher.build/Objects-normal/armv7k/Kingfisher.SwiftConstValuesFileList (in target 'Kingfisher' from project 'Kingfisher')
cd /Users/admin/builder/spi-builder-workspace/.dependencies/checkouts/Kingfisher
write-file /Users/admin/builder/spi-builder-workspace/.derivedData/Build/Intermediates.noindex/Kingfisher.build/Debug-watchos/Kingfisher.build/Objects-normal/armv7k/Kingfisher.SwiftConstValuesFileList
WriteAuxiliaryFile /Users/admin/builder/spi-builder-workspace/.derivedData/Build/Intermediates.noindex/Kingfisher.build/Debug-watchos/Kingfisher.build/Objects-normal/armv7k/Kingfisher.LinkFileList (in target 'Kingfisher' from project 'Kingfisher')
cd /Users/admin/builder/spi-builder-workspace/.dependencies/checkouts/Kingfisher
write-file /Users/admin/builder/spi-builder-workspace/.derivedData/Build/Intermediates.noindex/Kingfisher.build/Debug-watchos/Kingfisher.build/Objects-normal/armv7k/Kingfisher.LinkFileList
Copy /Users/admin/builder/spi-builder-workspace/.derivedData/Build/Intermediates.noindex/GeneratedModuleMaps-watchos/MediaHeaderKit.modulemap /Users/admin/builder/spi-builder-workspace/.derivedData/Build/Intermediates.noindex/MediaHeaderKit.build/Debug-watchos/MediaHeaderKit.build/MediaHeaderKit.modulemap (in target 'MediaHeaderKit' from project 'MediaHeaderKit')
cd /Users/admin/builder/spi-builder-workspace
builtin-copy -exclude .DS_Store -exclude CVS -exclude .svn -exclude .git -exclude .hg -resolve-src-symlinks /Users/admin/builder/spi-builder-workspace/.derivedData/Build/Intermediates.noindex/MediaHeaderKit.build/Debug-watchos/MediaHeaderKit.build/MediaHeaderKit.modulemap /Users/admin/builder/spi-builder-workspace/.derivedData/Build/Intermediates.noindex/GeneratedModuleMaps-watchos
WriteAuxiliaryFile /Users/admin/builder/spi-builder-workspace/.derivedData/Build/Intermediates.noindex/Kingfisher.build/Debug-watchos/Kingfisher.build/Objects-normal/armv7k/Kingfisher-OutputFileMap.json (in target 'Kingfisher' from project 'Kingfisher')
cd /Users/admin/builder/spi-builder-workspace/.dependencies/checkouts/Kingfisher
write-file /Users/admin/builder/spi-builder-workspace/.derivedData/Build/Intermediates.noindex/Kingfisher.build/Debug-watchos/Kingfisher.build/Objects-normal/armv7k/Kingfisher-OutputFileMap.json
WriteAuxiliaryFile /Users/admin/builder/spi-builder-workspace/.derivedData/Build/Intermediates.noindex/Kingfisher.build/Debug-watchos/Kingfisher.build/Objects-normal/arm64_32/Kingfisher_const_extract_protocols.json (in target 'Kingfisher' from project 'Kingfisher')
cd /Users/admin/builder/spi-builder-workspace/.dependencies/checkouts/Kingfisher
write-file /Users/admin/builder/spi-builder-workspace/.derivedData/Build/Intermediates.noindex/Kingfisher.build/Debug-watchos/Kingfisher.build/Objects-normal/arm64_32/Kingfisher_const_extract_protocols.json
WriteAuxiliaryFile /Users/admin/builder/spi-builder-workspace/.derivedData/Build/Intermediates.noindex/Kingfisher.build/Debug-watchos/Kingfisher.build/Objects-normal/arm64_32/Kingfisher.SwiftConstValuesFileList (in target 'Kingfisher' from project 'Kingfisher')
cd /Users/admin/builder/spi-builder-workspace/.dependencies/checkouts/Kingfisher
write-file /Users/admin/builder/spi-builder-workspace/.derivedData/Build/Intermediates.noindex/Kingfisher.build/Debug-watchos/Kingfisher.build/Objects-normal/arm64_32/Kingfisher.SwiftConstValuesFileList
WriteAuxiliaryFile /Users/admin/builder/spi-builder-workspace/.derivedData/Build/Intermediates.noindex/Kingfisher.build/Debug-watchos/Kingfisher.build/Objects-normal/arm64_32/Kingfisher.SwiftFileList (in target 'Kingfisher' from project 'Kingfisher')
cd /Users/admin/builder/spi-builder-workspace/.dependencies/checkouts/Kingfisher
write-file /Users/admin/builder/spi-builder-workspace/.derivedData/Build/Intermediates.noindex/Kingfisher.build/Debug-watchos/Kingfisher.build/Objects-normal/arm64_32/Kingfisher.SwiftFileList
WriteAuxiliaryFile /Users/admin/builder/spi-builder-workspace/.derivedData/Build/Intermediates.noindex/Kingfisher.build/Debug-watchos/Kingfisher.build/Objects-normal/arm64_32/Kingfisher.LinkFileList (in target 'Kingfisher' from project 'Kingfisher')
cd /Users/admin/builder/spi-builder-workspace/.dependencies/checkouts/Kingfisher
write-file /Users/admin/builder/spi-builder-workspace/.derivedData/Build/Intermediates.noindex/Kingfisher.build/Debug-watchos/Kingfisher.build/Objects-normal/arm64_32/Kingfisher.LinkFileList
WriteAuxiliaryFile /Users/admin/builder/spi-builder-workspace/.derivedData/Build/Intermediates.noindex/Kingfisher.build/Debug-watchos/Kingfisher.build/Objects-normal/arm64_32/Kingfisher-OutputFileMap.json (in target 'Kingfisher' from project 'Kingfisher')
cd /Users/admin/builder/spi-builder-workspace/.dependencies/checkouts/Kingfisher
write-file /Users/admin/builder/spi-builder-workspace/.derivedData/Build/Intermediates.noindex/Kingfisher.build/Debug-watchos/Kingfisher.build/Objects-normal/arm64_32/Kingfisher-OutputFileMap.json
WriteAuxiliaryFile /Users/admin/builder/spi-builder-workspace/.derivedData/Build/Intermediates.noindex/Kingfisher.build/Debug-watchos/Kingfisher.build/Objects-normal/arm64/Kingfisher.SwiftConstValuesFileList (in target 'Kingfisher' from project 'Kingfisher')
cd /Users/admin/builder/spi-builder-workspace/.dependencies/checkouts/Kingfisher
write-file /Users/admin/builder/spi-builder-workspace/.derivedData/Build/Intermediates.noindex/Kingfisher.build/Debug-watchos/Kingfisher.build/Objects-normal/arm64/Kingfisher.SwiftConstValuesFileList
WriteAuxiliaryFile /Users/admin/builder/spi-builder-workspace/.derivedData/Build/Intermediates.noindex/Kingfisher.build/Debug-watchos/Kingfisher.build/Objects-normal/arm64/Kingfisher.LinkFileList (in target 'Kingfisher' from project 'Kingfisher')
cd /Users/admin/builder/spi-builder-workspace/.dependencies/checkouts/Kingfisher
write-file /Users/admin/builder/spi-builder-workspace/.derivedData/Build/Intermediates.noindex/Kingfisher.build/Debug-watchos/Kingfisher.build/Objects-normal/arm64/Kingfisher.LinkFileList
WriteAuxiliaryFile /Users/admin/builder/spi-builder-workspace/.derivedData/Build/Intermediates.noindex/Kingfisher.build/Debug-watchos/Kingfisher.build/Objects-normal/arm64/Kingfisher.SwiftFileList (in target 'Kingfisher' from project 'Kingfisher')
cd /Users/admin/builder/spi-builder-workspace/.dependencies/checkouts/Kingfisher
write-file /Users/admin/builder/spi-builder-workspace/.derivedData/Build/Intermediates.noindex/Kingfisher.build/Debug-watchos/Kingfisher.build/Objects-normal/arm64/Kingfisher.SwiftFileList
WriteAuxiliaryFile /Users/admin/builder/spi-builder-workspace/.derivedData/Build/Intermediates.noindex/Kingfisher.build/Debug-watchos/Kingfisher.build/Objects-normal/arm64/Kingfisher_const_extract_protocols.json (in target 'Kingfisher' from project 'Kingfisher')
cd /Users/admin/builder/spi-builder-workspace/.dependencies/checkouts/Kingfisher
write-file /Users/admin/builder/spi-builder-workspace/.derivedData/Build/Intermediates.noindex/Kingfisher.build/Debug-watchos/Kingfisher.build/Objects-normal/arm64/Kingfisher_const_extract_protocols.json
WriteAuxiliaryFile /Users/admin/builder/spi-builder-workspace/.derivedData/Build/Intermediates.noindex/Kingfisher.build/Debug-watchos/Kingfisher.build/Objects-normal/arm64/Kingfisher-OutputFileMap.json (in target 'Kingfisher' from project 'Kingfisher')
cd /Users/admin/builder/spi-builder-workspace/.dependencies/checkouts/Kingfisher
write-file /Users/admin/builder/spi-builder-workspace/.derivedData/Build/Intermediates.noindex/Kingfisher.build/Debug-watchos/Kingfisher.build/Objects-normal/arm64/Kingfisher-OutputFileMap.json
WriteAuxiliaryFile /Users/admin/builder/spi-builder-workspace/.derivedData/Build/Intermediates.noindex/Kingfisher.build/Debug-watchos/Kingfisher.build/Kingfisher.modulemap (in target 'Kingfisher' from project 'Kingfisher')
cd /Users/admin/builder/spi-builder-workspace/.dependencies/checkouts/Kingfisher
write-file /Users/admin/builder/spi-builder-workspace/.derivedData/Build/Intermediates.noindex/Kingfisher.build/Debug-watchos/Kingfisher.build/Kingfisher.modulemap
WriteAuxiliaryFile /Users/admin/builder/spi-builder-workspace/.derivedData/Build/Intermediates.noindex/Kingfisher.build/Debug-watchos/Kingfisher.build/Kingfisher.DependencyStaticMetadataFileList (in target 'Kingfisher' from project 'Kingfisher')
cd /Users/admin/builder/spi-builder-workspace/.dependencies/checkouts/Kingfisher
write-file /Users/admin/builder/spi-builder-workspace/.derivedData/Build/Intermediates.noindex/Kingfisher.build/Debug-watchos/Kingfisher.build/Kingfisher.DependencyStaticMetadataFileList
WriteAuxiliaryFile /Users/admin/builder/spi-builder-workspace/.derivedData/Build/Intermediates.noindex/Kingfisher.build/Debug-watchos/Kingfisher.build/Kingfisher.DependencyMetadataFileList (in target 'Kingfisher' from project 'Kingfisher')
cd /Users/admin/builder/spi-builder-workspace/.dependencies/checkouts/Kingfisher
write-file /Users/admin/builder/spi-builder-workspace/.derivedData/Build/Intermediates.noindex/Kingfisher.build/Debug-watchos/Kingfisher.build/Kingfisher.DependencyMetadataFileList
WriteAuxiliaryFile /Users/admin/builder/spi-builder-workspace/.derivedData/Build/Intermediates.noindex/Kingfisher.build/Debug-watchos/Kingfisher.build/DerivedSources/resource_bundle_accessor.swift (in target 'Kingfisher' from project 'Kingfisher')
cd /Users/admin/builder/spi-builder-workspace/.dependencies/checkouts/Kingfisher
write-file /Users/admin/builder/spi-builder-workspace/.derivedData/Build/Intermediates.noindex/Kingfisher.build/Debug-watchos/Kingfisher.build/DerivedSources/resource_bundle_accessor.swift
MkDir /Users/admin/builder/spi-builder-workspace/.derivedData/Build/Products/Debug-watchos/Kingfisher_Kingfisher.bundle (in target 'Kingfisher_Kingfisher' from project 'Kingfisher')
cd /Users/admin/builder/spi-builder-workspace/.dependencies/checkouts/Kingfisher
/bin/mkdir -p /Users/admin/builder/spi-builder-workspace/.derivedData/Build/Products/Debug-watchos/Kingfisher_Kingfisher.bundle
Copy /Users/admin/builder/spi-builder-workspace/.derivedData/Build/Intermediates.noindex/GeneratedModuleMaps-watchos/Kingfisher.modulemap /Users/admin/builder/spi-builder-workspace/.derivedData/Build/Intermediates.noindex/Kingfisher.build/Debug-watchos/Kingfisher.build/Kingfisher.modulemap (in target 'Kingfisher' from project 'Kingfisher')
cd /Users/admin/builder/spi-builder-workspace/.dependencies/checkouts/Kingfisher
builtin-copy -exclude .DS_Store -exclude CVS -exclude .svn -exclude .git -exclude .hg -resolve-src-symlinks /Users/admin/builder/spi-builder-workspace/.derivedData/Build/Intermediates.noindex/Kingfisher.build/Debug-watchos/Kingfisher.build/Kingfisher.modulemap /Users/admin/builder/spi-builder-workspace/.derivedData/Build/Intermediates.noindex/GeneratedModuleMaps-watchos
ProcessInfoPlistFile /Users/admin/builder/spi-builder-workspace/.derivedData/Build/Products/Debug-watchos/Kingfisher_Kingfisher.bundle/Info.plist /Users/admin/builder/spi-builder-workspace/.derivedData/Build/Intermediates.noindex/Kingfisher.build/Debug-watchos/Kingfisher_Kingfisher.build/empty-Kingfisher_Kingfisher.plist (in target 'Kingfisher_Kingfisher' from project 'Kingfisher')
cd /Users/admin/builder/spi-builder-workspace/.dependencies/checkouts/Kingfisher
builtin-infoPlistUtility /Users/admin/builder/spi-builder-workspace/.derivedData/Build/Intermediates.noindex/Kingfisher.build/Debug-watchos/Kingfisher_Kingfisher.build/empty-Kingfisher_Kingfisher.plist -producttype com.apple.product-type.bundle -expandbuildsettings -format binary -platform watchos -o /Users/admin/builder/spi-builder-workspace/.derivedData/Build/Products/Debug-watchos/Kingfisher_Kingfisher.bundle/Info.plist
CpResource /Users/admin/builder/spi-builder-workspace/.derivedData/Build/Products/Debug-watchos/Kingfisher_Kingfisher.bundle/PrivacyInfo.xcprivacy /Users/admin/builder/spi-builder-workspace/.dependencies/checkouts/Kingfisher/Sources/PrivacyInfo.xcprivacy (in target 'Kingfisher_Kingfisher' from project 'Kingfisher')
cd /Users/admin/builder/spi-builder-workspace/.dependencies/checkouts/Kingfisher
builtin-copy -exclude .DS_Store -exclude CVS -exclude .svn -exclude .git -exclude .hg -resolve-src-symlinks /Users/admin/builder/spi-builder-workspace/.dependencies/checkouts/Kingfisher/Sources/PrivacyInfo.xcprivacy /Users/admin/builder/spi-builder-workspace/.derivedData/Build/Products/Debug-watchos/Kingfisher_Kingfisher.bundle
RegisterExecutionPolicyException /Users/admin/builder/spi-builder-workspace/.derivedData/Build/Products/Debug-watchos/Kingfisher_Kingfisher.bundle (in target 'Kingfisher_Kingfisher' from project 'Kingfisher')
cd /Users/admin/builder/spi-builder-workspace/.dependencies/checkouts/Kingfisher
builtin-RegisterExecutionPolicyException /Users/admin/builder/spi-builder-workspace/.derivedData/Build/Products/Debug-watchos/Kingfisher_Kingfisher.bundle
Touch /Users/admin/builder/spi-builder-workspace/.derivedData/Build/Products/Debug-watchos/Kingfisher_Kingfisher.bundle (in target 'Kingfisher_Kingfisher' from project 'Kingfisher')
cd /Users/admin/builder/spi-builder-workspace/.dependencies/checkouts/Kingfisher
/usr/bin/touch -c /Users/admin/builder/spi-builder-workspace/.derivedData/Build/Products/Debug-watchos/Kingfisher_Kingfisher.bundle
SwiftDriver Kingfisher normal armv7k com.apple.xcode.tools.swift.compiler (in target 'Kingfisher' from project 'Kingfisher')
cd /Users/admin/builder/spi-builder-workspace/.swiftpm/xcode
builtin-SwiftDriver -- /Applications/Xcode-26.3.0.app/Contents/Developer/Toolchains/XcodeDefault.xctoolchain/usr/bin/swiftc -module-name Kingfisher -Onone -enforce-exclusivity\=checked @/Users/admin/builder/spi-builder-workspace/.derivedData/Build/Intermediates.noindex/Kingfisher.build/Debug-watchos/Kingfisher.build/Objects-normal/armv7k/Kingfisher.SwiftFileList -DSWIFT_PACKAGE -DDEBUG -DSWIFT_MODULE_RESOURCE_BUNDLE_AVAILABLE -DXcode -plugin-path /Applications/Xcode-26.3.0.app/Contents/Developer/Toolchains/XcodeDefault.xctoolchain/usr/lib/swift/host/plugins/testing -enable-experimental-feature DebugDescriptionMacro -sdk /Applications/Xcode-26.3.0.app/Contents/Developer/Platforms/WatchOS.platform/Developer/SDKs/WatchOS26.2.sdk -target armv7k-apple-watchos6.0 -g -module-cache-path /Users/admin/builder/spi-builder-workspace/.derivedData/ModuleCache.noindex -Xfrontend -serialize-debugging-options -enable-testing -suppress-warnings -index-store-path /Users/admin/builder/spi-builder-workspace/.derivedData/Index.noindex/DataStore -Xcc -D_LIBCPP_HARDENING_MODE\=_LIBCPP_HARDENING_MODE_DEBUG -swift-version 5 -I /Users/admin/builder/spi-builder-workspace/.derivedData/Build/Products/Debug-watchos -Isystem /Applications/Xcode-26.3.0.app/Contents/Developer/Platforms/WatchOS.platform/Developer/usr/lib -F /Users/admin/builder/spi-builder-workspace/.derivedData/Build/Products/Debug-watchos -F /Applications/Xcode-26.3.0.app/Contents/Developer/Platforms/WatchOS.platform/Developer/Library/Frameworks -F /Applications/Xcode-26.3.0.app/Contents/Developer/Platforms/WatchOS.platform/Developer/SDKs/WatchOS26.2.sdk/Developer/Library/Frameworks -c -j10 -enable-batch-mode -incremental -Xcc -ivfsstatcache -Xcc /Users/admin/builder/spi-builder-workspace/.derivedData/SDKStatCaches.noindex/watchos26.2-23S303-dc75598d0054f22ec865fa860f139d721753b489057de6bda919edfa1c59a62b.sdkstatcache -output-file-map /Users/admin/builder/spi-builder-workspace/.derivedData/Build/Intermediates.noindex/Kingfisher.build/Debug-watchos/Kingfisher.build/Objects-normal/armv7k/Kingfisher-OutputFileMap.json -use-frontend-parseable-output -save-temps -no-color-diagnostics -explicit-module-build -module-cache-path /Users/admin/builder/spi-builder-workspace/.derivedData/Build/Intermediates.noindex/SwiftExplicitPrecompiledModules -clang-scanner-module-cache-path /Users/admin/builder/spi-builder-workspace/.derivedData/ModuleCache.noindex -sdk-module-cache-path /Users/admin/builder/spi-builder-workspace/.derivedData/ModuleCache.noindex -serialize-diagnostics -emit-dependencies -emit-module -emit-module-path /Users/admin/builder/spi-builder-workspace/.derivedData/Build/Intermediates.noindex/Kingfisher.build/Debug-watchos/Kingfisher.build/Objects-normal/armv7k/Kingfisher.swiftmodule -validate-clang-modules-once -clang-build-session-file /Users/admin/builder/spi-builder-workspace/.derivedData/ModuleCache.noindex/Session.modulevalidation -package-name kingfisher -Xcc -I/Users/admin/builder/spi-builder-workspace/.derivedData/Build/Intermediates.noindex/Kingfisher.build/Debug-watchos/Kingfisher.build/swift-overrides.hmap -emit-const-values -Xfrontend -const-gather-protocols-file -Xfrontend /Users/admin/builder/spi-builder-workspace/.derivedData/Build/Intermediates.noindex/Kingfisher.build/Debug-watchos/Kingfisher.build/Objects-normal/armv7k/Kingfisher_const_extract_protocols.json -Xcc -I/Users/admin/builder/spi-builder-workspace/.derivedData/Build/Products/Debug-watchos/include -Xcc -I/Users/admin/builder/spi-builder-workspace/.derivedData/Build/Intermediates.noindex/Kingfisher.build/Debug-watchos/Kingfisher.build/DerivedSources-normal/armv7k -Xcc -I/Users/admin/builder/spi-builder-workspace/.derivedData/Build/Intermediates.noindex/Kingfisher.build/Debug-watchos/Kingfisher.build/DerivedSources/armv7k -Xcc -I/Users/admin/builder/spi-builder-workspace/.derivedData/Build/Intermediates.noindex/Kingfisher.build/Debug-watchos/Kingfisher.build/DerivedSources -Xcc -DSWIFT_PACKAGE -Xcc -DDEBUG\=1 -emit-objc-header -emit-objc-header-path /Users/admin/builder/spi-builder-workspace/.derivedData/Build/Intermediates.noindex/Kingfisher.build/Debug-watchos/Kingfisher.build/Objects-normal/armv7k/Kingfisher-Swift.h -working-directory /Users/admin/builder/spi-builder-workspace/.swiftpm/xcode -experimental-emit-module-separately -disable-cmo
SwiftDriver Kingfisher normal arm64_32 com.apple.xcode.tools.swift.compiler (in target 'Kingfisher' from project 'Kingfisher')
cd /Users/admin/builder/spi-builder-workspace/.swiftpm/xcode
builtin-SwiftDriver -- /Applications/Xcode-26.3.0.app/Contents/Developer/Toolchains/XcodeDefault.xctoolchain/usr/bin/swiftc -module-name Kingfisher -Onone -enforce-exclusivity\=checked @/Users/admin/builder/spi-builder-workspace/.derivedData/Build/Intermediates.noindex/Kingfisher.build/Debug-watchos/Kingfisher.build/Objects-normal/arm64_32/Kingfisher.SwiftFileList -DSWIFT_PACKAGE -DDEBUG -DSWIFT_MODULE_RESOURCE_BUNDLE_AVAILABLE -DXcode -plugin-path /Applications/Xcode-26.3.0.app/Contents/Developer/Toolchains/XcodeDefault.xctoolchain/usr/lib/swift/host/plugins/testing -enable-experimental-feature DebugDescriptionMacro -sdk /Applications/Xcode-26.3.0.app/Contents/Developer/Platforms/WatchOS.platform/Developer/SDKs/WatchOS26.2.sdk -target arm64_32-apple-watchos6.0 -g -module-cache-path /Users/admin/builder/spi-builder-workspace/.derivedData/ModuleCache.noindex -Xfrontend -serialize-debugging-options -enable-testing -suppress-warnings -index-store-path /Users/admin/builder/spi-builder-workspace/.derivedData/Index.noindex/DataStore -Xcc -D_LIBCPP_HARDENING_MODE\=_LIBCPP_HARDENING_MODE_DEBUG -swift-version 5 -I /Users/admin/builder/spi-builder-workspace/.derivedData/Build/Products/Debug-watchos -Isystem /Applications/Xcode-26.3.0.app/Contents/Developer/Platforms/WatchOS.platform/Developer/usr/lib -F /Users/admin/builder/spi-builder-workspace/.derivedData/Build/Products/Debug-watchos -F /Applications/Xcode-26.3.0.app/Contents/Developer/Platforms/WatchOS.platform/Developer/Library/Frameworks -F /Applications/Xcode-26.3.0.app/Contents/Developer/Platforms/WatchOS.platform/Developer/SDKs/WatchOS26.2.sdk/Developer/Library/Frameworks -c -j10 -enable-batch-mode -incremental -Xcc -ivfsstatcache -Xcc /Users/admin/builder/spi-builder-workspace/.derivedData/SDKStatCaches.noindex/watchos26.2-23S303-dc75598d0054f22ec865fa860f139d721753b489057de6bda919edfa1c59a62b.sdkstatcache -output-file-map /Users/admin/builder/spi-builder-workspace/.derivedData/Build/Intermediates.noindex/Kingfisher.build/Debug-watchos/Kingfisher.build/Objects-normal/arm64_32/Kingfisher-OutputFileMap.json -use-frontend-parseable-output -save-temps -no-color-diagnostics -explicit-module-build -module-cache-path /Users/admin/builder/spi-builder-workspace/.derivedData/Build/Intermediates.noindex/SwiftExplicitPrecompiledModules -clang-scanner-module-cache-path /Users/admin/builder/spi-builder-workspace/.derivedData/ModuleCache.noindex -sdk-module-cache-path /Users/admin/builder/spi-builder-workspace/.derivedData/ModuleCache.noindex -serialize-diagnostics -emit-dependencies -emit-module -emit-module-path /Users/admin/builder/spi-builder-workspace/.derivedData/Build/Intermediates.noindex/Kingfisher.build/Debug-watchos/Kingfisher.build/Objects-normal/arm64_32/Kingfisher.swiftmodule -validate-clang-modules-once -clang-build-session-file /Users/admin/builder/spi-builder-workspace/.derivedData/ModuleCache.noindex/Session.modulevalidation -package-name kingfisher -Xcc -I/Users/admin/builder/spi-builder-workspace/.derivedData/Build/Intermediates.noindex/Kingfisher.build/Debug-watchos/Kingfisher.build/swift-overrides.hmap -emit-const-values -Xfrontend -const-gather-protocols-file -Xfrontend /Users/admin/builder/spi-builder-workspace/.derivedData/Build/Intermediates.noindex/Kingfisher.build/Debug-watchos/Kingfisher.build/Objects-normal/arm64_32/Kingfisher_const_extract_protocols.json -Xcc -I/Users/admin/builder/spi-builder-workspace/.derivedData/Build/Products/Debug-watchos/include -Xcc -I/Users/admin/builder/spi-builder-workspace/.derivedData/Build/Intermediates.noindex/Kingfisher.build/Debug-watchos/Kingfisher.build/DerivedSources-normal/arm64_32 -Xcc -I/Users/admin/builder/spi-builder-workspace/.derivedData/Build/Intermediates.noindex/Kingfisher.build/Debug-watchos/Kingfisher.build/DerivedSources/arm64_32 -Xcc -I/Users/admin/builder/spi-builder-workspace/.derivedData/Build/Intermediates.noindex/Kingfisher.build/Debug-watchos/Kingfisher.build/DerivedSources -Xcc -DSWIFT_PACKAGE -Xcc -DDEBUG\=1 -emit-objc-header -emit-objc-header-path /Users/admin/builder/spi-builder-workspace/.derivedData/Build/Intermediates.noindex/Kingfisher.build/Debug-watchos/Kingfisher.build/Objects-normal/arm64_32/Kingfisher-Swift.h -working-directory /Users/admin/builder/spi-builder-workspace/.swiftpm/xcode -experimental-emit-module-separately -disable-cmo
SwiftDriver MediaHeaderKit normal arm64 com.apple.xcode.tools.swift.compiler (in target 'MediaHeaderKit' from project 'MediaHeaderKit')
cd /Users/admin/builder/spi-builder-workspace/.swiftpm/xcode
builtin-SwiftDriver -- /Applications/Xcode-26.3.0.app/Contents/Developer/Toolchains/XcodeDefault.xctoolchain/usr/bin/swiftc -module-name MediaHeaderKit -Onone -enforce-exclusivity\=checked @/Users/admin/builder/spi-builder-workspace/.derivedData/Build/Intermediates.noindex/MediaHeaderKit.build/Debug-watchos/MediaHeaderKit.build/Objects-normal/arm64/MediaHeaderKit.SwiftFileList -DSWIFT_PACKAGE -DDEBUG -DSWIFT_MODULE_RESOURCE_BUNDLE_UNAVAILABLE -DXcode -plugin-path /Applications/Xcode-26.3.0.app/Contents/Developer/Toolchains/XcodeDefault.xctoolchain/usr/lib/swift/host/plugins/testing -enable-experimental-feature DebugDescriptionMacro -sdk /Applications/Xcode-26.3.0.app/Contents/Developer/Platforms/WatchOS.platform/Developer/SDKs/WatchOS26.2.sdk -target arm64-apple-watchos9.0 -g -module-cache-path /Users/admin/builder/spi-builder-workspace/.derivedData/ModuleCache.noindex -Xfrontend -serialize-debugging-options -enable-testing -index-store-path /Users/admin/builder/spi-builder-workspace/.derivedData/Index.noindex/DataStore -Xcc -D_LIBCPP_HARDENING_MODE\=_LIBCPP_HARDENING_MODE_DEBUG -swift-version 5 -I /Users/admin/builder/spi-builder-workspace/.derivedData/Build/Products/Debug-watchos -Isystem /Applications/Xcode-26.3.0.app/Contents/Developer/Platforms/WatchOS.platform/Developer/usr/lib -F /Users/admin/builder/spi-builder-workspace/.derivedData/Build/Products/Debug-watchos -F /Applications/Xcode-26.3.0.app/Contents/Developer/Platforms/WatchOS.platform/Developer/Library/Frameworks -F /Applications/Xcode-26.3.0.app/Contents/Developer/Platforms/WatchOS.platform/Developer/SDKs/WatchOS26.2.sdk/Developer/Library/Frameworks -c -j10 -enable-batch-mode -incremental -Xcc -ivfsstatcache -Xcc /Users/admin/builder/spi-builder-workspace/.derivedData/SDKStatCaches.noindex/watchos26.2-23S303-dc75598d0054f22ec865fa860f139d721753b489057de6bda919edfa1c59a62b.sdkstatcache -output-file-map /Users/admin/builder/spi-builder-workspace/.derivedData/Build/Intermediates.noindex/MediaHeaderKit.build/Debug-watchos/MediaHeaderKit.build/Objects-normal/arm64/MediaHeaderKit-OutputFileMap.json -use-frontend-parseable-output -save-temps -no-color-diagnostics -explicit-module-build -module-cache-path /Users/admin/builder/spi-builder-workspace/.derivedData/Build/Intermediates.noindex/SwiftExplicitPrecompiledModules -clang-scanner-module-cache-path /Users/admin/builder/spi-builder-workspace/.derivedData/ModuleCache.noindex -sdk-module-cache-path /Users/admin/builder/spi-builder-workspace/.derivedData/ModuleCache.noindex -serialize-diagnostics -emit-dependencies -emit-module -emit-module-path /Users/admin/builder/spi-builder-workspace/.derivedData/Build/Intermediates.noindex/MediaHeaderKit.build/Debug-watchos/MediaHeaderKit.build/Objects-normal/arm64/MediaHeaderKit.swiftmodule -validate-clang-modules-once -clang-build-session-file /Users/admin/builder/spi-builder-workspace/.derivedData/ModuleCache.noindex/Session.modulevalidation -package-name spi_builder_workspace -Xcc -I/Users/admin/builder/spi-builder-workspace/.derivedData/Build/Intermediates.noindex/MediaHeaderKit.build/Debug-watchos/MediaHeaderKit.build/swift-overrides.hmap -emit-const-values -Xfrontend -const-gather-protocols-file -Xfrontend /Users/admin/builder/spi-builder-workspace/.derivedData/Build/Intermediates.noindex/MediaHeaderKit.build/Debug-watchos/MediaHeaderKit.build/Objects-normal/arm64/MediaHeaderKit_const_extract_protocols.json -Xcc -I/Users/admin/builder/spi-builder-workspace/.derivedData/Build/Products/Debug-watchos/include -Xcc -I/Users/admin/builder/spi-builder-workspace/.derivedData/Build/Intermediates.noindex/MediaHeaderKit.build/Debug-watchos/MediaHeaderKit.build/DerivedSources-normal/arm64 -Xcc -I/Users/admin/builder/spi-builder-workspace/.derivedData/Build/Intermediates.noindex/MediaHeaderKit.build/Debug-watchos/MediaHeaderKit.build/DerivedSources/arm64 -Xcc -I/Users/admin/builder/spi-builder-workspace/.derivedData/Build/Intermediates.noindex/MediaHeaderKit.build/Debug-watchos/MediaHeaderKit.build/DerivedSources -Xcc -DSWIFT_PACKAGE -Xcc -DDEBUG\=1 -emit-objc-header -emit-objc-header-path /Users/admin/builder/spi-builder-workspace/.derivedData/Build/Intermediates.noindex/MediaHeaderKit.build/Debug-watchos/MediaHeaderKit.build/Objects-normal/arm64/MediaHeaderKit-Swift.h -working-directory /Users/admin/builder/spi-builder-workspace/.swiftpm/xcode -experimental-emit-module-separately -disable-cmo
/Users/admin/builder/spi-builder-workspace/Sources/MediaHeaderKit/Internal/UIImage+MediaHeaderColor.swift:2:8: error: Unable to find module dependency: 'CoreImage'
import CoreImage
^ (in target 'MediaHeaderKit' from project 'MediaHeaderKit')
/Users/admin/builder/spi-builder-workspace/Sources/MediaHeaderKit/Internal/UIImage+MediaHeaderColor.swift:2:8: note: A dependency of main module 'MediaHeaderKit'
import CoreImage
^ (in target 'MediaHeaderKit' from project 'MediaHeaderKit')
SwiftDriver Kingfisher normal arm64 com.apple.xcode.tools.swift.compiler (in target 'Kingfisher' from project 'Kingfisher')
cd /Users/admin/builder/spi-builder-workspace/.swiftpm/xcode
builtin-SwiftDriver -- /Applications/Xcode-26.3.0.app/Contents/Developer/Toolchains/XcodeDefault.xctoolchain/usr/bin/swiftc -module-name Kingfisher -Onone -enforce-exclusivity\=checked @/Users/admin/builder/spi-builder-workspace/.derivedData/Build/Intermediates.noindex/Kingfisher.build/Debug-watchos/Kingfisher.build/Objects-normal/arm64/Kingfisher.SwiftFileList -DSWIFT_PACKAGE -DDEBUG -DSWIFT_MODULE_RESOURCE_BUNDLE_AVAILABLE -DXcode -plugin-path /Applications/Xcode-26.3.0.app/Contents/Developer/Toolchains/XcodeDefault.xctoolchain/usr/lib/swift/host/plugins/testing -enable-experimental-feature DebugDescriptionMacro -sdk /Applications/Xcode-26.3.0.app/Contents/Developer/Platforms/WatchOS.platform/Developer/SDKs/WatchOS26.2.sdk -target arm64-apple-watchos6.0 -g -module-cache-path /Users/admin/builder/spi-builder-workspace/.derivedData/ModuleCache.noindex -Xfrontend -serialize-debugging-options -enable-testing -suppress-warnings -index-store-path /Users/admin/builder/spi-builder-workspace/.derivedData/Index.noindex/DataStore -Xcc -D_LIBCPP_HARDENING_MODE\=_LIBCPP_HARDENING_MODE_DEBUG -swift-version 5 -I /Users/admin/builder/spi-builder-workspace/.derivedData/Build/Products/Debug-watchos -Isystem /Applications/Xcode-26.3.0.app/Contents/Developer/Platforms/WatchOS.platform/Developer/usr/lib -F /Users/admin/builder/spi-builder-workspace/.derivedData/Build/Products/Debug-watchos -F /Applications/Xcode-26.3.0.app/Contents/Developer/Platforms/WatchOS.platform/Developer/Library/Frameworks -F /Applications/Xcode-26.3.0.app/Contents/Developer/Platforms/WatchOS.platform/Developer/SDKs/WatchOS26.2.sdk/Developer/Library/Frameworks -c -j10 -enable-batch-mode -incremental -Xcc -ivfsstatcache -Xcc /Users/admin/builder/spi-builder-workspace/.derivedData/SDKStatCaches.noindex/watchos26.2-23S303-dc75598d0054f22ec865fa860f139d721753b489057de6bda919edfa1c59a62b.sdkstatcache -output-file-map /Users/admin/builder/spi-builder-workspace/.derivedData/Build/Intermediates.noindex/Kingfisher.build/Debug-watchos/Kingfisher.build/Objects-normal/arm64/Kingfisher-OutputFileMap.json -use-frontend-parseable-output -save-temps -no-color-diagnostics -explicit-module-build -module-cache-path /Users/admin/builder/spi-builder-workspace/.derivedData/Build/Intermediates.noindex/SwiftExplicitPrecompiledModules -clang-scanner-module-cache-path /Users/admin/builder/spi-builder-workspace/.derivedData/ModuleCache.noindex -sdk-module-cache-path /Users/admin/builder/spi-builder-workspace/.derivedData/ModuleCache.noindex -serialize-diagnostics -emit-dependencies -emit-module -emit-module-path /Users/admin/builder/spi-builder-workspace/.derivedData/Build/Intermediates.noindex/Kingfisher.build/Debug-watchos/Kingfisher.build/Objects-normal/arm64/Kingfisher.swiftmodule -validate-clang-modules-once -clang-build-session-file /Users/admin/builder/spi-builder-workspace/.derivedData/ModuleCache.noindex/Session.modulevalidation -package-name kingfisher -Xcc -I/Users/admin/builder/spi-builder-workspace/.derivedData/Build/Intermediates.noindex/Kingfisher.build/Debug-watchos/Kingfisher.build/swift-overrides.hmap -emit-const-values -Xfrontend -const-gather-protocols-file -Xfrontend /Users/admin/builder/spi-builder-workspace/.derivedData/Build/Intermediates.noindex/Kingfisher.build/Debug-watchos/Kingfisher.build/Objects-normal/arm64/Kingfisher_const_extract_protocols.json -Xcc -I/Users/admin/builder/spi-builder-workspace/.derivedData/Build/Products/Debug-watchos/include -Xcc -I/Users/admin/builder/spi-builder-workspace/.derivedData/Build/Intermediates.noindex/Kingfisher.build/Debug-watchos/Kingfisher.build/DerivedSources-normal/arm64 -Xcc -I/Users/admin/builder/spi-builder-workspace/.derivedData/Build/Intermediates.noindex/Kingfisher.build/Debug-watchos/Kingfisher.build/DerivedSources/arm64 -Xcc -I/Users/admin/builder/spi-builder-workspace/.derivedData/Build/Intermediates.noindex/Kingfisher.build/Debug-watchos/Kingfisher.build/DerivedSources -Xcc -DSWIFT_PACKAGE -Xcc -DDEBUG\=1 -emit-objc-header -emit-objc-header-path /Users/admin/builder/spi-builder-workspace/.derivedData/Build/Intermediates.noindex/Kingfisher.build/Debug-watchos/Kingfisher.build/Objects-normal/arm64/Kingfisher-Swift.h -working-directory /Users/admin/builder/spi-builder-workspace/.swiftpm/xcode -experimental-emit-module-separately -disable-cmo
SwiftDriver MediaHeaderKit normal arm64_32 com.apple.xcode.tools.swift.compiler (in target 'MediaHeaderKit' from project 'MediaHeaderKit')
cd /Users/admin/builder/spi-builder-workspace/.swiftpm/xcode
builtin-SwiftDriver -- /Applications/Xcode-26.3.0.app/Contents/Developer/Toolchains/XcodeDefault.xctoolchain/usr/bin/swiftc -module-name MediaHeaderKit -Onone -enforce-exclusivity\=checked @/Users/admin/builder/spi-builder-workspace/.derivedData/Build/Intermediates.noindex/MediaHeaderKit.build/Debug-watchos/MediaHeaderKit.build/Objects-normal/arm64_32/MediaHeaderKit.SwiftFileList -DSWIFT_PACKAGE -DDEBUG -DSWIFT_MODULE_RESOURCE_BUNDLE_UNAVAILABLE -DXcode -plugin-path /Applications/Xcode-26.3.0.app/Contents/Developer/Toolchains/XcodeDefault.xctoolchain/usr/lib/swift/host/plugins/testing -enable-experimental-feature DebugDescriptionMacro -sdk /Applications/Xcode-26.3.0.app/Contents/Developer/Platforms/WatchOS.platform/Developer/SDKs/WatchOS26.2.sdk -target arm64_32-apple-watchos9.0 -g -module-cache-path /Users/admin/builder/spi-builder-workspace/.derivedData/ModuleCache.noindex -Xfrontend -serialize-debugging-options -enable-testing -index-store-path /Users/admin/builder/spi-builder-workspace/.derivedData/Index.noindex/DataStore -Xcc -D_LIBCPP_HARDENING_MODE\=_LIBCPP_HARDENING_MODE_DEBUG -swift-version 5 -I /Users/admin/builder/spi-builder-workspace/.derivedData/Build/Products/Debug-watchos -Isystem /Applications/Xcode-26.3.0.app/Contents/Developer/Platforms/WatchOS.platform/Developer/usr/lib -F /Users/admin/builder/spi-builder-workspace/.derivedData/Build/Products/Debug-watchos -F /Applications/Xcode-26.3.0.app/Contents/Developer/Platforms/WatchOS.platform/Developer/Library/Frameworks -F /Applications/Xcode-26.3.0.app/Contents/Developer/Platforms/WatchOS.platform/Developer/SDKs/WatchOS26.2.sdk/Developer/Library/Frameworks -c -j10 -enable-batch-mode -incremental -Xcc -ivfsstatcache -Xcc /Users/admin/builder/spi-builder-workspace/.derivedData/SDKStatCaches.noindex/watchos26.2-23S303-dc75598d0054f22ec865fa860f139d721753b489057de6bda919edfa1c59a62b.sdkstatcache -output-file-map /Users/admin/builder/spi-builder-workspace/.derivedData/Build/Intermediates.noindex/MediaHeaderKit.build/Debug-watchos/MediaHeaderKit.build/Objects-normal/arm64_32/MediaHeaderKit-OutputFileMap.json -use-frontend-parseable-output -save-temps -no-color-diagnostics -explicit-module-build -module-cache-path /Users/admin/builder/spi-builder-workspace/.derivedData/Build/Intermediates.noindex/SwiftExplicitPrecompiledModules -clang-scanner-module-cache-path /Users/admin/builder/spi-builder-workspace/.derivedData/ModuleCache.noindex -sdk-module-cache-path /Users/admin/builder/spi-builder-workspace/.derivedData/ModuleCache.noindex -serialize-diagnostics -emit-dependencies -emit-module -emit-module-path /Users/admin/builder/spi-builder-workspace/.derivedData/Build/Intermediates.noindex/MediaHeaderKit.build/Debug-watchos/MediaHeaderKit.build/Objects-normal/arm64_32/MediaHeaderKit.swiftmodule -validate-clang-modules-once -clang-build-session-file /Users/admin/builder/spi-builder-workspace/.derivedData/ModuleCache.noindex/Session.modulevalidation -package-name spi_builder_workspace -Xcc -I/Users/admin/builder/spi-builder-workspace/.derivedData/Build/Intermediates.noindex/MediaHeaderKit.build/Debug-watchos/MediaHeaderKit.build/swift-overrides.hmap -emit-const-values -Xfrontend -const-gather-protocols-file -Xfrontend /Users/admin/builder/spi-builder-workspace/.derivedData/Build/Intermediates.noindex/MediaHeaderKit.build/Debug-watchos/MediaHeaderKit.build/Objects-normal/arm64_32/MediaHeaderKit_const_extract_protocols.json -Xcc -I/Users/admin/builder/spi-builder-workspace/.derivedData/Build/Products/Debug-watchos/include -Xcc -I/Users/admin/builder/spi-builder-workspace/.derivedData/Build/Intermediates.noindex/MediaHeaderKit.build/Debug-watchos/MediaHeaderKit.build/DerivedSources-normal/arm64_32 -Xcc -I/Users/admin/builder/spi-builder-workspace/.derivedData/Build/Intermediates.noindex/MediaHeaderKit.build/Debug-watchos/MediaHeaderKit.build/DerivedSources/arm64_32 -Xcc -I/Users/admin/builder/spi-builder-workspace/.derivedData/Build/Intermediates.noindex/MediaHeaderKit.build/Debug-watchos/MediaHeaderKit.build/DerivedSources -Xcc -DSWIFT_PACKAGE -Xcc -DDEBUG\=1 -emit-objc-header -emit-objc-header-path /Users/admin/builder/spi-builder-workspace/.derivedData/Build/Intermediates.noindex/MediaHeaderKit.build/Debug-watchos/MediaHeaderKit.build/Objects-normal/arm64_32/MediaHeaderKit-Swift.h -working-directory /Users/admin/builder/spi-builder-workspace/.swiftpm/xcode -experimental-emit-module-separately -disable-cmo
/Users/admin/builder/spi-builder-workspace/Sources/MediaHeaderKit/Internal/UIImage+MediaHeaderColor.swift:2:8: error: Unable to find module dependency: 'CoreImage'
import CoreImage
^ (in target 'MediaHeaderKit' from project 'MediaHeaderKit')
/Users/admin/builder/spi-builder-workspace/Sources/MediaHeaderKit/Internal/UIImage+MediaHeaderColor.swift:2:8: note: A dependency of main module 'MediaHeaderKit'
import CoreImage
^ (in target 'MediaHeaderKit' from project 'MediaHeaderKit')
2026-09-06 20:01:09.903 xcodebuild[717:4495] [MT] IDERunDestination: Supported platforms for the buildables in the current scheme is empty.
/Users/admin/builder/spi-builder-workspace/Sources/MediaHeaderKit/Internal/UIImage+MediaHeaderColor.swift:2:8: error: Unable to find module dependency: 'CoreImage'
import CoreImage
^
/Users/admin/builder/spi-builder-workspace/Sources/MediaHeaderKit/Internal/UIImage+MediaHeaderColor.swift:2:8: note: a dependency of main module 'MediaHeaderKit'
import CoreImage
^
/Users/admin/builder/spi-builder-workspace/Sources/MediaHeaderKit/Internal/UIImage+MediaHeaderColor.swift:2:8: error: Unable to find module dependency: 'CoreImage'
import CoreImage
^
/Users/admin/builder/spi-builder-workspace/Sources/MediaHeaderKit/Internal/UIImage+MediaHeaderColor.swift:2:8: note: a dependency of main module 'MediaHeaderKit'
import CoreImage
^
** BUILD FAILED **
The following build commands failed:
SwiftDriver MediaHeaderKit normal arm64 com.apple.xcode.tools.swift.compiler (in target 'MediaHeaderKit' from project 'MediaHeaderKit')
SwiftDriver MediaHeaderKit normal arm64_32 com.apple.xcode.tools.swift.compiler (in target 'MediaHeaderKit' from project 'MediaHeaderKit')
Building workspace spi-builder-workspace with scheme MediaHeaderKit-Package
(3 failures)
Command line invocation:
/Applications/Xcode-26.3.0.app/Contents/Developer/usr/bin/xcodebuild -IDEClonedSourcePackagesDirPathOverride=/Users/admin/builder/spi-builder-workspace/.dependencies -resolvePackageDependencies
Resolve Package Graph
Resolved source packages:
MediaHeaderKit: /Users/admin/builder/spi-builder-workspace
Kingfisher: https://github.com/onevcat/Kingfisher.git @ 8.12.0
resolved source packages: MediaHeaderKit, Kingfisher
2026-09-06 20:01:15.042 xcodebuild[742:4996] [MT] IDERunDestination: Supported platforms for the buildables in the current scheme is empty.
{
"dependencies" : [
{
"identity" : "kingfisher",
"requirement" : {
"range" : [
{
"lower_bound" : "8.0.0",
"upper_bound" : "9.0.0"
}
]
},
"type" : "sourceControl",
"url" : "https://github.com/onevcat/Kingfisher.git"
}
],
"manifest_display_name" : "MediaHeaderKit",
"name" : "MediaHeaderKit",
"path" : "/Users/admin/builder/spi-builder-workspace",
"platforms" : [
{
"name" : "ios",
"version" : "16.0"
}
],
"products" : [
{
"name" : "MediaHeaderKit",
"targets" : [
"MediaHeaderKit"
],
"type" : {
"library" : [
"automatic"
]
}
},
{
"name" : "MediaHeaderKitKingfisher",
"targets" : [
"MediaHeaderKitKingfisher"
],
"type" : {
"library" : [
"automatic"
]
}
}
],
"swift_languages_versions" : [
"5"
],
"targets" : [
{
"c99name" : "MediaHeaderKitKingfisher",
"module_type" : "SwiftTarget",
"name" : "MediaHeaderKitKingfisher",
"path" : "Sources/MediaHeaderKitKingfisher",
"product_dependencies" : [
"Kingfisher"
],
"product_memberships" : [
"MediaHeaderKitKingfisher"
],
"sources" : [
"KingfisherMediaHeaderImageLoader.swift"
],
"target_dependencies" : [
"MediaHeaderKit"
],
"type" : "library"
},
{
"c99name" : "MediaHeaderKit",
"module_type" : "SwiftTarget",
"name" : "MediaHeaderKit",
"path" : "Sources/MediaHeaderKit",
"product_memberships" : [
"MediaHeaderKit",
"MediaHeaderKitKingfisher"
],
"sources" : [
"Internal/MediaHeaderBlurHash.swift",
"Internal/UIImage+MediaHeaderColor.swift",
"MediaHeaderChipView.swift",
"MediaHeaderConfiguration.swift",
"MediaHeaderImageLoader.swift",
"MediaHeaderItem.swift",
"MediaHeaderPageDots.swift",
"MediaHeaderScrollEffect.swift",
"MediaHeaderSlideCell.swift",
"MediaHeaderView.swift",
"Overlays/MediaHeaderBottomBlurView.swift",
"Overlays/MediaHeaderGradientFadeView.swift",
"Overlays/MediaHeaderProgressiveBlurView.swift",
"Overlays/MediaHeaderScrimView.swift"
],
"type" : "library"
}
],
"tools_version" : "5.9"
}
{
"workspace" : {
"name" : "spi-builder-workspace",
"schemes" : [
"MediaHeaderKit",
"MediaHeaderKit-Package",
"MediaHeaderKitKingfisher"
]
}
}
2026-09-06 20:01:16.145 xcodebuild[750:5067] [MT] IDERunDestination: Supported platforms for the buildables in the current scheme is empty.
Running build ...
env DEVELOPER_DIR=/Applications/Xcode-26.3.0.app xcrun xcodebuild -IDEClonedSourcePackagesDirPathOverride=$PWD/.dependencies -skipMacroValidation -skipPackagePluginValidation -derivedDataPath $PWD/.derivedData build -scheme MediaHeaderKit-Package -destination generic/platform=watchOS
Command line invocation:
/Applications/Xcode-26.3.0.app/Contents/Developer/usr/bin/xcodebuild -IDEClonedSourcePackagesDirPathOverride=/Users/admin/builder/spi-builder-workspace/.dependencies -skipMacroValidation -skipPackagePluginValidation -derivedDataPath /Users/admin/builder/spi-builder-workspace/.derivedData build -scheme MediaHeaderKit-Package -destination generic/platform=watchOS
Resolve Package Graph
Resolved source packages:
Kingfisher: https://github.com/onevcat/Kingfisher.git @ 8.12.0
MediaHeaderKit: /Users/admin/builder/spi-builder-workspace
ComputePackagePrebuildTargetDependencyGraph
Prepare packages
CreateBuildRequest
SendProjectDescription
CreateBuildOperation
ComputeTargetDependencyGraph
note: Building targets in dependency order
note: Target dependency graph (7 targets)
Target 'MediaHeaderKitKingfisher' in project 'MediaHeaderKit'
➜ Explicit dependency on target 'MediaHeaderKitKingfisher' in project 'MediaHeaderKit'
➜ Explicit dependency on target 'MediaHeaderKit' in project 'MediaHeaderKit'
➜ Explicit dependency on target 'Kingfisher' in project 'Kingfisher'
Target 'MediaHeaderKitKingfisher' in project 'MediaHeaderKit'
➜ Explicit dependency on target 'MediaHeaderKit' in project 'MediaHeaderKit'
➜ Explicit dependency on target 'Kingfisher' in project 'Kingfisher'
Target 'Kingfisher' in project 'Kingfisher'
➜ Explicit dependency on target 'Kingfisher' in project 'Kingfisher'
➜ Explicit dependency on target 'Kingfisher_Kingfisher' in project 'Kingfisher'
Target 'Kingfisher' in project 'Kingfisher'
➜ Explicit dependency on target 'Kingfisher_Kingfisher' in project 'Kingfisher'
Target 'Kingfisher_Kingfisher' in project 'Kingfisher' (no dependencies)
Target 'MediaHeaderKit' in project 'MediaHeaderKit'
➜ Explicit dependency on target 'MediaHeaderKit' in project 'MediaHeaderKit'
Target 'MediaHeaderKit' in project 'MediaHeaderKit' (no dependencies)
GatherProvisioningInputs
CreateBuildDescription
ClangStatCache /Applications/Xcode-26.3.0.app/Contents/Developer/Toolchains/XcodeDefault.xctoolchain/usr/bin/clang-stat-cache /Applications/Xcode-26.3.0.app/Contents/Developer/Platforms/WatchOS.platform/Developer/SDKs/WatchOS26.2.sdk /Users/admin/builder/spi-builder-workspace/.derivedData/SDKStatCaches.noindex/watchos26.2-23S303-dc75598d0054f22ec865fa860f139d721753b489057de6bda919edfa1c59a62b.sdkstatcache
cd /Users/admin/builder/spi-builder-workspace/.swiftpm/xcode
/Applications/Xcode-26.3.0.app/Contents/Developer/Toolchains/XcodeDefault.xctoolchain/usr/bin/clang-stat-cache /Applications/Xcode-26.3.0.app/Contents/Developer/Platforms/WatchOS.platform/Developer/SDKs/WatchOS26.2.sdk -o /Users/admin/builder/spi-builder-workspace/.derivedData/SDKStatCaches.noindex/watchos26.2-23S303-dc75598d0054f22ec865fa860f139d721753b489057de6bda919edfa1c59a62b.sdkstatcache
SwiftDriver MediaHeaderKit normal arm64_32 com.apple.xcode.tools.swift.compiler (in target 'MediaHeaderKit' from project 'MediaHeaderKit')
cd /Users/admin/builder/spi-builder-workspace/.swiftpm/xcode
builtin-SwiftDriver -- /Applications/Xcode-26.3.0.app/Contents/Developer/Toolchains/XcodeDefault.xctoolchain/usr/bin/swiftc -module-name MediaHeaderKit -Onone -enforce-exclusivity\=checked @/Users/admin/builder/spi-builder-workspace/.derivedData/Build/Intermediates.noindex/MediaHeaderKit.build/Debug-watchos/MediaHeaderKit.build/Objects-normal/arm64_32/MediaHeaderKit.SwiftFileList -DSWIFT_PACKAGE -DDEBUG -DSWIFT_MODULE_RESOURCE_BUNDLE_UNAVAILABLE -DXcode -plugin-path /Applications/Xcode-26.3.0.app/Contents/Developer/Toolchains/XcodeDefault.xctoolchain/usr/lib/swift/host/plugins/testing -enable-experimental-feature DebugDescriptionMacro -sdk /Applications/Xcode-26.3.0.app/Contents/Developer/Platforms/WatchOS.platform/Developer/SDKs/WatchOS26.2.sdk -target arm64_32-apple-watchos9.0 -g -module-cache-path /Users/admin/builder/spi-builder-workspace/.derivedData/ModuleCache.noindex -Xfrontend -serialize-debugging-options -enable-testing -index-store-path /Users/admin/builder/spi-builder-workspace/.derivedData/Index.noindex/DataStore -Xcc -D_LIBCPP_HARDENING_MODE\=_LIBCPP_HARDENING_MODE_DEBUG -swift-version 5 -I /Users/admin/builder/spi-builder-workspace/.derivedData/Build/Products/Debug-watchos -Isystem /Applications/Xcode-26.3.0.app/Contents/Developer/Platforms/WatchOS.platform/Developer/usr/lib -F /Users/admin/builder/spi-builder-workspace/.derivedData/Build/Products/Debug-watchos -F /Applications/Xcode-26.3.0.app/Contents/Developer/Platforms/WatchOS.platform/Developer/Library/Frameworks -F /Applications/Xcode-26.3.0.app/Contents/Developer/Platforms/WatchOS.platform/Developer/SDKs/WatchOS26.2.sdk/Developer/Library/Frameworks -c -j10 -enable-batch-mode -incremental -Xcc -ivfsstatcache -Xcc /Users/admin/builder/spi-builder-workspace/.derivedData/SDKStatCaches.noindex/watchos26.2-23S303-dc75598d0054f22ec865fa860f139d721753b489057de6bda919edfa1c59a62b.sdkstatcache -output-file-map /Users/admin/builder/spi-builder-workspace/.derivedData/Build/Intermediates.noindex/MediaHeaderKit.build/Debug-watchos/MediaHeaderKit.build/Objects-normal/arm64_32/MediaHeaderKit-OutputFileMap.json -use-frontend-parseable-output -save-temps -no-color-diagnostics -explicit-module-build -module-cache-path /Users/admin/builder/spi-builder-workspace/.derivedData/Build/Intermediates.noindex/SwiftExplicitPrecompiledModules -clang-scanner-module-cache-path /Users/admin/builder/spi-builder-workspace/.derivedData/ModuleCache.noindex -sdk-module-cache-path /Users/admin/builder/spi-builder-workspace/.derivedData/ModuleCache.noindex -serialize-diagnostics -emit-dependencies -emit-module -emit-module-path /Users/admin/builder/spi-builder-workspace/.derivedData/Build/Intermediates.noindex/MediaHeaderKit.build/Debug-watchos/MediaHeaderKit.build/Objects-normal/arm64_32/MediaHeaderKit.swiftmodule -validate-clang-modules-once -clang-build-session-file /Users/admin/builder/spi-builder-workspace/.derivedData/ModuleCache.noindex/Session.modulevalidation -package-name spi_builder_workspace -Xcc -I/Users/admin/builder/spi-builder-workspace/.derivedData/Build/Intermediates.noindex/MediaHeaderKit.build/Debug-watchos/MediaHeaderKit.build/swift-overrides.hmap -emit-const-values -Xfrontend -const-gather-protocols-file -Xfrontend /Users/admin/builder/spi-builder-workspace/.derivedData/Build/Intermediates.noindex/MediaHeaderKit.build/Debug-watchos/MediaHeaderKit.build/Objects-normal/arm64_32/MediaHeaderKit_const_extract_protocols.json -Xcc -I/Users/admin/builder/spi-builder-workspace/.derivedData/Build/Products/Debug-watchos/include -Xcc -I/Users/admin/builder/spi-builder-workspace/.derivedData/Build/Intermediates.noindex/MediaHeaderKit.build/Debug-watchos/MediaHeaderKit.build/DerivedSources-normal/arm64_32 -Xcc -I/Users/admin/builder/spi-builder-workspace/.derivedData/Build/Intermediates.noindex/MediaHeaderKit.build/Debug-watchos/MediaHeaderKit.build/DerivedSources/arm64_32 -Xcc -I/Users/admin/builder/spi-builder-workspace/.derivedData/Build/Intermediates.noindex/MediaHeaderKit.build/Debug-watchos/MediaHeaderKit.build/DerivedSources -Xcc -DSWIFT_PACKAGE -Xcc -DDEBUG\=1 -emit-objc-header -emit-objc-header-path /Users/admin/builder/spi-builder-workspace/.derivedData/Build/Intermediates.noindex/MediaHeaderKit.build/Debug-watchos/MediaHeaderKit.build/Objects-normal/arm64_32/MediaHeaderKit-Swift.h -working-directory /Users/admin/builder/spi-builder-workspace/.swiftpm/xcode -experimental-emit-module-separately -disable-cmo
/Users/admin/builder/spi-builder-workspace/Sources/MediaHeaderKit/Internal/UIImage+MediaHeaderColor.swift:2:8: error: Unable to find module dependency: 'CoreImage'
import CoreImage
^ (in target 'MediaHeaderKit' from project 'MediaHeaderKit')
/Users/admin/builder/spi-builder-workspace/Sources/MediaHeaderKit/Internal/UIImage+MediaHeaderColor.swift:2:8: note: A dependency of main module 'MediaHeaderKit'
import CoreImage
^ (in target 'MediaHeaderKit' from project 'MediaHeaderKit')
SwiftDriver MediaHeaderKit normal arm64 com.apple.xcode.tools.swift.compiler (in target 'MediaHeaderKit' from project 'MediaHeaderKit')
cd /Users/admin/builder/spi-builder-workspace/.swiftpm/xcode
builtin-SwiftDriver -- /Applications/Xcode-26.3.0.app/Contents/Developer/Toolchains/XcodeDefault.xctoolchain/usr/bin/swiftc -module-name MediaHeaderKit -Onone -enforce-exclusivity\=checked @/Users/admin/builder/spi-builder-workspace/.derivedData/Build/Intermediates.noindex/MediaHeaderKit.build/Debug-watchos/MediaHeaderKit.build/Objects-normal/arm64/MediaHeaderKit.SwiftFileList -DSWIFT_PACKAGE -DDEBUG -DSWIFT_MODULE_RESOURCE_BUNDLE_UNAVAILABLE -DXcode -plugin-path /Applications/Xcode-26.3.0.app/Contents/Developer/Toolchains/XcodeDefault.xctoolchain/usr/lib/swift/host/plugins/testing -enable-experimental-feature DebugDescriptionMacro -sdk /Applications/Xcode-26.3.0.app/Contents/Developer/Platforms/WatchOS.platform/Developer/SDKs/WatchOS26.2.sdk -target arm64-apple-watchos9.0 -g -module-cache-path /Users/admin/builder/spi-builder-workspace/.derivedData/ModuleCache.noindex -Xfrontend -serialize-debugging-options -enable-testing -index-store-path /Users/admin/builder/spi-builder-workspace/.derivedData/Index.noindex/DataStore -Xcc -D_LIBCPP_HARDENING_MODE\=_LIBCPP_HARDENING_MODE_DEBUG -swift-version 5 -I /Users/admin/builder/spi-builder-workspace/.derivedData/Build/Products/Debug-watchos -Isystem /Applications/Xcode-26.3.0.app/Contents/Developer/Platforms/WatchOS.platform/Developer/usr/lib -F /Users/admin/builder/spi-builder-workspace/.derivedData/Build/Products/Debug-watchos -F /Applications/Xcode-26.3.0.app/Contents/Developer/Platforms/WatchOS.platform/Developer/Library/Frameworks -F /Applications/Xcode-26.3.0.app/Contents/Developer/Platforms/WatchOS.platform/Developer/SDKs/WatchOS26.2.sdk/Developer/Library/Frameworks -c -j10 -enable-batch-mode -incremental -Xcc -ivfsstatcache -Xcc /Users/admin/builder/spi-builder-workspace/.derivedData/SDKStatCaches.noindex/watchos26.2-23S303-dc75598d0054f22ec865fa860f139d721753b489057de6bda919edfa1c59a62b.sdkstatcache -output-file-map /Users/admin/builder/spi-builder-workspace/.derivedData/Build/Intermediates.noindex/MediaHeaderKit.build/Debug-watchos/MediaHeaderKit.build/Objects-normal/arm64/MediaHeaderKit-OutputFileMap.json -use-frontend-parseable-output -save-temps -no-color-diagnostics -explicit-module-build -module-cache-path /Users/admin/builder/spi-builder-workspace/.derivedData/Build/Intermediates.noindex/SwiftExplicitPrecompiledModules -clang-scanner-module-cache-path /Users/admin/builder/spi-builder-workspace/.derivedData/ModuleCache.noindex -sdk-module-cache-path /Users/admin/builder/spi-builder-workspace/.derivedData/ModuleCache.noindex -serialize-diagnostics -emit-dependencies -emit-module -emit-module-path /Users/admin/builder/spi-builder-workspace/.derivedData/Build/Intermediates.noindex/MediaHeaderKit.build/Debug-watchos/MediaHeaderKit.build/Objects-normal/arm64/MediaHeaderKit.swiftmodule -validate-clang-modules-once -clang-build-session-file /Users/admin/builder/spi-builder-workspace/.derivedData/ModuleCache.noindex/Session.modulevalidation -package-name spi_builder_workspace -Xcc -I/Users/admin/builder/spi-builder-workspace/.derivedData/Build/Intermediates.noindex/MediaHeaderKit.build/Debug-watchos/MediaHeaderKit.build/swift-overrides.hmap -emit-const-values -Xfrontend -const-gather-protocols-file -Xfrontend /Users/admin/builder/spi-builder-workspace/.derivedData/Build/Intermediates.noindex/MediaHeaderKit.build/Debug-watchos/MediaHeaderKit.build/Objects-normal/arm64/MediaHeaderKit_const_extract_protocols.json -Xcc -I/Users/admin/builder/spi-builder-workspace/.derivedData/Build/Products/Debug-watchos/include -Xcc -I/Users/admin/builder/spi-builder-workspace/.derivedData/Build/Intermediates.noindex/MediaHeaderKit.build/Debug-watchos/MediaHeaderKit.build/DerivedSources-normal/arm64 -Xcc -I/Users/admin/builder/spi-builder-workspace/.derivedData/Build/Intermediates.noindex/MediaHeaderKit.build/Debug-watchos/MediaHeaderKit.build/DerivedSources/arm64 -Xcc -I/Users/admin/builder/spi-builder-workspace/.derivedData/Build/Intermediates.noindex/MediaHeaderKit.build/Debug-watchos/MediaHeaderKit.build/DerivedSources -Xcc -DSWIFT_PACKAGE -Xcc -DDEBUG\=1 -emit-objc-header -emit-objc-header-path /Users/admin/builder/spi-builder-workspace/.derivedData/Build/Intermediates.noindex/MediaHeaderKit.build/Debug-watchos/MediaHeaderKit.build/Objects-normal/arm64/MediaHeaderKit-Swift.h -working-directory /Users/admin/builder/spi-builder-workspace/.swiftpm/xcode -experimental-emit-module-separately -disable-cmo
/Users/admin/builder/spi-builder-workspace/Sources/MediaHeaderKit/Internal/UIImage+MediaHeaderColor.swift:2:8: error: Unable to find module dependency: 'CoreImage'
import CoreImage
^ (in target 'MediaHeaderKit' from project 'MediaHeaderKit')
/Users/admin/builder/spi-builder-workspace/Sources/MediaHeaderKit/Internal/UIImage+MediaHeaderColor.swift:2:8: note: A dependency of main module 'MediaHeaderKit'
import CoreImage
^ (in target 'MediaHeaderKit' from project 'MediaHeaderKit')
SwiftDriver Kingfisher normal arm64 com.apple.xcode.tools.swift.compiler (in target 'Kingfisher' from project 'Kingfisher')
cd /Users/admin/builder/spi-builder-workspace/.swiftpm/xcode
builtin-SwiftDriver -- /Applications/Xcode-26.3.0.app/Contents/Developer/Toolchains/XcodeDefault.xctoolchain/usr/bin/swiftc -module-name Kingfisher -Onone -enforce-exclusivity\=checked @/Users/admin/builder/spi-builder-workspace/.derivedData/Build/Intermediates.noindex/Kingfisher.build/Debug-watchos/Kingfisher.build/Objects-normal/arm64/Kingfisher.SwiftFileList -DSWIFT_PACKAGE -DDEBUG -DSWIFT_MODULE_RESOURCE_BUNDLE_AVAILABLE -DXcode -plugin-path /Applications/Xcode-26.3.0.app/Contents/Developer/Toolchains/XcodeDefault.xctoolchain/usr/lib/swift/host/plugins/testing -enable-experimental-feature DebugDescriptionMacro -sdk /Applications/Xcode-26.3.0.app/Contents/Developer/Platforms/WatchOS.platform/Developer/SDKs/WatchOS26.2.sdk -target arm64-apple-watchos6.0 -g -module-cache-path /Users/admin/builder/spi-builder-workspace/.derivedData/ModuleCache.noindex -Xfrontend -serialize-debugging-options -enable-testing -suppress-warnings -index-store-path /Users/admin/builder/spi-builder-workspace/.derivedData/Index.noindex/DataStore -Xcc -D_LIBCPP_HARDENING_MODE\=_LIBCPP_HARDENING_MODE_DEBUG -swift-version 5 -I /Users/admin/builder/spi-builder-workspace/.derivedData/Build/Products/Debug-watchos -Isystem /Applications/Xcode-26.3.0.app/Contents/Developer/Platforms/WatchOS.platform/Developer/usr/lib -F /Users/admin/builder/spi-builder-workspace/.derivedData/Build/Products/Debug-watchos -F /Applications/Xcode-26.3.0.app/Contents/Developer/Platforms/WatchOS.platform/Developer/Library/Frameworks -F /Applications/Xcode-26.3.0.app/Contents/Developer/Platforms/WatchOS.platform/Developer/SDKs/WatchOS26.2.sdk/Developer/Library/Frameworks -c -j10 -enable-batch-mode -incremental -Xcc -ivfsstatcache -Xcc /Users/admin/builder/spi-builder-workspace/.derivedData/SDKStatCaches.noindex/watchos26.2-23S303-dc75598d0054f22ec865fa860f139d721753b489057de6bda919edfa1c59a62b.sdkstatcache -output-file-map /Users/admin/builder/spi-builder-workspace/.derivedData/Build/Intermediates.noindex/Kingfisher.build/Debug-watchos/Kingfisher.build/Objects-normal/arm64/Kingfisher-OutputFileMap.json -use-frontend-parseable-output -save-temps -no-color-diagnostics -explicit-module-build -module-cache-path /Users/admin/builder/spi-builder-workspace/.derivedData/Build/Intermediates.noindex/SwiftExplicitPrecompiledModules -clang-scanner-module-cache-path /Users/admin/builder/spi-builder-workspace/.derivedData/ModuleCache.noindex -sdk-module-cache-path /Users/admin/builder/spi-builder-workspace/.derivedData/ModuleCache.noindex -serialize-diagnostics -emit-dependencies -emit-module -emit-module-path /Users/admin/builder/spi-builder-workspace/.derivedData/Build/Intermediates.noindex/Kingfisher.build/Debug-watchos/Kingfisher.build/Objects-normal/arm64/Kingfisher.swiftmodule -validate-clang-modules-once -clang-build-session-file /Users/admin/builder/spi-builder-workspace/.derivedData/ModuleCache.noindex/Session.modulevalidation -package-name kingfisher -Xcc -I/Users/admin/builder/spi-builder-workspace/.derivedData/Build/Intermediates.noindex/Kingfisher.build/Debug-watchos/Kingfisher.build/swift-overrides.hmap -emit-const-values -Xfrontend -const-gather-protocols-file -Xfrontend /Users/admin/builder/spi-builder-workspace/.derivedData/Build/Intermediates.noindex/Kingfisher.build/Debug-watchos/Kingfisher.build/Objects-normal/arm64/Kingfisher_const_extract_protocols.json -Xcc -I/Users/admin/builder/spi-builder-workspace/.derivedData/Build/Products/Debug-watchos/include -Xcc -I/Users/admin/builder/spi-builder-workspace/.derivedData/Build/Intermediates.noindex/Kingfisher.build/Debug-watchos/Kingfisher.build/DerivedSources-normal/arm64 -Xcc -I/Users/admin/builder/spi-builder-workspace/.derivedData/Build/Intermediates.noindex/Kingfisher.build/Debug-watchos/Kingfisher.build/DerivedSources/arm64 -Xcc -I/Users/admin/builder/spi-builder-workspace/.derivedData/Build/Intermediates.noindex/Kingfisher.build/Debug-watchos/Kingfisher.build/DerivedSources -Xcc -DSWIFT_PACKAGE -Xcc -DDEBUG\=1 -emit-objc-header -emit-objc-header-path /Users/admin/builder/spi-builder-workspace/.derivedData/Build/Intermediates.noindex/Kingfisher.build/Debug-watchos/Kingfisher.build/Objects-normal/arm64/Kingfisher-Swift.h -working-directory /Users/admin/builder/spi-builder-workspace/.swiftpm/xcode -experimental-emit-module-separately -disable-cmo
SwiftDriver Kingfisher normal arm64_32 com.apple.xcode.tools.swift.compiler (in target 'Kingfisher' from project 'Kingfisher')
cd /Users/admin/builder/spi-builder-workspace/.swiftpm/xcode
builtin-SwiftDriver -- /Applications/Xcode-26.3.0.app/Contents/Developer/Toolchains/XcodeDefault.xctoolchain/usr/bin/swiftc -module-name Kingfisher -Onone -enforce-exclusivity\=checked @/Users/admin/builder/spi-builder-workspace/.derivedData/Build/Intermediates.noindex/Kingfisher.build/Debug-watchos/Kingfisher.build/Objects-normal/arm64_32/Kingfisher.SwiftFileList -DSWIFT_PACKAGE -DDEBUG -DSWIFT_MODULE_RESOURCE_BUNDLE_AVAILABLE -DXcode -plugin-path /Applications/Xcode-26.3.0.app/Contents/Developer/Toolchains/XcodeDefault.xctoolchain/usr/lib/swift/host/plugins/testing -enable-experimental-feature DebugDescriptionMacro -sdk /Applications/Xcode-26.3.0.app/Contents/Developer/Platforms/WatchOS.platform/Developer/SDKs/WatchOS26.2.sdk -target arm64_32-apple-watchos6.0 -g -module-cache-path /Users/admin/builder/spi-builder-workspace/.derivedData/ModuleCache.noindex -Xfrontend -serialize-debugging-options -enable-testing -suppress-warnings -index-store-path /Users/admin/builder/spi-builder-workspace/.derivedData/Index.noindex/DataStore -Xcc -D_LIBCPP_HARDENING_MODE\=_LIBCPP_HARDENING_MODE_DEBUG -swift-version 5 -I /Users/admin/builder/spi-builder-workspace/.derivedData/Build/Products/Debug-watchos -Isystem /Applications/Xcode-26.3.0.app/Contents/Developer/Platforms/WatchOS.platform/Developer/usr/lib -F /Users/admin/builder/spi-builder-workspace/.derivedData/Build/Products/Debug-watchos -F /Applications/Xcode-26.3.0.app/Contents/Developer/Platforms/WatchOS.platform/Developer/Library/Frameworks -F /Applications/Xcode-26.3.0.app/Contents/Developer/Platforms/WatchOS.platform/Developer/SDKs/WatchOS26.2.sdk/Developer/Library/Frameworks -c -j10 -enable-batch-mode -incremental -Xcc -ivfsstatcache -Xcc /Users/admin/builder/spi-builder-workspace/.derivedData/SDKStatCaches.noindex/watchos26.2-23S303-dc75598d0054f22ec865fa860f139d721753b489057de6bda919edfa1c59a62b.sdkstatcache -output-file-map /Users/admin/builder/spi-builder-workspace/.derivedData/Build/Intermediates.noindex/Kingfisher.build/Debug-watchos/Kingfisher.build/Objects-normal/arm64_32/Kingfisher-OutputFileMap.json -use-frontend-parseable-output -save-temps -no-color-diagnostics -explicit-module-build -module-cache-path /Users/admin/builder/spi-builder-workspace/.derivedData/Build/Intermediates.noindex/SwiftExplicitPrecompiledModules -clang-scanner-module-cache-path /Users/admin/builder/spi-builder-workspace/.derivedData/ModuleCache.noindex -sdk-module-cache-path /Users/admin/builder/spi-builder-workspace/.derivedData/ModuleCache.noindex -serialize-diagnostics -emit-dependencies -emit-module -emit-module-path /Users/admin/builder/spi-builder-workspace/.derivedData/Build/Intermediates.noindex/Kingfisher.build/Debug-watchos/Kingfisher.build/Objects-normal/arm64_32/Kingfisher.swiftmodule -validate-clang-modules-once -clang-build-session-file /Users/admin/builder/spi-builder-workspace/.derivedData/ModuleCache.noindex/Session.modulevalidation -package-name kingfisher -Xcc -I/Users/admin/builder/spi-builder-workspace/.derivedData/Build/Intermediates.noindex/Kingfisher.build/Debug-watchos/Kingfisher.build/swift-overrides.hmap -emit-const-values -Xfrontend -const-gather-protocols-file -Xfrontend /Users/admin/builder/spi-builder-workspace/.derivedData/Build/Intermediates.noindex/Kingfisher.build/Debug-watchos/Kingfisher.build/Objects-normal/arm64_32/Kingfisher_const_extract_protocols.json -Xcc -I/Users/admin/builder/spi-builder-workspace/.derivedData/Build/Products/Debug-watchos/include -Xcc -I/Users/admin/builder/spi-builder-workspace/.derivedData/Build/Intermediates.noindex/Kingfisher.build/Debug-watchos/Kingfisher.build/DerivedSources-normal/arm64_32 -Xcc -I/Users/admin/builder/spi-builder-workspace/.derivedData/Build/Intermediates.noindex/Kingfisher.build/Debug-watchos/Kingfisher.build/DerivedSources/arm64_32 -Xcc -I/Users/admin/builder/spi-builder-workspace/.derivedData/Build/Intermediates.noindex/Kingfisher.build/Debug-watchos/Kingfisher.build/DerivedSources -Xcc -DSWIFT_PACKAGE -Xcc -DDEBUG\=1 -emit-objc-header -emit-objc-header-path /Users/admin/builder/spi-builder-workspace/.derivedData/Build/Intermediates.noindex/Kingfisher.build/Debug-watchos/Kingfisher.build/Objects-normal/arm64_32/Kingfisher-Swift.h -working-directory /Users/admin/builder/spi-builder-workspace/.swiftpm/xcode -experimental-emit-module-separately -disable-cmo
SwiftDriver Kingfisher normal armv7k com.apple.xcode.tools.swift.compiler (in target 'Kingfisher' from project 'Kingfisher')
cd /Users/admin/builder/spi-builder-workspace/.swiftpm/xcode
builtin-SwiftDriver -- /Applications/Xcode-26.3.0.app/Contents/Developer/Toolchains/XcodeDefault.xctoolchain/usr/bin/swiftc -module-name Kingfisher -Onone -enforce-exclusivity\=checked @/Users/admin/builder/spi-builder-workspace/.derivedData/Build/Intermediates.noindex/Kingfisher.build/Debug-watchos/Kingfisher.build/Objects-normal/armv7k/Kingfisher.SwiftFileList -DSWIFT_PACKAGE -DDEBUG -DSWIFT_MODULE_RESOURCE_BUNDLE_AVAILABLE -DXcode -plugin-path /Applications/Xcode-26.3.0.app/Contents/Developer/Toolchains/XcodeDefault.xctoolchain/usr/lib/swift/host/plugins/testing -enable-experimental-feature DebugDescriptionMacro -sdk /Applications/Xcode-26.3.0.app/Contents/Developer/Platforms/WatchOS.platform/Developer/SDKs/WatchOS26.2.sdk -target armv7k-apple-watchos6.0 -g -module-cache-path /Users/admin/builder/spi-builder-workspace/.derivedData/ModuleCache.noindex -Xfrontend -serialize-debugging-options -enable-testing -suppress-warnings -index-store-path /Users/admin/builder/spi-builder-workspace/.derivedData/Index.noindex/DataStore -Xcc -D_LIBCPP_HARDENING_MODE\=_LIBCPP_HARDENING_MODE_DEBUG -swift-version 5 -I /Users/admin/builder/spi-builder-workspace/.derivedData/Build/Products/Debug-watchos -Isystem /Applications/Xcode-26.3.0.app/Contents/Developer/Platforms/WatchOS.platform/Developer/usr/lib -F /Users/admin/builder/spi-builder-workspace/.derivedData/Build/Products/Debug-watchos -F /Applications/Xcode-26.3.0.app/Contents/Developer/Platforms/WatchOS.platform/Developer/Library/Frameworks -F /Applications/Xcode-26.3.0.app/Contents/Developer/Platforms/WatchOS.platform/Developer/SDKs/WatchOS26.2.sdk/Developer/Library/Frameworks -c -j10 -enable-batch-mode -incremental -Xcc -ivfsstatcache -Xcc /Users/admin/builder/spi-builder-workspace/.derivedData/SDKStatCaches.noindex/watchos26.2-23S303-dc75598d0054f22ec865fa860f139d721753b489057de6bda919edfa1c59a62b.sdkstatcache -output-file-map /Users/admin/builder/spi-builder-workspace/.derivedData/Build/Intermediates.noindex/Kingfisher.build/Debug-watchos/Kingfisher.build/Objects-normal/armv7k/Kingfisher-OutputFileMap.json -use-frontend-parseable-output -save-temps -no-color-diagnostics -explicit-module-build -module-cache-path /Users/admin/builder/spi-builder-workspace/.derivedData/Build/Intermediates.noindex/SwiftExplicitPrecompiledModules -clang-scanner-module-cache-path /Users/admin/builder/spi-builder-workspace/.derivedData/ModuleCache.noindex -sdk-module-cache-path /Users/admin/builder/spi-builder-workspace/.derivedData/ModuleCache.noindex -serialize-diagnostics -emit-dependencies -emit-module -emit-module-path /Users/admin/builder/spi-builder-workspace/.derivedData/Build/Intermediates.noindex/Kingfisher.build/Debug-watchos/Kingfisher.build/Objects-normal/armv7k/Kingfisher.swiftmodule -validate-clang-modules-once -clang-build-session-file /Users/admin/builder/spi-builder-workspace/.derivedData/ModuleCache.noindex/Session.modulevalidation -package-name kingfisher -Xcc -I/Users/admin/builder/spi-builder-workspace/.derivedData/Build/Intermediates.noindex/Kingfisher.build/Debug-watchos/Kingfisher.build/swift-overrides.hmap -emit-const-values -Xfrontend -const-gather-protocols-file -Xfrontend /Users/admin/builder/spi-builder-workspace/.derivedData/Build/Intermediates.noindex/Kingfisher.build/Debug-watchos/Kingfisher.build/Objects-normal/armv7k/Kingfisher_const_extract_protocols.json -Xcc -I/Users/admin/builder/spi-builder-workspace/.derivedData/Build/Products/Debug-watchos/include -Xcc -I/Users/admin/builder/spi-builder-workspace/.derivedData/Build/Intermediates.noindex/Kingfisher.build/Debug-watchos/Kingfisher.build/DerivedSources-normal/armv7k -Xcc -I/Users/admin/builder/spi-builder-workspace/.derivedData/Build/Intermediates.noindex/Kingfisher.build/Debug-watchos/Kingfisher.build/DerivedSources/armv7k -Xcc -I/Users/admin/builder/spi-builder-workspace/.derivedData/Build/Intermediates.noindex/Kingfisher.build/Debug-watchos/Kingfisher.build/DerivedSources -Xcc -DSWIFT_PACKAGE -Xcc -DDEBUG\=1 -emit-objc-header -emit-objc-header-path /Users/admin/builder/spi-builder-workspace/.derivedData/Build/Intermediates.noindex/Kingfisher.build/Debug-watchos/Kingfisher.build/Objects-normal/armv7k/Kingfisher-Swift.h -working-directory /Users/admin/builder/spi-builder-workspace/.swiftpm/xcode -experimental-emit-module-separately -disable-cmo
2026-09-06 20:01:17.008 xcodebuild[752:5099] [MT] IDERunDestination: Supported platforms for the buildables in the current scheme is empty.
/Users/admin/builder/spi-builder-workspace/Sources/MediaHeaderKit/Internal/UIImage+MediaHeaderColor.swift:2:8: error: Unable to find module dependency: 'CoreImage'
import CoreImage
^
/Users/admin/builder/spi-builder-workspace/Sources/MediaHeaderKit/Internal/UIImage+MediaHeaderColor.swift:2:8: note: a dependency of main module 'MediaHeaderKit'
import CoreImage
^
/Users/admin/builder/spi-builder-workspace/Sources/MediaHeaderKit/Internal/UIImage+MediaHeaderColor.swift:2:8: error: Unable to find module dependency: 'CoreImage'
import CoreImage
^
/Users/admin/builder/spi-builder-workspace/Sources/MediaHeaderKit/Internal/UIImage+MediaHeaderColor.swift:2:8: note: a dependency of main module 'MediaHeaderKit'
import CoreImage
^
** BUILD FAILED **
The following build commands failed:
SwiftDriver MediaHeaderKit normal arm64_32 com.apple.xcode.tools.swift.compiler (in target 'MediaHeaderKit' from project 'MediaHeaderKit')
SwiftDriver MediaHeaderKit normal arm64 com.apple.xcode.tools.swift.compiler (in target 'MediaHeaderKit' from project 'MediaHeaderKit')
Building workspace spi-builder-workspace with scheme MediaHeaderKit-Package
(3 failures)
BUILD FAILURE 6.2 watchOS