Build Information
Failed to build SwiftTfIdf, reference 1.0.0 (72ef1c), with Swift 6.3 for macOS (Xcode) using Xcode 26.4 on 12 Oct 2026 14:29:13 UTC.
Build Command
env DEVELOPER_DIR=/Applications/Xcode-26.5.0.app xcrun xcodebuild -IDEClonedSourcePackagesDirPathOverride=$PWD/.dependencies -skipMacroValidation -skipPackagePluginValidation -derivedDataPath $PWD/.derivedData build -scheme SwiftTfIdf -destination platform=macOS,arch=arm64Build Log
========================================
RunAll
========================================
Builder version: 5.1.1
Interrupt handler set up.
========================================
Checkout
========================================
Clone URL: https://github.com/aziyan99/SwiftTfIdf.git
Reference: 1.0.0
Initialized empty Git repository in /Users/admin/builder/spi-builder-workspace/.git/
From https://github.com/aziyan99/SwiftTfIdf
* tag 1.0.0 -> FETCH_HEAD
HEAD is now at 72ef1cd Merge pull request #1 from aziyan99/add-license-1
Cloned https://github.com/aziyan99/SwiftTfIdf.git
Revision (git rev-parse @):
72ef1cd20c105765f5b8d7d3c6e917198ace541b
SUCCESS checkout https://github.com/aziyan99/SwiftTfIdf.git at 1.0.0
========================================
Build
========================================
Selected platform: macosXcodebuild
Swift version: 6.3
Building package at path: $PWD
https://github.com/aziyan99/SwiftTfIdf.git
Command line invocation:
/Applications/Xcode-26.5.0.app/Contents/Developer/usr/bin/xcodebuild -IDEClonedSourcePackagesDirPathOverride=/Users/admin/builder/spi-builder-workspace/.dependencies -resolvePackageDependencies
Resolve Package Graph
Resolve Package Graph
Resolved source packages:
SwiftTfIdf: /Users/admin/builder/spi-builder-workspace
resolved source packages: SwiftTfIdf
2026-10-12 10:28:52.014 xcodebuild[540:3113] [MT] IDERunDestination: Supported platforms for the buildables in the current scheme is empty.
{
"dependencies" : [
],
"manifest_display_name" : "SwiftTfIdf",
"name" : "SwiftTfIdf",
"path" : "/Users/admin/builder/spi-builder-workspace",
"platforms" : [
{
"name" : "ios",
"version" : "12.0"
}
],
"products" : [
{
"name" : "SwiftTfIdf",
"targets" : [
"SwiftTfIdf"
],
"type" : {
"library" : [
"automatic"
]
}
}
],
"targets" : [
{
"c99name" : "SwiftTfIdfTests",
"module_type" : "SwiftTarget",
"name" : "SwiftTfIdfTests",
"path" : "Tests/SwiftTfIdfTests",
"sources" : [
"SwiftTfIdfTests.swift"
],
"target_dependencies" : [
"SwiftTfIdf"
],
"type" : "test"
},
{
"c99name" : "SwiftTfIdf",
"module_type" : "SwiftTarget",
"name" : "SwiftTfIdf",
"path" : "Sources/SwiftTfIdf",
"product_memberships" : [
"SwiftTfIdf"
],
"sources" : [
"SwiftTfIdf.swift"
],
"type" : "library"
}
],
"tools_version" : "5.5"
}
{
"workspace" : {
"name" : "spi-builder-workspace",
"schemes" : [
"SwiftTfIdf"
]
}
}
2026-10-12 10:28:59.881 xcodebuild[654:3966] [MT] IDERunDestination: Supported platforms for the buildables in the current scheme is empty.
Running build ...
env DEVELOPER_DIR=/Applications/Xcode-26.5.0.app xcrun xcodebuild -IDEClonedSourcePackagesDirPathOverride=$PWD/.dependencies -skipMacroValidation -skipPackagePluginValidation -derivedDataPath $PWD/.derivedData build -scheme SwiftTfIdf -destination platform=macOS,arch=arm64
Command line invocation:
/Applications/Xcode-26.5.0.app/Contents/Developer/usr/bin/xcodebuild -IDEClonedSourcePackagesDirPathOverride=/Users/admin/builder/spi-builder-workspace/.dependencies -skipMacroValidation -skipPackagePluginValidation -derivedDataPath /Users/admin/builder/spi-builder-workspace/.derivedData build -scheme SwiftTfIdf -destination platform=macOS,arch=arm64
Resolve Package Graph
Resolved source packages:
SwiftTfIdf: /Users/admin/builder/spi-builder-workspace
ComputePackagePrebuildTargetDependencyGraph
Prepare packages
CreateBuildRequest
SendProjectDescription
CreateBuildOperation
ComputeTargetDependencyGraph
note: Building targets in dependency order
note: Target dependency graph (2 targets)
Target 'SwiftTfIdf' in project 'SwiftTfIdf'
➜ Explicit dependency on target 'SwiftTfIdf' in project 'SwiftTfIdf'
Target 'SwiftTfIdf' in project 'SwiftTfIdf' (no dependencies)
GatherProvisioningInputs
CreateBuildDescription
ExecuteExternalTool /Applications/Xcode-26.5.0.app/Contents/Developer/Toolchains/XcodeDefault.xctoolchain/usr/bin/clang -v -E -dM -isysroot /Applications/Xcode-26.5.0.app/Contents/Developer/Platforms/MacOSX.platform/Developer/SDKs/MacOSX26.5.sdk -x c -c /dev/null
ExecuteExternalTool /Applications/Xcode-26.5.0.app/Contents/Developer/Toolchains/XcodeDefault.xctoolchain/usr/bin/swiftc --version
ExecuteExternalTool /Applications/Xcode-26.5.0.app/Contents/Developer/Toolchains/XcodeDefault.xctoolchain/usr/bin/ld -version_details
Build description signature: 46164c3821b7cc465b4e793fe9cf2ac1
Build description path: /Users/admin/builder/spi-builder-workspace/.derivedData/Build/Intermediates.noindex/XCBuildData/46164c3821b7cc465b4e793fe9cf2ac1.xcbuilddata
CreateBuildDirectory /Users/admin/builder/spi-builder-workspace/.derivedData/Build/Intermediates.noindex
cd /Users/admin/builder/spi-builder-workspace/.swiftpm/xcode
builtin-create-build-directory /Users/admin/builder/spi-builder-workspace/.derivedData/Build/Intermediates.noindex
CreateBuildDirectory /Users/admin/builder/spi-builder-workspace/.derivedData/Build/Products
cd /Users/admin/builder/spi-builder-workspace/.swiftpm/xcode
builtin-create-build-directory /Users/admin/builder/spi-builder-workspace/.derivedData/Build/Products
ClangStatCache /Applications/Xcode-26.5.0.app/Contents/Developer/Toolchains/XcodeDefault.xctoolchain/usr/bin/clang-stat-cache /Applications/Xcode-26.5.0.app/Contents/Developer/Platforms/MacOSX.platform/Developer/SDKs/MacOSX26.5.sdk /Users/admin/builder/spi-builder-workspace/.derivedData/SDKStatCaches.noindex/macosx26.5-25F70-688ef53f1462e2c8f657fdc38a81448fb3380a6d0eb485eff9a999e8f65be04d.sdkstatcache
cd /Users/admin/builder/spi-builder-workspace/.swiftpm/xcode
/Applications/Xcode-26.5.0.app/Contents/Developer/Toolchains/XcodeDefault.xctoolchain/usr/bin/clang-stat-cache /Applications/Xcode-26.5.0.app/Contents/Developer/Platforms/MacOSX.platform/Developer/SDKs/MacOSX26.5.sdk -o /Users/admin/builder/spi-builder-workspace/.derivedData/SDKStatCaches.noindex/macosx26.5-25F70-688ef53f1462e2c8f657fdc38a81448fb3380a6d0eb485eff9a999e8f65be04d.sdkstatcache
CreateBuildDirectory /Users/admin/builder/spi-builder-workspace/.derivedData/Build/Intermediates.noindex/SwiftExplicitPrecompiledModules
cd /Users/admin/builder/spi-builder-workspace/.swiftpm/xcode
builtin-create-build-directory /Users/admin/builder/spi-builder-workspace/.derivedData/Build/Intermediates.noindex/SwiftExplicitPrecompiledModules
CreateBuildDirectory /Users/admin/builder/spi-builder-workspace/.derivedData/Build/Products/Debug
cd /Users/admin/builder/spi-builder-workspace/.swiftpm/xcode
builtin-create-build-directory /Users/admin/builder/spi-builder-workspace/.derivedData/Build/Products/Debug
CreateBuildDirectory /Users/admin/builder/spi-builder-workspace/.derivedData/Build/Intermediates.noindex/ExplicitPrecompiledModules
cd /Users/admin/builder/spi-builder-workspace/.swiftpm/xcode
builtin-create-build-directory /Users/admin/builder/spi-builder-workspace/.derivedData/Build/Intermediates.noindex/ExplicitPrecompiledModules
CreateBuildDirectory /Users/admin/builder/spi-builder-workspace/.derivedData/Build/Intermediates.noindex/EagerLinkingTBDs/Debug
cd /Users/admin/builder/spi-builder-workspace/.swiftpm/xcode
builtin-create-build-directory /Users/admin/builder/spi-builder-workspace/.derivedData/Build/Intermediates.noindex/EagerLinkingTBDs/Debug
CreateBuildDirectory /Users/admin/builder/spi-builder-workspace/.derivedData/Build/Products/Debug/PackageFrameworks
cd /Users/admin/builder/spi-builder-workspace/.swiftpm/xcode
builtin-create-build-directory /Users/admin/builder/spi-builder-workspace/.derivedData/Build/Products/Debug/PackageFrameworks
WriteAuxiliaryFile /Users/admin/builder/spi-builder-workspace/.derivedData/Build/Intermediates.noindex/SwiftTfIdf.build/Debug/SwiftTfIdf.build/SwiftTfIdf.DependencyStaticMetadataFileList (in target 'SwiftTfIdf' from project 'SwiftTfIdf')
cd /Users/admin/builder/spi-builder-workspace
write-file /Users/admin/builder/spi-builder-workspace/.derivedData/Build/Intermediates.noindex/SwiftTfIdf.build/Debug/SwiftTfIdf.build/SwiftTfIdf.DependencyStaticMetadataFileList
WriteAuxiliaryFile /Users/admin/builder/spi-builder-workspace/.derivedData/Build/Intermediates.noindex/SwiftTfIdf.build/Debug/SwiftTfIdf.build/SwiftTfIdf.modulemap (in target 'SwiftTfIdf' from project 'SwiftTfIdf')
cd /Users/admin/builder/spi-builder-workspace
write-file /Users/admin/builder/spi-builder-workspace/.derivedData/Build/Intermediates.noindex/SwiftTfIdf.build/Debug/SwiftTfIdf.build/SwiftTfIdf.modulemap
WriteAuxiliaryFile /Users/admin/builder/spi-builder-workspace/.derivedData/Build/Intermediates.noindex/SwiftTfIdf.build/Debug/SwiftTfIdf.build/SwiftTfIdf.DependencyMetadataFileList (in target 'SwiftTfIdf' from project 'SwiftTfIdf')
cd /Users/admin/builder/spi-builder-workspace
write-file /Users/admin/builder/spi-builder-workspace/.derivedData/Build/Intermediates.noindex/SwiftTfIdf.build/Debug/SwiftTfIdf.build/SwiftTfIdf.DependencyMetadataFileList
WriteAuxiliaryFile /Users/admin/builder/spi-builder-workspace/.derivedData/Build/Intermediates.noindex/SwiftTfIdf.build/Debug/SwiftTfIdf.build/Objects-normal/arm64/SwiftTfIdf.LinkFileList (in target 'SwiftTfIdf' from project 'SwiftTfIdf')
cd /Users/admin/builder/spi-builder-workspace
write-file /Users/admin/builder/spi-builder-workspace/.derivedData/Build/Intermediates.noindex/SwiftTfIdf.build/Debug/SwiftTfIdf.build/Objects-normal/arm64/SwiftTfIdf.LinkFileList
WriteAuxiliaryFile /Users/admin/builder/spi-builder-workspace/.derivedData/Build/Intermediates.noindex/SwiftTfIdf.build/Debug/SwiftTfIdf.build/Objects-normal/arm64/SwiftTfIdf.SwiftConstValuesFileList (in target 'SwiftTfIdf' from project 'SwiftTfIdf')
cd /Users/admin/builder/spi-builder-workspace
write-file /Users/admin/builder/spi-builder-workspace/.derivedData/Build/Intermediates.noindex/SwiftTfIdf.build/Debug/SwiftTfIdf.build/Objects-normal/arm64/SwiftTfIdf.SwiftConstValuesFileList
WriteAuxiliaryFile /Users/admin/builder/spi-builder-workspace/.derivedData/Build/Intermediates.noindex/SwiftTfIdf.build/Debug/SwiftTfIdf.build/Objects-normal/arm64/SwiftTfIdf-OutputFileMap.json (in target 'SwiftTfIdf' from project 'SwiftTfIdf')
cd /Users/admin/builder/spi-builder-workspace
write-file /Users/admin/builder/spi-builder-workspace/.derivedData/Build/Intermediates.noindex/SwiftTfIdf.build/Debug/SwiftTfIdf.build/Objects-normal/arm64/SwiftTfIdf-OutputFileMap.json
WriteAuxiliaryFile /Users/admin/builder/spi-builder-workspace/.derivedData/Build/Intermediates.noindex/SwiftTfIdf.build/Debug/SwiftTfIdf.build/Objects-normal/arm64/SwiftTfIdf_const_extract_protocols.json (in target 'SwiftTfIdf' from project 'SwiftTfIdf')
cd /Users/admin/builder/spi-builder-workspace
write-file /Users/admin/builder/spi-builder-workspace/.derivedData/Build/Intermediates.noindex/SwiftTfIdf.build/Debug/SwiftTfIdf.build/Objects-normal/arm64/SwiftTfIdf_const_extract_protocols.json
WriteAuxiliaryFile /Users/admin/builder/spi-builder-workspace/.derivedData/Build/Intermediates.noindex/SwiftTfIdf.build/Debug/SwiftTfIdf.build/Objects-normal/arm64/SwiftTfIdf.SwiftFileList (in target 'SwiftTfIdf' from project 'SwiftTfIdf')
cd /Users/admin/builder/spi-builder-workspace
write-file /Users/admin/builder/spi-builder-workspace/.derivedData/Build/Intermediates.noindex/SwiftTfIdf.build/Debug/SwiftTfIdf.build/Objects-normal/arm64/SwiftTfIdf.SwiftFileList
Copy /Users/admin/builder/spi-builder-workspace/.derivedData/Build/Intermediates.noindex/GeneratedModuleMaps/SwiftTfIdf.modulemap /Users/admin/builder/spi-builder-workspace/.derivedData/Build/Intermediates.noindex/SwiftTfIdf.build/Debug/SwiftTfIdf.build/SwiftTfIdf.modulemap (in target 'SwiftTfIdf' from project 'SwiftTfIdf')
cd /Users/admin/builder/spi-builder-workspace
builtin-copy -exclude .DS_Store -exclude CVS -exclude .svn -exclude .git -exclude .hg -resolve-src-symlinks /Users/admin/builder/spi-builder-workspace/.derivedData/Build/Intermediates.noindex/SwiftTfIdf.build/Debug/SwiftTfIdf.build/SwiftTfIdf.modulemap /Users/admin/builder/spi-builder-workspace/.derivedData/Build/Intermediates.noindex/GeneratedModuleMaps
SwiftDriver SwiftTfIdf normal arm64 com.apple.xcode.tools.swift.compiler (in target 'SwiftTfIdf' from project 'SwiftTfIdf')
cd /Users/admin/builder/spi-builder-workspace/.swiftpm/xcode
builtin-SwiftDriver -- /Applications/Xcode-26.5.0.app/Contents/Developer/Toolchains/XcodeDefault.xctoolchain/usr/bin/swiftc -module-name SwiftTfIdf -Onone @/Users/admin/builder/spi-builder-workspace/.derivedData/Build/Intermediates.noindex/SwiftTfIdf.build/Debug/SwiftTfIdf.build/Objects-normal/arm64/SwiftTfIdf.SwiftFileList -DSWIFT_PACKAGE -DDEBUG -DSWIFT_MODULE_RESOURCE_BUNDLE_UNAVAILABLE -DXcode -plugin-path /Applications/Xcode-26.5.0.app/Contents/Developer/Toolchains/XcodeDefault.xctoolchain/usr/lib/swift/host/plugins/testing -enable-experimental-feature DebugDescriptionMacro -sdk /Applications/Xcode-26.5.0.app/Contents/Developer/Platforms/MacOSX.platform/Developer/SDKs/MacOSX26.5.sdk -target arm64-apple-macos10.13 -g -module-cache-path /Users/admin/builder/spi-builder-workspace/.derivedData/ModuleCache.noindex -Xfrontend -serialize-debugging-options -profile-coverage-mapping -profile-generate -enable-testing -index-store-path /Users/admin/builder/spi-builder-workspace/.derivedData/Index.noindex/DataStore -Xcc -D_LIBCPP_HARDENING_MODE\=_LIBCPP_HARDENING_MODE_DEBUG -swift-version 5 -I /Users/admin/builder/spi-builder-workspace/.derivedData/Build/Products/Debug -Isystem /Applications/Xcode-26.5.0.app/Contents/Developer/Platforms/MacOSX.platform/Developer/usr/lib -F /Users/admin/builder/spi-builder-workspace/.derivedData/Build/Products/Debug -F /Applications/Xcode-26.5.0.app/Contents/Developer/Platforms/MacOSX.platform/Developer/Library/Frameworks -parse-as-library -c -j10 -enable-batch-mode -incremental -Xcc -ivfsstatcache -Xcc /Users/admin/builder/spi-builder-workspace/.derivedData/SDKStatCaches.noindex/macosx26.5-25F70-688ef53f1462e2c8f657fdc38a81448fb3380a6d0eb485eff9a999e8f65be04d.sdkstatcache -output-file-map /Users/admin/builder/spi-builder-workspace/.derivedData/Build/Intermediates.noindex/SwiftTfIdf.build/Debug/SwiftTfIdf.build/Objects-normal/arm64/SwiftTfIdf-OutputFileMap.json -use-frontend-parseable-output -save-temps -no-color-diagnostics -explicit-module-build -module-cache-path /Users/admin/builder/spi-builder-workspace/.derivedData/Build/Intermediates.noindex/SwiftExplicitPrecompiledModules -clang-scanner-module-cache-path /Users/admin/builder/spi-builder-workspace/.derivedData/ModuleCache.noindex -sdk-module-cache-path /Users/admin/builder/spi-builder-workspace/.derivedData/ModuleCache.noindex -serialize-diagnostics -emit-dependencies -emit-module -emit-module-path /Users/admin/builder/spi-builder-workspace/.derivedData/Build/Intermediates.noindex/SwiftTfIdf.build/Debug/SwiftTfIdf.build/Objects-normal/arm64/SwiftTfIdf.swiftmodule -validate-clang-modules-once -clang-build-session-file /Users/admin/builder/spi-builder-workspace/.derivedData/ModuleCache.noindex/Session.modulevalidation -Xcc -I/Users/admin/builder/spi-builder-workspace/.derivedData/Build/Intermediates.noindex/SwiftTfIdf.build/Debug/SwiftTfIdf.build/swift-overrides.hmap -emit-const-values -Xfrontend -const-gather-protocols-file -Xfrontend /Users/admin/builder/spi-builder-workspace/.derivedData/Build/Intermediates.noindex/SwiftTfIdf.build/Debug/SwiftTfIdf.build/Objects-normal/arm64/SwiftTfIdf_const_extract_protocols.json -Xcc -I/Users/admin/builder/spi-builder-workspace/.derivedData/Build/Products/Debug/include -Xcc -I/Users/admin/builder/spi-builder-workspace/.derivedData/Build/Intermediates.noindex/SwiftTfIdf.build/Debug/SwiftTfIdf.build/DerivedSources-normal/arm64 -Xcc -I/Users/admin/builder/spi-builder-workspace/.derivedData/Build/Intermediates.noindex/SwiftTfIdf.build/Debug/SwiftTfIdf.build/DerivedSources/arm64 -Xcc -I/Users/admin/builder/spi-builder-workspace/.derivedData/Build/Intermediates.noindex/SwiftTfIdf.build/Debug/SwiftTfIdf.build/DerivedSources -Xcc -DSWIFT_PACKAGE -Xcc -DDEBUG\=1 -emit-objc-header -emit-objc-header-path /Users/admin/builder/spi-builder-workspace/.derivedData/Build/Intermediates.noindex/SwiftTfIdf.build/Debug/SwiftTfIdf.build/Objects-normal/arm64/SwiftTfIdf-Swift.h -working-directory /Users/admin/builder/spi-builder-workspace/.swiftpm/xcode -experimental-emit-module-separately -disable-cmo
SwiftExplicitDependencyGeneratePcm arm64 /Users/admin/builder/spi-builder-workspace/.derivedData/ModuleCache.noindex/_SwiftConcurrencyShims-W0BOH3J7QVTIMQ75M4HH6TMO.pcm
SwiftExplicitDependencyGeneratePcm arm64 /Users/admin/builder/spi-builder-workspace/.derivedData/ModuleCache.noindex/ptrcheck-8NV4D1Z29JTI1U3E5FD3GD2YN.pcm
SwiftExplicitDependencyGeneratePcm arm64 /Users/admin/builder/spi-builder-workspace/.derivedData/ModuleCache.noindex/_Builtin_stdarg-2JM3C401YKBNMZ0ND86VOKOYS.pcm
SwiftExplicitDependencyGeneratePcm arm64 /Users/admin/builder/spi-builder-workspace/.derivedData/ModuleCache.noindex/_Builtin_stdbool-P00VEQJJUP5QKPV5DTD39ZZ3.pcm
SwiftExplicitDependencyGeneratePcm arm64 /Users/admin/builder/spi-builder-workspace/.derivedData/ModuleCache.noindex/_Builtin_stddef-7QPG98UDD3SPS6KNDNOP4TVJJ.pcm
SwiftExplicitDependencyGeneratePcm arm64 /Users/admin/builder/spi-builder-workspace/.derivedData/ModuleCache.noindex/ptrauth-AQEL8ZGN3PL05GVEJU70B4NWI.pcm
SwiftExplicitDependencyGeneratePcm arm64 /Users/admin/builder/spi-builder-workspace/.derivedData/ModuleCache.noindex/SwiftShims-7WF9SDRUHWE91M8VJ78FSJG96.pcm
SwiftExplicitDependencyGeneratePcm arm64 /Users/admin/builder/spi-builder-workspace/.derivedData/ModuleCache.noindex/_AvailabilityInternal-D8BS5J5VZQQB8Y93FVX104AS5.pcm
SwiftExplicitDependencyGeneratePcm arm64 /Users/admin/builder/spi-builder-workspace/.derivedData/ModuleCache.noindex/_Builtin_float-CNRTKZGHEU9KLEFZFOQHHY6MV.pcm
SwiftExplicitDependencyGeneratePcm arm64 /Users/admin/builder/spi-builder-workspace/.derivedData/ModuleCache.noindex/_DarwinFoundation1-47IG7OTOC37YBHEH3EN6F09ZF.pcm
SwiftExplicitDependencyGeneratePcm arm64 /Users/admin/builder/spi-builder-workspace/.derivedData/ModuleCache.noindex/_Builtin_limits-D4Q6D9HNAU3DEI8FA39GGLHWN.pcm
SwiftExplicitDependencyGeneratePcm arm64 /Users/admin/builder/spi-builder-workspace/.derivedData/ModuleCache.noindex/_DarwinFoundation2-919VI0PG3DES227CE02I5CPJH.pcm
SwiftExplicitDependencyGeneratePcm arm64 /Users/admin/builder/spi-builder-workspace/.derivedData/ModuleCache.noindex/sys_types-BVPZ05M4V0QHODGYZJBHTQNE3.pcm
SwiftExplicitDependencyGeneratePcm arm64 /Users/admin/builder/spi-builder-workspace/.derivedData/ModuleCache.noindex/_Builtin_stdint-CVICV4MOK0AJS8L0WB2119SK9.pcm
SwiftExplicitDependencyGeneratePcm arm64 /Users/admin/builder/spi-builder-workspace/.derivedData/ModuleCache.noindex/_DarwinFoundation3-A6VA8VWP9JN9KCOV56JVEXTH4.pcm
SwiftExplicitDependencyGeneratePcm arm64 /Users/admin/builder/spi-builder-workspace/.derivedData/ModuleCache.noindex/libDER-9FWVK39494P5GMOHFBP75X55L.pcm
SwiftExplicitDependencyGeneratePcm arm64 /Users/admin/builder/spi-builder-workspace/.derivedData/ModuleCache.noindex/_Builtin_inttypes-CXQRAWXWT8VG46WB6O0R2M4RF.pcm
SwiftExplicitDependencyGeneratePcm arm64 /Users/admin/builder/spi-builder-workspace/.derivedData/ModuleCache.noindex/Darwin-BDJYXP1BJ8EPD9Q66BX5QPVER.pcm
SwiftExplicitDependencyGeneratePcm arm64 /Users/admin/builder/spi-builder-workspace/.derivedData/ModuleCache.noindex/launch-DWS9CWULD2D76PGSNJ665EFFL.pcm
SwiftExplicitDependencyGeneratePcm arm64 /Users/admin/builder/spi-builder-workspace/.derivedData/ModuleCache.noindex/libkern-3JXNR9B2NOFIA2CQIZWSLJIND.pcm
SwiftExplicitDependencyGeneratePcm arm64 /Users/admin/builder/spi-builder-workspace/.derivedData/ModuleCache.noindex/MachO-EKRIEK4GL7MS7JNZNX6CA6I7B.pcm
SwiftExplicitDependencyGeneratePcm arm64 /Users/admin/builder/spi-builder-workspace/.derivedData/ModuleCache.noindex/ObjectiveC-CVX1EC7H94EGJ27X94EYUBVPA.pcm
SwiftExplicitDependencyGeneratePcm arm64 /Users/admin/builder/spi-builder-workspace/.derivedData/ModuleCache.noindex/os_object-2Z11XQOMURKNZD796KFBJPKQ9.pcm
SwiftExplicitDependencyGeneratePcm arm64 /Users/admin/builder/spi-builder-workspace/.derivedData/ModuleCache.noindex/os_workgroup-C3BGSOIEHFKNR7VCQ2YA7RF5I.pcm
SwiftExplicitDependencyGeneratePcm arm64 /Users/admin/builder/spi-builder-workspace/.derivedData/ModuleCache.noindex/Dispatch-CC8D2QO8YEGJW8SR0Y5F5GN5F.pcm
SwiftExplicitDependencyGeneratePcm arm64 /Users/admin/builder/spi-builder-workspace/.derivedData/ModuleCache.noindex/XPC-2KJSS5FBNNMSJ6VMUT88TQJVX.pcm
SwiftExplicitDependencyGeneratePcm arm64 /Users/admin/builder/spi-builder-workspace/.derivedData/ModuleCache.noindex/CoreFoundation-63CFRS3WW72O5WL038NL17ESR.pcm
SwiftExplicitDependencyGeneratePcm arm64 /Users/admin/builder/spi-builder-workspace/.derivedData/ModuleCache.noindex/CFNetwork-WTF1EVVBI5HYCWR4SQJR1D3G.pcm
SwiftExplicitDependencyGeneratePcm arm64 /Users/admin/builder/spi-builder-workspace/.derivedData/ModuleCache.noindex/IOKit-8M9P5PQYJN51TEOJH1MX77NX5.pcm
SwiftExplicitDependencyGeneratePcm arm64 /Users/admin/builder/spi-builder-workspace/.derivedData/ModuleCache.noindex/Security-16QQ1MGXB3ZOR3PQCEBTJR0MZ.pcm
SwiftExplicitDependencyGeneratePcm arm64 /Users/admin/builder/spi-builder-workspace/.derivedData/ModuleCache.noindex/DiskArbitration-DQATAT02KISTYC5PMC7VJG128.pcm
SwiftExplicitDependencyGeneratePcm arm64 /Users/admin/builder/spi-builder-workspace/.derivedData/ModuleCache.noindex/CoreServices-1Q78L6BVZTUF1BPS4RGFWI6NJ.pcm
SwiftExplicitDependencyGeneratePcm arm64 /Users/admin/builder/spi-builder-workspace/.derivedData/ModuleCache.noindex/Foundation-7ELIVHDIRIKY7P17H7MFTNLYP.pcm
SwiftExplicitDependencyGeneratePcm arm64 /Users/admin/builder/spi-builder-workspace/.derivedData/ModuleCache.noindex/NaturalLanguage-8FE1CBY5UD7C51JHL7BWFEIV8.pcm
SwiftEmitModule normal arm64 Emitting\ module\ for\ SwiftTfIdf (in target 'SwiftTfIdf' from project 'SwiftTfIdf')
SwiftCompile normal arm64 /Users/admin/builder/spi-builder-workspace/Sources/SwiftTfIdf/SwiftTfIdf.swift (in target 'SwiftTfIdf' from project 'SwiftTfIdf')
cd /Users/admin/builder/spi-builder-workspace/.swiftpm/xcode
SwiftCompile normal arm64 Compiling\ SwiftTfIdf.swift /Users/admin/builder/spi-builder-workspace/Sources/SwiftTfIdf/SwiftTfIdf.swift (in target 'SwiftTfIdf' from project 'SwiftTfIdf')
SwiftCompile normal arm64 /Users/admin/builder/spi-builder-workspace/Sources/SwiftTfIdf/SwiftTfIdf.swift (in target 'SwiftTfIdf' from project 'SwiftTfIdf')
cd /Users/admin/builder/spi-builder-workspace/.swiftpm/xcode
/Users/admin/builder/spi-builder-workspace/Sources/SwiftTfIdf/SwiftTfIdf.swift:28:29: error: 'NLTokenizer' is only available in macOS 10.14 or newer
let tokenizer = NLTokenizer(unit: .word)
^
/Users/admin/builder/spi-builder-workspace/Sources/SwiftTfIdf/SwiftTfIdf.swift:28:29: note: add 'if #available' version check
let tokenizer = NLTokenizer(unit: .word)
^
/Users/admin/builder/spi-builder-workspace/Sources/SwiftTfIdf/SwiftTfIdf.swift:21:10: note: add '@available' attribute to enclosing instance method
func sentences2ArrayOfWords(sentences: [String]) -> [[String]]{
^
/Users/admin/builder/spi-builder-workspace/Sources/SwiftTfIdf/SwiftTfIdf.swift:4:14: note: add '@available' attribute to enclosing class
public class SwiftTfIdf {
^
/Users/admin/builder/spi-builder-workspace/Sources/SwiftTfIdf/SwiftTfIdf.swift:28:29: error: 'init(unit:)' is only available in macOS 10.14 or newer
let tokenizer = NLTokenizer(unit: .word)
^
/Users/admin/builder/spi-builder-workspace/Sources/SwiftTfIdf/SwiftTfIdf.swift:28:29: note: add 'if #available' version check
let tokenizer = NLTokenizer(unit: .word)
^
/Users/admin/builder/spi-builder-workspace/Sources/SwiftTfIdf/SwiftTfIdf.swift:21:10: note: add '@available' attribute to enclosing instance method
func sentences2ArrayOfWords(sentences: [String]) -> [[String]]{
^
/Users/admin/builder/spi-builder-workspace/Sources/SwiftTfIdf/SwiftTfIdf.swift:4:14: note: add '@available' attribute to enclosing class
public class SwiftTfIdf {
^
/Users/admin/builder/spi-builder-workspace/Sources/SwiftTfIdf/SwiftTfIdf.swift:29:23: error: 'string' is only available in macOS 10.14 or newer
tokenizer.string = sentence
^
/Users/admin/builder/spi-builder-workspace/Sources/SwiftTfIdf/SwiftTfIdf.swift:29:23: note: add 'if #available' version check
tokenizer.string = sentence
^
/Users/admin/builder/spi-builder-workspace/Sources/SwiftTfIdf/SwiftTfIdf.swift:21:10: note: add '@available' attribute to enclosing instance method
func sentences2ArrayOfWords(sentences: [String]) -> [[String]]{
^
/Users/admin/builder/spi-builder-workspace/Sources/SwiftTfIdf/SwiftTfIdf.swift:4:14: note: add '@available' attribute to enclosing class
public class SwiftTfIdf {
^
/Users/admin/builder/spi-builder-workspace/Sources/SwiftTfIdf/SwiftTfIdf.swift:30:23: error: 'enumerateTokens(in:using:)' is only available in macOS 10.14 or newer
tokenizer.enumerateTokens(in: sentence.startIndex..<sentence.endIndex) { tokenRange, _ in
^
/Users/admin/builder/spi-builder-workspace/Sources/SwiftTfIdf/SwiftTfIdf.swift:30:23: note: add 'if #available' version check
tokenizer.enumerateTokens(in: sentence.startIndex..<sentence.endIndex) { tokenRange, _ in
^
/Users/admin/builder/spi-builder-workspace/Sources/SwiftTfIdf/SwiftTfIdf.swift:21:10: note: add '@available' attribute to enclosing instance method
func sentences2ArrayOfWords(sentences: [String]) -> [[String]]{
^
/Users/admin/builder/spi-builder-workspace/Sources/SwiftTfIdf/SwiftTfIdf.swift:4:14: note: add '@available' attribute to enclosing class
public class SwiftTfIdf {
^
Failed frontend command:
/Applications/Xcode-26.5.0.app/Contents/Developer/Toolchains/XcodeDefault.xctoolchain/usr/bin/swift-frontend -frontend -c -primary-file /Users/admin/builder/spi-builder-workspace/Sources/SwiftTfIdf/SwiftTfIdf.swift -emit-dependencies-path /Users/admin/builder/spi-builder-workspace/.derivedData/Build/Intermediates.noindex/SwiftTfIdf.build/Debug/SwiftTfIdf.build/Objects-normal/arm64/SwiftTfIdf.d -emit-const-values-path /Users/admin/builder/spi-builder-workspace/.derivedData/Build/Intermediates.noindex/SwiftTfIdf.build/Debug/SwiftTfIdf.build/Objects-normal/arm64/SwiftTfIdf.swiftconstvalues -emit-reference-dependencies-path /Users/admin/builder/spi-builder-workspace/.derivedData/Build/Intermediates.noindex/SwiftTfIdf.build/Debug/SwiftTfIdf.build/Objects-normal/arm64/SwiftTfIdf.swiftdeps -serialize-diagnostics-path /Users/admin/builder/spi-builder-workspace/.derivedData/Build/Intermediates.noindex/SwiftTfIdf.build/Debug/SwiftTfIdf.build/Objects-normal/arm64/SwiftTfIdf.dia -target arm64-apple-macos10.13 -load-resolved-plugin /Applications/Xcode-26.5.0.app/Contents/Developer/Platforms/MacOSX.platform/Developer/usr/lib/swift/host/plugins/libFoundationMacros.dylib\#/Applications/Xcode-26.5.0.app/Contents/Developer/Platforms/MacOSX.platform/Developer/usr/bin/swift-plugin-server\#FoundationMacros -load-resolved-plugin /Applications/Xcode-26.5.0.app/Contents/Developer/Platforms/MacOSX.platform/Developer/usr/lib/swift/host/plugins/libObservationMacros.dylib\#/Applications/Xcode-26.5.0.app/Contents/Developer/Platforms/MacOSX.platform/Developer/usr/bin/swift-plugin-server\#ObservationMacros -load-resolved-plugin /Applications/Xcode-26.5.0.app/Contents/Developer/Platforms/MacOSX.platform/Developer/usr/lib/swift/host/plugins/libSwiftMacros.dylib\#/Applications/Xcode-26.5.0.app/Contents/Developer/Platforms/MacOSX.platform/Developer/usr/bin/swift-plugin-server\#SwiftMacros -disable-implicit-swift-modules -Xcc -fno-implicit-modules -Xcc -fno-implicit-module-maps -explicit-swift-module-map-file /Users/admin/builder/spi-builder-workspace/.derivedData/Build/Intermediates.noindex/SwiftTfIdf.build/Debug/SwiftTfIdf.build/Objects-normal/arm64/SwiftTfIdf-dependencies-1.json -debug-module-path /Users/admin/builder/spi-builder-workspace/.derivedData/Build/Intermediates.noindex/SwiftTfIdf.build/Debug/SwiftTfIdf.build/Objects-normal/arm64/SwiftTfIdf.swiftmodule -Xllvm -aarch64-use-tbi -enable-objc-interop -sdk /Applications/Xcode-26.5.0.app/Contents/Developer/Platforms/MacOSX.platform/Developer/SDKs/MacOSX26.5.sdk -I /Users/admin/builder/spi-builder-workspace/.derivedData/Build/Products/Debug -Isystem /Applications/Xcode-26.5.0.app/Contents/Developer/Platforms/MacOSX.platform/Developer/usr/lib -F /Users/admin/builder/spi-builder-workspace/.derivedData/Build/Products/Debug -F /Applications/Xcode-26.5.0.app/Contents/Developer/Platforms/MacOSX.platform/Developer/Library/Frameworks -no-color-diagnostics -Xcc -fno-color-diagnostics -enable-testing -g -debug-info-format\=dwarf -dwarf-version\=4 -module-cache-path /Users/admin/builder/spi-builder-workspace/.derivedData/Build/Intermediates.noindex/SwiftExplicitPrecompiledModules -profile-generate -profile-coverage-mapping -swift-version 5 -Onone -D SWIFT_PACKAGE -D DEBUG -D SWIFT_MODULE_RESOURCE_BUNDLE_UNAVAILABLE -D Xcode -serialize-debugging-options -const-gather-protocols-file /Users/admin/builder/spi-builder-workspace/.derivedData/Build/Intermediates.noindex/SwiftTfIdf.build/Debug/SwiftTfIdf.build/Objects-normal/arm64/SwiftTfIdf_const_extract_protocols.json -enable-experimental-feature DebugDescriptionMacro -empty-abi-descriptor -validate-clang-modules-once -clang-build-session-file /Users/admin/builder/spi-builder-workspace/.derivedData/ModuleCache.noindex/Session.modulevalidation -Xcc -working-directory -Xcc /Users/admin/builder/spi-builder-workspace/.swiftpm/xcode -enable-anonymous-context-mangled-names -file-compilation-dir /Users/admin/builder/spi-builder-workspace/.swiftpm/xcode -Xcc -D_LIBCPP_HARDENING_MODE\=_LIBCPP_HARDENING_MODE_DEBUG -Xcc -ivfsstatcache -Xcc /Users/admin/builder/spi-builder-workspace/.derivedData/SDKStatCaches.noindex/macosx26.5-25F70-688ef53f1462e2c8f657fdc38a81448fb3380a6d0eb485eff9a999e8f65be04d.sdkstatcache -Xcc -I/Users/admin/builder/spi-builder-workspace/.derivedData/Build/Intermediates.noindex/SwiftTfIdf.build/Debug/SwiftTfIdf.build/swift-overrides.hmap -Xcc -I/Users/admin/builder/spi-builder-workspace/.derivedData/Build/Products/Debug/include -Xcc -I/Users/admin/builder/spi-builder-workspace/.derivedData/Build/Intermediates.noindex/SwiftTfIdf.build/Debug/SwiftTfIdf.build/DerivedSources-normal/arm64 -Xcc -I/Users/admin/builder/spi-builder-workspace/.derivedData/Build/Intermediates.noindex/SwiftTfIdf.build/Debug/SwiftTfIdf.build/DerivedSources/arm64 -Xcc -I/Users/admin/builder/spi-builder-workspace/.derivedData/Build/Intermediates.noindex/SwiftTfIdf.build/Debug/SwiftTfIdf.build/DerivedSources -Xcc -DSWIFT_PACKAGE -Xcc -DDEBUG\=1 -no-auto-bridging-header-chaining -module-name SwiftTfIdf -frontend-parseable-output -disable-clang-spi -clang-target arm64-apple-macos26.5 -target-sdk-version 26.5 -target-sdk-name macosx26.5 -in-process-plugin-server-path /Applications/Xcode-26.5.0.app/Contents/Developer/Toolchains/XcodeDefault.xctoolchain/usr/lib/swift/host/libSwiftInProcPluginServer.dylib -parse-as-library -o /Users/admin/builder/spi-builder-workspace/.derivedData/Build/Intermediates.noindex/SwiftTfIdf.build/Debug/SwiftTfIdf.build/Objects-normal/arm64/SwiftTfIdf.o -index-unit-output-path /SwiftTfIdf.build/Debug/SwiftTfIdf.build/Objects-normal/arm64/SwiftTfIdf.o -index-store-path /Users/admin/builder/spi-builder-workspace/.derivedData/Index.noindex/DataStore -index-system-modules
SwiftDriverJobDiscovery normal arm64 Emitting module for SwiftTfIdf (in target 'SwiftTfIdf' from project 'SwiftTfIdf')
SwiftDriver\ Compilation\ Requirements SwiftTfIdf normal arm64 com.apple.xcode.tools.swift.compiler (in target 'SwiftTfIdf' from project 'SwiftTfIdf')
cd /Users/admin/builder/spi-builder-workspace/.swiftpm/xcode
builtin-Swift-Compilation-Requirements -- /Applications/Xcode-26.5.0.app/Contents/Developer/Toolchains/XcodeDefault.xctoolchain/usr/bin/swiftc -module-name SwiftTfIdf -Onone @/Users/admin/builder/spi-builder-workspace/.derivedData/Build/Intermediates.noindex/SwiftTfIdf.build/Debug/SwiftTfIdf.build/Objects-normal/arm64/SwiftTfIdf.SwiftFileList -DSWIFT_PACKAGE -DDEBUG -DSWIFT_MODULE_RESOURCE_BUNDLE_UNAVAILABLE -DXcode -plugin-path /Applications/Xcode-26.5.0.app/Contents/Developer/Toolchains/XcodeDefault.xctoolchain/usr/lib/swift/host/plugins/testing -enable-experimental-feature DebugDescriptionMacro -sdk /Applications/Xcode-26.5.0.app/Contents/Developer/Platforms/MacOSX.platform/Developer/SDKs/MacOSX26.5.sdk -target arm64-apple-macos10.13 -g -module-cache-path /Users/admin/builder/spi-builder-workspace/.derivedData/ModuleCache.noindex -Xfrontend -serialize-debugging-options -profile-coverage-mapping -profile-generate -enable-testing -index-store-path /Users/admin/builder/spi-builder-workspace/.derivedData/Index.noindex/DataStore -Xcc -D_LIBCPP_HARDENING_MODE\=_LIBCPP_HARDENING_MODE_DEBUG -swift-version 5 -I /Users/admin/builder/spi-builder-workspace/.derivedData/Build/Products/Debug -Isystem /Applications/Xcode-26.5.0.app/Contents/Developer/Platforms/MacOSX.platform/Developer/usr/lib -F /Users/admin/builder/spi-builder-workspace/.derivedData/Build/Products/Debug -F /Applications/Xcode-26.5.0.app/Contents/Developer/Platforms/MacOSX.platform/Developer/Library/Frameworks -parse-as-library -c -j10 -enable-batch-mode -incremental -Xcc -ivfsstatcache -Xcc /Users/admin/builder/spi-builder-workspace/.derivedData/SDKStatCaches.noindex/macosx26.5-25F70-688ef53f1462e2c8f657fdc38a81448fb3380a6d0eb485eff9a999e8f65be04d.sdkstatcache -output-file-map /Users/admin/builder/spi-builder-workspace/.derivedData/Build/Intermediates.noindex/SwiftTfIdf.build/Debug/SwiftTfIdf.build/Objects-normal/arm64/SwiftTfIdf-OutputFileMap.json -use-frontend-parseable-output -save-temps -no-color-diagnostics -explicit-module-build -module-cache-path /Users/admin/builder/spi-builder-workspace/.derivedData/Build/Intermediates.noindex/SwiftExplicitPrecompiledModules -clang-scanner-module-cache-path /Users/admin/builder/spi-builder-workspace/.derivedData/ModuleCache.noindex -sdk-module-cache-path /Users/admin/builder/spi-builder-workspace/.derivedData/ModuleCache.noindex -serialize-diagnostics -emit-dependencies -emit-module -emit-module-path /Users/admin/builder/spi-builder-workspace/.derivedData/Build/Intermediates.noindex/SwiftTfIdf.build/Debug/SwiftTfIdf.build/Objects-normal/arm64/SwiftTfIdf.swiftmodule -validate-clang-modules-once -clang-build-session-file /Users/admin/builder/spi-builder-workspace/.derivedData/ModuleCache.noindex/Session.modulevalidation -Xcc -I/Users/admin/builder/spi-builder-workspace/.derivedData/Build/Intermediates.noindex/SwiftTfIdf.build/Debug/SwiftTfIdf.build/swift-overrides.hmap -emit-const-values -Xfrontend -const-gather-protocols-file -Xfrontend /Users/admin/builder/spi-builder-workspace/.derivedData/Build/Intermediates.noindex/SwiftTfIdf.build/Debug/SwiftTfIdf.build/Objects-normal/arm64/SwiftTfIdf_const_extract_protocols.json -Xcc -I/Users/admin/builder/spi-builder-workspace/.derivedData/Build/Products/Debug/include -Xcc -I/Users/admin/builder/spi-builder-workspace/.derivedData/Build/Intermediates.noindex/SwiftTfIdf.build/Debug/SwiftTfIdf.build/DerivedSources-normal/arm64 -Xcc -I/Users/admin/builder/spi-builder-workspace/.derivedData/Build/Intermediates.noindex/SwiftTfIdf.build/Debug/SwiftTfIdf.build/DerivedSources/arm64 -Xcc -I/Users/admin/builder/spi-builder-workspace/.derivedData/Build/Intermediates.noindex/SwiftTfIdf.build/Debug/SwiftTfIdf.build/DerivedSources -Xcc -DSWIFT_PACKAGE -Xcc -DDEBUG\=1 -emit-objc-header -emit-objc-header-path /Users/admin/builder/spi-builder-workspace/.derivedData/Build/Intermediates.noindex/SwiftTfIdf.build/Debug/SwiftTfIdf.build/Objects-normal/arm64/SwiftTfIdf-Swift.h -working-directory /Users/admin/builder/spi-builder-workspace/.swiftpm/xcode -experimental-emit-module-separately -disable-cmo
SwiftMergeGeneratedHeaders /Users/admin/builder/spi-builder-workspace/.derivedData/Build/Intermediates.noindex/GeneratedModuleMaps/SwiftTfIdf-Swift.h /Users/admin/builder/spi-builder-workspace/.derivedData/Build/Intermediates.noindex/SwiftTfIdf.build/Debug/SwiftTfIdf.build/Objects-normal/arm64/SwiftTfIdf-Swift.h (in target 'SwiftTfIdf' from project 'SwiftTfIdf')
cd /Users/admin/builder/spi-builder-workspace
builtin-swiftHeaderTool -arch arm64 /Users/admin/builder/spi-builder-workspace/.derivedData/Build/Intermediates.noindex/SwiftTfIdf.build/Debug/SwiftTfIdf.build/Objects-normal/arm64/SwiftTfIdf-Swift.h -o /Users/admin/builder/spi-builder-workspace/.derivedData/Build/Intermediates.noindex/GeneratedModuleMaps/SwiftTfIdf-Swift.h
Copy /Users/admin/builder/spi-builder-workspace/.derivedData/Build/Products/Debug/SwiftTfIdf.swiftmodule/arm64-apple-macos.swiftmodule /Users/admin/builder/spi-builder-workspace/.derivedData/Build/Intermediates.noindex/SwiftTfIdf.build/Debug/SwiftTfIdf.build/Objects-normal/arm64/SwiftTfIdf.swiftmodule (in target 'SwiftTfIdf' from project 'SwiftTfIdf')
cd /Users/admin/builder/spi-builder-workspace
builtin-copy -exclude .DS_Store -exclude CVS -exclude .svn -exclude .git -exclude .hg -resolve-src-symlinks -rename /Users/admin/builder/spi-builder-workspace/.derivedData/Build/Intermediates.noindex/SwiftTfIdf.build/Debug/SwiftTfIdf.build/Objects-normal/arm64/SwiftTfIdf.swiftmodule /Users/admin/builder/spi-builder-workspace/.derivedData/Build/Products/Debug/SwiftTfIdf.swiftmodule/arm64-apple-macos.swiftmodule
Copy /Users/admin/builder/spi-builder-workspace/.derivedData/Build/Products/Debug/SwiftTfIdf.swiftmodule/arm64-apple-macos.abi.json /Users/admin/builder/spi-builder-workspace/.derivedData/Build/Intermediates.noindex/SwiftTfIdf.build/Debug/SwiftTfIdf.build/Objects-normal/arm64/SwiftTfIdf.abi.json (in target 'SwiftTfIdf' from project 'SwiftTfIdf')
cd /Users/admin/builder/spi-builder-workspace
builtin-copy -exclude .DS_Store -exclude CVS -exclude .svn -exclude .git -exclude .hg -resolve-src-symlinks -rename /Users/admin/builder/spi-builder-workspace/.derivedData/Build/Intermediates.noindex/SwiftTfIdf.build/Debug/SwiftTfIdf.build/Objects-normal/arm64/SwiftTfIdf.abi.json /Users/admin/builder/spi-builder-workspace/.derivedData/Build/Products/Debug/SwiftTfIdf.swiftmodule/arm64-apple-macos.abi.json
Copy /Users/admin/builder/spi-builder-workspace/.derivedData/Build/Products/Debug/SwiftTfIdf.swiftmodule/arm64-apple-macos.swiftdoc /Users/admin/builder/spi-builder-workspace/.derivedData/Build/Intermediates.noindex/SwiftTfIdf.build/Debug/SwiftTfIdf.build/Objects-normal/arm64/SwiftTfIdf.swiftdoc (in target 'SwiftTfIdf' from project 'SwiftTfIdf')
cd /Users/admin/builder/spi-builder-workspace
builtin-copy -exclude .DS_Store -exclude CVS -exclude .svn -exclude .git -exclude .hg -resolve-src-symlinks -rename /Users/admin/builder/spi-builder-workspace/.derivedData/Build/Intermediates.noindex/SwiftTfIdf.build/Debug/SwiftTfIdf.build/Objects-normal/arm64/SwiftTfIdf.swiftdoc /Users/admin/builder/spi-builder-workspace/.derivedData/Build/Products/Debug/SwiftTfIdf.swiftmodule/arm64-apple-macos.swiftdoc
Copy /Users/admin/builder/spi-builder-workspace/.derivedData/Build/Products/Debug/SwiftTfIdf.swiftmodule/Project/arm64-apple-macos.swiftsourceinfo /Users/admin/builder/spi-builder-workspace/.derivedData/Build/Intermediates.noindex/SwiftTfIdf.build/Debug/SwiftTfIdf.build/Objects-normal/arm64/SwiftTfIdf.swiftsourceinfo (in target 'SwiftTfIdf' from project 'SwiftTfIdf')
cd /Users/admin/builder/spi-builder-workspace
builtin-copy -exclude .DS_Store -exclude CVS -exclude .svn -exclude .git -exclude .hg -resolve-src-symlinks -rename /Users/admin/builder/spi-builder-workspace/.derivedData/Build/Intermediates.noindex/SwiftTfIdf.build/Debug/SwiftTfIdf.build/Objects-normal/arm64/SwiftTfIdf.swiftsourceinfo /Users/admin/builder/spi-builder-workspace/.derivedData/Build/Products/Debug/SwiftTfIdf.swiftmodule/Project/arm64-apple-macos.swiftsourceinfo
2026-10-12 10:29:01.363 xcodebuild[658:4016] [MT] IDERunDestination: Supported platforms for the buildables in the current scheme is empty.
--- xcodebuild: WARNING: Using the first of multiple matching destinations:
{ platform:macOS, arch:arm64, id:c194da44e867bcd226610becd0ab2e086936c6b7, name:My Mac }
{ platform:macOS, arch:arm64, variant:Mac Catalyst, id:c194da44e867bcd226610becd0ab2e086936c6b7, name:My Mac }
{ platform:macOS, arch:arm64, variant:DriverKit, id:c194da44e867bcd226610becd0ab2e086936c6b7, name:My Mac }
{ platform:macOS, arch:arm64, variant:Designed for [iPad,iPhone], id:c194da44e867bcd226610becd0ab2e086936c6b7, name:My Mac }
** BUILD FAILED **
The following build commands failed:
SwiftCompile normal arm64 /Users/admin/builder/spi-builder-workspace/Sources/SwiftTfIdf/SwiftTfIdf.swift (in target 'SwiftTfIdf' from project 'SwiftTfIdf')
SwiftCompile normal arm64 Compiling\ SwiftTfIdf.swift /Users/admin/builder/spi-builder-workspace/Sources/SwiftTfIdf/SwiftTfIdf.swift (in target 'SwiftTfIdf' from project 'SwiftTfIdf')
Building workspace spi-builder-workspace with scheme SwiftTfIdf
(3 failures)
Command line invocation:
/Applications/Xcode-26.5.0.app/Contents/Developer/usr/bin/xcodebuild -IDEClonedSourcePackagesDirPathOverride=/Users/admin/builder/spi-builder-workspace/.dependencies -resolvePackageDependencies
Resolve Package Graph
Resolved source packages:
SwiftTfIdf: /Users/admin/builder/spi-builder-workspace
resolved source packages: SwiftTfIdf
2026-10-12 10:29:10.824 xcodebuild[732:4446] [MT] IDERunDestination: Supported platforms for the buildables in the current scheme is empty.
{
"dependencies" : [
],
"manifest_display_name" : "SwiftTfIdf",
"name" : "SwiftTfIdf",
"path" : "/Users/admin/builder/spi-builder-workspace",
"platforms" : [
{
"name" : "ios",
"version" : "12.0"
}
],
"products" : [
{
"name" : "SwiftTfIdf",
"targets" : [
"SwiftTfIdf"
],
"type" : {
"library" : [
"automatic"
]
}
}
],
"targets" : [
{
"c99name" : "SwiftTfIdfTests",
"module_type" : "SwiftTarget",
"name" : "SwiftTfIdfTests",
"path" : "Tests/SwiftTfIdfTests",
"sources" : [
"SwiftTfIdfTests.swift"
],
"target_dependencies" : [
"SwiftTfIdf"
],
"type" : "test"
},
{
"c99name" : "SwiftTfIdf",
"module_type" : "SwiftTarget",
"name" : "SwiftTfIdf",
"path" : "Sources/SwiftTfIdf",
"product_memberships" : [
"SwiftTfIdf"
],
"sources" : [
"SwiftTfIdf.swift"
],
"type" : "library"
}
],
"tools_version" : "5.5"
}
{
"workspace" : {
"name" : "spi-builder-workspace",
"schemes" : [
"SwiftTfIdf"
]
}
}
2026-10-12 10:29:11.988 xcodebuild[741:4519] [MT] IDERunDestination: Supported platforms for the buildables in the current scheme is empty.
Running build ...
env DEVELOPER_DIR=/Applications/Xcode-26.5.0.app xcrun xcodebuild -IDEClonedSourcePackagesDirPathOverride=$PWD/.dependencies -skipMacroValidation -skipPackagePluginValidation -derivedDataPath $PWD/.derivedData build -scheme SwiftTfIdf -destination platform=macOS,arch=arm64
Command line invocation:
/Applications/Xcode-26.5.0.app/Contents/Developer/usr/bin/xcodebuild -IDEClonedSourcePackagesDirPathOverride=/Users/admin/builder/spi-builder-workspace/.dependencies -skipMacroValidation -skipPackagePluginValidation -derivedDataPath /Users/admin/builder/spi-builder-workspace/.derivedData build -scheme SwiftTfIdf -destination platform=macOS,arch=arm64
Resolve Package Graph
Resolved source packages:
SwiftTfIdf: /Users/admin/builder/spi-builder-workspace
ComputePackagePrebuildTargetDependencyGraph
Prepare packages
CreateBuildRequest
SendProjectDescription
CreateBuildOperation
ComputeTargetDependencyGraph
note: Building targets in dependency order
note: Target dependency graph (2 targets)
Target 'SwiftTfIdf' in project 'SwiftTfIdf'
➜ Explicit dependency on target 'SwiftTfIdf' in project 'SwiftTfIdf'
Target 'SwiftTfIdf' in project 'SwiftTfIdf' (no dependencies)
GatherProvisioningInputs
CreateBuildDescription
ClangStatCache /Applications/Xcode-26.5.0.app/Contents/Developer/Toolchains/XcodeDefault.xctoolchain/usr/bin/clang-stat-cache /Applications/Xcode-26.5.0.app/Contents/Developer/Platforms/MacOSX.platform/Developer/SDKs/MacOSX26.5.sdk /Users/admin/builder/spi-builder-workspace/.derivedData/SDKStatCaches.noindex/macosx26.5-25F70-688ef53f1462e2c8f657fdc38a81448fb3380a6d0eb485eff9a999e8f65be04d.sdkstatcache
cd /Users/admin/builder/spi-builder-workspace/.swiftpm/xcode
/Applications/Xcode-26.5.0.app/Contents/Developer/Toolchains/XcodeDefault.xctoolchain/usr/bin/clang-stat-cache /Applications/Xcode-26.5.0.app/Contents/Developer/Platforms/MacOSX.platform/Developer/SDKs/MacOSX26.5.sdk -o /Users/admin/builder/spi-builder-workspace/.derivedData/SDKStatCaches.noindex/macosx26.5-25F70-688ef53f1462e2c8f657fdc38a81448fb3380a6d0eb485eff9a999e8f65be04d.sdkstatcache
SwiftDriver SwiftTfIdf normal arm64 com.apple.xcode.tools.swift.compiler (in target 'SwiftTfIdf' from project 'SwiftTfIdf')
cd /Users/admin/builder/spi-builder-workspace/.swiftpm/xcode
builtin-SwiftDriver -- /Applications/Xcode-26.5.0.app/Contents/Developer/Toolchains/XcodeDefault.xctoolchain/usr/bin/swiftc -module-name SwiftTfIdf -Onone @/Users/admin/builder/spi-builder-workspace/.derivedData/Build/Intermediates.noindex/SwiftTfIdf.build/Debug/SwiftTfIdf.build/Objects-normal/arm64/SwiftTfIdf.SwiftFileList -DSWIFT_PACKAGE -DDEBUG -DSWIFT_MODULE_RESOURCE_BUNDLE_UNAVAILABLE -DXcode -plugin-path /Applications/Xcode-26.5.0.app/Contents/Developer/Toolchains/XcodeDefault.xctoolchain/usr/lib/swift/host/plugins/testing -enable-experimental-feature DebugDescriptionMacro -sdk /Applications/Xcode-26.5.0.app/Contents/Developer/Platforms/MacOSX.platform/Developer/SDKs/MacOSX26.5.sdk -target arm64-apple-macos10.13 -g -module-cache-path /Users/admin/builder/spi-builder-workspace/.derivedData/ModuleCache.noindex -Xfrontend -serialize-debugging-options -profile-coverage-mapping -profile-generate -enable-testing -index-store-path /Users/admin/builder/spi-builder-workspace/.derivedData/Index.noindex/DataStore -Xcc -D_LIBCPP_HARDENING_MODE\=_LIBCPP_HARDENING_MODE_DEBUG -swift-version 5 -I /Users/admin/builder/spi-builder-workspace/.derivedData/Build/Products/Debug -Isystem /Applications/Xcode-26.5.0.app/Contents/Developer/Platforms/MacOSX.platform/Developer/usr/lib -F /Users/admin/builder/spi-builder-workspace/.derivedData/Build/Products/Debug -F /Applications/Xcode-26.5.0.app/Contents/Developer/Platforms/MacOSX.platform/Developer/Library/Frameworks -parse-as-library -c -j10 -enable-batch-mode -incremental -Xcc -ivfsstatcache -Xcc /Users/admin/builder/spi-builder-workspace/.derivedData/SDKStatCaches.noindex/macosx26.5-25F70-688ef53f1462e2c8f657fdc38a81448fb3380a6d0eb485eff9a999e8f65be04d.sdkstatcache -output-file-map /Users/admin/builder/spi-builder-workspace/.derivedData/Build/Intermediates.noindex/SwiftTfIdf.build/Debug/SwiftTfIdf.build/Objects-normal/arm64/SwiftTfIdf-OutputFileMap.json -use-frontend-parseable-output -save-temps -no-color-diagnostics -explicit-module-build -module-cache-path /Users/admin/builder/spi-builder-workspace/.derivedData/Build/Intermediates.noindex/SwiftExplicitPrecompiledModules -clang-scanner-module-cache-path /Users/admin/builder/spi-builder-workspace/.derivedData/ModuleCache.noindex -sdk-module-cache-path /Users/admin/builder/spi-builder-workspace/.derivedData/ModuleCache.noindex -serialize-diagnostics -emit-dependencies -emit-module -emit-module-path /Users/admin/builder/spi-builder-workspace/.derivedData/Build/Intermediates.noindex/SwiftTfIdf.build/Debug/SwiftTfIdf.build/Objects-normal/arm64/SwiftTfIdf.swiftmodule -validate-clang-modules-once -clang-build-session-file /Users/admin/builder/spi-builder-workspace/.derivedData/ModuleCache.noindex/Session.modulevalidation -Xcc -I/Users/admin/builder/spi-builder-workspace/.derivedData/Build/Intermediates.noindex/SwiftTfIdf.build/Debug/SwiftTfIdf.build/swift-overrides.hmap -emit-const-values -Xfrontend -const-gather-protocols-file -Xfrontend /Users/admin/builder/spi-builder-workspace/.derivedData/Build/Intermediates.noindex/SwiftTfIdf.build/Debug/SwiftTfIdf.build/Objects-normal/arm64/SwiftTfIdf_const_extract_protocols.json -Xcc -I/Users/admin/builder/spi-builder-workspace/.derivedData/Build/Products/Debug/include -Xcc -I/Users/admin/builder/spi-builder-workspace/.derivedData/Build/Intermediates.noindex/SwiftTfIdf.build/Debug/SwiftTfIdf.build/DerivedSources-normal/arm64 -Xcc -I/Users/admin/builder/spi-builder-workspace/.derivedData/Build/Intermediates.noindex/SwiftTfIdf.build/Debug/SwiftTfIdf.build/DerivedSources/arm64 -Xcc -I/Users/admin/builder/spi-builder-workspace/.derivedData/Build/Intermediates.noindex/SwiftTfIdf.build/Debug/SwiftTfIdf.build/DerivedSources -Xcc -DSWIFT_PACKAGE -Xcc -DDEBUG\=1 -emit-objc-header -emit-objc-header-path /Users/admin/builder/spi-builder-workspace/.derivedData/Build/Intermediates.noindex/SwiftTfIdf.build/Debug/SwiftTfIdf.build/Objects-normal/arm64/SwiftTfIdf-Swift.h -working-directory /Users/admin/builder/spi-builder-workspace/.swiftpm/xcode -experimental-emit-module-separately -disable-cmo
SwiftEmitModule normal arm64 Emitting\ module\ for\ SwiftTfIdf (in target 'SwiftTfIdf' from project 'SwiftTfIdf')
SwiftCompile normal arm64 /Users/admin/builder/spi-builder-workspace/Sources/SwiftTfIdf/SwiftTfIdf.swift (in target 'SwiftTfIdf' from project 'SwiftTfIdf')
cd /Users/admin/builder/spi-builder-workspace/.swiftpm/xcode
SwiftCompile normal arm64 Compiling\ SwiftTfIdf.swift /Users/admin/builder/spi-builder-workspace/Sources/SwiftTfIdf/SwiftTfIdf.swift (in target 'SwiftTfIdf' from project 'SwiftTfIdf')
SwiftCompile normal arm64 /Users/admin/builder/spi-builder-workspace/Sources/SwiftTfIdf/SwiftTfIdf.swift (in target 'SwiftTfIdf' from project 'SwiftTfIdf')
cd /Users/admin/builder/spi-builder-workspace/.swiftpm/xcode
/Users/admin/builder/spi-builder-workspace/Sources/SwiftTfIdf/SwiftTfIdf.swift:28:29: error: 'NLTokenizer' is only available in macOS 10.14 or newer
let tokenizer = NLTokenizer(unit: .word)
^
/Users/admin/builder/spi-builder-workspace/Sources/SwiftTfIdf/SwiftTfIdf.swift:28:29: note: add 'if #available' version check
let tokenizer = NLTokenizer(unit: .word)
^
/Users/admin/builder/spi-builder-workspace/Sources/SwiftTfIdf/SwiftTfIdf.swift:21:10: note: add '@available' attribute to enclosing instance method
func sentences2ArrayOfWords(sentences: [String]) -> [[String]]{
^
/Users/admin/builder/spi-builder-workspace/Sources/SwiftTfIdf/SwiftTfIdf.swift:4:14: note: add '@available' attribute to enclosing class
public class SwiftTfIdf {
^
/Users/admin/builder/spi-builder-workspace/Sources/SwiftTfIdf/SwiftTfIdf.swift:28:29: error: 'init(unit:)' is only available in macOS 10.14 or newer
let tokenizer = NLTokenizer(unit: .word)
^
/Users/admin/builder/spi-builder-workspace/Sources/SwiftTfIdf/SwiftTfIdf.swift:28:29: note: add 'if #available' version check
let tokenizer = NLTokenizer(unit: .word)
^
/Users/admin/builder/spi-builder-workspace/Sources/SwiftTfIdf/SwiftTfIdf.swift:21:10: note: add '@available' attribute to enclosing instance method
func sentences2ArrayOfWords(sentences: [String]) -> [[String]]{
^
/Users/admin/builder/spi-builder-workspace/Sources/SwiftTfIdf/SwiftTfIdf.swift:4:14: note: add '@available' attribute to enclosing class
public class SwiftTfIdf {
^
/Users/admin/builder/spi-builder-workspace/Sources/SwiftTfIdf/SwiftTfIdf.swift:29:23: error: 'string' is only available in macOS 10.14 or newer
tokenizer.string = sentence
^
/Users/admin/builder/spi-builder-workspace/Sources/SwiftTfIdf/SwiftTfIdf.swift:29:23: note: add 'if #available' version check
tokenizer.string = sentence
^
/Users/admin/builder/spi-builder-workspace/Sources/SwiftTfIdf/SwiftTfIdf.swift:21:10: note: add '@available' attribute to enclosing instance method
func sentences2ArrayOfWords(sentences: [String]) -> [[String]]{
^
/Users/admin/builder/spi-builder-workspace/Sources/SwiftTfIdf/SwiftTfIdf.swift:4:14: note: add '@available' attribute to enclosing class
public class SwiftTfIdf {
^
/Users/admin/builder/spi-builder-workspace/Sources/SwiftTfIdf/SwiftTfIdf.swift:30:23: error: 'enumerateTokens(in:using:)' is only available in macOS 10.14 or newer
tokenizer.enumerateTokens(in: sentence.startIndex..<sentence.endIndex) { tokenRange, _ in
^
/Users/admin/builder/spi-builder-workspace/Sources/SwiftTfIdf/SwiftTfIdf.swift:30:23: note: add 'if #available' version check
tokenizer.enumerateTokens(in: sentence.startIndex..<sentence.endIndex) { tokenRange, _ in
^
/Users/admin/builder/spi-builder-workspace/Sources/SwiftTfIdf/SwiftTfIdf.swift:21:10: note: add '@available' attribute to enclosing instance method
func sentences2ArrayOfWords(sentences: [String]) -> [[String]]{
^
/Users/admin/builder/spi-builder-workspace/Sources/SwiftTfIdf/SwiftTfIdf.swift:4:14: note: add '@available' attribute to enclosing class
public class SwiftTfIdf {
^
Failed frontend command:
/Applications/Xcode-26.5.0.app/Contents/Developer/Toolchains/XcodeDefault.xctoolchain/usr/bin/swift-frontend -frontend -c -primary-file /Users/admin/builder/spi-builder-workspace/Sources/SwiftTfIdf/SwiftTfIdf.swift -emit-dependencies-path /Users/admin/builder/spi-builder-workspace/.derivedData/Build/Intermediates.noindex/SwiftTfIdf.build/Debug/SwiftTfIdf.build/Objects-normal/arm64/SwiftTfIdf.d -emit-const-values-path /Users/admin/builder/spi-builder-workspace/.derivedData/Build/Intermediates.noindex/SwiftTfIdf.build/Debug/SwiftTfIdf.build/Objects-normal/arm64/SwiftTfIdf.swiftconstvalues -emit-reference-dependencies-path /Users/admin/builder/spi-builder-workspace/.derivedData/Build/Intermediates.noindex/SwiftTfIdf.build/Debug/SwiftTfIdf.build/Objects-normal/arm64/SwiftTfIdf.swiftdeps -serialize-diagnostics-path /Users/admin/builder/spi-builder-workspace/.derivedData/Build/Intermediates.noindex/SwiftTfIdf.build/Debug/SwiftTfIdf.build/Objects-normal/arm64/SwiftTfIdf.dia -target arm64-apple-macos10.13 -load-resolved-plugin /Applications/Xcode-26.5.0.app/Contents/Developer/Platforms/MacOSX.platform/Developer/usr/lib/swift/host/plugins/libFoundationMacros.dylib\#/Applications/Xcode-26.5.0.app/Contents/Developer/Platforms/MacOSX.platform/Developer/usr/bin/swift-plugin-server\#FoundationMacros -load-resolved-plugin /Applications/Xcode-26.5.0.app/Contents/Developer/Platforms/MacOSX.platform/Developer/usr/lib/swift/host/plugins/libObservationMacros.dylib\#/Applications/Xcode-26.5.0.app/Contents/Developer/Platforms/MacOSX.platform/Developer/usr/bin/swift-plugin-server\#ObservationMacros -load-resolved-plugin /Applications/Xcode-26.5.0.app/Contents/Developer/Platforms/MacOSX.platform/Developer/usr/lib/swift/host/plugins/libSwiftMacros.dylib\#/Applications/Xcode-26.5.0.app/Contents/Developer/Platforms/MacOSX.platform/Developer/usr/bin/swift-plugin-server\#SwiftMacros -disable-implicit-swift-modules -Xcc -fno-implicit-modules -Xcc -fno-implicit-module-maps -explicit-swift-module-map-file /Users/admin/builder/spi-builder-workspace/.derivedData/Build/Intermediates.noindex/SwiftTfIdf.build/Debug/SwiftTfIdf.build/Objects-normal/arm64/SwiftTfIdf-dependencies-1.json -debug-module-path /Users/admin/builder/spi-builder-workspace/.derivedData/Build/Intermediates.noindex/SwiftTfIdf.build/Debug/SwiftTfIdf.build/Objects-normal/arm64/SwiftTfIdf.swiftmodule -Xllvm -aarch64-use-tbi -enable-objc-interop -sdk /Applications/Xcode-26.5.0.app/Contents/Developer/Platforms/MacOSX.platform/Developer/SDKs/MacOSX26.5.sdk -I /Users/admin/builder/spi-builder-workspace/.derivedData/Build/Products/Debug -Isystem /Applications/Xcode-26.5.0.app/Contents/Developer/Platforms/MacOSX.platform/Developer/usr/lib -F /Users/admin/builder/spi-builder-workspace/.derivedData/Build/Products/Debug -F /Applications/Xcode-26.5.0.app/Contents/Developer/Platforms/MacOSX.platform/Developer/Library/Frameworks -no-color-diagnostics -Xcc -fno-color-diagnostics -enable-testing -g -debug-info-format\=dwarf -dwarf-version\=4 -module-cache-path /Users/admin/builder/spi-builder-workspace/.derivedData/Build/Intermediates.noindex/SwiftExplicitPrecompiledModules -profile-generate -profile-coverage-mapping -swift-version 5 -Onone -D SWIFT_PACKAGE -D DEBUG -D SWIFT_MODULE_RESOURCE_BUNDLE_UNAVAILABLE -D Xcode -serialize-debugging-options -const-gather-protocols-file /Users/admin/builder/spi-builder-workspace/.derivedData/Build/Intermediates.noindex/SwiftTfIdf.build/Debug/SwiftTfIdf.build/Objects-normal/arm64/SwiftTfIdf_const_extract_protocols.json -enable-experimental-feature DebugDescriptionMacro -empty-abi-descriptor -validate-clang-modules-once -clang-build-session-file /Users/admin/builder/spi-builder-workspace/.derivedData/ModuleCache.noindex/Session.modulevalidation -Xcc -working-directory -Xcc /Users/admin/builder/spi-builder-workspace/.swiftpm/xcode -enable-anonymous-context-mangled-names -file-compilation-dir /Users/admin/builder/spi-builder-workspace/.swiftpm/xcode -Xcc -D_LIBCPP_HARDENING_MODE\=_LIBCPP_HARDENING_MODE_DEBUG -Xcc -ivfsstatcache -Xcc /Users/admin/builder/spi-builder-workspace/.derivedData/SDKStatCaches.noindex/macosx26.5-25F70-688ef53f1462e2c8f657fdc38a81448fb3380a6d0eb485eff9a999e8f65be04d.sdkstatcache -Xcc -I/Users/admin/builder/spi-builder-workspace/.derivedData/Build/Intermediates.noindex/SwiftTfIdf.build/Debug/SwiftTfIdf.build/swift-overrides.hmap -Xcc -I/Users/admin/builder/spi-builder-workspace/.derivedData/Build/Products/Debug/include -Xcc -I/Users/admin/builder/spi-builder-workspace/.derivedData/Build/Intermediates.noindex/SwiftTfIdf.build/Debug/SwiftTfIdf.build/DerivedSources-normal/arm64 -Xcc -I/Users/admin/builder/spi-builder-workspace/.derivedData/Build/Intermediates.noindex/SwiftTfIdf.build/Debug/SwiftTfIdf.build/DerivedSources/arm64 -Xcc -I/Users/admin/builder/spi-builder-workspace/.derivedData/Build/Intermediates.noindex/SwiftTfIdf.build/Debug/SwiftTfIdf.build/DerivedSources -Xcc -DSWIFT_PACKAGE -Xcc -DDEBUG\=1 -no-auto-bridging-header-chaining -module-name SwiftTfIdf -frontend-parseable-output -disable-clang-spi -clang-target arm64-apple-macos26.5 -target-sdk-version 26.5 -target-sdk-name macosx26.5 -in-process-plugin-server-path /Applications/Xcode-26.5.0.app/Contents/Developer/Toolchains/XcodeDefault.xctoolchain/usr/lib/swift/host/libSwiftInProcPluginServer.dylib -parse-as-library -o /Users/admin/builder/spi-builder-workspace/.derivedData/Build/Intermediates.noindex/SwiftTfIdf.build/Debug/SwiftTfIdf.build/Objects-normal/arm64/SwiftTfIdf.o -index-unit-output-path /SwiftTfIdf.build/Debug/SwiftTfIdf.build/Objects-normal/arm64/SwiftTfIdf.o -index-store-path /Users/admin/builder/spi-builder-workspace/.derivedData/Index.noindex/DataStore -index-system-modules
2026-10-12 10:29:12.879 xcodebuild[743:4549] [MT] IDERunDestination: Supported platforms for the buildables in the current scheme is empty.
--- xcodebuild: WARNING: Using the first of multiple matching destinations:
{ platform:macOS, arch:arm64, id:c194da44e867bcd226610becd0ab2e086936c6b7, name:My Mac }
{ platform:macOS, arch:arm64, variant:Mac Catalyst, id:c194da44e867bcd226610becd0ab2e086936c6b7, name:My Mac }
{ platform:macOS, arch:arm64, variant:DriverKit, id:c194da44e867bcd226610becd0ab2e086936c6b7, name:My Mac }
{ platform:macOS, arch:arm64, variant:Designed for [iPad,iPhone], id:c194da44e867bcd226610becd0ab2e086936c6b7, name:My Mac }
** BUILD FAILED **
The following build commands failed:
SwiftCompile normal arm64 /Users/admin/builder/spi-builder-workspace/Sources/SwiftTfIdf/SwiftTfIdf.swift (in target 'SwiftTfIdf' from project 'SwiftTfIdf')
SwiftCompile normal arm64 Compiling\ SwiftTfIdf.swift /Users/admin/builder/spi-builder-workspace/Sources/SwiftTfIdf/SwiftTfIdf.swift (in target 'SwiftTfIdf' from project 'SwiftTfIdf')
Building workspace spi-builder-workspace with scheme SwiftTfIdf
(3 failures)
BUILD FAILURE 6.3 macosXcodebuild