Build Information
Failed to build arcgis-maps-sdk-swift, reference 300.1.0 (fbd6c0), with Swift 6.3 for tvOS using Xcode 26.4 on 12 Aug 2026 19:56:50 UTC.
Build Command
env DEVELOPER_DIR=/Applications/Xcode-26.4.0.app xcrun xcodebuild -IDEClonedSourcePackagesDirPathOverride=$PWD/.dependencies -skipMacroValidation -skipPackagePluginValidation -derivedDataPath $PWD/.derivedData build -scheme arcgis-maps-sdk-swift -destination generic/platform=tvOSBuild Log
========================================
RunAll
========================================
Builder version: undefined version: run 'make version' to update
Interrupt handler set up.
========================================
Checkout
========================================
Clone URL: https://github.com/Esri/arcgis-maps-sdk-swift.git
Reference: 300.1.0
Initialized empty Git repository in /Users/admin/builder/spi-builder-workspace/.git/
From https://github.com/Esri/arcgis-maps-sdk-swift
* tag 300.1.0 -> FETCH_HEAD
HEAD is now at fbd6c04 Merge pull request #40 from Esri/release/300.1.0
Cloned https://github.com/Esri/arcgis-maps-sdk-swift.git
Revision (git rev-parse @):
fbd6c04e9c5b94af6556488de1e770bacf44fc3a
SPI manifest file found: $PWD/.spi.yml
SUCCESS checkout https://github.com/Esri/arcgis-maps-sdk-swift.git at 300.1.0
========================================
Build
========================================
Selected platform: tvOS
Swift version: 6.3
Building package at path: $PWD
https://github.com/Esri/arcgis-maps-sdk-swift.git
Command line invocation:
/Applications/Xcode-26.4.0.app/Contents/Developer/usr/bin/xcodebuild -IDEClonedSourcePackagesDirPathOverride=/Users/admin/builder/spi-builder-workspace/.dependencies -resolvePackageDependencies
Resolve Package Graph
Resolve Package Graph
Resolved source packages:
arcgis-maps-sdk-swift: /Users/admin/builder/spi-builder-workspace
resolved source packages: arcgis-maps-sdk-swift
2026-08-12 15:56:21.953 xcodebuild[541:3102] [MT] IDERunDestination: Supported platforms for the buildables in the current scheme is empty.
{
"dependencies" : [
],
"manifest_display_name" : "arcgis-maps-sdk-swift",
"name" : "arcgis-maps-sdk-swift",
"path" : "/Users/admin/builder/spi-builder-workspace",
"platforms" : [
{
"name" : "ios",
"version" : "18.0"
},
{
"name" : "maccatalyst",
"version" : "18.0"
},
{
"name" : "visionos",
"version" : "2.0"
}
],
"products" : [
{
"name" : "ArcGIS",
"targets" : [
"ArcGIS"
],
"type" : {
"library" : [
"automatic"
]
}
}
],
"targets" : [
{
"c99name" : "ArcGIS",
"module_type" : "BinaryTarget",
"name" : "ArcGIS",
"path" : "remote/archive/ArcGIS-Swift-v300.1.xcframework.zip",
"product_memberships" : [
"ArcGIS"
],
"sources" : [
],
"type" : "binary"
}
],
"tools_version" : "6.2"
}
{
"workspace" : {
"name" : "spi-builder-workspace",
"schemes" : [
"arcgis-maps-sdk-swift"
]
}
}
2026-08-12 15:56:43.598 xcodebuild[732:4643] [MT] IDERunDestination: Supported platforms for the buildables in the current scheme is empty.
Running build ...
env DEVELOPER_DIR=/Applications/Xcode-26.4.0.app xcrun xcodebuild -IDEClonedSourcePackagesDirPathOverride=$PWD/.dependencies -skipMacroValidation -skipPackagePluginValidation -derivedDataPath $PWD/.derivedData build -scheme arcgis-maps-sdk-swift -destination generic/platform=tvOS
Command line invocation:
/Applications/Xcode-26.4.0.app/Contents/Developer/usr/bin/xcodebuild -IDEClonedSourcePackagesDirPathOverride=/Users/admin/builder/spi-builder-workspace/.dependencies -skipMacroValidation -skipPackagePluginValidation -derivedDataPath /Users/admin/builder/spi-builder-workspace/.derivedData build -scheme arcgis-maps-sdk-swift -destination generic/platform=tvOS
Resolve Package Graph
Resolve Package Graph
Resolved source packages:
arcgis-maps-sdk-swift: /Users/admin/builder/spi-builder-workspace
ComputePackagePrebuildTargetDependencyGraph
Prepare packages
CreateBuildRequest
SendProjectDescription
CreateBuildOperation
ComputeTargetDependencyGraph
note: Building targets in dependency order
note: Target dependency graph (1 target)
Target 'ArcGIS' in project 'arcgis-maps-sdk-swift' (no dependencies)
GatherProvisioningInputs
CreateBuildDescription
ExecuteExternalTool /Applications/Xcode-26.4.0.app/Contents/Developer/Toolchains/XcodeDefault.xctoolchain/usr/bin/clang -v -E -dM -isysroot /Applications/Xcode-26.4.0.app/Contents/Developer/Platforms/AppleTVOS.platform/Developer/SDKs/AppleTVOS26.4.sdk -x c -c /dev/null
Build description signature: 81a85806eefc2318c3d5fb9b9f8aef9e
Build description path: /Users/admin/builder/spi-builder-workspace/.derivedData/Build/Intermediates.noindex/XCBuildData/81a85806eefc2318c3d5fb9b9f8aef9e.xcbuilddata
/Users/admin/builder/spi-builder-workspace/.dependencies/artifacts/spi-builder-workspace/ArcGIS/ArcGIS.xcframework:1:1: error: While building for tvOS, no library for this platform was found in '/Users/admin/builder/spi-builder-workspace/.dependencies/artifacts/spi-builder-workspace/ArcGIS/ArcGIS.xcframework'. (in target 'ArcGIS' from project 'arcgis-maps-sdk-swift')
2026-08-12 15:56:45.373 xcodebuild[740:4733] [MT] IDERunDestination: Supported platforms for the buildables in the current scheme is empty.
** BUILD FAILED **
The following build commands failed:
Building workspace spi-builder-workspace with scheme arcgis-maps-sdk-swift
(1 failure)
Command line invocation:
/Applications/Xcode-26.4.0.app/Contents/Developer/usr/bin/xcodebuild -IDEClonedSourcePackagesDirPathOverride=/Users/admin/builder/spi-builder-workspace/.dependencies -resolvePackageDependencies
Resolve Package Graph
Resolved source packages:
arcgis-maps-sdk-swift: /Users/admin/builder/spi-builder-workspace
resolved source packages: arcgis-maps-sdk-swift
2026-08-12 15:56:48.114 xcodebuild[754:4821] [MT] IDERunDestination: Supported platforms for the buildables in the current scheme is empty.
{
"dependencies" : [
],
"manifest_display_name" : "arcgis-maps-sdk-swift",
"name" : "arcgis-maps-sdk-swift",
"path" : "/Users/admin/builder/spi-builder-workspace",
"platforms" : [
{
"name" : "ios",
"version" : "18.0"
},
{
"name" : "maccatalyst",
"version" : "18.0"
},
{
"name" : "visionos",
"version" : "2.0"
}
],
"products" : [
{
"name" : "ArcGIS",
"targets" : [
"ArcGIS"
],
"type" : {
"library" : [
"automatic"
]
}
}
],
"targets" : [
{
"c99name" : "ArcGIS",
"module_type" : "BinaryTarget",
"name" : "ArcGIS",
"path" : "remote/archive/ArcGIS-Swift-v300.1.xcframework.zip",
"product_memberships" : [
"ArcGIS"
],
"sources" : [
],
"type" : "binary"
}
],
"tools_version" : "6.2"
}
{
"workspace" : {
"name" : "spi-builder-workspace",
"schemes" : [
"arcgis-maps-sdk-swift"
]
}
}
2026-08-12 15:56:49.277 xcodebuild[764:4885] [MT] IDERunDestination: Supported platforms for the buildables in the current scheme is empty.
Running build ...
env DEVELOPER_DIR=/Applications/Xcode-26.4.0.app xcrun xcodebuild -IDEClonedSourcePackagesDirPathOverride=$PWD/.dependencies -skipMacroValidation -skipPackagePluginValidation -derivedDataPath $PWD/.derivedData build -scheme arcgis-maps-sdk-swift -destination generic/platform=tvOS
Command line invocation:
/Applications/Xcode-26.4.0.app/Contents/Developer/usr/bin/xcodebuild -IDEClonedSourcePackagesDirPathOverride=/Users/admin/builder/spi-builder-workspace/.dependencies -skipMacroValidation -skipPackagePluginValidation -derivedDataPath /Users/admin/builder/spi-builder-workspace/.derivedData build -scheme arcgis-maps-sdk-swift -destination generic/platform=tvOS
Resolve Package Graph
Resolved source packages:
arcgis-maps-sdk-swift: /Users/admin/builder/spi-builder-workspace
ComputePackagePrebuildTargetDependencyGraph
Prepare packages
CreateBuildRequest
SendProjectDescription
CreateBuildOperation
ComputeTargetDependencyGraph
note: Building targets in dependency order
note: Target dependency graph (1 target)
Target 'ArcGIS' in project 'arcgis-maps-sdk-swift' (no dependencies)
GatherProvisioningInputs
CreateBuildDescription
/Users/admin/builder/spi-builder-workspace/.dependencies/artifacts/spi-builder-workspace/ArcGIS/ArcGIS.xcframework:1:1: error: While building for tvOS, no library for this platform was found in '/Users/admin/builder/spi-builder-workspace/.dependencies/artifacts/spi-builder-workspace/ArcGIS/ArcGIS.xcframework'. (in target 'ArcGIS' from project 'arcgis-maps-sdk-swift')
2026-08-12 15:56:50.169 xcodebuild[767:4918] [MT] IDERunDestination: Supported platforms for the buildables in the current scheme is empty.
** BUILD FAILED **
The following build commands failed:
Building workspace spi-builder-workspace with scheme arcgis-maps-sdk-swift
(1 failure)
BUILD FAILURE 6.3 tvOS