The Swift Package Index logo.Swift Package Index

Build Information

Failed to build skip-bridge, reference 0.18.0 (83866d), with Swift 6.2 for Android on 30 Sep 2026 13:21:40 UTC.

Build Command

bash -c docker run --pull=always --rm -v "checkouts-54344845-2":/host -w "$PWD" -e JAVA_HOME="/root/.sdkman/candidates/java/current" -e SPI_BUILD="1" -e SPI_PROCESSING="1" registry.gitlab.com/saguaro1/spi-images:android-6.2-latest swift build --swift-sdk aarch64-unknown-linux-android28 2>&1

Build Log

========================================
RunAll
========================================
Builder version: 5.1.1
Interrupt handler set up.
========================================
Checkout
========================================
Clone URL: https://github.com/skiptools/skip-bridge.git
Reference: 0.18.0
Initialized empty Git repository in /host/spi-builder-workspace/.git/
hint: Using 'master' as the name for the initial branch. This default branch name
hint: is subject to change. To configure the initial branch name to use in all
hint: of your new repositories, which will suppress this warning, call:
hint:
hint: 	git config --global init.defaultBranch <name>
hint:
hint: Names commonly chosen instead of 'master' are 'main', 'trunk' and
hint: 'development'. The just-created branch can be renamed via this command:
hint:
hint: 	git branch -m <name>
From https://github.com/skiptools/skip-bridge
 * tag               0.18.0     -> FETCH_HEAD
HEAD is now at 83866d7
Cloned https://github.com/skiptools/skip-bridge.git
Revision (git rev-parse @):
83866d718c09ca508f499744fc8896a891074a3f
SPI manifest file found: $PWD/.spi.yml
SUCCESS checkout https://github.com/skiptools/skip-bridge.git at 0.18.0
========================================
Build
========================================
Selected platform:         android
Swift version:             6.2
Building package at path:  $PWD
https://github.com/skiptools/skip-bridge.git
Running build ...
bash -c docker run --pull=always --rm -v "checkouts-54344845-2":/host -w "$PWD" -e JAVA_HOME="/root/.sdkman/candidates/java/current" -e SPI_BUILD="1" -e SPI_PROCESSING="1" registry.gitlab.com/saguaro1/spi-images:android-6.2-latest swift build --swift-sdk aarch64-unknown-linux-android28 2>&1
android-6.2-latest: Pulling from saguaro1/spi-images
Digest: sha256:f47b2a33897778fb58ca39c1139e193fa7f391fa362fe0d23c00db9747030994
Status: Image is up to date for registry.gitlab.com/saguaro1/spi-images:android-6.2-latest
Fetching https://github.com/skiptools/skip.git
Fetching https://github.com/skiptools/swift-jni.git
Fetching https://github.com/skiptools/skip-lib.git
Fetching https://github.com/skiptools/skip-foundation.git
[1/278] Fetching swift-jni
[257/4693] Fetching swift-jni, skip-foundation
[280/6564] Fetching swift-jni, skip-foundation, skip-lib
Fetched https://github.com/skiptools/swift-jni.git from cache (0.59s)
Fetched https://github.com/skiptools/skip-lib.git from cache (0.60s)
Fetched https://github.com/skiptools/skip-foundation.git from cache (0.64s)
[1/9330] Fetching skip
Fetched https://github.com/skiptools/skip.git from cache (1.52s)
Computing version for https://github.com/skiptools/swift-jni.git
Computed https://github.com/skiptools/swift-jni.git at 0.5.0 (1.72s)
Computing version for https://github.com/skiptools/skip-lib.git
Computed https://github.com/skiptools/skip-lib.git at 1.4.3 (0.19s)
Fetching https://github.com/skiptools/skip-unit.git
[1/1152] Fetching skip-unit
Fetched https://github.com/skiptools/skip-unit.git from cache (0.45s)
Computing version for https://github.com/skiptools/skip-unit.git
Computed https://github.com/skiptools/skip-unit.git at 1.7.2 (0.66s)
Computing version for https://github.com/skiptools/skip-foundation.git
Computed https://github.com/skiptools/skip-foundation.git at 1.4.6 (0.19s)
Computing version for https://github.com/skiptools/skip.git
Computed https://github.com/skiptools/skip.git at 1.9.12 (0.20s)
Creating working copy for https://github.com/skiptools/skip-unit.git
Working copy of https://github.com/skiptools/skip-unit.git resolved at 1.7.2
Creating working copy for https://github.com/skiptools/skip-foundation.git
Working copy of https://github.com/skiptools/skip-foundation.git resolved at 1.4.6
Creating working copy for https://github.com/skiptools/skip.git
Working copy of https://github.com/skiptools/skip.git resolved at 1.9.12
Creating working copy for https://github.com/skiptools/skip-lib.git
Working copy of https://github.com/skiptools/skip-lib.git resolved at 1.4.3
Creating working copy for https://github.com/skiptools/swift-jni.git
Working copy of https://github.com/skiptools/swift-jni.git resolved at 0.5.0
Downloading binary artifact https://github.com/skiptools/skip/releases/download/1.9.12/skip-linux.zip
[16375/151361064] Downloading https://github.com/skiptools/skip/releases/download/1.9.12/skip-linux.zip
Downloaded https://github.com/skiptools/skip/releases/download/1.9.12/skip-linux.zip (7.99s)
[1/1] Compiling plugin Create SkipLink
[2/2] Compiling plugin skipstone
Building for debugging...
[2/63] Write sources
[12/63] Copying Info.plist
[12/63] Write sources
[14/63] Compiling CJNI cjni.c
[15/63] Write swift-version--11D90AFD9DD3AB2.txt
note: Skip 1.9.12: skipstone plugin to: /host/spi-builder-workspace/.build/plugins/outputs/skip-unit/SkipUnit/destination/skipstone/SkipUnit/src/main at 13:21:16
/host/spi-builder-workspace/.build/checkouts/skip-unit/Sources/SkipUnit/Skip/skip.yml: note: loading skip.yml from /host/spi-builder-workspace/.build/checkouts/skip-unit/Sources/SkipUnit/Skip/skip.yml
note: skip.yml aggregate created (103 ms) for modules: ["SkipUnit"]
/host/spi-builder-workspace/.build/checkouts/skip-unit/Sources/SkipUnit/Skip/XCTest.kt: note: SkipUnit/src/main/kotlin/skip/unit/XCTest.kt override linked from project source /host/spi-builder-workspace/.build/checkouts/skip-unit/Sources/SkipUnit/Skip/XCTest.kt
/host/spi-builder-workspace/.build/plugins/outputs/skip-unit/SkipUnit/destination/skipstone/SkipUnit.skipcode.json: note: SkipUnit.skipcode.json (24 KB) codebase written
/host/spi-builder-workspace/.build/plugins/outputs/skip-unit/SkipUnit/destination/skipstone/gradle/wrapper/gradle-wrapper.properties: note: gradle/wrapper/gradle-wrapper.properties (80 bytes) gradle wrapper written
/host/spi-builder-workspace/.build/plugins/outputs/skip-unit/SkipUnit/destination/skipstone/SkipUnit/proguard-rules.pro: note: SkipUnit/proguard-rules.pro (350 bytes) proguard written
/host/spi-builder-workspace/.build/plugins/outputs/skip-unit/SkipUnit/destination/skipstone/SkipUnit/build.gradle.kts: note: SkipUnit/build.gradle.kts (3 KB) gradle project written
/host/spi-builder-workspace/.build/plugins/outputs/skip-unit/SkipUnit/destination/skipstone/gradle.properties: note: gradle.properties (79 bytes) gradle config written
/host/spi-builder-workspace/.build/plugins/outputs/skip-unit/SkipUnit/destination/skipstone/settings.gradle.kts: note: settings.gradle.kts (3 KB) gradle settings written
/host/spi-builder-workspace/.build/plugins/outputs/skip-unit/SkipUnit/destination/skipstone/.SkipUnit.sourcehash: note: .SkipUnit.sourcehash (288 bytes) sourcehash written
[16/63] Skip SkipUnit
[17/63] Copying .SkipUnit.sourcehash
note: Skip 1.9.12: skipstone plugin to: /host/spi-builder-workspace/.build/plugins/outputs/skip-lib/SkipLib/destination/skipstone/SkipLib/src/main at 13:21:16
/host/spi-builder-workspace/.build/checkouts/skip-lib/Sources/SkipLib/Skip/skip.yml: note: loading skip.yml from /host/spi-builder-workspace/.build/checkouts/skip-lib/Sources/SkipLib/Skip/skip.yml
/host/spi-builder-workspace/.build/checkouts/skip-unit/Sources/SkipUnit/Skip/skip.yml: note: SkipUnit skip.yml config loaded (196 ms)
note: skip.yml aggregate created (203 ms) for modules: ["SkipLib", "SkipUnit"]
/host/spi-builder-workspace/.build/plugins/outputs/skip-unit/SkipUnit/destination/skipstone/SkipUnit.skipcode.json: note: SkipUnit.skipcode.json codebase (24 KB) loaded (4 ms) for SkipUnit
/host/spi-builder-workspace/.build/checkouts/skip-lib/Sources/SkipLib/Skip/Hashable.kt: note: SkipLib/src/main/kotlin/skip/lib/Hashable.kt override linked from project source /host/spi-builder-workspace/.build/checkouts/skip-lib/Sources/SkipLib/Skip/Hashable.kt
/host/spi-builder-workspace/.build/checkouts/skip-lib/Sources/SkipLib/Skip/Duration.kt: note: SkipLib/src/main/kotlin/skip/lib/Duration.kt override linked from project source /host/spi-builder-workspace/.build/checkouts/skip-lib/Sources/SkipLib/Skip/Duration.kt
/host/spi-builder-workspace/.build/checkouts/skip-lib/Sources/SkipLib/Skip/Codable.kt: note: SkipLib/src/main/kotlin/skip/lib/Codable.kt override linked from project source /host/spi-builder-workspace/.build/checkouts/skip-lib/Sources/SkipLib/Skip/Codable.kt
/host/spi-builder-workspace/.build/checkouts/skip-lib/Sources/SkipLib/Skip/CaseIterable.kt: note: SkipLib/src/main/kotlin/skip/lib/CaseIterable.kt override linked from project source /host/spi-builder-workspace/.build/checkouts/skip-lib/Sources/SkipLib/Skip/CaseIterable.kt
/host/spi-builder-workspace/.build/checkouts/skip-lib/Sources/SkipLib/Skip/SetAlgebra.kt: note: SkipLib/src/main/kotlin/skip/lib/SetAlgebra.kt override linked from project source /host/spi-builder-workspace/.build/checkouts/skip-lib/Sources/SkipLib/Skip/SetAlgebra.kt
/host/spi-builder-workspace/.build/checkouts/skip-lib/Sources/SkipLib/Skip/Copyable.kt: note: SkipLib/src/main/kotlin/skip/lib/Copyable.kt override linked from project source /host/spi-builder-workspace/.build/checkouts/skip-lib/Sources/SkipLib/Skip/Copyable.kt
/host/spi-builder-workspace/.build/checkouts/skip-lib/Sources/SkipLib/Skip/InOut.kt: note: SkipLib/src/main/kotlin/skip/lib/InOut.kt override linked from project source /host/spi-builder-workspace/.build/checkouts/skip-lib/Sources/SkipLib/Skip/InOut.kt
/host/spi-builder-workspace/.build/checkouts/skip-lib/Sources/SkipLib/Skip/Error.kt: note: SkipLib/src/main/kotlin/skip/lib/Error.kt override linked from project source /host/spi-builder-workspace/.build/checkouts/skip-lib/Sources/SkipLib/Skip/Error.kt
/host/spi-builder-workspace/.build/checkouts/skip-lib/Sources/SkipLib/Skip/Dictionary.kt: note: SkipLib/src/main/kotlin/skip/lib/Dictionary.kt override linked from project source /host/spi-builder-workspace/.build/checkouts/skip-lib/Sources/SkipLib/Skip/Dictionary.kt
/host/spi-builder-workspace/.build/checkouts/skip-lib/Sources/SkipLib/Skip/IntSet.kt: note: SkipLib/src/main/kotlin/skip/lib/IntSet.kt override linked from project source /host/spi-builder-workspace/.build/checkouts/skip-lib/Sources/SkipLib/Skip/IntSet.kt
/host/spi-builder-workspace/.build/checkouts/skip-lib/Sources/SkipLib/Skip/Equatable.kt: note: SkipLib/src/main/kotlin/skip/lib/Equatable.kt override linked from project source /host/spi-builder-workspace/.build/checkouts/skip-lib/Sources/SkipLib/Skip/Equatable.kt
/host/spi-builder-workspace/.build/checkouts/skip-lib/Sources/SkipLib/Skip/Lambda.kt: note: SkipLib/src/main/kotlin/skip/lib/Lambda.kt override linked from project source /host/spi-builder-workspace/.build/checkouts/skip-lib/Sources/SkipLib/Skip/Lambda.kt
/host/spi-builder-workspace/.build/checkouts/skip-lib/Sources/SkipLib/Skip/Numbers.kt: note: SkipLib/src/main/kotlin/skip/lib/Numbers.kt override linked from project source /host/spi-builder-workspace/.build/checkouts/skip-lib/Sources/SkipLib/Skip/Numbers.kt
/host/spi-builder-workspace/.build/checkouts/skip-lib/Sources/SkipLib/Skip/Tuple.kt: note: SkipLib/src/main/kotlin/skip/lib/Tuple.kt override linked from project source /host/spi-builder-workspace/.build/checkouts/skip-lib/Sources/SkipLib/Skip/Tuple.kt
/host/spi-builder-workspace/.build/checkouts/skip-lib/Sources/SkipLib/Skip/KotlinSupport.kt: note: SkipLib/src/main/kotlin/skip/lib/KotlinSupport.kt override linked from project source /host/spi-builder-workspace/.build/checkouts/skip-lib/Sources/SkipLib/Skip/KotlinSupport.kt
/host/spi-builder-workspace/.build/checkouts/skip-lib/Sources/SkipLib/Skip/Set.kt: note: SkipLib/src/main/kotlin/skip/lib/Set.kt override linked from project source /host/spi-builder-workspace/.build/checkouts/skip-lib/Sources/SkipLib/Skip/Set.kt
/host/spi-builder-workspace/.build/checkouts/skip-lib/Sources/SkipLib/Skip/Optional.kt: note: SkipLib/src/main/kotlin/skip/lib/Optional.kt override linked from project source /host/spi-builder-workspace/.build/checkouts/skip-lib/Sources/SkipLib/Skip/Optional.kt
/host/spi-builder-workspace/.build/checkouts/skip-lib/Sources/SkipLib/Skip/StringInterpolationProtocol.kt: note: SkipLib/src/main/kotlin/skip/lib/StringInterpolationProtocol.kt override linked from project source /host/spi-builder-workspace/.build/checkouts/skip-lib/Sources/SkipLib/Skip/StringInterpolationProtocol.kt
/host/spi-builder-workspace/.build/checkouts/skip-lib/Sources/SkipLib/Skip/Bool.kt: note: SkipLib/src/main/kotlin/skip/lib/Bool.kt override linked from project source /host/spi-builder-workspace/.build/checkouts/skip-lib/Sources/SkipLib/Skip/Bool.kt
/host/spi-builder-workspace/.build/checkouts/skip-lib/Sources/SkipLib/Skip/Struct.kt: note: SkipLib/src/main/kotlin/skip/lib/Struct.kt override linked from project source /host/spi-builder-workspace/.build/checkouts/skip-lib/Sources/SkipLib/Skip/Struct.kt
/host/spi-builder-workspace/.build/checkouts/skip-lib/Sources/SkipLib/Skip/Clock.kt: note: SkipLib/src/main/kotlin/skip/lib/Clock.kt override linked from project source /host/spi-builder-workspace/.build/checkouts/skip-lib/Sources/SkipLib/Skip/Clock.kt
/host/spi-builder-workspace/.build/checkouts/skip-lib/Sources/SkipLib/Skip/Concurrency.kt: note: SkipLib/src/main/kotlin/skip/lib/Concurrency.kt override linked from project source /host/spi-builder-workspace/.build/checkouts/skip-lib/Sources/SkipLib/Skip/Concurrency.kt
/host/spi-builder-workspace/.build/checkouts/skip-lib/Sources/SkipLib/Skip/CustomStringConvertible.kt: note: SkipLib/src/main/kotlin/skip/lib/CustomStringConvertible.kt override linked from project source /host/spi-builder-workspace/.build/checkouts/skip-lib/Sources/SkipLib/Skip/CustomStringConvertible.kt
/host/spi-builder-workspace/.build/checkouts/skip-lib/Sources/SkipLib/Skip/String.kt: note: SkipLib/src/main/kotlin/skip/lib/String.kt override linked from project source /host/spi-builder-workspace/.build/checkouts/skip-lib/Sources/SkipLib/Skip/String.kt
/host/spi-builder-workspace/.build/checkouts/skip-lib/Sources/SkipLib/Skip/OptionSet.kt: note: SkipLib/src/main/kotlin/skip/lib/OptionSet.kt override linked from project source /host/spi-builder-workspace/.build/checkouts/skip-lib/Sources/SkipLib/Skip/OptionSet.kt
/host/spi-builder-workspace/.build/checkouts/skip-lib/Sources/SkipLib/Skip/Array.kt: note: SkipLib/src/main/kotlin/skip/lib/Array.kt override linked from project source /host/spi-builder-workspace/.build/checkouts/skip-lib/Sources/SkipLib/Skip/Array.kt
/host/spi-builder-workspace/.build/checkouts/skip-lib/Sources/SkipLib/Skip/Globals.kt: note: SkipLib/src/main/kotlin/skip/lib/Globals.kt override linked from project source /host/spi-builder-workspace/.build/checkouts/skip-lib/Sources/SkipLib/Skip/Globals.kt
/host/spi-builder-workspace/.build/checkouts/skip-lib/Sources/SkipLib/Skip/Collections.kt: note: SkipLib/src/main/kotlin/skip/lib/Collections.kt override linked from project source /host/spi-builder-workspace/.build/checkouts/skip-lib/Sources/SkipLib/Skip/Collections.kt
/host/spi-builder-workspace/.build/plugins/outputs/skip-lib/SkipLib/destination/skipstone/SkipLib/src/main/kotlin/skip/lib/BridgeSupport.kt: note: SkipLib/src/main/kotlin/skip/lib/BridgeSupport.kt (849 bytes) transpilation saved from BridgeSupport.swift (845 bytes) in 0 ms
/host/spi-builder-workspace/.build/plugins/outputs/skip-lib/SkipLib/destination/skipstone/SkipLib/src/main/kotlin/skip/lib/ObjectIdentifier.kt: note: SkipLib/src/main/kotlin/skip/lib/ObjectIdentifier.kt (647 bytes) transpilation saved from ObjectIdentifier.swift (282 bytes) in 1 ms
/host/spi-builder-workspace/.build/plugins/outputs/skip-lib/SkipLib/destination/skipstone/SkipLib/src/main/kotlin/skip/lib/RawRepresentable.kt: note: SkipLib/src/main/kotlin/skip/lib/RawRepresentable.kt (207 bytes) transpilation saved from RawRepresentable.swift (237 bytes) in 0 ms
/host/spi-builder-workspace/.build/plugins/outputs/skip-lib/SkipLib/destination/skipstone/SkipLib/src/main/kotlin/skip/lib/Pointer.kt: note: SkipLib/src/main/kotlin/skip/lib/Pointer.kt (5 KB) transpilation saved from Pointer.swift (2 KB) in 1 ms
/host/spi-builder-workspace/.build/plugins/outputs/skip-lib/SkipLib/destination/skipstone/SkipLib/src/main/kotlin/skip/lib/SkipLib.kt: note: SkipLib/src/main/kotlin/skip/lib/SkipLib.kt (196 bytes) transpilation saved from SkipLib.swift (217 bytes) in 0 ms
/host/spi-builder-workspace/.build/plugins/outputs/skip-lib/SkipLib/destination/skipstone/SkipLib/src/main/kotlin/skip/lib/Identifiable.kt: note: SkipLib/src/main/kotlin/skip/lib/Identifiable.kt (228 bytes) transpilation saved from Identifiable.swift (320 bytes) in 8 ms
/host/spi-builder-workspace/.build/plugins/outputs/skip-lib/SkipLib/destination/skipstone/SkipLib/src/main/kotlin/skip/lib/Result.kt: note: SkipLib/src/main/kotlin/skip/lib/Result.kt (3 KB) transpilation saved from Result.swift (2 KB) in 5 ms
/host/spi-builder-workspace/.build/plugins/outputs/skip-lib/SkipLib/destination/skipstone/SkipLib/src/main/kotlin/skip/lib/Regex.kt: note: SkipLib/src/main/kotlin/skip/lib/Regex.kt (3 KB) transpilation saved from Regex.swift (3 KB) in 5 ms
/host/spi-builder-workspace/.build/plugins/outputs/skip-lib/SkipLib/destination/skipstone/SkipLib/src/main/kotlin/skip/lib/Random.kt: note: SkipLib/src/main/kotlin/skip/lib/Random.kt (1 KB) transpilation saved from Random.swift (3 KB) in 7 ms
/host/spi-builder-workspace/.build/plugins/outputs/skip-lib/SkipLib/destination/skipstone/SkipLib/src/main/kotlin/skip/lib/CodableSupport.kt: note: SkipLib/src/main/kotlin/skip/lib/CodableSupport.kt (4 KB) transpilation saved from CodableSupport.swift (3 KB) in 11 ms
/host/spi-builder-workspace/.build/plugins/outputs/skip-lib/SkipLib/destination/skipstone/SkipLib/src/main/kotlin/skip/lib/CoreGraphics.kt: note: SkipLib/src/main/kotlin/skip/lib/CoreGraphics.kt (15 KB) transpilation saved from CoreGraphics.swift (9 KB) in 29 ms
/host/spi-builder-workspace/.build/plugins/outputs/skip-lib/SkipLib/destination/skipstone/SkipLib/src/main/kotlin/skip/lib/AsyncStream.kt: note: SkipLib/src/main/kotlin/skip/lib/AsyncStream.kt (26 KB) transpilation saved from AsyncStream.swift (18 KB) in 40 ms
/host/spi-builder-workspace/.build/plugins/outputs/skip-lib/SkipLib/destination/skipstone/SkipLib/src/main/kotlin/skip/lib/Math.kt: note: SkipLib/src/main/kotlin/skip/lib/Math.kt (28 KB) transpilation saved from Math.swift (15 KB) in 36 ms
/host/spi-builder-workspace/.build/plugins/outputs/skip-lib/SkipLib/destination/skipstone/SkipLib/src/main/kotlin/skip/lib/PackageSupport.kt: note: SkipLib/src/main/kotlin/skip/lib/PackageSupport.kt (740 bytes) transpilation saved from PackageSupport.swift (Zero KB) in 0 ms
/host/spi-builder-workspace/.build/plugins/outputs/skip-lib/SkipLib/destination/skipstone/SkipLib.skipcode.json: note: SkipLib.skipcode.json (717 KB) codebase written
/host/spi-builder-workspace/.build/plugins/outputs/skip-lib/SkipLib/destination/skipstone/gradle/wrapper/gradle-wrapper.properties: note: gradle/wrapper/gradle-wrapper.properties (80 bytes) gradle wrapper written
/host/spi-builder-workspace/.build/plugins/outputs/skip-lib/SkipLib/destination/skipstone/SkipLib/proguard-rules.pro: note: SkipLib/proguard-rules.pro (349 bytes) proguard written
/host/spi-builder-workspace/.build/plugins/outputs/skip-lib/SkipLib/destination/skipstone/SkipLib/build.gradle.kts: note: SkipLib/build.gradle.kts (3 KB) gradle project written
/host/spi-builder-workspace/.build/plugins/outputs/skip-lib/SkipLib/destination/skipstone/gradle.properties: note: gradle.properties (79 bytes) gradle config written
/host/spi-builder-workspace/.build/plugins/outputs/skip-lib/SkipLib/destination/skipstone/settings.gradle.kts: note: settings.gradle.kts (3 KB) gradle settings written
/host/spi-builder-workspace/.build/plugins/outputs/skip-lib/SkipLib/destination/skipstone/.SkipLib.sourcehash: note: .SkipLib.sourcehash (6 KB) sourcehash written
[18/68] Skip SkipLib
[19/68] Copying .SkipLib.sourcehash
[21/68] Compiling SkipUnit XCTest.swift
note: Skip 1.9.12: skipstone plugin to: /host/spi-builder-workspace/.build/plugins/outputs/spi-builder-workspace/SkipBridge/destination/skipstone/SkipBridge/src/main at 13:21:17
/host/spi-builder-workspace/Sources/SkipBridge/Skip/skip.yml: note: loading skip.yml from /host/spi-builder-workspace/Sources/SkipBridge/Skip/skip.yml
/host/spi-builder-workspace/.build/checkouts/skip-lib/Sources/SkipLib/Skip/skip.yml: note: SkipLib skip.yml config loaded (4 ms)
/host/spi-builder-workspace/.build/checkouts/skip-unit/Sources/SkipUnit/Skip/skip.yml: note: SkipUnit skip.yml config loaded (163 ms)
note: skip.yml aggregate created (285 ms) for modules: ["SkipBridge", "SkipLib", "SkipUnit"]
/host/spi-builder-workspace/.build/plugins/outputs/skip-lib/SkipLib/destination/skipstone/SkipLib.skipcode.json: note: SkipLib.skipcode.json codebase (717 KB) loaded (127 ms) for SkipLib
/host/spi-builder-workspace/.build/plugins/outputs/skip-unit/SkipUnit/destination/skipstone/SkipUnit.skipcode.json: note: SkipUnit.skipcode.json codebase (24 KB) loaded (4 ms) for SkipUnit
/host/spi-builder-workspace/Sources/SkipBridge/Skip/Reflector.kt: note: SkipBridge/src/main/kotlin/skip/bridge/Reflector.kt override linked from project source /host/spi-builder-workspace/Sources/SkipBridge/Skip/Reflector.kt
/host/spi-builder-workspace/Sources/SkipBridge/Skip/AndroidManifest.xml: note: SkipBridge/src/main/AndroidManifest.xml override linked from project source /host/spi-builder-workspace/Sources/SkipBridge/Skip/AndroidManifest.xml
/host/spi-builder-workspace/.build/plugins/outputs/spi-builder-workspace/SkipBridge/destination/skipstone/SkipBridge/src/main/kotlin/skip/bridge/SwiftHashable.kt: note: SkipBridge/src/main/kotlin/skip/bridge/SwiftHashable.kt (1 KB) transpilation saved from SwiftHashable.swift (5 KB) in 8 ms
/host/spi-builder-workspace/.build/plugins/outputs/spi-builder-workspace/SkipBridge/destination/skipstone/SkipBridge/src/main/kotlin/skip/bridge/System.kt: note: SkipBridge/src/main/kotlin/skip/bridge/System.kt (5 KB) transpilation saved from System.swift (10 KB) in 7 ms
/host/spi-builder-workspace/.build/plugins/outputs/spi-builder-workspace/SkipBridge/destination/skipstone/SkipBridge/src/main/kotlin/skip/bridge/SwiftEquatable.kt: note: SkipBridge/src/main/kotlin/skip/bridge/SwiftEquatable.kt (1 KB) transpilation saved from SwiftEquatable.swift (5 KB) in 10 ms
/host/spi-builder-workspace/.build/plugins/outputs/spi-builder-workspace/SkipBridge/destination/skipstone/SkipBridge/src/main/kotlin/skip/bridge/BridgeSupport.kt: note: SkipBridge/src/main/kotlin/skip/bridge/BridgeSupport.kt (1 KB) transpilation saved from BridgeSupport.swift (9 KB) in 8 ms
/host/spi-builder-workspace/.build/plugins/outputs/spi-builder-workspace/SkipBridge/destination/skipstone/SkipBridge/src/main/kotlin/skip/bridge/BridgedTypes.kt: note: SkipBridge/src/main/kotlin/skip/bridge/BridgedTypes.kt (3 KB) transpilation saved from BridgedTypes.swift (51 KB) in 14 ms
/host/spi-builder-workspace/.build/plugins/outputs/spi-builder-workspace/SkipBridge/destination/skipstone/SkipBridge/src/main/kotlin/skip/bridge/Closures.kt: note: SkipBridge/src/main/kotlin/skip/bridge/Closures.kt (13 KB) transpilation saved from Closures.swift (87 KB) in 44 ms
/host/spi-builder-workspace/.build/plugins/outputs/spi-builder-workspace/SkipBridge/destination/skipstone/SkipBridge.skipcode.json: note: SkipBridge.skipcode.json (63 KB) codebase written
/host/spi-builder-workspace/.build/plugins/outputs/spi-builder-workspace/SkipBridge/destination/skipstone/SkipBridge/src/main/swift/Package.swift: note: SkipBridge/src/main/swift/Package.swift (5 KB) skippackage written
/host/spi-builder-workspace/.build/plugins/outputs/spi-builder-workspace/SkipBridge/destination/skipstone/gradle/wrapper/gradle-wrapper.properties: note: gradle/wrapper/gradle-wrapper.properties (80 bytes) gradle wrapper written
/host/spi-builder-workspace/.build/plugins/outputs/spi-builder-workspace/SkipBridge/destination/skipstone/SkipBridge/proguard-rules.pro: note: SkipBridge/proguard-rules.pro (352 bytes) proguard written
/host/spi-builder-workspace/.build/plugins/outputs/spi-builder-workspace/SkipBridge/destination/skipstone/SkipBridge/build.gradle.kts: note: SkipBridge/build.gradle.kts (6 KB) gradle project written
/host/spi-builder-workspace/.build/plugins/outputs/spi-builder-workspace/SkipBridge/destination/skipstone/gradle.properties: note: gradle.properties (79 bytes) gradle config written
/host/spi-builder-workspace/.build/plugins/outputs/spi-builder-workspace/SkipBridge/destination/skipstone/settings.gradle.kts: note: settings.gradle.kts (3 KB) gradle settings written
/host/spi-builder-workspace/.build/plugins/outputs/spi-builder-workspace/SkipBridge/destination/skipstone/.SkipBridge.sourcehash: note: .SkipBridge.sourcehash (1 KB) sourcehash written
[21/68] Skip SkipBridge
[22/68] Copying .SkipBridge.sourcehash
[24/68] Emitting module SkipUnit
[25/68] Compiling SkipUnit resource_bundle_accessor.swift
[27/69] Emitting module SwiftJNI
[28/69] Compiling SwiftJNI SwiftJNI.swift
[28/70] Wrapping AST for SkipUnit for debugging
[30/103] Wrapping AST for SwiftJNI for debugging
[31/103] Write Objects.LinkFileList
[32/103] Linking libSwiftJNI.so
[34/103] Compiling SkipLib Regex.swift
[35/103] Compiling SkipLib Result.swift
[36/103] Compiling SkipLib Set.swift
[37/103] Compiling SkipLib SetAlgebra.swift
[38/107] Emitting module SkipLib
[39/107] Compiling SkipLib SkipLib.swift
[40/107] Compiling SkipLib String.swift
[41/107] Compiling SkipLib StringInterpolationProtocol.swift
[42/107] Compiling SkipLib resource_bundle_accessor.swift
[43/107] Compiling SkipLib Codable.swift
[44/107] Compiling SkipLib CodableSupport.swift
[45/107] Compiling SkipLib Collections.swift
[46/107] Compiling SkipLib Concurrency.swift
[47/107] Compiling SkipLib Copyable.swift
[48/107] Compiling SkipLib Optional.swift
[49/107] Compiling SkipLib Pointer.swift
[50/107] Compiling SkipLib Random.swift
[51/107] Compiling SkipLib RawRepresentable.swift
[52/107] Compiling SkipLib CoreGraphics.swift
[53/107] Compiling SkipLib CustomStringConvertible.swift
[54/107] Compiling SkipLib Dictionary.swift
[55/107] Compiling SkipLib Duration.swift
[56/107] Compiling SkipLib Equatable.swift
[57/107] Compiling SkipLib Math.swift
[58/107] Compiling SkipLib Numbers.swift
[59/107] Compiling SkipLib ObjectIdentifier.swift
[60/107] Compiling SkipLib OptionSet.swift
[61/107] Compiling SkipLib Error.swift
[62/107] Compiling SkipLib Globals.swift
[63/107] Compiling SkipLib Hashable.swift
[64/107] Compiling SkipLib Identifiable.swift
[65/107] Compiling SkipLib IntSet.swift
[66/107] Compiling SkipLib Array.swift
[67/107] Compiling SkipLib AsyncStream.swift
[68/107] Compiling SkipLib Bool.swift
[69/107] Compiling SkipLib BridgeSupport.swift
[70/107] Compiling SkipLib CaseIterable.swift
[71/108] Wrapping AST for SkipLib for debugging
[73/118] Compiling SkipBridge SwiftHashable.swift
[74/118] Compiling SkipBridge Tuples.swift
[75/118] Compiling SkipBridge System.swift
[76/119] Compiling SkipBridge SwiftEquatable.swift
[77/119] Compiling SkipBridge resource_bundle_accessor.swift
[78/119] Compiling SkipBridge BridgedJob.swift
[79/119] Compiling SkipBridge BridgedTypes.swift
[80/119] Compiling SkipBridge Closures.swift
[81/119] Compiling SkipBridge AnyDynamicObject.swift
[82/119] Compiling SkipBridge BridgeSupport.swift
[83/119] Emitting module SkipBridge
[84/120] Wrapping AST for SkipBridge for debugging
[85/120] Write Objects.LinkFileList
[86/120] Linking libSkipBridge.so
note: Skip 1.9.12: skipstone plugin to: /host/spi-builder-workspace/.build/plugins/outputs/skip-foundation/SkipFoundation/destination/skipstone/SkipFoundation/src/main at 13:21:17
/host/spi-builder-workspace/.build/checkouts/skip-foundation/Sources/SkipFoundation/Skip/skip.yml: note: loading skip.yml from /host/spi-builder-workspace/.build/checkouts/skip-foundation/Sources/SkipFoundation/Skip/skip.yml
/host/spi-builder-workspace/.build/checkouts/skip-lib/Sources/SkipLib/Skip/skip.yml: note: SkipLib skip.yml config loaded (7 ms)
/host/spi-builder-workspace/.build/checkouts/skip-unit/Sources/SkipUnit/Skip/skip.yml: note: SkipUnit skip.yml config loaded (164 ms)
note: skip.yml aggregate created (183 ms) for modules: ["SkipFoundation", "SkipLib", "SkipUnit"]
/host/spi-builder-workspace/.build/plugins/outputs/skip-lib/SkipLib/destination/skipstone/SkipLib.skipcode.json: note: SkipLib.skipcode.json codebase (717 KB) loaded (129 ms) for SkipLib
/host/spi-builder-workspace/.build/plugins/outputs/skip-unit/SkipUnit/destination/skipstone/SkipUnit.skipcode.json: note: SkipUnit.skipcode.json codebase (24 KB) loaded (4 ms) for SkipUnit
/host/spi-builder-workspace/.build/checkouts/skip-foundation/Sources/SkipFoundation/Skip/UrlEncoderUtil.kt: note: SkipFoundation/src/main/kotlin/skip/foundation/UrlEncoderUtil.kt override linked from project source /host/spi-builder-workspace/.build/checkouts/skip-foundation/Sources/SkipFoundation/Skip/UrlEncoderUtil.kt
/host/spi-builder-workspace/.build/plugins/outputs/skip-foundation/SkipFoundation/destination/skipstone/SkipFoundation/src/main/kotlin/skip/foundation/DateComponentsFormatter.kt: note: SkipFoundation/src/main/kotlin/skip/foundation/DateComponentsFormatter.kt (480 bytes) transpilation saved from DateComponentsFormatter.swift (153 bytes) in 0 ms
/host/spi-builder-workspace/.build/plugins/outputs/skip-foundation/SkipFoundation/destination/skipstone/SkipFoundation/src/main/kotlin/skip/foundation/ComparisonResult.kt: note: SkipFoundation/src/main/kotlin/skip/foundation/ComparisonResult.kt (1 KB) transpilation saved from ComparisonResult.swift (449 bytes) in 2 ms
/host/spi-builder-workspace/.build/plugins/outputs/skip-foundation/SkipFoundation/destination/skipstone/SkipFoundation/src/main/kotlin/skip/foundation/DateIntervalFormatter.kt: note: SkipFoundation/src/main/kotlin/skip/foundation/DateIntervalFormatter.kt (478 bytes) transpilation saved from DateIntervalFormatter.swift (151 bytes) in 3 ms
/host/spi-builder-workspace/.build/plugins/outputs/skip-foundation/SkipFoundation/destination/skipstone/SkipFoundation/src/main/kotlin/skip/foundation/AttributedString.kt: note: SkipFoundation/src/main/kotlin/skip/foundation/AttributedString.kt (2 KB) transpilation saved from AttributedString.swift (2 KB) in 5 ms
/host/spi-builder-workspace/.build/plugins/outputs/skip-foundation/SkipFoundation/destination/skipstone/SkipFoundation/src/main/kotlin/skip/foundation/DateInterval.kt: note: SkipFoundation/src/main/kotlin/skip/foundation/DateInterval.kt (4 KB) transpilation saved from DateInterval.swift (2 KB) in 6 ms
/host/spi-builder-workspace/.build/plugins/outputs/skip-foundation/SkipFoundation/destination/skipstone/SkipFoundation/src/main/kotlin/skip/foundation/Formatter.kt: note: SkipFoundation/src/main/kotlin/skip/foundation/Formatter.kt (5 KB) transpilation saved from Formatter.swift (2 KB) in 4 ms
/host/spi-builder-workspace/.build/plugins/outputs/skip-foundation/SkipFoundation/destination/skipstone/SkipFoundation/src/main/kotlin/skip/foundation/IndexSet.kt: note: SkipFoundation/src/main/kotlin/skip/foundation/IndexSet.kt (140 bytes) transpilation saved from IndexSet.swift (119 bytes) in 0 ms
/host/spi-builder-workspace/.build/plugins/outputs/skip-foundation/SkipFoundation/destination/skipstone/SkipFoundation/src/main/kotlin/skip/foundation/CharacterSet.kt: note: SkipFoundation/src/main/kotlin/skip/foundation/CharacterSet.kt (19 KB) transpilation saved from CharacterSet.swift (10 KB) in 13 ms
/host/spi-builder-workspace/.build/plugins/outputs/skip-foundation/SkipFoundation/destination/skipstone/SkipFoundation/src/main/kotlin/skip/foundation/Dispatch.kt: note: SkipFoundation/src/main/kotlin/skip/foundation/Dispatch.kt (11 KB) transpilation saved from Dispatch.swift (6 KB) in 14 ms
/host/spi-builder-workspace/.build/plugins/outputs/skip-foundation/SkipFoundation/destination/skipstone/SkipFoundation/src/main/kotlin/skip/foundation/Digest.kt: note: SkipFoundation/src/main/kotlin/skip/foundation/Digest.kt (11 KB) transpilation saved from Digest.swift (7 KB) in 15 ms
/host/spi-builder-workspace/.build/plugins/outputs/skip-foundation/SkipFoundation/destination/skipstone/SkipFoundation/src/main/kotlin/skip/foundation/IndexPath.kt: note: SkipFoundation/src/main/kotlin/skip/foundation/IndexPath.kt (5 KB) transpilation saved from IndexPath.swift (4 KB) in 11 ms
/host/spi-builder-workspace/.build/plugins/outputs/skip-foundation/SkipFoundation/destination/skipstone/SkipFoundation/src/main/kotlin/skip/foundation/ISO8601DateFormatter.kt: note: SkipFoundation/src/main/kotlin/skip/foundation/ISO8601DateFormatter.kt (11 KB) transpilation saved from ISO8601DateFormatter.swift (8 KB) in 28 ms
/host/spi-builder-workspace/.build/plugins/outputs/skip-foundation/SkipFoundation/destination/skipstone/SkipFoundation/src/main/kotlin/skip/foundation/Data.kt: note: SkipFoundation/src/main/kotlin/skip/foundation/Data.kt (29 KB) transpilation saved from Data.swift (13 KB) in 34 ms
/host/spi-builder-workspace/.build/plugins/outputs/skip-foundation/SkipFoundation/destination/skipstone/SkipFoundation/src/main/kotlin/skip/foundation/DateFormatter.kt: note: SkipFoundation/src/main/kotlin/skip/foundation/DateFormatter.kt (24 KB) transpilation saved from DateFormatter.swift (10 KB) in 37 ms
/host/spi-builder-workspace/.build/plugins/outputs/skip-foundation/SkipFoundation/destination/skipstone/SkipFoundation/src/main/kotlin/skip/foundation/HTTPURLResponse.kt: note: SkipFoundation/src/main/kotlin/skip/foundation/HTTPURLResponse.kt (10 KB) transpilation saved from HTTPURLResponse.swift (9 KB) in 21 ms
/host/spi-builder-workspace/.build/plugins/outputs/skip-foundation/SkipFoundation/destination/skipstone/SkipFoundation/src/main/kotlin/skip/foundation/LocalizedStringResource.kt: note: SkipFoundation/src/main/kotlin/skip/foundation/LocalizedStringResource.kt (5 KB) transpilation saved from LocalizedStringResource.swift (3 KB) in 9 ms
/host/spi-builder-workspace/.build/plugins/outputs/skip-foundation/SkipFoundation/destination/skipstone/SkipFoundation/src/main/kotlin/skip/foundation/Locale.kt: note: SkipFoundation/src/main/kotlin/skip/foundation/Locale.kt (19 KB) transpilation saved from Locale.swift (13 KB) in 20 ms
/host/spi-builder-workspace/.build/plugins/outputs/skip-foundation/SkipFoundation/destination/skipstone/SkipFoundation/src/main/kotlin/skip/foundation/JSONSerialization+Parser.kt: note: SkipFoundation/src/main/kotlin/skip/foundation/JSONSerialization+Parser.kt (12 KB) transpilation saved from JSONSerialization+Parser.swift (5 KB) in 10 ms
/host/spi-builder-workspace/.build/plugins/outputs/skip-foundation/SkipFoundation/destination/skipstone/SkipFoundation/src/main/kotlin/skip/foundation/NSLock.kt: note: SkipFoundation/src/main/kotlin/skip/foundation/NSLock.kt (2 KB) transpilation saved from NSLock.swift (2 KB) in 4 ms
/host/spi-builder-workspace/.build/plugins/outputs/skip-foundation/SkipFoundation/destination/skipstone/SkipFoundation/src/main/kotlin/skip/foundation/Logger.kt: note: SkipFoundation/src/main/kotlin/skip/foundation/Logger.kt (4 KB) transpilation saved from Logger.swift (3 KB) in 13 ms
/host/spi-builder-workspace/.build/plugins/outputs/skip-foundation/SkipFoundation/destination/skipstone/SkipFoundation/src/main/kotlin/skip/foundation/Measurement.kt: note: SkipFoundation/src/main/kotlin/skip/foundation/Measurement.kt (6 KB) transpilation saved from Measurement.swift (5 KB) in 12 ms
/host/spi-builder-workspace/.build/plugins/outputs/skip-foundation/SkipFoundation/destination/skipstone/SkipFoundation/src/main/kotlin/skip/foundation/Date.kt: note: SkipFoundation/src/main/kotlin/skip/foundation/Date.kt (20 KB) transpilation saved from Date.swift (12 KB) in 53 ms
/host/spi-builder-workspace/.build/plugins/outputs/skip-foundation/SkipFoundation/destination/skipstone/SkipFoundation/src/main/kotlin/skip/foundation/NotificationCenter.kt: note: SkipFoundation/src/main/kotlin/skip/foundation/NotificationCenter.kt (10 KB) transpilation saved from NotificationCenter.swift (6 KB) in 12 ms
/host/spi-builder-workspace/.build/plugins/outputs/skip-foundation/SkipFoundation/destination/skipstone/SkipFoundation/src/main/kotlin/skip/foundation/OSAllocatedUnfairLock.kt: note: SkipFoundation/src/main/kotlin/skip/foundation/OSAllocatedUnfairLock.kt (4 KB) transpilation saved from OSAllocatedUnfairLock.swift (2 KB) in 10 ms
/host/spi-builder-workspace/.build/plugins/outputs/skip-foundation/SkipFoundation/destination/skipstone/SkipFoundation/src/main/kotlin/skip/foundation/Number.kt: note: SkipFoundation/src/main/kotlin/skip/foundation/Number.kt (3 KB) transpilation saved from Number.swift (3 KB) in 12 ms
/host/spi-builder-workspace/.build/plugins/outputs/skip-foundation/SkipFoundation/destination/skipstone/SkipFoundation/src/main/kotlin/skip/foundation/MarkdownNode.kt: note: SkipFoundation/src/main/kotlin/skip/foundation/MarkdownNode.kt (9 KB) transpilation saved from MarkdownNode.swift (8 KB) in 29 ms
/host/spi-builder-workspace/.build/plugins/outputs/skip-foundation/SkipFoundation/destination/skipstone/SkipFoundation/src/main/kotlin/skip/foundation/OperationQueue.kt: note: SkipFoundation/src/main/kotlin/skip/foundation/OperationQueue.kt (18 KB) transpilation saved from OperationQueue.swift (5 KB) in 14 ms
/host/spi-builder-workspace/.build/plugins/outputs/skip-foundation/SkipFoundation/destination/skipstone/SkipFoundation/src/main/kotlin/skip/foundation/Scanner.kt: note: SkipFoundation/src/main/kotlin/skip/foundation/Scanner.kt (11 KB) transpilation saved from Scanner.swift (4 KB) in 7 ms
/host/spi-builder-workspace/.build/plugins/outputs/skip-foundation/SkipFoundation/destination/skipstone/SkipFoundation/src/main/kotlin/skip/foundation/Bundle.kt: note: SkipFoundation/src/main/kotlin/skip/foundation/Bundle.kt (41 KB) transpilation saved from Bundle.swift (28 KB) in 63 ms
/host/spi-builder-workspace/.build/plugins/outputs/skip-foundation/SkipFoundation/destination/skipstone/SkipFoundation/src/main/kotlin/skip/foundation/SkipFoundation.kt: note: SkipFoundation/src/main/kotlin/skip/foundation/SkipFoundation.kt (3 KB) transpilation saved from SkipFoundation.swift (2 KB) in 4 ms
/host/spi-builder-workspace/.build/plugins/outputs/skip-foundation/SkipFoundation/destination/skipstone/SkipFoundation/src/main/kotlin/skip/foundation/FileManager.kt: note: SkipFoundation/src/main/kotlin/skip/foundation/FileManager.kt (46 KB) transpilation saved from FileManager.swift (29 KB) in 47 ms
/host/spi-builder-workspace/.build/checkouts/skip-foundation/Sources/SkipFoundation/PropertyListSerialization.swift:70:33: warning: Unrecognized SKIP comment: SKIP NOWARN
                                if let stringsDict = value as? [String: Any],
                                ^~~~~~~~~~~~~~~~~~~~~~~~~~~~~~~~~~~~~~~~~~~~~
/host/spi-builder-workspace/.build/checkouts/skip-foundation/Sources/SkipFoundation/PropertyListSerialization.swift:70:64: warning: Kotlin does not preserve generics at runtime. The generic portion of this cast will act as a force cast, which may not be your desired behavior
/host/spi-builder-workspace/.build/checkouts/skip-foundation/Sources/SkipFoundation/PropertyListSerialization.swift:100:9: warning: Unrecognized SKIP comment: SKIP NOWARN
        for (key, varDict) in stringsDict.compactMapValues({ $0 as? [String: Any] }) {
        ^~~~~~~~~~~~~~~~~~~~~~~~~~~~~~~~~~~~~~~~~~~~~~~~~~~~~~~~~~~~~~~~~~~~~~~~~~~~~~
/host/spi-builder-workspace/.build/checkouts/skip-foundation/Sources/SkipFoundation/PropertyListSerialization.swift:100:69: warning: Kotlin does not preserve generics at runtime. The generic portion of this cast will act as a force cast, which may not be your desired behavior
/host/spi-builder-workspace/.build/plugins/outputs/skip-foundation/SkipFoundation/destination/skipstone/SkipFoundation/src/main/kotlin/skip/foundation/PropertyListSerialization.kt: note: SkipFoundation/src/main/kotlin/skip/foundation/PropertyListSerialization.kt (16 KB) transpilation saved from PropertyListSerialization.swift (9 KB) in 15 ms
/host/spi-builder-workspace/.build/plugins/outputs/skip-foundation/SkipFoundation/destination/skipstone/SkipFoundation/src/main/kotlin/skip/foundation/Thread.kt: note: SkipFoundation/src/main/kotlin/skip/foundation/Thread.kt (3 KB) transpilation saved from Thread.swift (2 KB) in 3 ms
/host/spi-builder-workspace/.build/plugins/outputs/skip-foundation/SkipFoundation/destination/skipstone/SkipFoundation/src/main/kotlin/skip/foundation/StringEncoding.kt: note: SkipFoundation/src/main/kotlin/skip/foundation/StringEncoding.kt (1 KB) transpilation saved from StringEncoding.swift (1 KB) in 2 ms
/host/spi-builder-workspace/.build/plugins/outputs/skip-foundation/SkipFoundation/destination/skipstone/SkipFoundation/src/main/kotlin/skip/foundation/RelativeDateTimeFormatter.kt: note: SkipFoundation/src/main/kotlin/skip/foundation/RelativeDateTimeFormatter.kt (11 KB) transpilation saved from RelativeDateTimeFormatter.swift (8 KB) in 12 ms
/host/spi-builder-workspace/.build/plugins/outputs/skip-foundation/SkipFoundation/destination/skipstone/SkipFoundation/src/main/kotlin/skip/foundation/DateComponents.kt: note: SkipFoundation/src/main/kotlin/skip/foundation/DateComponents.kt (38 KB) transpilation saved from DateComponents.swift (24 KB) in 51 ms
/host/spi-builder-workspace/.build/plugins/outputs/skip-foundation/SkipFoundation/destination/skipstone/SkipFoundation/src/main/kotlin/skip/foundation/ProcessInfo.kt: note: SkipFoundation/src/main/kotlin/skip/foundation/ProcessInfo.kt (27 KB) transpilation saved from ProcessInfo.swift (17 KB) in 32 ms
/host/spi-builder-workspace/.build/plugins/outputs/skip-foundation/SkipFoundation/destination/skipstone/SkipFoundation/src/main/kotlin/skip/foundation/StringLocalizationValue.kt: note: SkipFoundation/src/main/kotlin/skip/foundation/StringLocalizationValue.kt (5 KB) transpilation saved from StringLocalizationValue.swift (4 KB) in 11 ms
/host/spi-builder-workspace/.build/plugins/outputs/skip-foundation/SkipFoundation/destination/skipstone/SkipFoundation/src/main/kotlin/skip/foundation/Timer.kt: note: SkipFoundation/src/main/kotlin/skip/foundation/Timer.kt (7 KB) transpilation saved from Timer.swift (4 KB) in 13 ms
/host/spi-builder-workspace/.build/plugins/outputs/skip-foundation/SkipFoundation/destination/skipstone/SkipFoundation/src/main/kotlin/skip/foundation/URLRequest.kt: note: SkipFoundation/src/main/kotlin/skip/foundation/URLRequest.kt (14 KB) transpilation saved from URLRequest.swift (5 KB) in 9 ms
/host/spi-builder-workspace/.build/plugins/outputs/skip-foundation/SkipFoundation/destination/skipstone/SkipFoundation/src/main/kotlin/skip/foundation/TimeZone.kt: note: SkipFoundation/src/main/kotlin/skip/foundation/TimeZone.kt (9 KB) transpilation saved from TimeZone.swift (6 KB) in 19 ms
/host/spi-builder-workspace/.build/plugins/outputs/skip-foundation/SkipFoundation/destination/skipstone/SkipFoundation/src/main/kotlin/skip/foundation/URLSessionConfiguration.kt: note: SkipFoundation/src/main/kotlin/skip/foundation/URLSessionConfiguration.kt (8 KB) transpilation saved from URLSessionConfiguration.swift (3 KB) in 3 ms
/host/spi-builder-workspace/.build/plugins/outputs/skip-foundation/SkipFoundation/destination/skipstone/SkipFoundation/src/main/kotlin/skip/foundation/URLResponse.kt: note: SkipFoundation/src/main/kotlin/skip/foundation/URLResponse.kt (3 KB) transpilation saved from URLResponse.swift (2 KB) in 3 ms
/host/spi-builder-workspace/.build/plugins/outputs/skip-foundation/SkipFoundation/destination/skipstone/SkipFoundation/src/main/kotlin/skip/foundation/Unicode.kt: note: SkipFoundation/src/main/kotlin/skip/foundation/Unicode.kt (3 KB) transpilation saved from Unicode.swift (2 KB) in 2 ms
/host/spi-builder-workspace/.build/plugins/outputs/skip-foundation/SkipFoundation/destination/skipstone/SkipFoundation/src/main/kotlin/skip/foundation/NumberFormatter.kt: note: SkipFoundation/src/main/kotlin/skip/foundation/NumberFormatter.kt (19 KB) transpilation saved from NumberFormatter.swift (14 KB) in 59 ms
/host/spi-builder-workspace/.build/plugins/outputs/skip-foundation/SkipFoundation/destination/skipstone/SkipFoundation/src/main/kotlin/skip/foundation/URLComponents.kt: note: SkipFoundation/src/main/kotlin/skip/foundation/URLComponents.kt (15 KB) transpilation saved from URLComponents.swift (8 KB) in 13 ms
/host/spi-builder-workspace/.build/plugins/outputs/skip-foundation/SkipFoundation/destination/skipstone/SkipFoundation/src/main/kotlin/skip/foundation/UUID.kt: note: SkipFoundation/src/main/kotlin/skip/foundation/UUID.kt (4 KB) transpilation saved from UUID.swift (2 KB) in 5 ms
/host/spi-builder-workspace/.build/plugins/outputs/skip-foundation/SkipFoundation/destination/skipstone/SkipFoundation/src/main/kotlin/skip/foundation/UnitAngle.kt: note: SkipFoundation/src/main/kotlin/skip/foundation/UnitAngle.kt (2 KB) transpilation saved from UnitAngle.swift (867 bytes) in 1 ms
/host/spi-builder-workspace/.build/plugins/outputs/skip-foundation/SkipFoundation/destination/skipstone/SkipFoundation/src/main/kotlin/skip/foundation/UnitDispersion.kt: note: SkipFoundation/src/main/kotlin/skip/foundation/UnitDispersion.kt (722 bytes) transpilation saved from UnitDispersion.swift (317 bytes) in 0 ms
/host/spi-builder-workspace/.build/plugins/outputs/skip-foundation/SkipFoundation/destination/skipstone/SkipFoundation/src/main/kotlin/skip/foundation/UnitArea.kt: note: SkipFoundation/src/main/kotlin/skip/foundation/UnitArea.kt (3 KB) transpilation saved from UnitArea.swift (2 KB) in 2 ms
/host/spi-builder-workspace/.build/plugins/outputs/skip-foundation/SkipFoundation/destination/skipstone/SkipFoundation/src/main/kotlin/skip/foundation/UnitAcceleration.kt: note: SkipFoundation/src/main/kotlin/skip/foundation/UnitAcceleration.kt (945 bytes) transpilation saved from UnitAcceleration.swift (450 bytes) in 0 ms
/host/spi-builder-workspace/.build/plugins/outputs/skip-foundation/SkipFoundation/destination/skipstone/SkipFoundation/src/main/kotlin/skip/foundation/UnitDuration.kt: note: SkipFoundation/src/main/kotlin/skip/foundation/UnitDuration.kt (2 KB) transpilation saved from UnitDuration.swift (981 bytes) in 1 ms
/host/spi-builder-workspace/.build/plugins/outputs/skip-foundation/SkipFoundation/destination/skipstone/SkipFoundation/src/main/kotlin/skip/foundation/UnitElectricCharge.kt: note: SkipFoundation/src/main/kotlin/skip/foundation/UnitElectricCharge.kt (2 KB) transpilation saved from UnitElectricCharge.swift (937 bytes) in 1 ms
/host/spi-builder-workspace/.build/plugins/outputs/skip-foundation/SkipFoundation/destination/skipstone/SkipFoundation/src/main/kotlin/skip/foundation/UnitElectricCurrent.kt: note: SkipFoundation/src/main/kotlin/skip/foundation/UnitElectricCurrent.kt (2 KB) transpilation saved from UnitElectricCurrent.swift (802 bytes) in 1 ms
/host/spi-builder-workspace/.build/plugins/outputs/skip-foundation/SkipFoundation/destination/skipstone/SkipFoundation/src/main/kotlin/skip/foundation/UnitElectricPotentialDifference.kt: note: SkipFoundation/src/main/kotlin/skip/foundation/UnitElectricPotentialDifference.kt (2 KB) transpilation saved from UnitElectricPotentialDifference.swift (862 bytes) in 1 ms
/host/spi-builder-workspace/.build/plugins/outputs/skip-foundation/SkipFoundation/destination/skipstone/SkipFoundation/src/main/kotlin/skip/foundation/UnitElectricResistance.kt: note: SkipFoundation/src/main/kotlin/skip/foundation/UnitElectricResistance.kt (2 KB) transpilation saved from UnitElectricResistance.swift (807 bytes) in 1 ms
/host/spi-builder-workspace/.build/plugins/outputs/skip-foundation/SkipFoundation/destination/skipstone/SkipFoundation/src/main/kotlin/skip/foundation/UnitEnergy.kt: note: SkipFoundation/src/main/kotlin/skip/foundation/UnitEnergy.kt (1 KB) transpilation saved from UnitEnergy.swift (750 bytes) in 1 ms
/host/spi-builder-workspace/.build/plugins/outputs/skip-foundation/SkipFoundation/destination/skipstone/SkipFoundation/src/main/kotlin/skip/foundation/UnitFuelEfficiency.kt: note: SkipFoundation/src/main/kotlin/skip/foundation/UnitFuelEfficiency.kt (1 KB) transpilation saved from UnitFuelEfficiency.swift (611 bytes) in 1 ms
/host/spi-builder-workspace/.build/plugins/outputs/skip-foundation/SkipFoundation/destination/skipstone/SkipFoundation/src/main/kotlin/skip/foundation/Unit.kt: note: SkipFoundation/src/main/kotlin/skip/foundation/Unit.kt (6 KB) transpilation saved from Unit.swift (4 KB) in 12 ms
/host/spi-builder-workspace/.build/plugins/outputs/skip-foundation/SkipFoundation/destination/skipstone/SkipFoundation/src/main/kotlin/skip/foundation/UnitIlluminance.kt: note: SkipFoundation/src/main/kotlin/skip/foundation/UnitIlluminance.kt (677 bytes) transpilation saved from UnitIlluminance.swift (294 bytes) in 0 ms
/host/spi-builder-workspace/.build/plugins/outputs/skip-foundation/SkipFoundation/destination/skipstone/SkipFoundation/src/main/kotlin/skip/foundation/UnitFrequency.kt: note: SkipFoundation/src/main/kotlin/skip/foundation/UnitFrequency.kt (2 KB) transpilation saved from UnitFrequency.swift (1 KB) in 1 ms
/host/spi-builder-workspace/.build/plugins/outputs/skip-foundation/SkipFoundation/destination/skipstone/SkipFoundation/src/main/kotlin/skip/foundation/UnitConcentrationMass.kt: note: SkipFoundation/src/main/kotlin/skip/foundation/UnitConcentrationMass.kt (1 KB) transpilation saved from UnitConcentrationMass.swift (702 bytes) in 1 ms
/host/spi-builder-workspace/.build/plugins/outputs/skip-foundation/SkipFoundation/destination/skipstone/SkipFoundation/src/main/kotlin/skip/foundation/UnitLength.kt: note: SkipFoundation/src/main/kotlin/skip/foundation/UnitLength.kt (5 KB) transpilation saved from UnitLength.swift (3 KB) in 3 ms
/host/spi-builder-workspace/.build/plugins/outputs/skip-foundation/SkipFoundation/destination/skipstone/SkipFoundation/src/main/kotlin/skip/foundation/UnitMass.kt: note: SkipFoundation/src/main/kotlin/skip/foundation/UnitMass.kt (3 KB) transpilation saved from UnitMass.swift (2 KB) in 2 ms
/host/spi-builder-workspace/.build/plugins/outputs/skip-foundation/SkipFoundation/destination/skipstone/SkipFoundation/src/main/kotlin/skip/foundation/UnitSpeed.kt: note: SkipFoundation/src/main/kotlin/skip/foundation/UnitSpeed.kt (1 KB) transpilation saved from UnitSpeed.swift (655 bytes) in 1 ms
/host/spi-builder-workspace/.build/plugins/outputs/skip-foundation/SkipFoundation/destination/skipstone/SkipFoundation/src/main/kotlin/skip/foundation/UnitTemperature.kt: note: SkipFoundation/src/main/kotlin/skip/foundation/UnitTemperature.kt (1 KB) transpilation saved from UnitTemperature.swift (597 bytes) in 1 ms
/host/spi-builder-workspace/.build/plugins/outputs/skip-foundation/SkipFoundation/destination/skipstone/SkipFoundation/src/main/kotlin/skip/foundation/UnitPressure.kt: note: SkipFoundation/src/main/kotlin/skip/foundation/UnitPressure.kt (3 KB) transpilation saved from UnitPressure.swift (1 KB) in 5 ms
/host/spi-builder-workspace/.build/plugins/outputs/skip-foundation/SkipFoundation/destination/skipstone/SkipFoundation/src/main/kotlin/skip/foundation/XMLParser.kt: note: SkipFoundation/src/main/kotlin/skip/foundation/XMLParser.kt (773 bytes) transpilation saved from XMLParser.swift (205 bytes) in 0 ms
/host/spi-builder-workspace/.build/plugins/outputs/skip-foundation/SkipFoundation/destination/skipstone/SkipFoundation/src/main/kotlin/skip/foundation/UnitPower.kt: note: SkipFoundation/src/main/kotlin/skip/foundation/UnitPower.kt (2 KB) transpilation saved from UnitPower.swift (1 KB) in 5 ms
/host/spi-builder-workspace/.build/plugins/outputs/skip-foundation/SkipFoundation/destination/skipstone/SkipFoundation/src/main/kotlin/skip/foundation/JSONDecoder.kt: note: SkipFoundation/src/main/kotlin/skip/foundation/JSONDecoder.kt (43 KB) transpilation saved from JSONDecoder.swift (36 KB) in 113 ms
/host/spi-builder-workspace/.build/plugins/outputs/skip-foundation/SkipFoundation/destination/skipstone/SkipFoundation/src/main/kotlin/skip/foundation/UnitInformationStorage.kt: note: SkipFoundation/src/main/kotlin/skip/foundation/UnitInformationStorage.kt (8 KB) transpilation saved from UnitInformationStorage.swift (5 KB) in 9 ms
/host/spi-builder-workspace/.build/plugins/outputs/skip-foundation/SkipFoundation/destination/skipstone/SkipFoundation/src/main/kotlin/skip/foundation/String.kt: note: SkipFoundation/src/main/kotlin/skip/foundation/String.kt (11 KB) transpilation saved from String.swift (11 KB) in 42 ms
/host/spi-builder-workspace/.build/plugins/outputs/skip-foundation/SkipFoundation/destination/skipstone/SkipFoundation/src/main/kotlin/skip/foundation/JSONSerialization.kt: note: SkipFoundation/src/main/kotlin/skip/foundation/JSONSerialization.kt (46 KB) transpilation saved from JSONSerialization.swift (26 KB) in 109 ms
/host/spi-builder-workspace/.build/plugins/outputs/skip-foundation/SkipFoundation/destination/skipstone/SkipFoundation/src/main/kotlin/skip/foundation/UnitVolume.kt: note: SkipFoundation/src/main/kotlin/skip/foundation/UnitVolume.kt (7 KB) transpilation saved from UnitVolume.swift (4 KB) in 11 ms
/host/spi-builder-workspace/.build/plugins/outputs/skip-foundation/SkipFoundation/destination/skipstone/SkipFoundation/src/main/kotlin/skip/foundation/URL.kt: note: SkipFoundation/src/main/kotlin/skip/foundation/URL.kt (36 KB) transpilation saved from URL.swift (20 KB) in 35 ms
/host/spi-builder-workspace/.build/plugins/outputs/skip-foundation/SkipFoundation/destination/skipstone/SkipFoundation/src/main/kotlin/skip/foundation/UserDefaults.kt: note: SkipFoundation/src/main/kotlin/skip/foundation/UserDefaults.kt (29 KB) transpilation saved from UserDefaults.swift (15 KB) in 44 ms
/host/spi-builder-workspace/.build/plugins/outputs/skip-foundation/SkipFoundation/destination/skipstone/SkipFoundation/src/main/kotlin/skip/foundation/JSONEncoder.kt: note: SkipFoundation/src/main/kotlin/skip/foundation/JSONEncoder.kt (48 KB) transpilation saved from JSONEncoder.swift (42 KB) in 117 ms
/host/spi-builder-workspace/.build/plugins/outputs/skip-foundation/SkipFoundation/destination/skipstone/SkipFoundation/src/main/kotlin/skip/foundation/URLSession.kt: note: SkipFoundation/src/main/kotlin/skip/foundation/URLSession.kt (27 KB) transpilation saved from URLSession.swift (17 KB) in 54 ms
/host/spi-builder-workspace/.build/plugins/outputs/skip-foundation/SkipFoundation/destination/skipstone/SkipFoundation/src/main/kotlin/skip/foundation/URLSessionTask.kt: note: SkipFoundation/src/main/kotlin/skip/foundation/URLSessionTask.kt (42 KB) transpilation saved from URLSessionTask.swift (32 KB) in 64 ms
/host/spi-builder-workspace/.build/plugins/outputs/skip-foundation/SkipFoundation/destination/skipstone/SkipFoundation/src/main/kotlin/skip/foundation/NSError.kt: note: SkipFoundation/src/main/kotlin/skip/foundation/NSError.kt (49 KB) transpilation saved from NSError.swift (46 KB) in 90 ms
/host/spi-builder-workspace/.build/plugins/outputs/skip-foundation/SkipFoundation/destination/skipstone/SkipFoundation/src/main/kotlin/skip/foundation/Calendar.kt: note: SkipFoundation/src/main/kotlin/skip/foundation/Calendar.kt (146 KB) transpilation saved from Calendar.swift (31 KB) in 255 ms
/host/spi-builder-workspace/.build/checkouts/skip-foundation/Sources/SkipFoundation/Calendar_Enumerate.swift:20:1: warning: Unrecognized SKIP comment: SKIP NOWARN
extension Calendar {
^~~~~~~~~~~~~~~~~~~~
/host/spi-builder-workspace/.build/checkouts/skip-foundation/Sources/SkipFoundation/Calendar_Enumerate.swift:20:1: warning: This extension will be moved into its extended type definition when translated to Kotlin. It will not be able to access this file's private types or fileprivate members
/host/spi-builder-workspace/.build/checkouts/skip-foundation/Sources/SkipFoundation/Calendar_Enumerate.swift:48:1: warning: Unrecognized SKIP comment: SKIP NOWARN
extension Calendar {
^~~~~~~~~~~~~~~~~~~~
/host/spi-builder-workspace/.build/checkouts/skip-foundation/Sources/SkipFoundation/Calendar_Enumerate.swift:48:1: warning: This extension will be moved into its extended type definition when translated to Kotlin. It will not be able to access this file's private types or fileprivate members
/host/spi-builder-workspace/.build/checkouts/skip-foundation/Sources/SkipFoundation/Calendar_Enumerate.swift:156:1: warning: Unrecognized SKIP comment: SKIP NOWARN
extension Calendar {
^~~~~~~~~~~~~~~~~~~~
/host/spi-builder-workspace/.build/checkouts/skip-foundation/Sources/SkipFoundation/Calendar_Enumerate.swift:156:1: warning: This extension will be moved into its extended type definition when translated to Kotlin. It will not be able to access this file's private types or fileprivate members
/host/spi-builder-workspace/.build/checkouts/skip-foundation/Sources/SkipFoundation/Calendar_Enumerate.swift:1064:1: warning: Unrecognized SKIP comment: SKIP NOWARN
extension Calendar {
^~~~~~~~~~~~~~~~~~~~
/host/spi-builder-workspace/.build/checkouts/skip-foundation/Sources/SkipFoundation/Calendar_Enumerate.swift:1064:1: warning: This extension will be moved into its extended type definition when translated to Kotlin. It will not be able to access this file's private types or fileprivate members
/host/spi-builder-workspace/.build/checkouts/skip-foundation/Sources/SkipFoundation/Calendar_Enumerate.swift:1082:1: warning: Unrecognized SKIP comment: SKIP NOWARN
extension Calendar {
^~~~~~~~~~~~~~~~~~~~
/host/spi-builder-workspace/.build/checkouts/skip-foundation/Sources/SkipFoundation/Calendar_Enumerate.swift:1082:1: warning: This extension will be moved into its extended type definition when translated to Kotlin. It will not be able to access this file's private types or fileprivate members
/host/spi-builder-workspace/.build/checkouts/skip-foundation/Sources/SkipFoundation/Calendar_Enumerate.swift:1641:1: warning: Unrecognized SKIP comment: SKIP NOWARN
extension Calendar {
^~~~~~~~~~~~~~~~~~~~
/host/spi-builder-workspace/.build/checkouts/skip-foundation/Sources/SkipFoundation/Calendar_Enumerate.swift:1641:1: warning: This extension will be moved into its extended type definition when translated to Kotlin. It will not be able to access this file's private types or fileprivate members
/host/spi-builder-workspace/.build/plugins/outputs/skip-foundation/SkipFoundation/destination/skipstone/SkipFoundation/src/main/kotlin/skip/foundation/Calendar_Enumerate.kt: note: SkipFoundation/src/main/kotlin/skip/foundation/Calendar_Enumerate.kt (11 KB) transpilation saved from Calendar_Enumerate.swift (100 KB) in 87 ms
/host/spi-builder-workspace/.build/plugins/outputs/skip-foundation/SkipFoundation/destination/skipstone/SkipFoundation/src/main/kotlin/skip/foundation/PackageSupport.kt: note: SkipFoundation/src/main/kotlin/skip/foundation/PackageSupport.kt (476 bytes) transpilation saved from PackageSupport.swift (Zero KB) in 0 ms
/host/spi-builder-workspace/.build/plugins/outputs/skip-foundation/SkipFoundation/destination/skipstone/SkipFoundation.skipcode.json: note: SkipFoundation.skipcode.json (1.5 MB) codebase written
/host/spi-builder-workspace/.build/plugins/outputs/skip-foundation/SkipFoundation/destination/skipstone/gradle/wrapper/gradle-wrapper.properties: note: gradle/wrapper/gradle-wrapper.properties (80 bytes) gradle wrapper written
/host/spi-builder-workspace/.build/plugins/outputs/skip-foundation/SkipFoundation/destination/skipstone/SkipFoundation/proguard-rules.pro: note: SkipFoundation/proguard-rules.pro (356 bytes) proguard written
/host/spi-builder-workspace/.build/plugins/outputs/skip-foundation/SkipFoundation/destination/skipstone/SkipFoundation/build.gradle.kts: note: SkipFoundation/build.gradle.kts (3 KB) gradle project written
/host/spi-builder-workspace/.build/plugins/outputs/skip-foundation/SkipFoundation/destination/skipstone/gradle.properties: note: gradle.properties (79 bytes) gradle config written
/host/spi-builder-workspace/.build/plugins/outputs/skip-foundation/SkipFoundation/destination/skipstone/settings.gradle.kts: note: settings.gradle.kts (3 KB) gradle settings written
/host/spi-builder-workspace/.build/plugins/outputs/skip-foundation/SkipFoundation/destination/skipstone/.SkipFoundation.sourcehash: note: .SkipFoundation.sourcehash (8 KB) sourcehash written
[87/120] Skip SkipFoundation
[88/120] Copying .SkipFoundation.sourcehash
[90/194] Compiling SkipFoundation UnitDuration.swift
[91/194] Compiling SkipFoundation UnitElectricCharge.swift
[92/194] Compiling SkipFoundation UnitElectricCurrent.swift
[93/194] Compiling SkipFoundation UnitElectricPotentialDifference.swift
[94/194] Compiling SkipFoundation UnitElectricResistance.swift
[95/194] Compiling SkipFoundation UnitEnergy.swift
[96/194] Compiling SkipFoundation UnitFrequency.swift
[97/194] Compiling SkipFoundation UnitFuelEfficiency.swift
[98/194] Compiling SkipFoundation UnitIlluminance.swift
[99/194] Compiling SkipFoundation UnitInformationStorage.swift
[100/204] Compiling SkipFoundation URLSessionConfiguration.swift
[101/204] Compiling SkipFoundation URLSessionTask.swift
[102/204] Compiling SkipFoundation UUID.swift
[103/204] Compiling SkipFoundation Unicode.swift
[104/204] Compiling SkipFoundation Unit.swift
[105/204] Compiling SkipFoundation UnitAcceleration.swift
[106/204] Compiling SkipFoundation UnitAngle.swift
[107/204] Compiling SkipFoundation UnitArea.swift
[108/204] Compiling SkipFoundation UnitConcentrationMass.swift
[109/204] Compiling SkipFoundation UnitDispersion.swift
[110/204] Emitting module SkipFoundation
[111/204] Compiling SkipFoundation DateInterval.swift
[112/204] Compiling SkipFoundation DateIntervalFormatter.swift
[113/204] Compiling SkipFoundation Digest.swift
[114/204] Compiling SkipFoundation Dispatch.swift
[115/204] Compiling SkipFoundation FileManager.swift
[116/204] Compiling SkipFoundation Formatter.swift
[117/204] Compiling SkipFoundation HTTPURLResponse.swift
[118/204] Compiling SkipFoundation ISO8601DateFormatter.swift
[119/204] Compiling SkipFoundation IndexPath.swift
[120/204] Compiling SkipFoundation IndexSet.swift
[121/204] Compiling SkipFoundation JSONDecoder.swift
[122/204] Compiling SkipFoundation StringEncoding.swift
[123/204] Compiling SkipFoundation StringLocalizationValue.swift
[124/204] Compiling SkipFoundation Thread.swift
[125/204] Compiling SkipFoundation TimeZone.swift
[126/204] Compiling SkipFoundation Timer.swift
[127/204] Compiling SkipFoundation URL.swift
[128/204] Compiling SkipFoundation URLComponents.swift
[129/204] Compiling SkipFoundation URLRequest.swift
[130/204] Compiling SkipFoundation URLResponse.swift
[131/204] Compiling SkipFoundation URLSession.swift
[132/204] Compiling SkipFoundation AttributedString.swift
[133/204] Compiling SkipFoundation Bundle.swift
[134/204] Compiling SkipFoundation Calendar.swift
[135/204] Compiling SkipFoundation Calendar_Enumerate.swift
[136/204] Compiling SkipFoundation CharacterSet.swift
[137/204] Compiling SkipFoundation ComparisonResult.swift
[138/204] Compiling SkipFoundation Data.swift
[139/204] Compiling SkipFoundation Date.swift
[140/204] Compiling SkipFoundation DateComponents.swift
[141/204] Compiling SkipFoundation DateComponentsFormatter.swift
[142/204] Compiling SkipFoundation DateFormatter.swift
[143/204] Compiling SkipFoundation JSONEncoder.swift
[144/204] Compiling SkipFoundation JSONSerialization+Parser.swift
[145/204] Compiling SkipFoundation JSONSerialization.swift
[146/204] Compiling SkipFoundation Locale.swift
[147/204] Compiling SkipFoundation LocalizedStringResource.swift
[148/204] Compiling SkipFoundation Logger.swift
[149/204] Compiling SkipFoundation MarkdownNode.swift
[150/204] Compiling SkipFoundation Measurement.swift
[151/204] Compiling SkipFoundation NSError.swift
[152/204] Compiling SkipFoundation NSLock.swift
[153/204] Compiling SkipFoundation NotificationCenter.swift
[154/204] Compiling SkipFoundation Number.swift
[155/204] Compiling SkipFoundation NumberFormatter.swift
[156/204] Compiling SkipFoundation OSAllocatedUnfairLock.swift
[157/204] Compiling SkipFoundation OperationQueue.swift
[158/204] Compiling SkipFoundation ProcessInfo.swift
[159/204] Compiling SkipFoundation PropertyListSerialization.swift
[160/204] Compiling SkipFoundation RelativeDateTimeFormatter.swift
[161/204] Compiling SkipFoundation Scanner.swift
[162/204] Compiling SkipFoundation SkipFoundation.swift
[163/204] Compiling SkipFoundation String.swift
[164/204] Compiling SkipFoundation UnitLength.swift
[165/204] Compiling SkipFoundation UnitMass.swift
[166/204] Compiling SkipFoundation UnitPower.swift
[167/204] Compiling SkipFoundation UnitPressure.swift
[168/204] Compiling SkipFoundation UnitSpeed.swift
[169/204] Compiling SkipFoundation UnitTemperature.swift
[170/204] Compiling SkipFoundation UnitVolume.swift
[171/204] Compiling SkipFoundation UserDefaults.swift
[172/204] Compiling SkipFoundation XMLParser.swift
[173/204] Compiling SkipFoundation resource_bundle_accessor.swift
[174/205] Wrapping AST for SkipFoundation for debugging
note: Skip 1.9.12: skipstone plugin to: /host/spi-builder-workspace/.build/plugins/outputs/spi-builder-workspace/SkipBridgeToSwiftSamplesHelpers/destination/skipstone/SkipBridgeToSwiftSamplesHelpers/src/main at 13:21:36
/host/spi-builder-workspace/Sources/SkipBridgeToSwiftSamplesHelpers/Skip/skip.yml: note: loading skip.yml from /host/spi-builder-workspace/Sources/SkipBridgeToSwiftSamplesHelpers/Skip/skip.yml
/host/spi-builder-workspace/Sources/SkipBridge/Skip/skip.yml: note: SkipBridge skip.yml config loaded (178 ms)
/host/spi-builder-workspace/.build/checkouts/skip-lib/Sources/SkipLib/Skip/skip.yml: note: SkipLib skip.yml config loaded (8 ms)
/host/spi-builder-workspace/.build/checkouts/skip-unit/Sources/SkipUnit/Skip/skip.yml: note: SkipUnit skip.yml config loaded (129 ms)
/host/spi-builder-workspace/.build/checkouts/skip-foundation/Sources/SkipFoundation/Skip/skip.yml: note: SkipFoundation skip.yml config loaded (4 ms)
note: skip.yml aggregate created (326 ms) for modules: ["SkipBridgeToSwiftSamplesHelpers", "SkipBridge", "SkipLib", "SkipUnit", "SkipFoundation"]
/host/spi-builder-workspace/.build/plugins/outputs/spi-builder-workspace/SkipBridge/destination/skipstone/SkipBridge.skipcode.json: note: SkipBridge.skipcode.json codebase (63 KB) loaded (11 ms) for SkipBridge
/host/spi-builder-workspace/.build/plugins/outputs/skip-lib/SkipLib/destination/skipstone/SkipLib.skipcode.json: note: SkipLib.skipcode.json codebase (717 KB) loaded (156 ms) for SkipLib
/host/spi-builder-workspace/.build/plugins/outputs/skip-unit/SkipUnit/destination/skipstone/SkipUnit.skipcode.json: note: SkipUnit.skipcode.json codebase (24 KB) loaded (12 ms) for SkipUnit
/host/spi-builder-workspace/.build/plugins/outputs/skip-foundation/SkipFoundation/destination/skipstone/SkipFoundation.skipcode.json: note: SkipFoundation.skipcode.json codebase (1.5 MB) loaded (244 ms) for SkipFoundation
/host/spi-builder-workspace/.build/plugins/outputs/spi-builder-workspace/SkipBridgeToSwiftSamplesHelpers/destination/skipstone/SkipBridgeToSwiftSamplesHelpers/src/main/kotlin/skip/bridge/to/swift/samples/helpers/Helpers.kt: note: SkipBridgeToSwiftSamplesHelpers/src/main/kotlin/skip/bridge/to/swift/samples/helpers/Helpers.kt (5 KB) transpilation saved from Helpers.swift (891 bytes) in 3 ms
/host/spi-builder-workspace/.build/plugins/outputs/spi-builder-workspace/SkipBridgeToSwiftSamplesHelpers/destination/skipstone/SkipBridgeToSwiftSamplesHelpers.skipcode.json: note: SkipBridgeToSwiftSamplesHelpers.skipcode.json (7 KB) codebase written
/host/spi-builder-workspace/.build/plugins/outputs/spi-builder-workspace/SkipBridgeToSwiftSamplesHelpers/destination/skipstone/SkipBridgeToSwiftSamplesHelpers/src/main/swift/Package.swift: note: SkipBridgeToSwiftSamplesHelpers/src/main/swift/Package.swift (5 KB) skippackage written
/host/spi-builder-workspace/.build/plugins/outputs/spi-builder-workspace/SkipBridgeToSwiftSamplesHelpers/destination/skipstone/gradle/wrapper/gradle-wrapper.properties: note: gradle/wrapper/gradle-wrapper.properties (80 bytes) gradle wrapper written
/host/spi-builder-workspace/.build/plugins/outputs/spi-builder-workspace/SkipBridgeToSwiftSamplesHelpers/destination/skipstone/SkipBridgeToSwiftSamplesHelpers/proguard-rules.pro: note: SkipBridgeToSwiftSamplesHelpers/proguard-rules.pro (377 bytes) proguard written
/host/spi-builder-workspace/.build/plugins/outputs/spi-builder-workspace/SkipBridgeToSwiftSamplesHelpers/destination/skipstone/SkipBridgeToSwiftSamplesHelpers/build.gradle.kts: note: SkipBridgeToSwiftSamplesHelpers/build.gradle.kts (7 KB) gradle project written
/host/spi-builder-workspace/.build/plugins/outputs/spi-builder-workspace/SkipBridgeToSwiftSamplesHelpers/destination/skipstone/gradle.properties: note: gradle.properties (79 bytes) gradle config written
/host/spi-builder-workspace/.build/plugins/outputs/spi-builder-workspace/SkipBridgeToSwiftSamplesHelpers/destination/skipstone/settings.gradle.kts: note: settings.gradle.kts (4 KB) gradle settings written
/host/spi-builder-workspace/.build/plugins/outputs/spi-builder-workspace/SkipBridgeToSwiftSamplesHelpers/destination/skipstone/.SkipBridgeToSwiftSamplesHelpers.sourcehash: note: .SkipBridgeToSwiftSamplesHelpers.sourcehash (205 bytes) sourcehash written
[175/205] Skip SkipBridgeToSwiftSamplesHelpers
[176/205] Copying .SkipBridgeToSwiftSamplesHelpers.sourcehash
note: Skip 1.9.12: skipstone plugin to: /host/spi-builder-workspace/.build/plugins/outputs/spi-builder-workspace/SkipBridgeToKotlinCompatSamples/destination/skipstone/SkipBridgeToKotlinCompatSamples/src/main at 13:21:36
/host/spi-builder-workspace/Sources/SkipBridgeToKotlinCompatSamples/Skip/skip.yml: note: loading skip.yml from /host/spi-builder-workspace/Sources/SkipBridgeToKotlinCompatSamples/Skip/skip.yml
/host/spi-builder-workspace/Sources/SkipBridge/Skip/skip.yml: note: SkipBridge skip.yml config loaded (103 ms)
/host/spi-builder-workspace/.build/checkouts/skip-lib/Sources/SkipLib/Skip/skip.yml: note: SkipLib skip.yml config loaded (4 ms)
/host/spi-builder-workspace/.build/checkouts/skip-unit/Sources/SkipUnit/Skip/skip.yml: note: SkipUnit skip.yml config loaded (165 ms)
/host/spi-builder-workspace/.build/checkouts/skip-foundation/Sources/SkipFoundation/Skip/skip.yml: note: SkipFoundation skip.yml config loaded (7 ms)
note: skip.yml aggregate created (291 ms) for modules: ["SkipBridgeToKotlinCompatSamples", "SkipBridge", "SkipLib", "SkipUnit", "SkipFoundation"]
/host/spi-builder-workspace/.build/plugins/outputs/spi-builder-workspace/SkipBridge/destination/skipstone/SkipBridge.skipcode.json: note: SkipBridge.skipcode.json codebase (63 KB) loaded (30 ms) for SkipBridge
/host/spi-builder-workspace/.build/plugins/outputs/skip-lib/SkipLib/destination/skipstone/SkipLib.skipcode.json: note: SkipLib.skipcode.json codebase (717 KB) loaded (162 ms) for SkipLib
/host/spi-builder-workspace/.build/plugins/outputs/skip-unit/SkipUnit/destination/skipstone/SkipUnit.skipcode.json: note: SkipUnit.skipcode.json codebase (24 KB) loaded (9 ms) for SkipUnit
/host/spi-builder-workspace/.build/plugins/outputs/skip-foundation/SkipFoundation/destination/skipstone/SkipFoundation.skipcode.json: note: SkipFoundation.skipcode.json codebase (1.5 MB) loaded (318 ms) for SkipFoundation
/host/spi-builder-workspace/.build/plugins/outputs/spi-builder-workspace/SkipBridgeToKotlinCompatSamples/destination/skipstone/SkipBridgeToKotlinCompatSamples/src/main/kotlin/skip/bridge/to/kotlin/compat/samples/Samples.kt: note: SkipBridgeToKotlinCompatSamples/src/main/kotlin/skip/bridge/to/kotlin/compat/samples/Samples.kt (14 KB) transpilation saved from Samples.swift (3 KB) in 24 ms
/host/spi-builder-workspace/.build/plugins/outputs/spi-builder-workspace/SkipBridgeToKotlinCompatSamples/destination/skipstone/SkipBridgeToKotlinCompatSamples.skipcode.json: note: SkipBridgeToKotlinCompatSamples.skipcode.json (18 KB) codebase written
/host/spi-builder-workspace/.build/plugins/outputs/spi-builder-workspace/SkipBridgeToKotlinCompatSamples/destination/skipstone/SkipBridgeToKotlinCompatSamples/src/main/swift/Package.swift: note: SkipBridgeToKotlinCompatSamples/src/main/swift/Package.swift (5 KB) skippackage written
/host/spi-builder-workspace/.build/plugins/outputs/spi-builder-workspace/SkipBridgeToKotlinCompatSamples/destination/skipstone/gradle/wrapper/gradle-wrapper.properties: note: gradle/wrapper/gradle-wrapper.properties (80 bytes) gradle wrapper written
/host/spi-builder-workspace/.build/plugins/outputs/spi-builder-workspace/SkipBridgeToKotlinCompatSamples/destination/skipstone/SkipBridgeToKotlinCompatSamples/proguard-rules.pro: note: SkipBridgeToKotlinCompatSamples/proguard-rules.pro (377 bytes) proguard written
/host/spi-builder-workspace/.build/plugins/outputs/spi-builder-workspace/SkipBridgeToKotlinCompatSamples/destination/skipstone/SkipBridgeToKotlinCompatSamples/build.gradle.kts: note: SkipBridgeToKotlinCompatSamples/build.gradle.kts (7 KB) gradle project written
/host/spi-builder-workspace/.build/plugins/outputs/spi-builder-workspace/SkipBridgeToKotlinCompatSamples/destination/skipstone/gradle.properties: note: gradle.properties (79 bytes) gradle config written
/host/spi-builder-workspace/.build/plugins/outputs/spi-builder-workspace/SkipBridgeToKotlinCompatSamples/destination/skipstone/settings.gradle.kts: note: settings.gradle.kts (4 KB) gradle settings written
/host/spi-builder-workspace/.build/plugins/outputs/spi-builder-workspace/SkipBridgeToKotlinCompatSamples/destination/skipstone/.SkipBridgeToKotlinCompatSamples.sourcehash: note: .SkipBridgeToKotlinCompatSamples.sourcehash (205 bytes) sourcehash written
[177/208] Skip SkipBridgeToKotlinCompatSamples
[178/208] Copying .SkipBridgeToKotlinCompatSamples.sourcehash
note: Skip 1.9.12: skipstone plugin to: /host/spi-builder-workspace/.build/plugins/outputs/spi-builder-workspace/SkipBridgeToKotlinSamplesHelpers/destination/skipstone/SkipBridgeToKotlinSamplesHelpers/src/main at 13:21:36
/host/spi-builder-workspace/Sources/SkipBridgeToKotlinSamplesHelpers/Skip/skip.yml: note: loading skip.yml from /host/spi-builder-workspace/Sources/SkipBridgeToKotlinSamplesHelpers/Skip/skip.yml
/host/spi-builder-workspace/Sources/SkipBridge/Skip/skip.yml: note: SkipBridge skip.yml config loaded (139 ms)
/host/spi-builder-workspace/.build/checkouts/skip-lib/Sources/SkipLib/Skip/skip.yml: note: SkipLib skip.yml config loaded (6 ms)
/host/spi-builder-workspace/.build/checkouts/skip-unit/Sources/SkipUnit/Skip/skip.yml: note: SkipUnit skip.yml config loaded (288 ms)
/host/spi-builder-workspace/.build/checkouts/skip-foundation/Sources/SkipFoundation/Skip/skip.yml: note: SkipFoundation skip.yml config loaded (5 ms)
note: skip.yml aggregate created (452 ms) for modules: ["SkipBridgeToKotlinSamplesHelpers", "SkipBridge", "SkipLib", "SkipUnit", "SkipFoundation"]
/host/spi-builder-workspace/.build/plugins/outputs/spi-builder-workspace/SkipBridge/destination/skipstone/SkipBridge.skipcode.json: note: SkipBridge.skipcode.json codebase (63 KB) loaded (12 ms) for SkipBridge
/host/spi-builder-workspace/.build/plugins/outputs/skip-lib/SkipLib/destination/skipstone/SkipLib.skipcode.json: note: SkipLib.skipcode.json codebase (717 KB) loaded (149 ms) for SkipLib
/host/spi-builder-workspace/.build/plugins/outputs/skip-unit/SkipUnit/destination/skipstone/SkipUnit.skipcode.json: note: SkipUnit.skipcode.json codebase (24 KB) loaded (3 ms) for SkipUnit
/host/spi-builder-workspace/.build/plugins/outputs/skip-foundation/SkipFoundation/destination/skipstone/SkipFoundation.skipcode.json: note: SkipFoundation.skipcode.json codebase (1.5 MB) loaded (288 ms) for SkipFoundation
/host/spi-builder-workspace/.build/plugins/outputs/spi-builder-workspace/SkipBridgeToKotlinSamplesHelpers/destination/skipstone/SkipBridgeToKotlinSamplesHelpers/src/main/kotlin/skip/bridge/to/kotlin/samples/helpers/Helpers.kt: note: SkipBridgeToKotlinSamplesHelpers/src/main/kotlin/skip/bridge/to/kotlin/samples/helpers/Helpers.kt (2 KB) transpilation saved from Helpers.swift (863 bytes) in 13 ms
/host/spi-builder-workspace/.build/plugins/outputs/spi-builder-workspace/SkipBridgeToKotlinSamplesHelpers/destination/skipstone/SkipBridgeToKotlinSamplesHelpers.skipcode.json: note: SkipBridgeToKotlinSamplesHelpers.skipcode.json (6 KB) codebase written
/host/spi-builder-workspace/.build/plugins/outputs/spi-builder-workspace/SkipBridgeToKotlinSamplesHelpers/destination/skipstone/SkipBridgeToKotlinSamplesHelpers/src/main/swift/Package.swift: note: SkipBridgeToKotlinSamplesHelpers/src/main/swift/Package.swift (5 KB) skippackage written
/host/spi-builder-workspace/.build/plugins/outputs/spi-builder-workspace/SkipBridgeToKotlinSamplesHelpers/destination/skipstone/gradle/wrapper/gradle-wrapper.properties: note: gradle/wrapper/gradle-wrapper.properties (80 bytes) gradle wrapper written
/host/spi-builder-workspace/.build/plugins/outputs/spi-builder-workspace/SkipBridgeToKotlinSamplesHelpers/destination/skipstone/SkipBridgeToKotlinSamplesHelpers/proguard-rules.pro: note: SkipBridgeToKotlinSamplesHelpers/proguard-rules.pro (378 bytes) proguard written
/host/spi-builder-workspace/.build/plugins/outputs/spi-builder-workspace/SkipBridgeToKotlinSamplesHelpers/destination/skipstone/SkipBridgeToKotlinSamplesHelpers/build.gradle.kts: note: SkipBridgeToKotlinSamplesHelpers/build.gradle.kts (7 KB) gradle project written
/host/spi-builder-workspace/.build/plugins/outputs/spi-builder-workspace/SkipBridgeToKotlinSamplesHelpers/destination/skipstone/gradle.properties: note: gradle.properties (79 bytes) gradle config written
/host/spi-builder-workspace/.build/plugins/outputs/spi-builder-workspace/SkipBridgeToKotlinSamplesHelpers/destination/skipstone/settings.gradle.kts: note: settings.gradle.kts (4 KB) gradle settings written
/host/spi-builder-workspace/.build/plugins/outputs/spi-builder-workspace/SkipBridgeToKotlinSamplesHelpers/destination/skipstone/.SkipBridgeToKotlinSamplesHelpers.sourcehash: note: .SkipBridgeToKotlinSamplesHelpers.sourcehash (205 bytes) sourcehash written
[179/208] Skip SkipBridgeToKotlinSamplesHelpers
[180/208] Copying .SkipBridgeToKotlinSamplesHelpers.sourcehash
[182/208] Compiling SkipBridgeToSwiftSamplesHelpers resource_bundle_accessor.swift
[183/214] Emitting module SkipBridgeToSwiftSamplesHelpers
[184/214] Compiling SkipBridgeToSwiftSamplesHelpers Helpers.swift
[185/215] Wrapping AST for SkipBridgeToSwiftSamplesHelpers for debugging
[186/215] Write Objects.LinkFileList
[188/215] Emitting module SkipBridgeToKotlinSamplesHelpers
[189/215] Compiling SkipBridgeToKotlinSamplesHelpers Helpers.swift
[190/215] Compiling SkipBridgeToKotlinSamplesHelpers resource_bundle_accessor.swift
[192/216] Compiling SkipBridgeToKotlinCompatSamples Samples.swift
[193/216] Compiling SkipBridgeToKotlinCompatSamples resource_bundle_accessor.swift
[194/216] Emitting module SkipBridgeToKotlinCompatSamples
[194/217] Wrapping AST for SkipBridgeToKotlinSamplesHelpers for debugging
[195/217] Write Objects.LinkFileList
[197/217] Linking libSkipBridgeToSwiftSamplesHelpers.so
[198/217] Wrapping AST for SkipBridgeToKotlinCompatSamples for debugging
[199/217] Write Objects.LinkFileList
[200/217] Linking libSkipBridgeToKotlinSamplesHelpers.so
[201/217] Linking libSkipBridgeToKotlinCompatSamples.so
note: Skip 1.9.12: skipstone plugin to: /host/spi-builder-workspace/.build/plugins/outputs/spi-builder-workspace/SkipBridgeToKotlinSamples/destination/skipstone/SkipBridgeToKotlinSamples/src/main at 13:21:37
/host/spi-builder-workspace/Sources/SkipBridgeToKotlinSamples/Skip/skip.yml: note: loading skip.yml from /host/spi-builder-workspace/Sources/SkipBridgeToKotlinSamples/Skip/skip.yml
/host/spi-builder-workspace/Sources/SkipBridgeToKotlinSamplesHelpers/Skip/skip.yml: note: SkipBridgeToKotlinSamplesHelpers skip.yml config loaded (0 ms)
/host/spi-builder-workspace/Sources/SkipBridge/Skip/skip.yml: note: SkipBridge skip.yml config loaded (222 ms)
/host/spi-builder-workspace/.build/checkouts/skip-lib/Sources/SkipLib/Skip/skip.yml: note: SkipLib skip.yml config loaded (4 ms)
/host/spi-builder-workspace/.build/checkouts/skip-unit/Sources/SkipUnit/Skip/skip.yml: note: SkipUnit skip.yml config loaded (197 ms)
/host/spi-builder-workspace/.build/checkouts/skip-foundation/Sources/SkipFoundation/Skip/skip.yml: note: SkipFoundation skip.yml config loaded (10 ms)
note: skip.yml aggregate created (465 ms) for modules: ["SkipBridgeToKotlinSamples", "SkipBridgeToKotlinSamplesHelpers", "SkipBridge", "SkipLib", "SkipUnit", "SkipFoundation"]
/host/spi-builder-workspace/.build/plugins/outputs/spi-builder-workspace/SkipBridgeToKotlinSamplesHelpers/destination/skipstone/SkipBridgeToKotlinSamplesHelpers.skipcode.json: note: SkipBridgeToKotlinSamplesHelpers.skipcode.json codebase (6 KB) loaded (10 ms) for SkipBridgeToKotlinSamplesHelpers
/host/spi-builder-workspace/.build/plugins/outputs/spi-builder-workspace/SkipBridge/destination/skipstone/SkipBridge.skipcode.json: note: SkipBridge.skipcode.json codebase (63 KB) loaded (42 ms) for SkipBridge
/host/spi-builder-workspace/.build/plugins/outputs/skip-lib/SkipLib/destination/skipstone/SkipLib.skipcode.json: note: SkipLib.skipcode.json codebase (717 KB) loaded (198 ms) for SkipLib
/host/spi-builder-workspace/.build/plugins/outputs/skip-unit/SkipUnit/destination/skipstone/SkipUnit.skipcode.json: note: SkipUnit.skipcode.json codebase (24 KB) loaded (12 ms) for SkipUnit
/host/spi-builder-workspace/.build/plugins/outputs/skip-foundation/SkipFoundation/destination/skipstone/SkipFoundation.skipcode.json: note: SkipFoundation.skipcode.json codebase (1.5 MB) loaded (345 ms) for SkipFoundation
/host/spi-builder-workspace/.build/plugins/outputs/spi-builder-workspace/SkipBridgeToKotlinSamples/destination/skipstone/SkipBridgeToKotlinSamples/src/main/kotlin/skip/bridge/to/kotlin/samples/TestsSupport.kt: note: SkipBridgeToKotlinSamples/src/main/kotlin/skip/bridge/to/kotlin/samples/TestsSupport.kt (3 KB) transpilation saved from TestsSupport.swift (4 KB) in 2 ms
/host/spi-builder-workspace/.build/plugins/outputs/spi-builder-workspace/SkipBridgeToKotlinSamples/destination/skipstone/SkipBridgeToKotlinSamples/src/main/kotlin/skip/bridge/to/kotlin/samples/Samples.kt: note: SkipBridgeToKotlinSamples/src/main/kotlin/skip/bridge/to/kotlin/samples/Samples.kt (61 KB) transpilation saved from Samples.swift (15 KB) in 24 ms
/host/spi-builder-workspace/.build/plugins/outputs/spi-builder-workspace/SkipBridgeToKotlinSamples/destination/skipstone/SkipBridgeToKotlinSamples.skipcode.json: note: SkipBridgeToKotlinSamples.skipcode.json (91 KB) codebase written
/host/spi-builder-workspace/.build/plugins/outputs/spi-builder-workspace/SkipBridgeToKotlinSamples/destination/skipstone/SkipBridgeToKotlinSamples/src/main/swift/Package.swift: note: SkipBridgeToKotlinSamples/src/main/swift/Package.swift (5 KB) skippackage written
/host/spi-builder-workspace/.build/plugins/outputs/spi-builder-workspace/SkipBridgeToKotlinSamples/destination/skipstone/gradle/wrapper/gradle-wrapper.properties: note: gradle/wrapper/gradle-wrapper.properties (80 bytes) gradle wrapper written
/host/spi-builder-workspace/.build/plugins/outputs/spi-builder-workspace/SkipBridgeToKotlinSamples/destination/skipstone/SkipBridgeToKotlinSamples/proguard-rules.pro: note: SkipBridgeToKotlinSamples/proguard-rules.pro (370 bytes) proguard written
/host/spi-builder-workspace/.build/plugins/outputs/spi-builder-workspace/SkipBridgeToKotlinSamples/destination/skipstone/SkipBridgeToKotlinSamples/build.gradle.kts: note: SkipBridgeToKotlinSamples/build.gradle.kts (7 KB) gradle project written
/host/spi-builder-workspace/.build/plugins/outputs/spi-builder-workspace/SkipBridgeToKotlinSamples/destination/skipstone/gradle.properties: note: gradle.properties (79 bytes) gradle config written
/host/spi-builder-workspace/.build/plugins/outputs/spi-builder-workspace/SkipBridgeToKotlinSamples/destination/skipstone/settings.gradle.kts: note: settings.gradle.kts (4 KB) gradle settings written
/host/spi-builder-workspace/.build/plugins/outputs/spi-builder-workspace/SkipBridgeToKotlinSamples/destination/skipstone/.SkipBridgeToKotlinSamples.sourcehash: note: .SkipBridgeToKotlinSamples.sourcehash (293 bytes) sourcehash written
[202/217] Skip SkipBridgeToKotlinSamples
[203/217] Copying .SkipBridgeToKotlinSamples.sourcehash
note: Skip 1.9.12: skipstone plugin to: /host/spi-builder-workspace/.build/plugins/outputs/spi-builder-workspace/SkipBridgeToSwiftSamples/destination/skipstone/SkipBridgeToSwiftSamples/src/main at 13:21:37
/host/spi-builder-workspace/Sources/SkipBridgeToSwiftSamples/Skip/skip.yml: note: loading skip.yml from /host/spi-builder-workspace/Sources/SkipBridgeToSwiftSamples/Skip/skip.yml
/host/spi-builder-workspace/Sources/SkipBridgeToSwiftSamplesHelpers/Skip/skip.yml: note: SkipBridgeToSwiftSamplesHelpers skip.yml config loaded (0 ms)
/host/spi-builder-workspace/Sources/SkipBridge/Skip/skip.yml: note: SkipBridge skip.yml config loaded (344 ms)
/host/spi-builder-workspace/.build/checkouts/skip-lib/Sources/SkipLib/Skip/skip.yml: note: SkipLib skip.yml config loaded (22 ms)
/host/spi-builder-workspace/.build/checkouts/skip-unit/Sources/SkipUnit/Skip/skip.yml: note: SkipUnit skip.yml config loaded (387 ms)
/host/spi-builder-workspace/.build/checkouts/skip-foundation/Sources/SkipFoundation/Skip/skip.yml: note: SkipFoundation skip.yml config loaded (12 ms)
note: skip.yml aggregate created (781 ms) for modules: ["SkipBridgeToSwiftSamples", "SkipBridgeToSwiftSamplesHelpers", "SkipBridge", "SkipLib", "SkipUnit", "SkipFoundation"]
/host/spi-builder-workspace/.build/plugins/outputs/spi-builder-workspace/SkipBridgeToSwiftSamplesHelpers/destination/skipstone/SkipBridgeToSwiftSamplesHelpers.skipcode.json: note: SkipBridgeToSwiftSamplesHelpers.skipcode.json codebase (7 KB) loaded (1 ms) for SkipBridgeToSwiftSamplesHelpers
/host/spi-builder-workspace/.build/plugins/outputs/spi-builder-workspace/SkipBridge/destination/skipstone/SkipBridge.skipcode.json: note: SkipBridge.skipcode.json codebase (63 KB) loaded (29 ms) for SkipBridge
/host/spi-builder-workspace/.build/plugins/outputs/skip-lib/SkipLib/destination/skipstone/SkipLib.skipcode.json: note: SkipLib.skipcode.json codebase (717 KB) loaded (288 ms) for SkipLib
/host/spi-builder-workspace/.build/plugins/outputs/skip-unit/SkipUnit/destination/skipstone/SkipUnit.skipcode.json: note: SkipUnit.skipcode.json codebase (24 KB) loaded (3 ms) for SkipUnit
/host/spi-builder-workspace/.build/plugins/outputs/skip-foundation/SkipFoundation/destination/skipstone/SkipFoundation.skipcode.json: note: SkipFoundation.skipcode.json codebase (1.5 MB) loaded (285 ms) for SkipFoundation
/host/spi-builder-workspace/Sources/SkipBridgeToSwiftSamples/Samples.swift:65:32: warning: Skip is unable to disambiguate this function call. Consider differentiating your functions with unique parameter labels
/host/spi-builder-workspace/.build/plugins/outputs/spi-builder-workspace/SkipBridgeToSwiftSamples/destination/skipstone/SkipBridgeToSwiftSamples/src/main/kotlin/skip/bridge/to/swift/samples/Samples.kt: note: SkipBridgeToSwiftSamples/src/main/kotlin/skip/bridge/to/swift/samples/Samples.kt (25 KB) transpilation saved from Samples.swift (14 KB) in 26 ms
/host/spi-builder-workspace/.build/plugins/outputs/spi-builder-workspace/SkipBridgeToSwiftSamples/destination/skipstone/SkipBridgeToSwiftSamples.skipcode.json: note: SkipBridgeToSwiftSamples.skipcode.json (77 KB) codebase written
/host/spi-builder-workspace/.build/plugins/outputs/spi-builder-workspace/SkipBridgeToSwiftSamples/destination/skipstone/SkipBridgeToSwiftSamples/src/main/swift/Package.swift: note: SkipBridgeToSwiftSamples/src/main/swift/Package.swift (5 KB) skippackage written
/host/spi-builder-workspace/.build/plugins/outputs/spi-builder-workspace/SkipBridgeToSwiftSamples/destination/skipstone/gradle/wrapper/gradle-wrapper.properties: note: gradle/wrapper/gradle-wrapper.properties (80 bytes) gradle wrapper written
/host/spi-builder-workspace/.build/plugins/outputs/spi-builder-workspace/SkipBridgeToSwiftSamples/destination/skipstone/SkipBridgeToSwiftSamples/proguard-rules.pro: note: SkipBridgeToSwiftSamples/proguard-rules.pro (369 bytes) proguard written
/host/spi-builder-workspace/.build/plugins/outputs/spi-builder-workspace/SkipBridgeToSwiftSamples/destination/skipstone/SkipBridgeToSwiftSamples/build.gradle.kts: note: SkipBridgeToSwiftSamples/build.gradle.kts (7 KB) gradle project written
/host/spi-builder-workspace/.build/plugins/outputs/spi-builder-workspace/SkipBridgeToSwiftSamples/destination/skipstone/gradle.properties: note: gradle.properties (79 bytes) gradle config written
/host/spi-builder-workspace/.build/plugins/outputs/spi-builder-workspace/SkipBridgeToSwiftSamples/destination/skipstone/settings.gradle.kts: note: settings.gradle.kts (4 KB) gradle settings written
/host/spi-builder-workspace/.build/plugins/outputs/spi-builder-workspace/SkipBridgeToSwiftSamples/destination/skipstone/.SkipBridgeToSwiftSamples.sourcehash: note: .SkipBridgeToSwiftSamples.sourcehash (205 bytes) sourcehash written
[204/221] Skip SkipBridgeToSwiftSamples
[205/221] Copying .SkipBridgeToSwiftSamples.sourcehash
[207/224] Compiling SkipBridgeToKotlinSamples TestsSupport.swift
/host/spi-builder-workspace/Sources/SkipBridgeToKotlinSamples/TestsSupport.swift:137:16: error: cannot find 'K' in scope
135 | #if os(Android) || ROBOLECTRIC
136 | public func testSupport_dynamicCodeGenJavaDateTime() throws -> Int64 {
137 |     return try K.java.util.Date().time!
    |                `- error: cannot find 'K' in scope
138 | }
139 |
/host/spi-builder-workspace/Sources/SkipBridgeToKotlinSamples/TestsSupport.swift:137:12: warning: no calls to throwing functions occur within 'try' expression
135 | #if os(Android) || ROBOLECTRIC
136 | public func testSupport_dynamicCodeGenJavaDateTime() throws -> Int64 {
137 |     return try K.java.util.Date().time!
    |            `- warning: no calls to throwing functions occur within 'try' expression
138 | }
139 |
/host/spi-builder-workspace/Sources/SkipBridgeToKotlinSamples/TestsSupport.swift:141:12: error: cannot find 'K' in scope
139 |
140 | public func testSupport_dynamicCodeGenSkipDateTime() -> Double {
141 |     return K.skip.foundation.Date.Companion().now!.timeIntervalSince1970!
    |            `- error: cannot find 'K' in scope
142 | }
143 | #endif
[208/224] Compiling SkipBridgeToKotlinSamples resource_bundle_accessor.swift
[209/224] Compiling SkipBridgeToSwiftSamples resource_bundle_accessor.swift
[210/224] Emitting module SkipBridgeToKotlinSamples
[211/224] Emitting module SkipBridgeToSwiftSamples
[212/224] Compiling SkipBridgeToSwiftSamples Samples.swift
[213/225] Wrapping AST for SkipBridgeToSwiftSamples for debugging
[214/225] Write Objects.LinkFileList
[216/225] Compiling SkipBridgeToKotlinSamples Samples.swift
note: Skip 1.9.12: skipstone plugin to: /host/spi-builder-workspace/.build/plugins/outputs/spi-builder-workspace/SkipBridgeToSwiftSamplesTestsSupport/destination/skipstone/SkipBridgeToSwiftSamplesTestsSupport/src/main at 13:21:38
/host/spi-builder-workspace/Sources/SkipBridgeToSwiftSamplesTestsSupport/Skip/skip.yml: note: loading skip.yml from /host/spi-builder-workspace/Sources/SkipBridgeToSwiftSamplesTestsSupport/Skip/skip.yml
/host/spi-builder-workspace/Sources/SkipBridgeToSwiftSamples/Skip/skip.yml: note: SkipBridgeToSwiftSamples skip.yml config loaded (4 ms)
/host/spi-builder-workspace/Sources/SkipBridgeToSwiftSamplesHelpers/Skip/skip.yml: note: SkipBridgeToSwiftSamplesHelpers skip.yml config loaded (0 ms)
/host/spi-builder-workspace/Sources/SkipBridge/Skip/skip.yml: note: SkipBridge skip.yml config loaded (181 ms)
/host/spi-builder-workspace/.build/checkouts/skip-lib/Sources/SkipLib/Skip/skip.yml: note: SkipLib skip.yml config loaded (7 ms)
/host/spi-builder-workspace/.build/checkouts/skip-unit/Sources/SkipUnit/Skip/skip.yml: note: SkipUnit skip.yml config loaded (234 ms)
/host/spi-builder-workspace/.build/checkouts/skip-foundation/Sources/SkipFoundation/Skip/skip.yml: note: SkipFoundation skip.yml config loaded (5 ms)
note: skip.yml aggregate created (447 ms) for modules: ["SkipBridgeToSwiftSamplesTestsSupport", "SkipBridgeToSwiftSamples", "SkipBridgeToSwiftSamplesHelpers", "SkipBridge", "SkipLib", "SkipUnit", "SkipFoundation"]
/host/spi-builder-workspace/.build/plugins/outputs/spi-builder-workspace/SkipBridgeToSwiftSamples/destination/skipstone/SkipBridgeToSwiftSamples.skipcode.json: note: SkipBridgeToSwiftSamples.skipcode.json codebase (77 KB) loaded (14 ms) for SkipBridgeToSwiftSamples
/host/spi-builder-workspace/.build/plugins/outputs/spi-builder-workspace/SkipBridgeToSwiftSamplesHelpers/destination/skipstone/SkipBridgeToSwiftSamplesHelpers.skipcode.json: note: SkipBridgeToSwiftSamplesHelpers.skipcode.json codebase (7 KB) loaded (1 ms) for SkipBridgeToSwiftSamplesHelpers
/host/spi-builder-workspace/.build/plugins/outputs/spi-builder-workspace/SkipBridge/destination/skipstone/SkipBridge.skipcode.json: note: SkipBridge.skipcode.json codebase (63 KB) loaded (14 ms) for SkipBridge
/host/spi-builder-workspace/.build/plugins/outputs/skip-lib/SkipLib/destination/skipstone/SkipLib.skipcode.json: note: SkipLib.skipcode.json codebase (717 KB) loaded (125 ms) for SkipLib
/host/spi-builder-workspace/.build/plugins/outputs/skip-unit/SkipUnit/destination/skipstone/SkipUnit.skipcode.json: note: SkipUnit.skipcode.json codebase (24 KB) loaded (4 ms) for SkipUnit
/host/spi-builder-workspace/.build/plugins/outputs/skip-foundation/SkipFoundation/destination/skipstone/SkipFoundation.skipcode.json: note: SkipFoundation.skipcode.json codebase (1.5 MB) loaded (276 ms) for SkipFoundation
[216/225] Skip SkipBridgeToSwiftSamplesTestsSupport
[216/225] Linking libSkipBridgeToSwiftSamples.so
BUILD FAILURE 6.2 android