Build Information
Failed to build SwiftWidgets, reference 0.0.3 (75e463
), with Swift 6.0 for tvOS using Xcode 16.0 on 1 Nov 2024 18:03:59 UTC.
Build Command
env DEVELOPER_DIR=/Applications/Xcode-16.1.0.app xcrun xcodebuild -IDEClonedSourcePackagesDirPathOverride=$PWD/.dependencies -skipMacroValidation -skipPackagePluginValidation -derivedDataPath $PWD/.derivedData build -scheme SwiftWidgets -destination generic/platform=tvOS OTHER_SWIFT_FLAGS=-stats-output-dir .stats -strict-concurrency=complete
Build Log
SwiftCompile normal arm64 /Users/admin/builder/spi-builder-workspace/Sources/SwiftWidgets/Icon.swift (in target 'SwiftWidgets' from project 'SwiftWidgets')
cd /Users/admin/builder/spi-builder-workspace/.swiftpm/xcode
/Applications/Xcode-16.1.0.app/Contents/Developer/Toolchains/XcodeDefault.xctoolchain/usr/bin/swift-frontend -c /Users/admin/builder/spi-builder-workspace/Sources/SwiftWidgets/AsyncImage/AsyncImage.swift /Users/admin/builder/spi-builder-workspace/Sources/SwiftWidgets/AsyncImage/ImageCache.swift /Users/admin/builder/spi-builder-workspace/Sources/SwiftWidgets/AsyncImage/ImageCacheKeys.swift /Users/admin/builder/spi-builder-workspace/Sources/SwiftWidgets/AsyncImage/ImageLoader.swift /Users/admin/builder/spi-builder-workspace/Sources/SwiftWidgets/Card.swift /Users/admin/builder/spi-builder-workspace/Sources/SwiftWidgets/Extensions.swift -primary-file /Users/admin/builder/spi-builder-workspace/Sources/SwiftWidgets/Icon.swift /Users/admin/builder/spi-builder-workspace/Sources/SwiftWidgets/ImageCard.swift /Users/admin/builder/spi-builder-workspace/Sources/SwiftWidgets/ImageCarousel.swift /Users/admin/builder/spi-builder-workspace/Sources/SwiftWidgets/Models/CarouselModel.swift /Users/admin/builder/spi-builder-workspace/Sources/SwiftWidgets/TextCard.swift -emit-dependencies-path /Users/admin/builder/spi-builder-workspace/.derivedData/Build/Intermediates.noindex/SwiftWidgets.build/Debug-appletvos/SwiftWidgets.build/Objects-normal/arm64/Icon.d -emit-const-values-path /Users/admin/builder/spi-builder-workspace/.derivedData/Build/Intermediates.noindex/SwiftWidgets.build/Debug-appletvos/SwiftWidgets.build/Objects-normal/arm64/Icon.swiftconstvalues -emit-reference-dependencies-path /Users/admin/builder/spi-builder-workspace/.derivedData/Build/Intermediates.noindex/SwiftWidgets.build/Debug-appletvos/SwiftWidgets.build/Objects-normal/arm64/Icon.swiftdeps -serialize-diagnostics-path /Users/admin/builder/spi-builder-workspace/.derivedData/Build/Intermediates.noindex/SwiftWidgets.build/Debug-appletvos/SwiftWidgets.build/Objects-normal/arm64/Icon.dia -target arm64-apple-tvos13.0 -Xllvm -aarch64-use-tbi -enable-objc-interop -stack-check -sdk /Applications/Xcode-16.1.0.app/Contents/Developer/Platforms/AppleTVOS.platform/Developer/SDKs/AppleTVOS18.1.sdk -I /Users/admin/builder/spi-builder-workspace/.derivedData/Build/Products/Debug-appletvos -I /Applications/Xcode-16.1.0.app/Contents/Developer/Platforms/AppleTVOS.platform/Developer/usr/lib -F /Users/admin/builder/spi-builder-workspace/.derivedData/Build/Products/Debug-appletvos/PackageFrameworks -F /Users/admin/builder/spi-builder-workspace/.derivedData/Build/Products/Debug-appletvos -F /Applications/Xcode-16.1.0.app/Contents/Developer/Platforms/AppleTVOS.platform/Developer/Library/Frameworks -F /Applications/Xcode-16.1.0.app/Contents/Developer/Platforms/AppleTVOS.platform/Developer/SDKs/AppleTVOS18.1.sdk/Developer/Library/Frameworks -no-color-diagnostics -enable-testing -g -debug-info-format\=dwarf -dwarf-version\=4 -module-cache-path /Users/admin/builder/spi-builder-workspace/.derivedData/ModuleCache.noindex -swift-version 5 -enforce-exclusivity\=checked -stats-output-dir /Users/admin/builder/spi-builder-workspace/.swiftpm/xcode/.stats -Onone -D SWIFT_PACKAGE -D DEBUG -serialize-debugging-options -const-gather-protocols-file /Users/admin/builder/spi-builder-workspace/.derivedData/Build/Intermediates.noindex/SwiftWidgets.build/Debug-appletvos/SwiftWidgets.build/Objects-normal/arm64/SwiftWidgets_const_extract_protocols.json -enable-experimental-feature DebugDescriptionMacro -enable-experimental-feature OpaqueTypeErasure -strict-concurrency\=complete -empty-abi-descriptor -plugin-path /Applications/Xcode-16.1.0.app/Contents/Developer/Toolchains/XcodeDefault.xctoolchain/usr/lib/swift/host/plugins/testing -validate-clang-modules-once -clang-build-session-file /Users/admin/builder/spi-builder-workspace/.derivedData/ModuleCache.noindex/Session.modulevalidation -Xcc -working-directory -Xcc /Users/admin/builder/spi-builder-workspace/.swiftpm/xcode -resource-dir /Applications/Xcode-16.1.0.app/Contents/Developer/Toolchains/XcodeDefault.xctoolchain/usr/lib/swift -enable-anonymous-context-mangled-names -file-compilation-dir /Users/admin/builder/spi-builder-workspace/.swiftpm/xcode -Xcc -D_LIBCPP_HARDENING_MODE\=_LIBCPP_HARDENING_MODE_DEBUG -Xcc -ivfsstatcache -Xcc /Users/admin/builder/spi-builder-workspace/.derivedData/SDKStatCaches.noindex/appletvos18.1-22J572-e7fdd8cf9ffd4d4af20823079b51a726.sdkstatcache -Xcc -I/Users/admin/builder/spi-builder-workspace/.derivedData/Build/Intermediates.noindex/SwiftWidgets.build/Debug-appletvos/SwiftWidgets.build/swift-overrides.hmap -Xcc -I/Users/admin/builder/spi-builder-workspace/.derivedData/Build/Products/Debug-appletvos/include -Xcc -I/Users/admin/builder/spi-builder-workspace/.derivedData/Build/Intermediates.noindex/SwiftWidgets.build/Debug-appletvos/SwiftWidgets.build/DerivedSources-normal/arm64 -Xcc -I/Users/admin/builder/spi-builder-workspace/.derivedData/Build/Intermediates.noindex/SwiftWidgets.build/Debug-appletvos/SwiftWidgets.build/DerivedSources/arm64 -Xcc -I/Users/admin/builder/spi-builder-workspace/.derivedData/Build/Intermediates.noindex/SwiftWidgets.build/Debug-appletvos/SwiftWidgets.build/DerivedSources -Xcc -DSWIFT_PACKAGE -Xcc -DDEBUG\=1 -module-name SwiftWidgets -frontend-parseable-output -disable-clang-spi -target-sdk-version 18.1 -target-sdk-name appletvos18.1 -external-plugin-path /Applications/Xcode-16.1.0.app/Contents/Developer/Platforms/AppleTVOS.platform/Developer/usr/lib/swift/host/plugins\#/Applications/Xcode-16.1.0.app/Contents/Developer/Platforms/AppleTVOS.platform/Developer/usr/bin/swift-plugin-server -external-plugin-path /Applications/Xcode-16.1.0.app/Contents/Developer/Platforms/AppleTVOS.platform/Developer/usr/local/lib/swift/host/plugins\#/Applications/Xcode-16.1.0.app/Contents/Developer/Platforms/AppleTVOS.platform/Developer/usr/bin/swift-plugin-server -plugin-path /Applications/Xcode-16.1.0.app/Contents/Developer/Toolchains/XcodeDefault.xctoolchain/usr/lib/swift/host/plugins -plugin-path /Applications/Xcode-16.1.0.app/Contents/Developer/Toolchains/XcodeDefault.xctoolchain/usr/local/lib/swift/host/plugins -o /Users/admin/builder/spi-builder-workspace/.derivedData/Build/Intermediates.noindex/SwiftWidgets.build/Debug-appletvos/SwiftWidgets.build/Objects-normal/arm64/Icon.o -index-unit-output-path /SwiftWidgets.build/Debug-appletvos/SwiftWidgets.build/Objects-normal/arm64/Icon.o -index-store-path /Users/admin/builder/spi-builder-workspace/.derivedData/Index.noindex/DataStore -index-system-modules
SwiftDriverJobDiscovery normal arm64 Compiling GraphicsContext.swift, Image.swift, ImageDrawing.swift, ImageFormat.swift, ImageProcessor.swift, ImageProgressive.swift (in target 'Kingfisher' from project 'Kingfisher')
SwiftCompile normal arm64 Compiling\ ImageCarousel.swift /Users/admin/builder/spi-builder-workspace/Sources/SwiftWidgets/ImageCarousel.swift (in target 'SwiftWidgets' from project 'SwiftWidgets')
cd /Users/admin/builder/spi-builder-workspace/.swiftpm/xcode
builtin-swiftTaskExecution -- /Applications/Xcode-16.1.0.app/Contents/Developer/Toolchains/XcodeDefault.xctoolchain/usr/bin/swift-frontend -frontend -c /Users/admin/builder/spi-builder-workspace/Sources/SwiftWidgets/AsyncImage/AsyncImage.swift /Users/admin/builder/spi-builder-workspace/Sources/SwiftWidgets/AsyncImage/ImageCache.swift /Users/admin/builder/spi-builder-workspace/Sources/SwiftWidgets/AsyncImage/ImageCacheKeys.swift /Users/admin/builder/spi-builder-workspace/Sources/SwiftWidgets/AsyncImage/ImageLoader.swift /Users/admin/builder/spi-builder-workspace/Sources/SwiftWidgets/Card.swift /Users/admin/builder/spi-builder-workspace/Sources/SwiftWidgets/Extensions.swift /Users/admin/builder/spi-builder-workspace/Sources/SwiftWidgets/Icon.swift /Users/admin/builder/spi-builder-workspace/Sources/SwiftWidgets/ImageCard.swift -primary-file /Users/admin/builder/spi-builder-workspace/Sources/SwiftWidgets/ImageCarousel.swift /Users/admin/builder/spi-builder-workspace/Sources/SwiftWidgets/Models/CarouselModel.swift /Users/admin/builder/spi-builder-workspace/Sources/SwiftWidgets/TextCard.swift -emit-dependencies-path /Users/admin/builder/spi-builder-workspace/.derivedData/Build/Intermediates.noindex/SwiftWidgets.build/Debug-appletvos/SwiftWidgets.build/Objects-normal/arm64/ImageCarousel.d -emit-const-values-path /Users/admin/builder/spi-builder-workspace/.derivedData/Build/Intermediates.noindex/SwiftWidgets.build/Debug-appletvos/SwiftWidgets.build/Objects-normal/arm64/ImageCarousel.swiftconstvalues -emit-reference-dependencies-path /Users/admin/builder/spi-builder-workspace/.derivedData/Build/Intermediates.noindex/SwiftWidgets.build/Debug-appletvos/SwiftWidgets.build/Objects-normal/arm64/ImageCarousel.swiftdeps -serialize-diagnostics-path /Users/admin/builder/spi-builder-workspace/.derivedData/Build/Intermediates.noindex/SwiftWidgets.build/Debug-appletvos/SwiftWidgets.build/Objects-normal/arm64/ImageCarousel.dia -target arm64-apple-tvos13.0 -Xllvm -aarch64-use-tbi -enable-objc-interop -stack-check -sdk /Applications/Xcode-16.1.0.app/Contents/Developer/Platforms/AppleTVOS.platform/Developer/SDKs/AppleTVOS18.1.sdk -I /Users/admin/builder/spi-builder-workspace/.derivedData/Build/Products/Debug-appletvos -I /Applications/Xcode-16.1.0.app/Contents/Developer/Platforms/AppleTVOS.platform/Developer/usr/lib -F /Users/admin/builder/spi-builder-workspace/.derivedData/Build/Products/Debug-appletvos/PackageFrameworks -F /Users/admin/builder/spi-builder-workspace/.derivedData/Build/Products/Debug-appletvos -F /Applications/Xcode-16.1.0.app/Contents/Developer/Platforms/AppleTVOS.platform/Developer/Library/Frameworks -F /Applications/Xcode-16.1.0.app/Contents/Developer/Platforms/AppleTVOS.platform/Developer/SDKs/AppleTVOS18.1.sdk/Developer/Library/Frameworks -no-color-diagnostics -enable-testing -g -debug-info-format\=dwarf -dwarf-version\=4 -module-cache-path /Users/admin/builder/spi-builder-workspace/.derivedData/ModuleCache.noindex -swift-version 5 -enforce-exclusivity\=checked -stats-output-dir /Users/admin/builder/spi-builder-workspace/.swiftpm/xcode/.stats -Onone -D SWIFT_PACKAGE -D DEBUG -serialize-debugging-options -const-gather-protocols-file /Users/admin/builder/spi-builder-workspace/.derivedData/Build/Intermediates.noindex/SwiftWidgets.build/Debug-appletvos/SwiftWidgets.build/Objects-normal/arm64/SwiftWidgets_const_extract_protocols.json -enable-experimental-feature DebugDescriptionMacro -enable-experimental-feature OpaqueTypeErasure -strict-concurrency\=complete -empty-abi-descriptor -plugin-path /Applications/Xcode-16.1.0.app/Contents/Developer/Toolchains/XcodeDefault.xctoolchain/usr/lib/swift/host/plugins/testing -validate-clang-modules-once -clang-build-session-file /Users/admin/builder/spi-builder-workspace/.derivedData/ModuleCache.noindex/Session.modulevalidation -Xcc -working-directory -Xcc /Users/admin/builder/spi-builder-workspace/.swiftpm/xcode -resource-dir /Applications/Xcode-16.1.0.app/Contents/Developer/Toolchains/XcodeDefault.xctoolchain/usr/lib/swift -enable-anonymous-context-mangled-names -file-compilation-dir /Users/admin/builder/spi-builder-workspace/.swiftpm/xcode -Xcc -D_LIBCPP_HARDENING_MODE\=_LIBCPP_HARDENING_MODE_DEBUG -Xcc -ivfsstatcache -Xcc /Users/admin/builder/spi-builder-workspace/.derivedData/SDKStatCaches.noindex/appletvos18.1-22J572-e7fdd8cf9ffd4d4af20823079b51a726.sdkstatcache -Xcc -I/Users/admin/builder/spi-builder-workspace/.derivedData/Build/Intermediates.noindex/SwiftWidgets.build/Debug-appletvos/SwiftWidgets.build/swift-overrides.hmap -Xcc -I/Users/admin/builder/spi-builder-workspace/.derivedData/Build/Products/Debug-appletvos/include -Xcc -I/Users/admin/builder/spi-builder-workspace/.derivedData/Build/Intermediates.noindex/SwiftWidgets.build/Debug-appletvos/SwiftWidgets.build/DerivedSources-normal/arm64 -Xcc -I/Users/admin/builder/spi-builder-workspace/.derivedData/Build/Intermediates.noindex/SwiftWidgets.build/Debug-appletvos/SwiftWidgets.build/DerivedSources/arm64 -Xcc -I/Users/admin/builder/spi-builder-workspace/.derivedData/Build/Intermediates.noindex/SwiftWidgets.build/Debug-appletvos/SwiftWidgets.build/DerivedSources -Xcc -DSWIFT_PACKAGE -Xcc -DDEBUG\=1 -module-name SwiftWidgets -frontend-parseable-output -disable-clang-spi -target-sdk-version 18.1 -target-sdk-name appletvos18.1 -external-plugin-path /Applications/Xcode-16.1.0.app/Contents/Developer/Platforms/AppleTVOS.platform/Developer/usr/lib/swift/host/plugins\#/Applications/Xcode-16.1.0.app/Contents/Developer/Platforms/AppleTVOS.platform/Developer/usr/bin/swift-plugin-server -external-plugin-path /Applications/Xcode-16.1.0.app/Contents/Developer/Platforms/AppleTVOS.platform/Developer/usr/local/lib/swift/host/plugins\#/Applications/Xcode-16.1.0.app/Contents/Developer/Platforms/AppleTVOS.platform/Developer/usr/bin/swift-plugin-server -plugin-path /Applications/Xcode-16.1.0.app/Contents/Developer/Toolchains/XcodeDefault.xctoolchain/usr/lib/swift/host/plugins -plugin-path /Applications/Xcode-16.1.0.app/Contents/Developer/Toolchains/XcodeDefault.xctoolchain/usr/local/lib/swift/host/plugins -o /Users/admin/builder/spi-builder-workspace/.derivedData/Build/Intermediates.noindex/SwiftWidgets.build/Debug-appletvos/SwiftWidgets.build/Objects-normal/arm64/ImageCarousel.o -index-unit-output-path /SwiftWidgets.build/Debug-appletvos/SwiftWidgets.build/Objects-normal/arm64/ImageCarousel.o -index-store-path /Users/admin/builder/spi-builder-workspace/.derivedData/Index.noindex/DataStore -index-system-modules
SwiftCompile normal arm64 /Users/admin/builder/spi-builder-workspace/Sources/SwiftWidgets/ImageCarousel.swift (in target 'SwiftWidgets' from project 'SwiftWidgets')
cd /Users/admin/builder/spi-builder-workspace/.swiftpm/xcode
/Applications/Xcode-16.1.0.app/Contents/Developer/Toolchains/XcodeDefault.xctoolchain/usr/bin/swift-frontend -c /Users/admin/builder/spi-builder-workspace/Sources/SwiftWidgets/AsyncImage/AsyncImage.swift /Users/admin/builder/spi-builder-workspace/Sources/SwiftWidgets/AsyncImage/ImageCache.swift /Users/admin/builder/spi-builder-workspace/Sources/SwiftWidgets/AsyncImage/ImageCacheKeys.swift /Users/admin/builder/spi-builder-workspace/Sources/SwiftWidgets/AsyncImage/ImageLoader.swift /Users/admin/builder/spi-builder-workspace/Sources/SwiftWidgets/Card.swift /Users/admin/builder/spi-builder-workspace/Sources/SwiftWidgets/Extensions.swift /Users/admin/builder/spi-builder-workspace/Sources/SwiftWidgets/Icon.swift /Users/admin/builder/spi-builder-workspace/Sources/SwiftWidgets/ImageCard.swift -primary-file /Users/admin/builder/spi-builder-workspace/Sources/SwiftWidgets/ImageCarousel.swift /Users/admin/builder/spi-builder-workspace/Sources/SwiftWidgets/Models/CarouselModel.swift /Users/admin/builder/spi-builder-workspace/Sources/SwiftWidgets/TextCard.swift -emit-dependencies-path /Users/admin/builder/spi-builder-workspace/.derivedData/Build/Intermediates.noindex/SwiftWidgets.build/Debug-appletvos/SwiftWidgets.build/Objects-normal/arm64/ImageCarousel.d -emit-const-values-path /Users/admin/builder/spi-builder-workspace/.derivedData/Build/Intermediates.noindex/SwiftWidgets.build/Debug-appletvos/SwiftWidgets.build/Objects-normal/arm64/ImageCarousel.swiftconstvalues -emit-reference-dependencies-path /Users/admin/builder/spi-builder-workspace/.derivedData/Build/Intermediates.noindex/SwiftWidgets.build/Debug-appletvos/SwiftWidgets.build/Objects-normal/arm64/ImageCarousel.swiftdeps -serialize-diagnostics-path /Users/admin/builder/spi-builder-workspace/.derivedData/Build/Intermediates.noindex/SwiftWidgets.build/Debug-appletvos/SwiftWidgets.build/Objects-normal/arm64/ImageCarousel.dia -target arm64-apple-tvos13.0 -Xllvm -aarch64-use-tbi -enable-objc-interop -stack-check -sdk /Applications/Xcode-16.1.0.app/Contents/Developer/Platforms/AppleTVOS.platform/Developer/SDKs/AppleTVOS18.1.sdk -I /Users/admin/builder/spi-builder-workspace/.derivedData/Build/Products/Debug-appletvos -I /Applications/Xcode-16.1.0.app/Contents/Developer/Platforms/AppleTVOS.platform/Developer/usr/lib -F /Users/admin/builder/spi-builder-workspace/.derivedData/Build/Products/Debug-appletvos/PackageFrameworks -F /Users/admin/builder/spi-builder-workspace/.derivedData/Build/Products/Debug-appletvos -F /Applications/Xcode-16.1.0.app/Contents/Developer/Platforms/AppleTVOS.platform/Developer/Library/Frameworks -F /Applications/Xcode-16.1.0.app/Contents/Developer/Platforms/AppleTVOS.platform/Developer/SDKs/AppleTVOS18.1.sdk/Developer/Library/Frameworks -no-color-diagnostics -enable-testing -g -debug-info-format\=dwarf -dwarf-version\=4 -module-cache-path /Users/admin/builder/spi-builder-workspace/.derivedData/ModuleCache.noindex -swift-version 5 -enforce-exclusivity\=checked -stats-output-dir /Users/admin/builder/spi-builder-workspace/.swiftpm/xcode/.stats -Onone -D SWIFT_PACKAGE -D DEBUG -serialize-debugging-options -const-gather-protocols-file /Users/admin/builder/spi-builder-workspace/.derivedData/Build/Intermediates.noindex/SwiftWidgets.build/Debug-appletvos/SwiftWidgets.build/Objects-normal/arm64/SwiftWidgets_const_extract_protocols.json -enable-experimental-feature DebugDescriptionMacro -enable-experimental-feature OpaqueTypeErasure -strict-concurrency\=complete -empty-abi-descriptor -plugin-path /Applications/Xcode-16.1.0.app/Contents/Developer/Toolchains/XcodeDefault.xctoolchain/usr/lib/swift/host/plugins/testing -validate-clang-modules-once -clang-build-session-file /Users/admin/builder/spi-builder-workspace/.derivedData/ModuleCache.noindex/Session.modulevalidation -Xcc -working-directory -Xcc /Users/admin/builder/spi-builder-workspace/.swiftpm/xcode -resource-dir /Applications/Xcode-16.1.0.app/Contents/Developer/Toolchains/XcodeDefault.xctoolchain/usr/lib/swift -enable-anonymous-context-mangled-names -file-compilation-dir /Users/admin/builder/spi-builder-workspace/.swiftpm/xcode -Xcc -D_LIBCPP_HARDENING_MODE\=_LIBCPP_HARDENING_MODE_DEBUG -Xcc -ivfsstatcache -Xcc /Users/admin/builder/spi-builder-workspace/.derivedData/SDKStatCaches.noindex/appletvos18.1-22J572-e7fdd8cf9ffd4d4af20823079b51a726.sdkstatcache -Xcc -I/Users/admin/builder/spi-builder-workspace/.derivedData/Build/Intermediates.noindex/SwiftWidgets.build/Debug-appletvos/SwiftWidgets.build/swift-overrides.hmap -Xcc -I/Users/admin/builder/spi-builder-workspace/.derivedData/Build/Products/Debug-appletvos/include -Xcc -I/Users/admin/builder/spi-builder-workspace/.derivedData/Build/Intermediates.noindex/SwiftWidgets.build/Debug-appletvos/SwiftWidgets.build/DerivedSources-normal/arm64 -Xcc -I/Users/admin/builder/spi-builder-workspace/.derivedData/Build/Intermediates.noindex/SwiftWidgets.build/Debug-appletvos/SwiftWidgets.build/DerivedSources/arm64 -Xcc -I/Users/admin/builder/spi-builder-workspace/.derivedData/Build/Intermediates.noindex/SwiftWidgets.build/Debug-appletvos/SwiftWidgets.build/DerivedSources -Xcc -DSWIFT_PACKAGE -Xcc -DDEBUG\=1 -module-name SwiftWidgets -frontend-parseable-output -disable-clang-spi -target-sdk-version 18.1 -target-sdk-name appletvos18.1 -external-plugin-path /Applications/Xcode-16.1.0.app/Contents/Developer/Platforms/AppleTVOS.platform/Developer/usr/lib/swift/host/plugins\#/Applications/Xcode-16.1.0.app/Contents/Developer/Platforms/AppleTVOS.platform/Developer/usr/bin/swift-plugin-server -external-plugin-path /Applications/Xcode-16.1.0.app/Contents/Developer/Platforms/AppleTVOS.platform/Developer/usr/local/lib/swift/host/plugins\#/Applications/Xcode-16.1.0.app/Contents/Developer/Platforms/AppleTVOS.platform/Developer/usr/bin/swift-plugin-server -plugin-path /Applications/Xcode-16.1.0.app/Contents/Developer/Toolchains/XcodeDefault.xctoolchain/usr/lib/swift/host/plugins -plugin-path /Applications/Xcode-16.1.0.app/Contents/Developer/Toolchains/XcodeDefault.xctoolchain/usr/local/lib/swift/host/plugins -o /Users/admin/builder/spi-builder-workspace/.derivedData/Build/Intermediates.noindex/SwiftWidgets.build/Debug-appletvos/SwiftWidgets.build/Objects-normal/arm64/ImageCarousel.o -index-unit-output-path /SwiftWidgets.build/Debug-appletvos/SwiftWidgets.build/Objects-normal/arm64/ImageCarousel.o -index-store-path /Users/admin/builder/spi-builder-workspace/.derivedData/Index.noindex/DataStore -index-system-modules
SwiftDriverJobDiscovery normal arm64 Compiling SessionDataTask.swift, SessionDelegate.swift, ImageBinder.swift, KFImage.swift, KFImageOptions.swift (in target 'Kingfisher' from project 'Kingfisher')
SwiftCompile normal arm64 Compiling\ TextCard.swift /Users/admin/builder/spi-builder-workspace/Sources/SwiftWidgets/TextCard.swift (in target 'SwiftWidgets' from project 'SwiftWidgets')
cd /Users/admin/builder/spi-builder-workspace/.swiftpm/xcode
builtin-swiftTaskExecution -- /Applications/Xcode-16.1.0.app/Contents/Developer/Toolchains/XcodeDefault.xctoolchain/usr/bin/swift-frontend -frontend -c /Users/admin/builder/spi-builder-workspace/Sources/SwiftWidgets/AsyncImage/AsyncImage.swift /Users/admin/builder/spi-builder-workspace/Sources/SwiftWidgets/AsyncImage/ImageCache.swift /Users/admin/builder/spi-builder-workspace/Sources/SwiftWidgets/AsyncImage/ImageCacheKeys.swift /Users/admin/builder/spi-builder-workspace/Sources/SwiftWidgets/AsyncImage/ImageLoader.swift /Users/admin/builder/spi-builder-workspace/Sources/SwiftWidgets/Card.swift /Users/admin/builder/spi-builder-workspace/Sources/SwiftWidgets/Extensions.swift /Users/admin/builder/spi-builder-workspace/Sources/SwiftWidgets/Icon.swift /Users/admin/builder/spi-builder-workspace/Sources/SwiftWidgets/ImageCard.swift /Users/admin/builder/spi-builder-workspace/Sources/SwiftWidgets/ImageCarousel.swift /Users/admin/builder/spi-builder-workspace/Sources/SwiftWidgets/Models/CarouselModel.swift -primary-file /Users/admin/builder/spi-builder-workspace/Sources/SwiftWidgets/TextCard.swift -emit-dependencies-path /Users/admin/builder/spi-builder-workspace/.derivedData/Build/Intermediates.noindex/SwiftWidgets.build/Debug-appletvos/SwiftWidgets.build/Objects-normal/arm64/TextCard.d -emit-const-values-path /Users/admin/builder/spi-builder-workspace/.derivedData/Build/Intermediates.noindex/SwiftWidgets.build/Debug-appletvos/SwiftWidgets.build/Objects-normal/arm64/TextCard.swiftconstvalues -emit-reference-dependencies-path /Users/admin/builder/spi-builder-workspace/.derivedData/Build/Intermediates.noindex/SwiftWidgets.build/Debug-appletvos/SwiftWidgets.build/Objects-normal/arm64/TextCard.swiftdeps -serialize-diagnostics-path /Users/admin/builder/spi-builder-workspace/.derivedData/Build/Intermediates.noindex/SwiftWidgets.build/Debug-appletvos/SwiftWidgets.build/Objects-normal/arm64/TextCard.dia -target arm64-apple-tvos13.0 -Xllvm -aarch64-use-tbi -enable-objc-interop -stack-check -sdk /Applications/Xcode-16.1.0.app/Contents/Developer/Platforms/AppleTVOS.platform/Developer/SDKs/AppleTVOS18.1.sdk -I /Users/admin/builder/spi-builder-workspace/.derivedData/Build/Products/Debug-appletvos -I /Applications/Xcode-16.1.0.app/Contents/Developer/Platforms/AppleTVOS.platform/Developer/usr/lib -F /Users/admin/builder/spi-builder-workspace/.derivedData/Build/Products/Debug-appletvos/PackageFrameworks -F /Users/admin/builder/spi-builder-workspace/.derivedData/Build/Products/Debug-appletvos -F /Applications/Xcode-16.1.0.app/Contents/Developer/Platforms/AppleTVOS.platform/Developer/Library/Frameworks -F /Applications/Xcode-16.1.0.app/Contents/Developer/Platforms/AppleTVOS.platform/Developer/SDKs/AppleTVOS18.1.sdk/Developer/Library/Frameworks -no-color-diagnostics -enable-testing -g -debug-info-format\=dwarf -dwarf-version\=4 -module-cache-path /Users/admin/builder/spi-builder-workspace/.derivedData/ModuleCache.noindex -swift-version 5 -enforce-exclusivity\=checked -stats-output-dir /Users/admin/builder/spi-builder-workspace/.swiftpm/xcode/.stats -Onone -D SWIFT_PACKAGE -D DEBUG -serialize-debugging-options -const-gather-protocols-file /Users/admin/builder/spi-builder-workspace/.derivedData/Build/Intermediates.noindex/SwiftWidgets.build/Debug-appletvos/SwiftWidgets.build/Objects-normal/arm64/SwiftWidgets_const_extract_protocols.json -enable-experimental-feature DebugDescriptionMacro -enable-experimental-feature OpaqueTypeErasure -strict-concurrency\=complete -empty-abi-descriptor -plugin-path /Applications/Xcode-16.1.0.app/Contents/Developer/Toolchains/XcodeDefault.xctoolchain/usr/lib/swift/host/plugins/testing -validate-clang-modules-once -clang-build-session-file /Users/admin/builder/spi-builder-workspace/.derivedData/ModuleCache.noindex/Session.modulevalidation -Xcc -working-directory -Xcc /Users/admin/builder/spi-builder-workspace/.swiftpm/xcode -resource-dir /Applications/Xcode-16.1.0.app/Contents/Developer/Toolchains/XcodeDefault.xctoolchain/usr/lib/swift -enable-anonymous-context-mangled-names -file-compilation-dir /Users/admin/builder/spi-builder-workspace/.swiftpm/xcode -Xcc -D_LIBCPP_HARDENING_MODE\=_LIBCPP_HARDENING_MODE_DEBUG -Xcc -ivfsstatcache -Xcc /Users/admin/builder/spi-builder-workspace/.derivedData/SDKStatCaches.noindex/appletvos18.1-22J572-e7fdd8cf9ffd4d4af20823079b51a726.sdkstatcache -Xcc -I/Users/admin/builder/spi-builder-workspace/.derivedData/Build/Intermediates.noindex/SwiftWidgets.build/Debug-appletvos/SwiftWidgets.build/swift-overrides.hmap -Xcc -I/Users/admin/builder/spi-builder-workspace/.derivedData/Build/Products/Debug-appletvos/include -Xcc -I/Users/admin/builder/spi-builder-workspace/.derivedData/Build/Intermediates.noindex/SwiftWidgets.build/Debug-appletvos/SwiftWidgets.build/DerivedSources-normal/arm64 -Xcc -I/Users/admin/builder/spi-builder-workspace/.derivedData/Build/Intermediates.noindex/SwiftWidgets.build/Debug-appletvos/SwiftWidgets.build/DerivedSources/arm64 -Xcc -I/Users/admin/builder/spi-builder-workspace/.derivedData/Build/Intermediates.noindex/SwiftWidgets.build/Debug-appletvos/SwiftWidgets.build/DerivedSources -Xcc -DSWIFT_PACKAGE -Xcc -DDEBUG\=1 -module-name SwiftWidgets -frontend-parseable-output -disable-clang-spi -target-sdk-version 18.1 -target-sdk-name appletvos18.1 -external-plugin-path /Applications/Xcode-16.1.0.app/Contents/Developer/Platforms/AppleTVOS.platform/Developer/usr/lib/swift/host/plugins\#/Applications/Xcode-16.1.0.app/Contents/Developer/Platforms/AppleTVOS.platform/Developer/usr/bin/swift-plugin-server -external-plugin-path /Applications/Xcode-16.1.0.app/Contents/Developer/Platforms/AppleTVOS.platform/Developer/usr/local/lib/swift/host/plugins\#/Applications/Xcode-16.1.0.app/Contents/Developer/Platforms/AppleTVOS.platform/Developer/usr/bin/swift-plugin-server -plugin-path /Applications/Xcode-16.1.0.app/Contents/Developer/Toolchains/XcodeDefault.xctoolchain/usr/lib/swift/host/plugins -plugin-path /Applications/Xcode-16.1.0.app/Contents/Developer/Toolchains/XcodeDefault.xctoolchain/usr/local/lib/swift/host/plugins -o /Users/admin/builder/spi-builder-workspace/.derivedData/Build/Intermediates.noindex/SwiftWidgets.build/Debug-appletvos/SwiftWidgets.build/Objects-normal/arm64/TextCard.o -index-unit-output-path /SwiftWidgets.build/Debug-appletvos/SwiftWidgets.build/Objects-normal/arm64/TextCard.o -index-store-path /Users/admin/builder/spi-builder-workspace/.derivedData/Index.noindex/DataStore -index-system-modules
Command SwiftCompile failed with a nonzero exit code
** BUILD FAILED **
The following build commands failed:
EmitSwiftModule normal arm64 (in target 'SwiftWidgets' from project 'SwiftWidgets')
SwiftEmitModule normal arm64 Emitting\ module\ for\ SwiftWidgets (in target 'SwiftWidgets' from project 'SwiftWidgets')
SwiftCompile normal arm64 Compiling\ TextCard.swift /Users/admin/builder/spi-builder-workspace/Sources/SwiftWidgets/TextCard.swift (in target 'SwiftWidgets' from project 'SwiftWidgets')
Building workspace spi-builder-workspace with scheme SwiftWidgets
(4 failures)
Command line invocation:
/Applications/Xcode-16.1.0.app/Contents/Developer/usr/bin/xcodebuild -IDEClonedSourcePackagesDirPathOverride=/Users/admin/builder/spi-builder-workspace/.dependencies -skipMacroValidation -skipPackagePluginValidation -derivedDataPath /Users/admin/builder/spi-builder-workspace/.derivedData build -scheme SwiftWidgets -destination generic/platform=tvOS "OTHER_SWIFT_FLAGS=-stats-output-dir .stats -strict-concurrency=complete"
User defaults from command line:
IDEClonedSourcePackagesDirPathOverride = /Users/admin/builder/spi-builder-workspace/.dependencies
IDEDerivedDataPathOverride = /Users/admin/builder/spi-builder-workspace/.derivedData
IDEPackageSupportUseBuiltinSCM = YES
Build settings from command line:
OTHER_SWIFT_FLAGS = -stats-output-dir .stats -strict-concurrency=complete
Resolve Package Graph
Resolved source packages:
Kingfisher: https://github.com/onevcat/Kingfisher.git @ 6.3.1
SwiftWidgets: /Users/admin/builder/spi-builder-workspace
Prepare packages
ComputeTargetDependencyGraph
note: Building targets in dependency order
note: Target dependency graph (4 targets)
Target 'SwiftWidgets' in project 'SwiftWidgets'
➜ Explicit dependency on target 'SwiftWidgets' in project 'SwiftWidgets'
➜ Explicit dependency on target 'Kingfisher' in project 'Kingfisher'
Target 'SwiftWidgets' in project 'SwiftWidgets'
➜ Explicit dependency on target 'Kingfisher' in project 'Kingfisher'
Target 'Kingfisher' in project 'Kingfisher'
➜ Explicit dependency on target 'Kingfisher' in project 'Kingfisher'
Target 'Kingfisher' in project 'Kingfisher' (no dependencies)
GatherProvisioningInputs
CreateBuildDescription
ClangStatCache /Applications/Xcode-16.1.0.app/Contents/Developer/Toolchains/XcodeDefault.xctoolchain/usr/bin/clang-stat-cache /Applications/Xcode-16.1.0.app/Contents/Developer/Platforms/AppleTVOS.platform/Developer/SDKs/AppleTVOS18.1.sdk /Users/admin/builder/spi-builder-workspace/.derivedData/SDKStatCaches.noindex/appletvos18.1-22J572-e7fdd8cf9ffd4d4af20823079b51a726.sdkstatcache
cd /Users/admin/builder/spi-builder-workspace/.swiftpm/xcode
/Applications/Xcode-16.1.0.app/Contents/Developer/Toolchains/XcodeDefault.xctoolchain/usr/bin/clang-stat-cache /Applications/Xcode-16.1.0.app/Contents/Developer/Platforms/AppleTVOS.platform/Developer/SDKs/AppleTVOS18.1.sdk -o /Users/admin/builder/spi-builder-workspace/.derivedData/SDKStatCaches.noindex/appletvos18.1-22J572-e7fdd8cf9ffd4d4af20823079b51a726.sdkstatcache
SwiftDriver SwiftWidgets normal arm64 com.apple.xcode.tools.swift.compiler (in target 'SwiftWidgets' from project 'SwiftWidgets')
cd /Users/admin/builder/spi-builder-workspace/.swiftpm/xcode
builtin-SwiftDriver -- /Applications/Xcode-16.1.0.app/Contents/Developer/Toolchains/XcodeDefault.xctoolchain/usr/bin/swiftc -module-name SwiftWidgets -Onone -enforce-exclusivity\=checked @/Users/admin/builder/spi-builder-workspace/.derivedData/Build/Intermediates.noindex/SwiftWidgets.build/Debug-appletvos/SwiftWidgets.build/Objects-normal/arm64/SwiftWidgets.SwiftFileList -DSWIFT_PACKAGE -DDEBUG -stats-output-dir .stats -strict-concurrency\=complete -plugin-path /Applications/Xcode-16.1.0.app/Contents/Developer/Toolchains/XcodeDefault.xctoolchain/usr/lib/swift/host/plugins/testing -enable-experimental-feature DebugDescriptionMacro -sdk /Applications/Xcode-16.1.0.app/Contents/Developer/Platforms/AppleTVOS.platform/Developer/SDKs/AppleTVOS18.1.sdk -target arm64-apple-tvos13.0 -g -module-cache-path /Users/admin/builder/spi-builder-workspace/.derivedData/ModuleCache.noindex -Xfrontend -serialize-debugging-options -enable-testing -index-store-path /Users/admin/builder/spi-builder-workspace/.derivedData/Index.noindex/DataStore -enable-experimental-feature OpaqueTypeErasure -Xcc -D_LIBCPP_HARDENING_MODE\=_LIBCPP_HARDENING_MODE_DEBUG -swift-version 5 -I /Users/admin/builder/spi-builder-workspace/.derivedData/Build/Products/Debug-appletvos -I /Applications/Xcode-16.1.0.app/Contents/Developer/Platforms/AppleTVOS.platform/Developer/usr/lib -F /Users/admin/builder/spi-builder-workspace/.derivedData/Build/Products/Debug-appletvos/PackageFrameworks -F /Users/admin/builder/spi-builder-workspace/.derivedData/Build/Products/Debug-appletvos -F /Applications/Xcode-16.1.0.app/Contents/Developer/Platforms/AppleTVOS.platform/Developer/Library/Frameworks -F /Applications/Xcode-16.1.0.app/Contents/Developer/Platforms/AppleTVOS.platform/Developer/SDKs/AppleTVOS18.1.sdk/Developer/Library/Frameworks -c -j10 -enable-batch-mode -incremental -Xcc -ivfsstatcache -Xcc /Users/admin/builder/spi-builder-workspace/.derivedData/SDKStatCaches.noindex/appletvos18.1-22J572-e7fdd8cf9ffd4d4af20823079b51a726.sdkstatcache -output-file-map /Users/admin/builder/spi-builder-workspace/.derivedData/Build/Intermediates.noindex/SwiftWidgets.build/Debug-appletvos/SwiftWidgets.build/Objects-normal/arm64/SwiftWidgets-OutputFileMap.json -use-frontend-parseable-output -save-temps -no-color-diagnostics -serialize-diagnostics -emit-dependencies -emit-module -emit-module-path /Users/admin/builder/spi-builder-workspace/.derivedData/Build/Intermediates.noindex/SwiftWidgets.build/Debug-appletvos/SwiftWidgets.build/Objects-normal/arm64/SwiftWidgets.swiftmodule -validate-clang-modules-once -clang-build-session-file /Users/admin/builder/spi-builder-workspace/.derivedData/ModuleCache.noindex/Session.modulevalidation -Xcc -I/Users/admin/builder/spi-builder-workspace/.derivedData/Build/Intermediates.noindex/SwiftWidgets.build/Debug-appletvos/SwiftWidgets.build/swift-overrides.hmap -emit-const-values -Xfrontend -const-gather-protocols-file -Xfrontend /Users/admin/builder/spi-builder-workspace/.derivedData/Build/Intermediates.noindex/SwiftWidgets.build/Debug-appletvos/SwiftWidgets.build/Objects-normal/arm64/SwiftWidgets_const_extract_protocols.json -Xcc -I/Users/admin/builder/spi-builder-workspace/.derivedData/Build/Products/Debug-appletvos/include -Xcc -I/Users/admin/builder/spi-builder-workspace/.derivedData/Build/Intermediates.noindex/SwiftWidgets.build/Debug-appletvos/SwiftWidgets.build/DerivedSources-normal/arm64 -Xcc -I/Users/admin/builder/spi-builder-workspace/.derivedData/Build/Intermediates.noindex/SwiftWidgets.build/Debug-appletvos/SwiftWidgets.build/DerivedSources/arm64 -Xcc -I/Users/admin/builder/spi-builder-workspace/.derivedData/Build/Intermediates.noindex/SwiftWidgets.build/Debug-appletvos/SwiftWidgets.build/DerivedSources -Xcc -DSWIFT_PACKAGE -Xcc -DDEBUG\=1 -emit-objc-header -emit-objc-header-path /Users/admin/builder/spi-builder-workspace/.derivedData/Build/Intermediates.noindex/SwiftWidgets.build/Debug-appletvos/SwiftWidgets.build/Objects-normal/arm64/SwiftWidgets-Swift.h -working-directory /Users/admin/builder/spi-builder-workspace/.swiftpm/xcode -experimental-emit-module-separately -disable-cmo
SwiftDriver Kingfisher normal arm64 com.apple.xcode.tools.swift.compiler (in target 'Kingfisher' from project 'Kingfisher')
cd /Users/admin/builder/spi-builder-workspace/.swiftpm/xcode
builtin-SwiftDriver -- /Applications/Xcode-16.1.0.app/Contents/Developer/Toolchains/XcodeDefault.xctoolchain/usr/bin/swiftc -module-name Kingfisher -Onone -enforce-exclusivity\=checked @/Users/admin/builder/spi-builder-workspace/.derivedData/Build/Intermediates.noindex/Kingfisher.build/Debug-appletvos/Kingfisher.build/Objects-normal/arm64/Kingfisher.SwiftFileList -DSWIFT_PACKAGE -DDEBUG -stats-output-dir .stats -strict-concurrency\=complete -plugin-path /Applications/Xcode-16.1.0.app/Contents/Developer/Toolchains/XcodeDefault.xctoolchain/usr/lib/swift/host/plugins/testing -enable-experimental-feature DebugDescriptionMacro -sdk /Applications/Xcode-16.1.0.app/Contents/Developer/Platforms/AppleTVOS.platform/Developer/SDKs/AppleTVOS18.1.sdk -target arm64-apple-tvos12.0 -g -module-cache-path /Users/admin/builder/spi-builder-workspace/.derivedData/ModuleCache.noindex -Xfrontend -serialize-debugging-options -enable-testing -suppress-warnings -index-store-path /Users/admin/builder/spi-builder-workspace/.derivedData/Index.noindex/DataStore -enable-experimental-feature OpaqueTypeErasure -Xcc -D_LIBCPP_HARDENING_MODE\=_LIBCPP_HARDENING_MODE_DEBUG -swift-version 5 -I /Users/admin/builder/spi-builder-workspace/.derivedData/Build/Products/Debug-appletvos -I /Applications/Xcode-16.1.0.app/Contents/Developer/Platforms/AppleTVOS.platform/Developer/usr/lib -F /Users/admin/builder/spi-builder-workspace/.derivedData/Build/Products/Debug-appletvos -F /Applications/Xcode-16.1.0.app/Contents/Developer/Platforms/AppleTVOS.platform/Developer/Library/Frameworks -F /Applications/Xcode-16.1.0.app/Contents/Developer/Platforms/AppleTVOS.platform/Developer/SDKs/AppleTVOS18.1.sdk/Developer/Library/Frameworks -c -j10 -enable-batch-mode -incremental -Xcc -ivfsstatcache -Xcc /Users/admin/builder/spi-builder-workspace/.derivedData/SDKStatCaches.noindex/appletvos18.1-22J572-e7fdd8cf9ffd4d4af20823079b51a726.sdkstatcache -output-file-map /Users/admin/builder/spi-builder-workspace/.derivedData/Build/Intermediates.noindex/Kingfisher.build/Debug-appletvos/Kingfisher.build/Objects-normal/arm64/Kingfisher-OutputFileMap.json -use-frontend-parseable-output -save-temps -no-color-diagnostics -serialize-diagnostics -emit-dependencies -emit-module -emit-module-path /Users/admin/builder/spi-builder-workspace/.derivedData/Build/Intermediates.noindex/Kingfisher.build/Debug-appletvos/Kingfisher.build/Objects-normal/arm64/Kingfisher.swiftmodule -validate-clang-modules-once -clang-build-session-file /Users/admin/builder/spi-builder-workspace/.derivedData/ModuleCache.noindex/Session.modulevalidation -Xcc -I/Users/admin/builder/spi-builder-workspace/.derivedData/Build/Intermediates.noindex/Kingfisher.build/Debug-appletvos/Kingfisher.build/swift-overrides.hmap -emit-const-values -Xfrontend -const-gather-protocols-file -Xfrontend /Users/admin/builder/spi-builder-workspace/.derivedData/Build/Intermediates.noindex/Kingfisher.build/Debug-appletvos/Kingfisher.build/Objects-normal/arm64/Kingfisher_const_extract_protocols.json -Xcc -I/Users/admin/builder/spi-builder-workspace/.derivedData/Build/Products/Debug-appletvos/include -Xcc -I/Users/admin/builder/spi-builder-workspace/.derivedData/Build/Intermediates.noindex/Kingfisher.build/Debug-appletvos/Kingfisher.build/DerivedSources-normal/arm64 -Xcc -I/Users/admin/builder/spi-builder-workspace/.derivedData/Build/Intermediates.noindex/Kingfisher.build/Debug-appletvos/Kingfisher.build/DerivedSources/arm64 -Xcc -I/Users/admin/builder/spi-builder-workspace/.derivedData/Build/Intermediates.noindex/Kingfisher.build/Debug-appletvos/Kingfisher.build/DerivedSources -Xcc -DSWIFT_PACKAGE -Xcc -DDEBUG\=1 -emit-objc-header -emit-objc-header-path /Users/admin/builder/spi-builder-workspace/.derivedData/Build/Intermediates.noindex/Kingfisher.build/Debug-appletvos/Kingfisher.build/Objects-normal/arm64/Kingfisher-Swift.h -working-directory /Users/admin/builder/spi-builder-workspace/.swiftpm/xcode -experimental-emit-module-separately -disable-cmo
SwiftEmitModule normal arm64 Emitting\ module\ for\ SwiftWidgets (in target 'SwiftWidgets' from project 'SwiftWidgets')
cd /Users/admin/builder/spi-builder-workspace/.swiftpm/xcode
builtin-swiftTaskExecution -- /Applications/Xcode-16.1.0.app/Contents/Developer/Toolchains/XcodeDefault.xctoolchain/usr/bin/swift-frontend -frontend -emit-module -experimental-skip-non-inlinable-function-bodies-without-types /Users/admin/builder/spi-builder-workspace/Sources/SwiftWidgets/AsyncImage/AsyncImage.swift /Users/admin/builder/spi-builder-workspace/Sources/SwiftWidgets/AsyncImage/ImageCache.swift /Users/admin/builder/spi-builder-workspace/Sources/SwiftWidgets/AsyncImage/ImageCacheKeys.swift /Users/admin/builder/spi-builder-workspace/Sources/SwiftWidgets/AsyncImage/ImageLoader.swift /Users/admin/builder/spi-builder-workspace/Sources/SwiftWidgets/Card.swift /Users/admin/builder/spi-builder-workspace/Sources/SwiftWidgets/Extensions.swift /Users/admin/builder/spi-builder-workspace/Sources/SwiftWidgets/Icon.swift /Users/admin/builder/spi-builder-workspace/Sources/SwiftWidgets/ImageCard.swift /Users/admin/builder/spi-builder-workspace/Sources/SwiftWidgets/ImageCarousel.swift /Users/admin/builder/spi-builder-workspace/Sources/SwiftWidgets/Models/CarouselModel.swift /Users/admin/builder/spi-builder-workspace/Sources/SwiftWidgets/TextCard.swift -target arm64-apple-tvos13.0 -Xllvm -aarch64-use-tbi -enable-objc-interop -stack-check -sdk /Applications/Xcode-16.1.0.app/Contents/Developer/Platforms/AppleTVOS.platform/Developer/SDKs/AppleTVOS18.1.sdk -I /Users/admin/builder/spi-builder-workspace/.derivedData/Build/Products/Debug-appletvos -I /Applications/Xcode-16.1.0.app/Contents/Developer/Platforms/AppleTVOS.platform/Developer/usr/lib -F /Users/admin/builder/spi-builder-workspace/.derivedData/Build/Products/Debug-appletvos/PackageFrameworks -F /Users/admin/builder/spi-builder-workspace/.derivedData/Build/Products/Debug-appletvos -F /Applications/Xcode-16.1.0.app/Contents/Developer/Platforms/AppleTVOS.platform/Developer/Library/Frameworks -F /Applications/Xcode-16.1.0.app/Contents/Developer/Platforms/AppleTVOS.platform/Developer/SDKs/AppleTVOS18.1.sdk/Developer/Library/Frameworks -no-color-diagnostics -enable-testing -g -debug-info-format\=dwarf -dwarf-version\=4 -module-cache-path /Users/admin/builder/spi-builder-workspace/.derivedData/ModuleCache.noindex -swift-version 5 -enforce-exclusivity\=checked -stats-output-dir /Users/admin/builder/spi-builder-workspace/.swiftpm/xcode/.stats -Onone -D SWIFT_PACKAGE -D DEBUG -serialize-debugging-options -const-gather-protocols-file /Users/admin/builder/spi-builder-workspace/.derivedData/Build/Intermediates.noindex/SwiftWidgets.build/Debug-appletvos/SwiftWidgets.build/Objects-normal/arm64/SwiftWidgets_const_extract_protocols.json -enable-experimental-feature DebugDescriptionMacro -enable-experimental-feature OpaqueTypeErasure -strict-concurrency\=complete -empty-abi-descriptor -plugin-path /Applications/Xcode-16.1.0.app/Contents/Developer/Toolchains/XcodeDefault.xctoolchain/usr/lib/swift/host/plugins/testing -validate-clang-modules-once -clang-build-session-file /Users/admin/builder/spi-builder-workspace/.derivedData/ModuleCache.noindex/Session.modulevalidation -Xcc -working-directory -Xcc /Users/admin/builder/spi-builder-workspace/.swiftpm/xcode -resource-dir /Applications/Xcode-16.1.0.app/Contents/Developer/Toolchains/XcodeDefault.xctoolchain/usr/lib/swift -enable-anonymous-context-mangled-names -file-compilation-dir /Users/admin/builder/spi-builder-workspace/.swiftpm/xcode -Xcc -D_LIBCPP_HARDENING_MODE\=_LIBCPP_HARDENING_MODE_DEBUG -Xcc -ivfsstatcache -Xcc /Users/admin/builder/spi-builder-workspace/.derivedData/SDKStatCaches.noindex/appletvos18.1-22J572-e7fdd8cf9ffd4d4af20823079b51a726.sdkstatcache -Xcc -I/Users/admin/builder/spi-builder-workspace/.derivedData/Build/Intermediates.noindex/SwiftWidgets.build/Debug-appletvos/SwiftWidgets.build/swift-overrides.hmap -Xcc -I/Users/admin/builder/spi-builder-workspace/.derivedData/Build/Products/Debug-appletvos/include -Xcc -I/Users/admin/builder/spi-builder-workspace/.derivedData/Build/Intermediates.noindex/SwiftWidgets.build/Debug-appletvos/SwiftWidgets.build/DerivedSources-normal/arm64 -Xcc -I/Users/admin/builder/spi-builder-workspace/.derivedData/Build/Intermediates.noindex/SwiftWidgets.build/Debug-appletvos/SwiftWidgets.build/DerivedSources/arm64 -Xcc -I/Users/admin/builder/spi-builder-workspace/.derivedData/Build/Intermediates.noindex/SwiftWidgets.build/Debug-appletvos/SwiftWidgets.build/DerivedSources -Xcc -DSWIFT_PACKAGE -Xcc -DDEBUG\=1 -module-name SwiftWidgets -frontend-parseable-output -disable-clang-spi -target-sdk-version 18.1 -target-sdk-name appletvos18.1 -external-plugin-path /Applications/Xcode-16.1.0.app/Contents/Developer/Platforms/AppleTVOS.platform/Developer/usr/lib/swift/host/plugins\#/Applications/Xcode-16.1.0.app/Contents/Developer/Platforms/AppleTVOS.platform/Developer/usr/bin/swift-plugin-server -external-plugin-path /Applications/Xcode-16.1.0.app/Contents/Developer/Platforms/AppleTVOS.platform/Developer/usr/local/lib/swift/host/plugins\#/Applications/Xcode-16.1.0.app/Contents/Developer/Platforms/AppleTVOS.platform/Developer/usr/bin/swift-plugin-server -plugin-path /Applications/Xcode-16.1.0.app/Contents/Developer/Toolchains/XcodeDefault.xctoolchain/usr/lib/swift/host/plugins -plugin-path /Applications/Xcode-16.1.0.app/Contents/Developer/Toolchains/XcodeDefault.xctoolchain/usr/local/lib/swift/host/plugins -emit-module-doc-path /Users/admin/builder/spi-builder-workspace/.derivedData/Build/Intermediates.noindex/SwiftWidgets.build/Debug-appletvos/SwiftWidgets.build/Objects-normal/arm64/SwiftWidgets.swiftdoc -emit-module-source-info-path /Users/admin/builder/spi-builder-workspace/.derivedData/Build/Intermediates.noindex/SwiftWidgets.build/Debug-appletvos/SwiftWidgets.build/Objects-normal/arm64/SwiftWidgets.swiftsourceinfo -emit-objc-header-path /Users/admin/builder/spi-builder-workspace/.derivedData/Build/Intermediates.noindex/SwiftWidgets.build/Debug-appletvos/SwiftWidgets.build/Objects-normal/arm64/SwiftWidgets-Swift.h -serialize-diagnostics-path /Users/admin/builder/spi-builder-workspace/.derivedData/Build/Intermediates.noindex/SwiftWidgets.build/Debug-appletvos/SwiftWidgets.build/Objects-normal/arm64/SwiftWidgets-master-emit-module.dia -emit-dependencies-path /Users/admin/builder/spi-builder-workspace/.derivedData/Build/Intermediates.noindex/SwiftWidgets.build/Debug-appletvos/SwiftWidgets.build/Objects-normal/arm64/SwiftWidgets-master-emit-module.d -o /Users/admin/builder/spi-builder-workspace/.derivedData/Build/Intermediates.noindex/SwiftWidgets.build/Debug-appletvos/SwiftWidgets.build/Objects-normal/arm64/SwiftWidgets.swiftmodule -emit-abi-descriptor-path /Users/admin/builder/spi-builder-workspace/.derivedData/Build/Intermediates.noindex/SwiftWidgets.build/Debug-appletvos/SwiftWidgets.build/Objects-normal/arm64/SwiftWidgets.abi.json
EmitSwiftModule normal arm64 (in target 'SwiftWidgets' from project 'SwiftWidgets')
cd /Users/admin/builder/spi-builder-workspace/.swiftpm/xcode
/Applications/Xcode-16.1.0.app/Contents/Developer/Toolchains/XcodeDefault.xctoolchain/usr/bin/swift-frontend -emit-module -experimental-skip-non-inlinable-function-bodies-without-types /Users/admin/builder/spi-builder-workspace/Sources/SwiftWidgets/AsyncImage/AsyncImage.swift /Users/admin/builder/spi-builder-workspace/Sources/SwiftWidgets/AsyncImage/ImageCache.swift /Users/admin/builder/spi-builder-workspace/Sources/SwiftWidgets/AsyncImage/ImageCacheKeys.swift /Users/admin/builder/spi-builder-workspace/Sources/SwiftWidgets/AsyncImage/ImageLoader.swift /Users/admin/builder/spi-builder-workspace/Sources/SwiftWidgets/Card.swift /Users/admin/builder/spi-builder-workspace/Sources/SwiftWidgets/Extensions.swift /Users/admin/builder/spi-builder-workspace/Sources/SwiftWidgets/Icon.swift /Users/admin/builder/spi-builder-workspace/Sources/SwiftWidgets/ImageCard.swift /Users/admin/builder/spi-builder-workspace/Sources/SwiftWidgets/ImageCarousel.swift /Users/admin/builder/spi-builder-workspace/Sources/SwiftWidgets/Models/CarouselModel.swift /Users/admin/builder/spi-builder-workspace/Sources/SwiftWidgets/TextCard.swift -target arm64-apple-tvos13.0 -Xllvm -aarch64-use-tbi -enable-objc-interop -stack-check -sdk /Applications/Xcode-16.1.0.app/Contents/Developer/Platforms/AppleTVOS.platform/Developer/SDKs/AppleTVOS18.1.sdk -I /Users/admin/builder/spi-builder-workspace/.derivedData/Build/Products/Debug-appletvos -I /Applications/Xcode-16.1.0.app/Contents/Developer/Platforms/AppleTVOS.platform/Developer/usr/lib -F /Users/admin/builder/spi-builder-workspace/.derivedData/Build/Products/Debug-appletvos/PackageFrameworks -F /Users/admin/builder/spi-builder-workspace/.derivedData/Build/Products/Debug-appletvos -F /Applications/Xcode-16.1.0.app/Contents/Developer/Platforms/AppleTVOS.platform/Developer/Library/Frameworks -F /Applications/Xcode-16.1.0.app/Contents/Developer/Platforms/AppleTVOS.platform/Developer/SDKs/AppleTVOS18.1.sdk/Developer/Library/Frameworks -no-color-diagnostics -enable-testing -g -debug-info-format\=dwarf -dwarf-version\=4 -module-cache-path /Users/admin/builder/spi-builder-workspace/.derivedData/ModuleCache.noindex -swift-version 5 -enforce-exclusivity\=checked -stats-output-dir /Users/admin/builder/spi-builder-workspace/.swiftpm/xcode/.stats -Onone -D SWIFT_PACKAGE -D DEBUG -serialize-debugging-options -const-gather-protocols-file /Users/admin/builder/spi-builder-workspace/.derivedData/Build/Intermediates.noindex/SwiftWidgets.build/Debug-appletvos/SwiftWidgets.build/Objects-normal/arm64/SwiftWidgets_const_extract_protocols.json -enable-experimental-feature DebugDescriptionMacro -enable-experimental-feature OpaqueTypeErasure -strict-concurrency\=complete -empty-abi-descriptor -plugin-path /Applications/Xcode-16.1.0.app/Contents/Developer/Toolchains/XcodeDefault.xctoolchain/usr/lib/swift/host/plugins/testing -validate-clang-modules-once -clang-build-session-file /Users/admin/builder/spi-builder-workspace/.derivedData/ModuleCache.noindex/Session.modulevalidation -Xcc -working-directory -Xcc /Users/admin/builder/spi-builder-workspace/.swiftpm/xcode -resource-dir /Applications/Xcode-16.1.0.app/Contents/Developer/Toolchains/XcodeDefault.xctoolchain/usr/lib/swift -enable-anonymous-context-mangled-names -file-compilation-dir /Users/admin/builder/spi-builder-workspace/.swiftpm/xcode -Xcc -D_LIBCPP_HARDENING_MODE\=_LIBCPP_HARDENING_MODE_DEBUG -Xcc -ivfsstatcache -Xcc /Users/admin/builder/spi-builder-workspace/.derivedData/SDKStatCaches.noindex/appletvos18.1-22J572-e7fdd8cf9ffd4d4af20823079b51a726.sdkstatcache -Xcc -I/Users/admin/builder/spi-builder-workspace/.derivedData/Build/Intermediates.noindex/SwiftWidgets.build/Debug-appletvos/SwiftWidgets.build/swift-overrides.hmap -Xcc -I/Users/admin/builder/spi-builder-workspace/.derivedData/Build/Products/Debug-appletvos/include -Xcc -I/Users/admin/builder/spi-builder-workspace/.derivedData/Build/Intermediates.noindex/SwiftWidgets.build/Debug-appletvos/SwiftWidgets.build/DerivedSources-normal/arm64 -Xcc -I/Users/admin/builder/spi-builder-workspace/.derivedData/Build/Intermediates.noindex/SwiftWidgets.build/Debug-appletvos/SwiftWidgets.build/DerivedSources/arm64 -Xcc -I/Users/admin/builder/spi-builder-workspace/.derivedData/Build/Intermediates.noindex/SwiftWidgets.build/Debug-appletvos/SwiftWidgets.build/DerivedSources -Xcc -DSWIFT_PACKAGE -Xcc -DDEBUG\=1 -module-name SwiftWidgets -frontend-parseable-output -disable-clang-spi -target-sdk-version 18.1 -target-sdk-name appletvos18.1 -external-plugin-path /Applications/Xcode-16.1.0.app/Contents/Developer/Platforms/AppleTVOS.platform/Developer/usr/lib/swift/host/plugins\#/Applications/Xcode-16.1.0.app/Contents/Developer/Platforms/AppleTVOS.platform/Developer/usr/bin/swift-plugin-server -external-plugin-path /Applications/Xcode-16.1.0.app/Contents/Developer/Platforms/AppleTVOS.platform/Developer/usr/local/lib/swift/host/plugins\#/Applications/Xcode-16.1.0.app/Contents/Developer/Platforms/AppleTVOS.platform/Developer/usr/bin/swift-plugin-server -plugin-path /Applications/Xcode-16.1.0.app/Contents/Developer/Toolchains/XcodeDefault.xctoolchain/usr/lib/swift/host/plugins -plugin-path /Applications/Xcode-16.1.0.app/Contents/Developer/Toolchains/XcodeDefault.xctoolchain/usr/local/lib/swift/host/plugins -emit-module-doc-path /Users/admin/builder/spi-builder-workspace/.derivedData/Build/Intermediates.noindex/SwiftWidgets.build/Debug-appletvos/SwiftWidgets.build/Objects-normal/arm64/SwiftWidgets.swiftdoc -emit-module-source-info-path /Users/admin/builder/spi-builder-workspace/.derivedData/Build/Intermediates.noindex/SwiftWidgets.build/Debug-appletvos/SwiftWidgets.build/Objects-normal/arm64/SwiftWidgets.swiftsourceinfo -emit-objc-header-path /Users/admin/builder/spi-builder-workspace/.derivedData/Build/Intermediates.noindex/SwiftWidgets.build/Debug-appletvos/SwiftWidgets.build/Objects-normal/arm64/SwiftWidgets-Swift.h -serialize-diagnostics-path /Users/admin/builder/spi-builder-workspace/.derivedData/Build/Intermediates.noindex/SwiftWidgets.build/Debug-appletvos/SwiftWidgets.build/Objects-normal/arm64/SwiftWidgets-master-emit-module.dia -emit-dependencies-path /Users/admin/builder/spi-builder-workspace/.derivedData/Build/Intermediates.noindex/SwiftWidgets.build/Debug-appletvos/SwiftWidgets.build/Objects-normal/arm64/SwiftWidgets-master-emit-module.d -o /Users/admin/builder/spi-builder-workspace/.derivedData/Build/Intermediates.noindex/SwiftWidgets.build/Debug-appletvos/SwiftWidgets.build/Objects-normal/arm64/SwiftWidgets.swiftmodule -emit-abi-descriptor-path /Users/admin/builder/spi-builder-workspace/.derivedData/Build/Intermediates.noindex/SwiftWidgets.build/Debug-appletvos/SwiftWidgets.build/Objects-normal/arm64/SwiftWidgets.abi.json
/Users/admin/builder/spi-builder-workspace/Sources/SwiftWidgets/AsyncImage/AsyncImage.swift:12:6: error: 'StateObject' is only available in tvOS 14.0 or newer
@StateObject private var loader: ImageLoader
^
/Users/admin/builder/spi-builder-workspace/Sources/SwiftWidgets/AsyncImage/ImageCacheKeys.swift:12:16: warning: static property 'defaultValue' is not concurrency-safe because non-'Sendable' type 'any ImageCache' may have shared mutable state; this is an error in the Swift 6 language mode
static let defaultValue: ImageCache = TemporaryImageCache()
^
/Users/admin/builder/spi-builder-workspace/Sources/SwiftWidgets/AsyncImage/ImageCache.swift:11:10: note: protocol 'ImageCache' does not conform to the 'Sendable' protocol
protocol ImageCache {
^
/Users/admin/builder/spi-builder-workspace/Sources/SwiftWidgets/AsyncImage/ImageCacheKeys.swift:12:16: note: annotate 'defaultValue' with '@MainActor' if property should only be accessed from the main actor
static let defaultValue: ImageCache = TemporaryImageCache()
^
@MainActor
/Users/admin/builder/spi-builder-workspace/Sources/SwiftWidgets/AsyncImage/ImageCacheKeys.swift:12:16: note: disable concurrency-safety checks if accesses are protected by an external synchronization mechanism
static let defaultValue: ImageCache = TemporaryImageCache()
^
nonisolated(unsafe)
/Users/admin/builder/spi-builder-workspace/Sources/SwiftWidgets/Models/CarouselModel.swift:25:23: warning: static property 'example' is not concurrency-safe because non-'Sendable' type '[CarouselModel]' may have shared mutable state; this is an error in the Swift 6 language mode
public static let example = [
^
/Users/admin/builder/spi-builder-workspace/Sources/SwiftWidgets/Models/CarouselModel.swift:11:15: note: consider making struct 'CarouselModel' conform to the 'Sendable' protocol
public struct CarouselModel: Hashable {
^
, Sendable
/Users/admin/builder/spi-builder-workspace/Sources/SwiftWidgets/Models/CarouselModel.swift:25:23: note: annotate 'example' with '@MainActor' if property should only be accessed from the main actor
public static let example = [
^
@MainActor
/Users/admin/builder/spi-builder-workspace/Sources/SwiftWidgets/Models/CarouselModel.swift:25:23: note: disable concurrency-safety checks if accesses are protected by an external synchronization mechanism
public static let example = [
^
nonisolated(unsafe)
SwiftCompile normal arm64 Compiling\ Extensions.swift /Users/admin/builder/spi-builder-workspace/Sources/SwiftWidgets/Extensions.swift (in target 'SwiftWidgets' from project 'SwiftWidgets')
cd /Users/admin/builder/spi-builder-workspace/.swiftpm/xcode
builtin-swiftTaskExecution -- /Applications/Xcode-16.1.0.app/Contents/Developer/Toolchains/XcodeDefault.xctoolchain/usr/bin/swift-frontend -frontend -c /Users/admin/builder/spi-builder-workspace/Sources/SwiftWidgets/AsyncImage/AsyncImage.swift /Users/admin/builder/spi-builder-workspace/Sources/SwiftWidgets/AsyncImage/ImageCache.swift /Users/admin/builder/spi-builder-workspace/Sources/SwiftWidgets/AsyncImage/ImageCacheKeys.swift /Users/admin/builder/spi-builder-workspace/Sources/SwiftWidgets/AsyncImage/ImageLoader.swift /Users/admin/builder/spi-builder-workspace/Sources/SwiftWidgets/Card.swift -primary-file /Users/admin/builder/spi-builder-workspace/Sources/SwiftWidgets/Extensions.swift /Users/admin/builder/spi-builder-workspace/Sources/SwiftWidgets/Icon.swift /Users/admin/builder/spi-builder-workspace/Sources/SwiftWidgets/ImageCard.swift /Users/admin/builder/spi-builder-workspace/Sources/SwiftWidgets/ImageCarousel.swift /Users/admin/builder/spi-builder-workspace/Sources/SwiftWidgets/Models/CarouselModel.swift /Users/admin/builder/spi-builder-workspace/Sources/SwiftWidgets/TextCard.swift -emit-dependencies-path /Users/admin/builder/spi-builder-workspace/.derivedData/Build/Intermediates.noindex/SwiftWidgets.build/Debug-appletvos/SwiftWidgets.build/Objects-normal/arm64/Extensions.d -emit-const-values-path /Users/admin/builder/spi-builder-workspace/.derivedData/Build/Intermediates.noindex/SwiftWidgets.build/Debug-appletvos/SwiftWidgets.build/Objects-normal/arm64/Extensions.swiftconstvalues -emit-reference-dependencies-path /Users/admin/builder/spi-builder-workspace/.derivedData/Build/Intermediates.noindex/SwiftWidgets.build/Debug-appletvos/SwiftWidgets.build/Objects-normal/arm64/Extensions.swiftdeps -serialize-diagnostics-path /Users/admin/builder/spi-builder-workspace/.derivedData/Build/Intermediates.noindex/SwiftWidgets.build/Debug-appletvos/SwiftWidgets.build/Objects-normal/arm64/Extensions.dia -target arm64-apple-tvos13.0 -Xllvm -aarch64-use-tbi -enable-objc-interop -stack-check -sdk /Applications/Xcode-16.1.0.app/Contents/Developer/Platforms/AppleTVOS.platform/Developer/SDKs/AppleTVOS18.1.sdk -I /Users/admin/builder/spi-builder-workspace/.derivedData/Build/Products/Debug-appletvos -I /Applications/Xcode-16.1.0.app/Contents/Developer/Platforms/AppleTVOS.platform/Developer/usr/lib -F /Users/admin/builder/spi-builder-workspace/.derivedData/Build/Products/Debug-appletvos/PackageFrameworks -F /Users/admin/builder/spi-builder-workspace/.derivedData/Build/Products/Debug-appletvos -F /Applications/Xcode-16.1.0.app/Contents/Developer/Platforms/AppleTVOS.platform/Developer/Library/Frameworks -F /Applications/Xcode-16.1.0.app/Contents/Developer/Platforms/AppleTVOS.platform/Developer/SDKs/AppleTVOS18.1.sdk/Developer/Library/Frameworks -no-color-diagnostics -enable-testing -g -debug-info-format\=dwarf -dwarf-version\=4 -module-cache-path /Users/admin/builder/spi-builder-workspace/.derivedData/ModuleCache.noindex -swift-version 5 -enforce-exclusivity\=checked -stats-output-dir /Users/admin/builder/spi-builder-workspace/.swiftpm/xcode/.stats -Onone -D SWIFT_PACKAGE -D DEBUG -serialize-debugging-options -const-gather-protocols-file /Users/admin/builder/spi-builder-workspace/.derivedData/Build/Intermediates.noindex/SwiftWidgets.build/Debug-appletvos/SwiftWidgets.build/Objects-normal/arm64/SwiftWidgets_const_extract_protocols.json -enable-experimental-feature DebugDescriptionMacro -enable-experimental-feature OpaqueTypeErasure -strict-concurrency\=complete -empty-abi-descriptor -plugin-path /Applications/Xcode-16.1.0.app/Contents/Developer/Toolchains/XcodeDefault.xctoolchain/usr/lib/swift/host/plugins/testing -validate-clang-modules-once -clang-build-session-file /Users/admin/builder/spi-builder-workspace/.derivedData/ModuleCache.noindex/Session.modulevalidation -Xcc -working-directory -Xcc /Users/admin/builder/spi-builder-workspace/.swiftpm/xcode -resource-dir /Applications/Xcode-16.1.0.app/Contents/Developer/Toolchains/XcodeDefault.xctoolchain/usr/lib/swift -enable-anonymous-context-mangled-names -file-compilation-dir /Users/admin/builder/spi-builder-workspace/.swiftpm/xcode -Xcc -D_LIBCPP_HARDENING_MODE\=_LIBCPP_HARDENING_MODE_DEBUG -Xcc -ivfsstatcache -Xcc /Users/admin/builder/spi-builder-workspace/.derivedData/SDKStatCaches.noindex/appletvos18.1-22J572-e7fdd8cf9ffd4d4af20823079b51a726.sdkstatcache -Xcc -I/Users/admin/builder/spi-builder-workspace/.derivedData/Build/Intermediates.noindex/SwiftWidgets.build/Debug-appletvos/SwiftWidgets.build/swift-overrides.hmap -Xcc -I/Users/admin/builder/spi-builder-workspace/.derivedData/Build/Products/Debug-appletvos/include -Xcc -I/Users/admin/builder/spi-builder-workspace/.derivedData/Build/Intermediates.noindex/SwiftWidgets.build/Debug-appletvos/SwiftWidgets.build/DerivedSources-normal/arm64 -Xcc -I/Users/admin/builder/spi-builder-workspace/.derivedData/Build/Intermediates.noindex/SwiftWidgets.build/Debug-appletvos/SwiftWidgets.build/DerivedSources/arm64 -Xcc -I/Users/admin/builder/spi-builder-workspace/.derivedData/Build/Intermediates.noindex/SwiftWidgets.build/Debug-appletvos/SwiftWidgets.build/DerivedSources -Xcc -DSWIFT_PACKAGE -Xcc -DDEBUG\=1 -module-name SwiftWidgets -frontend-parseable-output -disable-clang-spi -target-sdk-version 18.1 -target-sdk-name appletvos18.1 -external-plugin-path /Applications/Xcode-16.1.0.app/Contents/Developer/Platforms/AppleTVOS.platform/Developer/usr/lib/swift/host/plugins\#/Applications/Xcode-16.1.0.app/Contents/Developer/Platforms/AppleTVOS.platform/Developer/usr/bin/swift-plugin-server -external-plugin-path /Applications/Xcode-16.1.0.app/Contents/Developer/Platforms/AppleTVOS.platform/Developer/usr/local/lib/swift/host/plugins\#/Applications/Xcode-16.1.0.app/Contents/Developer/Platforms/AppleTVOS.platform/Developer/usr/bin/swift-plugin-server -plugin-path /Applications/Xcode-16.1.0.app/Contents/Developer/Toolchains/XcodeDefault.xctoolchain/usr/lib/swift/host/plugins -plugin-path /Applications/Xcode-16.1.0.app/Contents/Developer/Toolchains/XcodeDefault.xctoolchain/usr/local/lib/swift/host/plugins -o /Users/admin/builder/spi-builder-workspace/.derivedData/Build/Intermediates.noindex/SwiftWidgets.build/Debug-appletvos/SwiftWidgets.build/Objects-normal/arm64/Extensions.o -index-unit-output-path /SwiftWidgets.build/Debug-appletvos/SwiftWidgets.build/Objects-normal/arm64/Extensions.o -index-store-path /Users/admin/builder/spi-builder-workspace/.derivedData/Index.noindex/DataStore -index-system-modules
SwiftCompile normal arm64 /Users/admin/builder/spi-builder-workspace/Sources/SwiftWidgets/Extensions.swift (in target 'SwiftWidgets' from project 'SwiftWidgets')
cd /Users/admin/builder/spi-builder-workspace/.swiftpm/xcode
/Applications/Xcode-16.1.0.app/Contents/Developer/Toolchains/XcodeDefault.xctoolchain/usr/bin/swift-frontend -c /Users/admin/builder/spi-builder-workspace/Sources/SwiftWidgets/AsyncImage/AsyncImage.swift /Users/admin/builder/spi-builder-workspace/Sources/SwiftWidgets/AsyncImage/ImageCache.swift /Users/admin/builder/spi-builder-workspace/Sources/SwiftWidgets/AsyncImage/ImageCacheKeys.swift /Users/admin/builder/spi-builder-workspace/Sources/SwiftWidgets/AsyncImage/ImageLoader.swift /Users/admin/builder/spi-builder-workspace/Sources/SwiftWidgets/Card.swift -primary-file /Users/admin/builder/spi-builder-workspace/Sources/SwiftWidgets/Extensions.swift /Users/admin/builder/spi-builder-workspace/Sources/SwiftWidgets/Icon.swift /Users/admin/builder/spi-builder-workspace/Sources/SwiftWidgets/ImageCard.swift /Users/admin/builder/spi-builder-workspace/Sources/SwiftWidgets/ImageCarousel.swift /Users/admin/builder/spi-builder-workspace/Sources/SwiftWidgets/Models/CarouselModel.swift /Users/admin/builder/spi-builder-workspace/Sources/SwiftWidgets/TextCard.swift -emit-dependencies-path /Users/admin/builder/spi-builder-workspace/.derivedData/Build/Intermediates.noindex/SwiftWidgets.build/Debug-appletvos/SwiftWidgets.build/Objects-normal/arm64/Extensions.d -emit-const-values-path /Users/admin/builder/spi-builder-workspace/.derivedData/Build/Intermediates.noindex/SwiftWidgets.build/Debug-appletvos/SwiftWidgets.build/Objects-normal/arm64/Extensions.swiftconstvalues -emit-reference-dependencies-path /Users/admin/builder/spi-builder-workspace/.derivedData/Build/Intermediates.noindex/SwiftWidgets.build/Debug-appletvos/SwiftWidgets.build/Objects-normal/arm64/Extensions.swiftdeps -serialize-diagnostics-path /Users/admin/builder/spi-builder-workspace/.derivedData/Build/Intermediates.noindex/SwiftWidgets.build/Debug-appletvos/SwiftWidgets.build/Objects-normal/arm64/Extensions.dia -target arm64-apple-tvos13.0 -Xllvm -aarch64-use-tbi -enable-objc-interop -stack-check -sdk /Applications/Xcode-16.1.0.app/Contents/Developer/Platforms/AppleTVOS.platform/Developer/SDKs/AppleTVOS18.1.sdk -I /Users/admin/builder/spi-builder-workspace/.derivedData/Build/Products/Debug-appletvos -I /Applications/Xcode-16.1.0.app/Contents/Developer/Platforms/AppleTVOS.platform/Developer/usr/lib -F /Users/admin/builder/spi-builder-workspace/.derivedData/Build/Products/Debug-appletvos/PackageFrameworks -F /Users/admin/builder/spi-builder-workspace/.derivedData/Build/Products/Debug-appletvos -F /Applications/Xcode-16.1.0.app/Contents/Developer/Platforms/AppleTVOS.platform/Developer/Library/Frameworks -F /Applications/Xcode-16.1.0.app/Contents/Developer/Platforms/AppleTVOS.platform/Developer/SDKs/AppleTVOS18.1.sdk/Developer/Library/Frameworks -no-color-diagnostics -enable-testing -g -debug-info-format\=dwarf -dwarf-version\=4 -module-cache-path /Users/admin/builder/spi-builder-workspace/.derivedData/ModuleCache.noindex -swift-version 5 -enforce-exclusivity\=checked -stats-output-dir /Users/admin/builder/spi-builder-workspace/.swiftpm/xcode/.stats -Onone -D SWIFT_PACKAGE -D DEBUG -serialize-debugging-options -const-gather-protocols-file /Users/admin/builder/spi-builder-workspace/.derivedData/Build/Intermediates.noindex/SwiftWidgets.build/Debug-appletvos/SwiftWidgets.build/Objects-normal/arm64/SwiftWidgets_const_extract_protocols.json -enable-experimental-feature DebugDescriptionMacro -enable-experimental-feature OpaqueTypeErasure -strict-concurrency\=complete -empty-abi-descriptor -plugin-path /Applications/Xcode-16.1.0.app/Contents/Developer/Toolchains/XcodeDefault.xctoolchain/usr/lib/swift/host/plugins/testing -validate-clang-modules-once -clang-build-session-file /Users/admin/builder/spi-builder-workspace/.derivedData/ModuleCache.noindex/Session.modulevalidation -Xcc -working-directory -Xcc /Users/admin/builder/spi-builder-workspace/.swiftpm/xcode -resource-dir /Applications/Xcode-16.1.0.app/Contents/Developer/Toolchains/XcodeDefault.xctoolchain/usr/lib/swift -enable-anonymous-context-mangled-names -file-compilation-dir /Users/admin/builder/spi-builder-workspace/.swiftpm/xcode -Xcc -D_LIBCPP_HARDENING_MODE\=_LIBCPP_HARDENING_MODE_DEBUG -Xcc -ivfsstatcache -Xcc /Users/admin/builder/spi-builder-workspace/.derivedData/SDKStatCaches.noindex/appletvos18.1-22J572-e7fdd8cf9ffd4d4af20823079b51a726.sdkstatcache -Xcc -I/Users/admin/builder/spi-builder-workspace/.derivedData/Build/Intermediates.noindex/SwiftWidgets.build/Debug-appletvos/SwiftWidgets.build/swift-overrides.hmap -Xcc -I/Users/admin/builder/spi-builder-workspace/.derivedData/Build/Products/Debug-appletvos/include -Xcc -I/Users/admin/builder/spi-builder-workspace/.derivedData/Build/Intermediates.noindex/SwiftWidgets.build/Debug-appletvos/SwiftWidgets.build/DerivedSources-normal/arm64 -Xcc -I/Users/admin/builder/spi-builder-workspace/.derivedData/Build/Intermediates.noindex/SwiftWidgets.build/Debug-appletvos/SwiftWidgets.build/DerivedSources/arm64 -Xcc -I/Users/admin/builder/spi-builder-workspace/.derivedData/Build/Intermediates.noindex/SwiftWidgets.build/Debug-appletvos/SwiftWidgets.build/DerivedSources -Xcc -DSWIFT_PACKAGE -Xcc -DDEBUG\=1 -module-name SwiftWidgets -frontend-parseable-output -disable-clang-spi -target-sdk-version 18.1 -target-sdk-name appletvos18.1 -external-plugin-path /Applications/Xcode-16.1.0.app/Contents/Developer/Platforms/AppleTVOS.platform/Developer/usr/lib/swift/host/plugins\#/Applications/Xcode-16.1.0.app/Contents/Developer/Platforms/AppleTVOS.platform/Developer/usr/bin/swift-plugin-server -external-plugin-path /Applications/Xcode-16.1.0.app/Contents/Developer/Platforms/AppleTVOS.platform/Developer/usr/local/lib/swift/host/plugins\#/Applications/Xcode-16.1.0.app/Contents/Developer/Platforms/AppleTVOS.platform/Developer/usr/bin/swift-plugin-server -plugin-path /Applications/Xcode-16.1.0.app/Contents/Developer/Toolchains/XcodeDefault.xctoolchain/usr/lib/swift/host/plugins -plugin-path /Applications/Xcode-16.1.0.app/Contents/Developer/Toolchains/XcodeDefault.xctoolchain/usr/local/lib/swift/host/plugins -o /Users/admin/builder/spi-builder-workspace/.derivedData/Build/Intermediates.noindex/SwiftWidgets.build/Debug-appletvos/SwiftWidgets.build/Objects-normal/arm64/Extensions.o -index-unit-output-path /SwiftWidgets.build/Debug-appletvos/SwiftWidgets.build/Objects-normal/arm64/Extensions.o -index-store-path /Users/admin/builder/spi-builder-workspace/.derivedData/Index.noindex/DataStore -index-system-modules
SwiftCompile normal arm64 Compiling\ ImageLoader.swift /Users/admin/builder/spi-builder-workspace/Sources/SwiftWidgets/AsyncImage/ImageLoader.swift (in target 'SwiftWidgets' from project 'SwiftWidgets')
cd /Users/admin/builder/spi-builder-workspace/.swiftpm/xcode
builtin-swiftTaskExecution -- /Applications/Xcode-16.1.0.app/Contents/Developer/Toolchains/XcodeDefault.xctoolchain/usr/bin/swift-frontend -frontend -c /Users/admin/builder/spi-builder-workspace/Sources/SwiftWidgets/AsyncImage/AsyncImage.swift /Users/admin/builder/spi-builder-workspace/Sources/SwiftWidgets/AsyncImage/ImageCache.swift /Users/admin/builder/spi-builder-workspace/Sources/SwiftWidgets/AsyncImage/ImageCacheKeys.swift -primary-file /Users/admin/builder/spi-builder-workspace/Sources/SwiftWidgets/AsyncImage/ImageLoader.swift /Users/admin/builder/spi-builder-workspace/Sources/SwiftWidgets/Card.swift /Users/admin/builder/spi-builder-workspace/Sources/SwiftWidgets/Extensions.swift /Users/admin/builder/spi-builder-workspace/Sources/SwiftWidgets/Icon.swift /Users/admin/builder/spi-builder-workspace/Sources/SwiftWidgets/ImageCard.swift /Users/admin/builder/spi-builder-workspace/Sources/SwiftWidgets/ImageCarousel.swift /Users/admin/builder/spi-builder-workspace/Sources/SwiftWidgets/Models/CarouselModel.swift /Users/admin/builder/spi-builder-workspace/Sources/SwiftWidgets/TextCard.swift -emit-dependencies-path /Users/admin/builder/spi-builder-workspace/.derivedData/Build/Intermediates.noindex/SwiftWidgets.build/Debug-appletvos/SwiftWidgets.build/Objects-normal/arm64/ImageLoader.d -emit-const-values-path /Users/admin/builder/spi-builder-workspace/.derivedData/Build/Intermediates.noindex/SwiftWidgets.build/Debug-appletvos/SwiftWidgets.build/Objects-normal/arm64/ImageLoader.swiftconstvalues -emit-reference-dependencies-path /Users/admin/builder/spi-builder-workspace/.derivedData/Build/Intermediates.noindex/SwiftWidgets.build/Debug-appletvos/SwiftWidgets.build/Objects-normal/arm64/ImageLoader.swiftdeps -serialize-diagnostics-path /Users/admin/builder/spi-builder-workspace/.derivedData/Build/Intermediates.noindex/SwiftWidgets.build/Debug-appletvos/SwiftWidgets.build/Objects-normal/arm64/ImageLoader.dia -target arm64-apple-tvos13.0 -Xllvm -aarch64-use-tbi -enable-objc-interop -stack-check -sdk /Applications/Xcode-16.1.0.app/Contents/Developer/Platforms/AppleTVOS.platform/Developer/SDKs/AppleTVOS18.1.sdk -I /Users/admin/builder/spi-builder-workspace/.derivedData/Build/Products/Debug-appletvos -I /Applications/Xcode-16.1.0.app/Contents/Developer/Platforms/AppleTVOS.platform/Developer/usr/lib -F /Users/admin/builder/spi-builder-workspace/.derivedData/Build/Products/Debug-appletvos/PackageFrameworks -F /Users/admin/builder/spi-builder-workspace/.derivedData/Build/Products/Debug-appletvos -F /Applications/Xcode-16.1.0.app/Contents/Developer/Platforms/AppleTVOS.platform/Developer/Library/Frameworks -F /Applications/Xcode-16.1.0.app/Contents/Developer/Platforms/AppleTVOS.platform/Developer/SDKs/AppleTVOS18.1.sdk/Developer/Library/Frameworks -no-color-diagnostics -enable-testing -g -debug-info-format\=dwarf -dwarf-version\=4 -module-cache-path /Users/admin/builder/spi-builder-workspace/.derivedData/ModuleCache.noindex -swift-version 5 -enforce-exclusivity\=checked -stats-output-dir /Users/admin/builder/spi-builder-workspace/.swiftpm/xcode/.stats -Onone -D SWIFT_PACKAGE -D DEBUG -serialize-debugging-options -const-gather-protocols-file /Users/admin/builder/spi-builder-workspace/.derivedData/Build/Intermediates.noindex/SwiftWidgets.build/Debug-appletvos/SwiftWidgets.build/Objects-normal/arm64/SwiftWidgets_const_extract_protocols.json -enable-experimental-feature DebugDescriptionMacro -enable-experimental-feature OpaqueTypeErasure -strict-concurrency\=complete -empty-abi-descriptor -plugin-path /Applications/Xcode-16.1.0.app/Contents/Developer/Toolchains/XcodeDefault.xctoolchain/usr/lib/swift/host/plugins/testing -validate-clang-modules-once -clang-build-session-file /Users/admin/builder/spi-builder-workspace/.derivedData/ModuleCache.noindex/Session.modulevalidation -Xcc -working-directory -Xcc /Users/admin/builder/spi-builder-workspace/.swiftpm/xcode -resource-dir /Applications/Xcode-16.1.0.app/Contents/Developer/Toolchains/XcodeDefault.xctoolchain/usr/lib/swift -enable-anonymous-context-mangled-names -file-compilation-dir /Users/admin/builder/spi-builder-workspace/.swiftpm/xcode -Xcc -D_LIBCPP_HARDENING_MODE\=_LIBCPP_HARDENING_MODE_DEBUG -Xcc -ivfsstatcache -Xcc /Users/admin/builder/spi-builder-workspace/.derivedData/SDKStatCaches.noindex/appletvos18.1-22J572-e7fdd8cf9ffd4d4af20823079b51a726.sdkstatcache -Xcc -I/Users/admin/builder/spi-builder-workspace/.derivedData/Build/Intermediates.noindex/SwiftWidgets.build/Debug-appletvos/SwiftWidgets.build/swift-overrides.hmap -Xcc -I/Users/admin/builder/spi-builder-workspace/.derivedData/Build/Products/Debug-appletvos/include -Xcc -I/Users/admin/builder/spi-builder-workspace/.derivedData/Build/Intermediates.noindex/SwiftWidgets.build/Debug-appletvos/SwiftWidgets.build/DerivedSources-normal/arm64 -Xcc -I/Users/admin/builder/spi-builder-workspace/.derivedData/Build/Intermediates.noindex/SwiftWidgets.build/Debug-appletvos/SwiftWidgets.build/DerivedSources/arm64 -Xcc -I/Users/admin/builder/spi-builder-workspace/.derivedData/Build/Intermediates.noindex/SwiftWidgets.build/Debug-appletvos/SwiftWidgets.build/DerivedSources -Xcc -DSWIFT_PACKAGE -Xcc -DDEBUG\=1 -module-name SwiftWidgets -frontend-parseable-output -disable-clang-spi -target-sdk-version 18.1 -target-sdk-name appletvos18.1 -external-plugin-path /Applications/Xcode-16.1.0.app/Contents/Developer/Platforms/AppleTVOS.platform/Developer/usr/lib/swift/host/plugins\#/Applications/Xcode-16.1.0.app/Contents/Developer/Platforms/AppleTVOS.platform/Developer/usr/bin/swift-plugin-server -external-plugin-path /Applications/Xcode-16.1.0.app/Contents/Developer/Platforms/AppleTVOS.platform/Developer/usr/local/lib/swift/host/plugins\#/Applications/Xcode-16.1.0.app/Contents/Developer/Platforms/AppleTVOS.platform/Developer/usr/bin/swift-plugin-server -plugin-path /Applications/Xcode-16.1.0.app/Contents/Developer/Toolchains/XcodeDefault.xctoolchain/usr/lib/swift/host/plugins -plugin-path /Applications/Xcode-16.1.0.app/Contents/Developer/Toolchains/XcodeDefault.xctoolchain/usr/local/lib/swift/host/plugins -o /Users/admin/builder/spi-builder-workspace/.derivedData/Build/Intermediates.noindex/SwiftWidgets.build/Debug-appletvos/SwiftWidgets.build/Objects-normal/arm64/ImageLoader.o -index-unit-output-path /SwiftWidgets.build/Debug-appletvos/SwiftWidgets.build/Objects-normal/arm64/ImageLoader.o -index-store-path /Users/admin/builder/spi-builder-workspace/.derivedData/Index.noindex/DataStore -index-system-modules
SwiftCompile normal arm64 /Users/admin/builder/spi-builder-workspace/Sources/SwiftWidgets/AsyncImage/ImageLoader.swift (in target 'SwiftWidgets' from project 'SwiftWidgets')
cd /Users/admin/builder/spi-builder-workspace/.swiftpm/xcode
/Applications/Xcode-16.1.0.app/Contents/Developer/Toolchains/XcodeDefault.xctoolchain/usr/bin/swift-frontend -c /Users/admin/builder/spi-builder-workspace/Sources/SwiftWidgets/AsyncImage/AsyncImage.swift /Users/admin/builder/spi-builder-workspace/Sources/SwiftWidgets/AsyncImage/ImageCache.swift /Users/admin/builder/spi-builder-workspace/Sources/SwiftWidgets/AsyncImage/ImageCacheKeys.swift -primary-file /Users/admin/builder/spi-builder-workspace/Sources/SwiftWidgets/AsyncImage/ImageLoader.swift /Users/admin/builder/spi-builder-workspace/Sources/SwiftWidgets/Card.swift /Users/admin/builder/spi-builder-workspace/Sources/SwiftWidgets/Extensions.swift /Users/admin/builder/spi-builder-workspace/Sources/SwiftWidgets/Icon.swift /Users/admin/builder/spi-builder-workspace/Sources/SwiftWidgets/ImageCard.swift /Users/admin/builder/spi-builder-workspace/Sources/SwiftWidgets/ImageCarousel.swift /Users/admin/builder/spi-builder-workspace/Sources/SwiftWidgets/Models/CarouselModel.swift /Users/admin/builder/spi-builder-workspace/Sources/SwiftWidgets/TextCard.swift -emit-dependencies-path /Users/admin/builder/spi-builder-workspace/.derivedData/Build/Intermediates.noindex/SwiftWidgets.build/Debug-appletvos/SwiftWidgets.build/Objects-normal/arm64/ImageLoader.d -emit-const-values-path /Users/admin/builder/spi-builder-workspace/.derivedData/Build/Intermediates.noindex/SwiftWidgets.build/Debug-appletvos/SwiftWidgets.build/Objects-normal/arm64/ImageLoader.swiftconstvalues -emit-reference-dependencies-path /Users/admin/builder/spi-builder-workspace/.derivedData/Build/Intermediates.noindex/SwiftWidgets.build/Debug-appletvos/SwiftWidgets.build/Objects-normal/arm64/ImageLoader.swiftdeps -serialize-diagnostics-path /Users/admin/builder/spi-builder-workspace/.derivedData/Build/Intermediates.noindex/SwiftWidgets.build/Debug-appletvos/SwiftWidgets.build/Objects-normal/arm64/ImageLoader.dia -target arm64-apple-tvos13.0 -Xllvm -aarch64-use-tbi -enable-objc-interop -stack-check -sdk /Applications/Xcode-16.1.0.app/Contents/Developer/Platforms/AppleTVOS.platform/Developer/SDKs/AppleTVOS18.1.sdk -I /Users/admin/builder/spi-builder-workspace/.derivedData/Build/Products/Debug-appletvos -I /Applications/Xcode-16.1.0.app/Contents/Developer/Platforms/AppleTVOS.platform/Developer/usr/lib -F /Users/admin/builder/spi-builder-workspace/.derivedData/Build/Products/Debug-appletvos/PackageFrameworks -F /Users/admin/builder/spi-builder-workspace/.derivedData/Build/Products/Debug-appletvos -F /Applications/Xcode-16.1.0.app/Contents/Developer/Platforms/AppleTVOS.platform/Developer/Library/Frameworks -F /Applications/Xcode-16.1.0.app/Contents/Developer/Platforms/AppleTVOS.platform/Developer/SDKs/AppleTVOS18.1.sdk/Developer/Library/Frameworks -no-color-diagnostics -enable-testing -g -debug-info-format\=dwarf -dwarf-version\=4 -module-cache-path /Users/admin/builder/spi-builder-workspace/.derivedData/ModuleCache.noindex -swift-version 5 -enforce-exclusivity\=checked -stats-output-dir /Users/admin/builder/spi-builder-workspace/.swiftpm/xcode/.stats -Onone -D SWIFT_PACKAGE -D DEBUG -serialize-debugging-options -const-gather-protocols-file /Users/admin/builder/spi-builder-workspace/.derivedData/Build/Intermediates.noindex/SwiftWidgets.build/Debug-appletvos/SwiftWidgets.build/Objects-normal/arm64/SwiftWidgets_const_extract_protocols.json -enable-experimental-feature DebugDescriptionMacro -enable-experimental-feature OpaqueTypeErasure -strict-concurrency\=complete -empty-abi-descriptor -plugin-path /Applications/Xcode-16.1.0.app/Contents/Developer/Toolchains/XcodeDefault.xctoolchain/usr/lib/swift/host/plugins/testing -validate-clang-modules-once -clang-build-session-file /Users/admin/builder/spi-builder-workspace/.derivedData/ModuleCache.noindex/Session.modulevalidation -Xcc -working-directory -Xcc /Users/admin/builder/spi-builder-workspace/.swiftpm/xcode -resource-dir /Applications/Xcode-16.1.0.app/Contents/Developer/Toolchains/XcodeDefault.xctoolchain/usr/lib/swift -enable-anonymous-context-mangled-names -file-compilation-dir /Users/admin/builder/spi-builder-workspace/.swiftpm/xcode -Xcc -D_LIBCPP_HARDENING_MODE\=_LIBCPP_HARDENING_MODE_DEBUG -Xcc -ivfsstatcache -Xcc /Users/admin/builder/spi-builder-workspace/.derivedData/SDKStatCaches.noindex/appletvos18.1-22J572-e7fdd8cf9ffd4d4af20823079b51a726.sdkstatcache -Xcc -I/Users/admin/builder/spi-builder-workspace/.derivedData/Build/Intermediates.noindex/SwiftWidgets.build/Debug-appletvos/SwiftWidgets.build/swift-overrides.hmap -Xcc -I/Users/admin/builder/spi-builder-workspace/.derivedData/Build/Products/Debug-appletvos/include -Xcc -I/Users/admin/builder/spi-builder-workspace/.derivedData/Build/Intermediates.noindex/SwiftWidgets.build/Debug-appletvos/SwiftWidgets.build/DerivedSources-normal/arm64 -Xcc -I/Users/admin/builder/spi-builder-workspace/.derivedData/Build/Intermediates.noindex/SwiftWidgets.build/Debug-appletvos/SwiftWidgets.build/DerivedSources/arm64 -Xcc -I/Users/admin/builder/spi-builder-workspace/.derivedData/Build/Intermediates.noindex/SwiftWidgets.build/Debug-appletvos/SwiftWidgets.build/DerivedSources -Xcc -DSWIFT_PACKAGE -Xcc -DDEBUG\=1 -module-name SwiftWidgets -frontend-parseable-output -disable-clang-spi -target-sdk-version 18.1 -target-sdk-name appletvos18.1 -external-plugin-path /Applications/Xcode-16.1.0.app/Contents/Developer/Platforms/AppleTVOS.platform/Developer/usr/lib/swift/host/plugins\#/Applications/Xcode-16.1.0.app/Contents/Developer/Platforms/AppleTVOS.platform/Developer/usr/bin/swift-plugin-server -external-plugin-path /Applications/Xcode-16.1.0.app/Contents/Developer/Platforms/AppleTVOS.platform/Developer/usr/local/lib/swift/host/plugins\#/Applications/Xcode-16.1.0.app/Contents/Developer/Platforms/AppleTVOS.platform/Developer/usr/bin/swift-plugin-server -plugin-path /Applications/Xcode-16.1.0.app/Contents/Developer/Toolchains/XcodeDefault.xctoolchain/usr/lib/swift/host/plugins -plugin-path /Applications/Xcode-16.1.0.app/Contents/Developer/Toolchains/XcodeDefault.xctoolchain/usr/local/lib/swift/host/plugins -o /Users/admin/builder/spi-builder-workspace/.derivedData/Build/Intermediates.noindex/SwiftWidgets.build/Debug-appletvos/SwiftWidgets.build/Objects-normal/arm64/ImageLoader.o -index-unit-output-path /SwiftWidgets.build/Debug-appletvos/SwiftWidgets.build/Objects-normal/arm64/ImageLoader.o -index-store-path /Users/admin/builder/spi-builder-workspace/.derivedData/Index.noindex/DataStore -index-system-modules
SwiftCompile normal arm64 Compiling\ ImageCard.swift /Users/admin/builder/spi-builder-workspace/Sources/SwiftWidgets/ImageCard.swift (in target 'SwiftWidgets' from project 'SwiftWidgets')
cd /Users/admin/builder/spi-builder-workspace/.swiftpm/xcode
builtin-swiftTaskExecution -- /Applications/Xcode-16.1.0.app/Contents/Developer/Toolchains/XcodeDefault.xctoolchain/usr/bin/swift-frontend -frontend -c /Users/admin/builder/spi-builder-workspace/Sources/SwiftWidgets/AsyncImage/AsyncImage.swift /Users/admin/builder/spi-builder-workspace/Sources/SwiftWidgets/AsyncImage/ImageCache.swift /Users/admin/builder/spi-builder-workspace/Sources/SwiftWidgets/AsyncImage/ImageCacheKeys.swift /Users/admin/builder/spi-builder-workspace/Sources/SwiftWidgets/AsyncImage/ImageLoader.swift /Users/admin/builder/spi-builder-workspace/Sources/SwiftWidgets/Card.swift /Users/admin/builder/spi-builder-workspace/Sources/SwiftWidgets/Extensions.swift /Users/admin/builder/spi-builder-workspace/Sources/SwiftWidgets/Icon.swift -primary-file /Users/admin/builder/spi-builder-workspace/Sources/SwiftWidgets/ImageCard.swift /Users/admin/builder/spi-builder-workspace/Sources/SwiftWidgets/ImageCarousel.swift /Users/admin/builder/spi-builder-workspace/Sources/SwiftWidgets/Models/CarouselModel.swift /Users/admin/builder/spi-builder-workspace/Sources/SwiftWidgets/TextCard.swift -emit-dependencies-path /Users/admin/builder/spi-builder-workspace/.derivedData/Build/Intermediates.noindex/SwiftWidgets.build/Debug-appletvos/SwiftWidgets.build/Objects-normal/arm64/ImageCard.d -emit-const-values-path /Users/admin/builder/spi-builder-workspace/.derivedData/Build/Intermediates.noindex/SwiftWidgets.build/Debug-appletvos/SwiftWidgets.build/Objects-normal/arm64/ImageCard.swiftconstvalues -emit-reference-dependencies-path /Users/admin/builder/spi-builder-workspace/.derivedData/Build/Intermediates.noindex/SwiftWidgets.build/Debug-appletvos/SwiftWidgets.build/Objects-normal/arm64/ImageCard.swiftdeps -serialize-diagnostics-path /Users/admin/builder/spi-builder-workspace/.derivedData/Build/Intermediates.noindex/SwiftWidgets.build/Debug-appletvos/SwiftWidgets.build/Objects-normal/arm64/ImageCard.dia -target arm64-apple-tvos13.0 -Xllvm -aarch64-use-tbi -enable-objc-interop -stack-check -sdk /Applications/Xcode-16.1.0.app/Contents/Developer/Platforms/AppleTVOS.platform/Developer/SDKs/AppleTVOS18.1.sdk -I /Users/admin/builder/spi-builder-workspace/.derivedData/Build/Products/Debug-appletvos -I /Applications/Xcode-16.1.0.app/Contents/Developer/Platforms/AppleTVOS.platform/Developer/usr/lib -F /Users/admin/builder/spi-builder-workspace/.derivedData/Build/Products/Debug-appletvos/PackageFrameworks -F /Users/admin/builder/spi-builder-workspace/.derivedData/Build/Products/Debug-appletvos -F /Applications/Xcode-16.1.0.app/Contents/Developer/Platforms/AppleTVOS.platform/Developer/Library/Frameworks -F /Applications/Xcode-16.1.0.app/Contents/Developer/Platforms/AppleTVOS.platform/Developer/SDKs/AppleTVOS18.1.sdk/Developer/Library/Frameworks -no-color-diagnostics -enable-testing -g -debug-info-format\=dwarf -dwarf-version\=4 -module-cache-path /Users/admin/builder/spi-builder-workspace/.derivedData/ModuleCache.noindex -swift-version 5 -enforce-exclusivity\=checked -stats-output-dir /Users/admin/builder/spi-builder-workspace/.swiftpm/xcode/.stats -Onone -D SWIFT_PACKAGE -D DEBUG -serialize-debugging-options -const-gather-protocols-file /Users/admin/builder/spi-builder-workspace/.derivedData/Build/Intermediates.noindex/SwiftWidgets.build/Debug-appletvos/SwiftWidgets.build/Objects-normal/arm64/SwiftWidgets_const_extract_protocols.json -enable-experimental-feature DebugDescriptionMacro -enable-experimental-feature OpaqueTypeErasure -strict-concurrency\=complete -empty-abi-descriptor -plugin-path /Applications/Xcode-16.1.0.app/Contents/Developer/Toolchains/XcodeDefault.xctoolchain/usr/lib/swift/host/plugins/testing -validate-clang-modules-once -clang-build-session-file /Users/admin/builder/spi-builder-workspace/.derivedData/ModuleCache.noindex/Session.modulevalidation -Xcc -working-directory -Xcc /Users/admin/builder/spi-builder-workspace/.swiftpm/xcode -resource-dir /Applications/Xcode-16.1.0.app/Contents/Developer/Toolchains/XcodeDefault.xctoolchain/usr/lib/swift -enable-anonymous-context-mangled-names -file-compilation-dir /Users/admin/builder/spi-builder-workspace/.swiftpm/xcode -Xcc -D_LIBCPP_HARDENING_MODE\=_LIBCPP_HARDENING_MODE_DEBUG -Xcc -ivfsstatcache -Xcc /Users/admin/builder/spi-builder-workspace/.derivedData/SDKStatCaches.noindex/appletvos18.1-22J572-e7fdd8cf9ffd4d4af20823079b51a726.sdkstatcache -Xcc -I/Users/admin/builder/spi-builder-workspace/.derivedData/Build/Intermediates.noindex/SwiftWidgets.build/Debug-appletvos/SwiftWidgets.build/swift-overrides.hmap -Xcc -I/Users/admin/builder/spi-builder-workspace/.derivedData/Build/Products/Debug-appletvos/include -Xcc -I/Users/admin/builder/spi-builder-workspace/.derivedData/Build/Intermediates.noindex/SwiftWidgets.build/Debug-appletvos/SwiftWidgets.build/DerivedSources-normal/arm64 -Xcc -I/Users/admin/builder/spi-builder-workspace/.derivedData/Build/Intermediates.noindex/SwiftWidgets.build/Debug-appletvos/SwiftWidgets.build/DerivedSources/arm64 -Xcc -I/Users/admin/builder/spi-builder-workspace/.derivedData/Build/Intermediates.noindex/SwiftWidgets.build/Debug-appletvos/SwiftWidgets.build/DerivedSources -Xcc -DSWIFT_PACKAGE -Xcc -DDEBUG\=1 -module-name SwiftWidgets -frontend-parseable-output -disable-clang-spi -target-sdk-version 18.1 -target-sdk-name appletvos18.1 -external-plugin-path /Applications/Xcode-16.1.0.app/Contents/Developer/Platforms/AppleTVOS.platform/Developer/usr/lib/swift/host/plugins\#/Applications/Xcode-16.1.0.app/Contents/Developer/Platforms/AppleTVOS.platform/Developer/usr/bin/swift-plugin-server -external-plugin-path /Applications/Xcode-16.1.0.app/Contents/Developer/Platforms/AppleTVOS.platform/Developer/usr/local/lib/swift/host/plugins\#/Applications/Xcode-16.1.0.app/Contents/Developer/Platforms/AppleTVOS.platform/Developer/usr/bin/swift-plugin-server -plugin-path /Applications/Xcode-16.1.0.app/Contents/Developer/Toolchains/XcodeDefault.xctoolchain/usr/lib/swift/host/plugins -plugin-path /Applications/Xcode-16.1.0.app/Contents/Developer/Toolchains/XcodeDefault.xctoolchain/usr/local/lib/swift/host/plugins -o /Users/admin/builder/spi-builder-workspace/.derivedData/Build/Intermediates.noindex/SwiftWidgets.build/Debug-appletvos/SwiftWidgets.build/Objects-normal/arm64/ImageCard.o -index-unit-output-path /SwiftWidgets.build/Debug-appletvos/SwiftWidgets.build/Objects-normal/arm64/ImageCard.o -index-store-path /Users/admin/builder/spi-builder-workspace/.derivedData/Index.noindex/DataStore -index-system-modules
SwiftCompile normal arm64 /Users/admin/builder/spi-builder-workspace/Sources/SwiftWidgets/ImageCard.swift (in target 'SwiftWidgets' from project 'SwiftWidgets')
cd /Users/admin/builder/spi-builder-workspace/.swiftpm/xcode
/Applications/Xcode-16.1.0.app/Contents/Developer/Toolchains/XcodeDefault.xctoolchain/usr/bin/swift-frontend -c /Users/admin/builder/spi-builder-workspace/Sources/SwiftWidgets/AsyncImage/AsyncImage.swift /Users/admin/builder/spi-builder-workspace/Sources/SwiftWidgets/AsyncImage/ImageCache.swift /Users/admin/builder/spi-builder-workspace/Sources/SwiftWidgets/AsyncImage/ImageCacheKeys.swift /Users/admin/builder/spi-builder-workspace/Sources/SwiftWidgets/AsyncImage/ImageLoader.swift /Users/admin/builder/spi-builder-workspace/Sources/SwiftWidgets/Card.swift /Users/admin/builder/spi-builder-workspace/Sources/SwiftWidgets/Extensions.swift /Users/admin/builder/spi-builder-workspace/Sources/SwiftWidgets/Icon.swift -primary-file /Users/admin/builder/spi-builder-workspace/Sources/SwiftWidgets/ImageCard.swift /Users/admin/builder/spi-builder-workspace/Sources/SwiftWidgets/ImageCarousel.swift /Users/admin/builder/spi-builder-workspace/Sources/SwiftWidgets/Models/CarouselModel.swift /Users/admin/builder/spi-builder-workspace/Sources/SwiftWidgets/TextCard.swift -emit-dependencies-path /Users/admin/builder/spi-builder-workspace/.derivedData/Build/Intermediates.noindex/SwiftWidgets.build/Debug-appletvos/SwiftWidgets.build/Objects-normal/arm64/ImageCard.d -emit-const-values-path /Users/admin/builder/spi-builder-workspace/.derivedData/Build/Intermediates.noindex/SwiftWidgets.build/Debug-appletvos/SwiftWidgets.build/Objects-normal/arm64/ImageCard.swiftconstvalues -emit-reference-dependencies-path /Users/admin/builder/spi-builder-workspace/.derivedData/Build/Intermediates.noindex/SwiftWidgets.build/Debug-appletvos/SwiftWidgets.build/Objects-normal/arm64/ImageCard.swiftdeps -serialize-diagnostics-path /Users/admin/builder/spi-builder-workspace/.derivedData/Build/Intermediates.noindex/SwiftWidgets.build/Debug-appletvos/SwiftWidgets.build/Objects-normal/arm64/ImageCard.dia -target arm64-apple-tvos13.0 -Xllvm -aarch64-use-tbi -enable-objc-interop -stack-check -sdk /Applications/Xcode-16.1.0.app/Contents/Developer/Platforms/AppleTVOS.platform/Developer/SDKs/AppleTVOS18.1.sdk -I /Users/admin/builder/spi-builder-workspace/.derivedData/Build/Products/Debug-appletvos -I /Applications/Xcode-16.1.0.app/Contents/Developer/Platforms/AppleTVOS.platform/Developer/usr/lib -F /Users/admin/builder/spi-builder-workspace/.derivedData/Build/Products/Debug-appletvos/PackageFrameworks -F /Users/admin/builder/spi-builder-workspace/.derivedData/Build/Products/Debug-appletvos -F /Applications/Xcode-16.1.0.app/Contents/Developer/Platforms/AppleTVOS.platform/Developer/Library/Frameworks -F /Applications/Xcode-16.1.0.app/Contents/Developer/Platforms/AppleTVOS.platform/Developer/SDKs/AppleTVOS18.1.sdk/Developer/Library/Frameworks -no-color-diagnostics -enable-testing -g -debug-info-format\=dwarf -dwarf-version\=4 -module-cache-path /Users/admin/builder/spi-builder-workspace/.derivedData/ModuleCache.noindex -swift-version 5 -enforce-exclusivity\=checked -stats-output-dir /Users/admin/builder/spi-builder-workspace/.swiftpm/xcode/.stats -Onone -D SWIFT_PACKAGE -D DEBUG -serialize-debugging-options -const-gather-protocols-file /Users/admin/builder/spi-builder-workspace/.derivedData/Build/Intermediates.noindex/SwiftWidgets.build/Debug-appletvos/SwiftWidgets.build/Objects-normal/arm64/SwiftWidgets_const_extract_protocols.json -enable-experimental-feature DebugDescriptionMacro -enable-experimental-feature OpaqueTypeErasure -strict-concurrency\=complete -empty-abi-descriptor -plugin-path /Applications/Xcode-16.1.0.app/Contents/Developer/Toolchains/XcodeDefault.xctoolchain/usr/lib/swift/host/plugins/testing -validate-clang-modules-once -clang-build-session-file /Users/admin/builder/spi-builder-workspace/.derivedData/ModuleCache.noindex/Session.modulevalidation -Xcc -working-directory -Xcc /Users/admin/builder/spi-builder-workspace/.swiftpm/xcode -resource-dir /Applications/Xcode-16.1.0.app/Contents/Developer/Toolchains/XcodeDefault.xctoolchain/usr/lib/swift -enable-anonymous-context-mangled-names -file-compilation-dir /Users/admin/builder/spi-builder-workspace/.swiftpm/xcode -Xcc -D_LIBCPP_HARDENING_MODE\=_LIBCPP_HARDENING_MODE_DEBUG -Xcc -ivfsstatcache -Xcc /Users/admin/builder/spi-builder-workspace/.derivedData/SDKStatCaches.noindex/appletvos18.1-22J572-e7fdd8cf9ffd4d4af20823079b51a726.sdkstatcache -Xcc -I/Users/admin/builder/spi-builder-workspace/.derivedData/Build/Intermediates.noindex/SwiftWidgets.build/Debug-appletvos/SwiftWidgets.build/swift-overrides.hmap -Xcc -I/Users/admin/builder/spi-builder-workspace/.derivedData/Build/Products/Debug-appletvos/include -Xcc -I/Users/admin/builder/spi-builder-workspace/.derivedData/Build/Intermediates.noindex/SwiftWidgets.build/Debug-appletvos/SwiftWidgets.build/DerivedSources-normal/arm64 -Xcc -I/Users/admin/builder/spi-builder-workspace/.derivedData/Build/Intermediates.noindex/SwiftWidgets.build/Debug-appletvos/SwiftWidgets.build/DerivedSources/arm64 -Xcc -I/Users/admin/builder/spi-builder-workspace/.derivedData/Build/Intermediates.noindex/SwiftWidgets.build/Debug-appletvos/SwiftWidgets.build/DerivedSources -Xcc -DSWIFT_PACKAGE -Xcc -DDEBUG\=1 -module-name SwiftWidgets -frontend-parseable-output -disable-clang-spi -target-sdk-version 18.1 -target-sdk-name appletvos18.1 -external-plugin-path /Applications/Xcode-16.1.0.app/Contents/Developer/Platforms/AppleTVOS.platform/Developer/usr/lib/swift/host/plugins\#/Applications/Xcode-16.1.0.app/Contents/Developer/Platforms/AppleTVOS.platform/Developer/usr/bin/swift-plugin-server -external-plugin-path /Applications/Xcode-16.1.0.app/Contents/Developer/Platforms/AppleTVOS.platform/Developer/usr/local/lib/swift/host/plugins\#/Applications/Xcode-16.1.0.app/Contents/Developer/Platforms/AppleTVOS.platform/Developer/usr/bin/swift-plugin-server -plugin-path /Applications/Xcode-16.1.0.app/Contents/Developer/Toolchains/XcodeDefault.xctoolchain/usr/lib/swift/host/plugins -plugin-path /Applications/Xcode-16.1.0.app/Contents/Developer/Toolchains/XcodeDefault.xctoolchain/usr/local/lib/swift/host/plugins -o /Users/admin/builder/spi-builder-workspace/.derivedData/Build/Intermediates.noindex/SwiftWidgets.build/Debug-appletvos/SwiftWidgets.build/Objects-normal/arm64/ImageCard.o -index-unit-output-path /SwiftWidgets.build/Debug-appletvos/SwiftWidgets.build/Objects-normal/arm64/ImageCard.o -index-store-path /Users/admin/builder/spi-builder-workspace/.derivedData/Index.noindex/DataStore -index-system-modules
SwiftCompile normal arm64 Compiling\ Card.swift /Users/admin/builder/spi-builder-workspace/Sources/SwiftWidgets/Card.swift (in target 'SwiftWidgets' from project 'SwiftWidgets')
cd /Users/admin/builder/spi-builder-workspace/.swiftpm/xcode
builtin-swiftTaskExecution -- /Applications/Xcode-16.1.0.app/Contents/Developer/Toolchains/XcodeDefault.xctoolchain/usr/bin/swift-frontend -frontend -c /Users/admin/builder/spi-builder-workspace/Sources/SwiftWidgets/AsyncImage/AsyncImage.swift /Users/admin/builder/spi-builder-workspace/Sources/SwiftWidgets/AsyncImage/ImageCache.swift /Users/admin/builder/spi-builder-workspace/Sources/SwiftWidgets/AsyncImage/ImageCacheKeys.swift /Users/admin/builder/spi-builder-workspace/Sources/SwiftWidgets/AsyncImage/ImageLoader.swift -primary-file /Users/admin/builder/spi-builder-workspace/Sources/SwiftWidgets/Card.swift /Users/admin/builder/spi-builder-workspace/Sources/SwiftWidgets/Extensions.swift /Users/admin/builder/spi-builder-workspace/Sources/SwiftWidgets/Icon.swift /Users/admin/builder/spi-builder-workspace/Sources/SwiftWidgets/ImageCard.swift /Users/admin/builder/spi-builder-workspace/Sources/SwiftWidgets/ImageCarousel.swift /Users/admin/builder/spi-builder-workspace/Sources/SwiftWidgets/Models/CarouselModel.swift /Users/admin/builder/spi-builder-workspace/Sources/SwiftWidgets/TextCard.swift -emit-dependencies-path /Users/admin/builder/spi-builder-workspace/.derivedData/Build/Intermediates.noindex/SwiftWidgets.build/Debug-appletvos/SwiftWidgets.build/Objects-normal/arm64/Card.d -emit-const-values-path /Users/admin/builder/spi-builder-workspace/.derivedData/Build/Intermediates.noindex/SwiftWidgets.build/Debug-appletvos/SwiftWidgets.build/Objects-normal/arm64/Card.swiftconstvalues -emit-reference-dependencies-path /Users/admin/builder/spi-builder-workspace/.derivedData/Build/Intermediates.noindex/SwiftWidgets.build/Debug-appletvos/SwiftWidgets.build/Objects-normal/arm64/Card.swiftdeps -serialize-diagnostics-path /Users/admin/builder/spi-builder-workspace/.derivedData/Build/Intermediates.noindex/SwiftWidgets.build/Debug-appletvos/SwiftWidgets.build/Objects-normal/arm64/Card.dia -target arm64-apple-tvos13.0 -Xllvm -aarch64-use-tbi -enable-objc-interop -stack-check -sdk /Applications/Xcode-16.1.0.app/Contents/Developer/Platforms/AppleTVOS.platform/Developer/SDKs/AppleTVOS18.1.sdk -I /Users/admin/builder/spi-builder-workspace/.derivedData/Build/Products/Debug-appletvos -I /Applications/Xcode-16.1.0.app/Contents/Developer/Platforms/AppleTVOS.platform/Developer/usr/lib -F /Users/admin/builder/spi-builder-workspace/.derivedData/Build/Products/Debug-appletvos/PackageFrameworks -F /Users/admin/builder/spi-builder-workspace/.derivedData/Build/Products/Debug-appletvos -F /Applications/Xcode-16.1.0.app/Contents/Developer/Platforms/AppleTVOS.platform/Developer/Library/Frameworks -F /Applications/Xcode-16.1.0.app/Contents/Developer/Platforms/AppleTVOS.platform/Developer/SDKs/AppleTVOS18.1.sdk/Developer/Library/Frameworks -no-color-diagnostics -enable-testing -g -debug-info-format\=dwarf -dwarf-version\=4 -module-cache-path /Users/admin/builder/spi-builder-workspace/.derivedData/ModuleCache.noindex -swift-version 5 -enforce-exclusivity\=checked -stats-output-dir /Users/admin/builder/spi-builder-workspace/.swiftpm/xcode/.stats -Onone -D SWIFT_PACKAGE -D DEBUG -serialize-debugging-options -const-gather-protocols-file /Users/admin/builder/spi-builder-workspace/.derivedData/Build/Intermediates.noindex/SwiftWidgets.build/Debug-appletvos/SwiftWidgets.build/Objects-normal/arm64/SwiftWidgets_const_extract_protocols.json -enable-experimental-feature DebugDescriptionMacro -enable-experimental-feature OpaqueTypeErasure -strict-concurrency\=complete -empty-abi-descriptor -plugin-path /Applications/Xcode-16.1.0.app/Contents/Developer/Toolchains/XcodeDefault.xctoolchain/usr/lib/swift/host/plugins/testing -validate-clang-modules-once -clang-build-session-file /Users/admin/builder/spi-builder-workspace/.derivedData/ModuleCache.noindex/Session.modulevalidation -Xcc -working-directory -Xcc /Users/admin/builder/spi-builder-workspace/.swiftpm/xcode -resource-dir /Applications/Xcode-16.1.0.app/Contents/Developer/Toolchains/XcodeDefault.xctoolchain/usr/lib/swift -enable-anonymous-context-mangled-names -file-compilation-dir /Users/admin/builder/spi-builder-workspace/.swiftpm/xcode -Xcc -D_LIBCPP_HARDENING_MODE\=_LIBCPP_HARDENING_MODE_DEBUG -Xcc -ivfsstatcache -Xcc /Users/admin/builder/spi-builder-workspace/.derivedData/SDKStatCaches.noindex/appletvos18.1-22J572-e7fdd8cf9ffd4d4af20823079b51a726.sdkstatcache -Xcc -I/Users/admin/builder/spi-builder-workspace/.derivedData/Build/Intermediates.noindex/SwiftWidgets.build/Debug-appletvos/SwiftWidgets.build/swift-overrides.hmap -Xcc -I/Users/admin/builder/spi-builder-workspace/.derivedData/Build/Products/Debug-appletvos/include -Xcc -I/Users/admin/builder/spi-builder-workspace/.derivedData/Build/Intermediates.noindex/SwiftWidgets.build/Debug-appletvos/SwiftWidgets.build/DerivedSources-normal/arm64 -Xcc -I/Users/admin/builder/spi-builder-workspace/.derivedData/Build/Intermediates.noindex/SwiftWidgets.build/Debug-appletvos/SwiftWidgets.build/DerivedSources/arm64 -Xcc -I/Users/admin/builder/spi-builder-workspace/.derivedData/Build/Intermediates.noindex/SwiftWidgets.build/Debug-appletvos/SwiftWidgets.build/DerivedSources -Xcc -DSWIFT_PACKAGE -Xcc -DDEBUG\=1 -module-name SwiftWidgets -frontend-parseable-output -disable-clang-spi -target-sdk-version 18.1 -target-sdk-name appletvos18.1 -external-plugin-path /Applications/Xcode-16.1.0.app/Contents/Developer/Platforms/AppleTVOS.platform/Developer/usr/lib/swift/host/plugins\#/Applications/Xcode-16.1.0.app/Contents/Developer/Platforms/AppleTVOS.platform/Developer/usr/bin/swift-plugin-server -external-plugin-path /Applications/Xcode-16.1.0.app/Contents/Developer/Platforms/AppleTVOS.platform/Developer/usr/local/lib/swift/host/plugins\#/Applications/Xcode-16.1.0.app/Contents/Developer/Platforms/AppleTVOS.platform/Developer/usr/bin/swift-plugin-server -plugin-path /Applications/Xcode-16.1.0.app/Contents/Developer/Toolchains/XcodeDefault.xctoolchain/usr/lib/swift/host/plugins -plugin-path /Applications/Xcode-16.1.0.app/Contents/Developer/Toolchains/XcodeDefault.xctoolchain/usr/local/lib/swift/host/plugins -o /Users/admin/builder/spi-builder-workspace/.derivedData/Build/Intermediates.noindex/SwiftWidgets.build/Debug-appletvos/SwiftWidgets.build/Objects-normal/arm64/Card.o -index-unit-output-path /SwiftWidgets.build/Debug-appletvos/SwiftWidgets.build/Objects-normal/arm64/Card.o -index-store-path /Users/admin/builder/spi-builder-workspace/.derivedData/Index.noindex/DataStore -index-system-modules
SwiftCompile normal arm64 /Users/admin/builder/spi-builder-workspace/Sources/SwiftWidgets/Card.swift (in target 'SwiftWidgets' from project 'SwiftWidgets')
cd /Users/admin/builder/spi-builder-workspace/.swiftpm/xcode
/Applications/Xcode-16.1.0.app/Contents/Developer/Toolchains/XcodeDefault.xctoolchain/usr/bin/swift-frontend -c /Users/admin/builder/spi-builder-workspace/Sources/SwiftWidgets/AsyncImage/AsyncImage.swift /Users/admin/builder/spi-builder-workspace/Sources/SwiftWidgets/AsyncImage/ImageCache.swift /Users/admin/builder/spi-builder-workspace/Sources/SwiftWidgets/AsyncImage/ImageCacheKeys.swift /Users/admin/builder/spi-builder-workspace/Sources/SwiftWidgets/AsyncImage/ImageLoader.swift -primary-file /Users/admin/builder/spi-builder-workspace/Sources/SwiftWidgets/Card.swift /Users/admin/builder/spi-builder-workspace/Sources/SwiftWidgets/Extensions.swift /Users/admin/builder/spi-builder-workspace/Sources/SwiftWidgets/Icon.swift /Users/admin/builder/spi-builder-workspace/Sources/SwiftWidgets/ImageCard.swift /Users/admin/builder/spi-builder-workspace/Sources/SwiftWidgets/ImageCarousel.swift /Users/admin/builder/spi-builder-workspace/Sources/SwiftWidgets/Models/CarouselModel.swift /Users/admin/builder/spi-builder-workspace/Sources/SwiftWidgets/TextCard.swift -emit-dependencies-path /Users/admin/builder/spi-builder-workspace/.derivedData/Build/Intermediates.noindex/SwiftWidgets.build/Debug-appletvos/SwiftWidgets.build/Objects-normal/arm64/Card.d -emit-const-values-path /Users/admin/builder/spi-builder-workspace/.derivedData/Build/Intermediates.noindex/SwiftWidgets.build/Debug-appletvos/SwiftWidgets.build/Objects-normal/arm64/Card.swiftconstvalues -emit-reference-dependencies-path /Users/admin/builder/spi-builder-workspace/.derivedData/Build/Intermediates.noindex/SwiftWidgets.build/Debug-appletvos/SwiftWidgets.build/Objects-normal/arm64/Card.swiftdeps -serialize-diagnostics-path /Users/admin/builder/spi-builder-workspace/.derivedData/Build/Intermediates.noindex/SwiftWidgets.build/Debug-appletvos/SwiftWidgets.build/Objects-normal/arm64/Card.dia -target arm64-apple-tvos13.0 -Xllvm -aarch64-use-tbi -enable-objc-interop -stack-check -sdk /Applications/Xcode-16.1.0.app/Contents/Developer/Platforms/AppleTVOS.platform/Developer/SDKs/AppleTVOS18.1.sdk -I /Users/admin/builder/spi-builder-workspace/.derivedData/Build/Products/Debug-appletvos -I /Applications/Xcode-16.1.0.app/Contents/Developer/Platforms/AppleTVOS.platform/Developer/usr/lib -F /Users/admin/builder/spi-builder-workspace/.derivedData/Build/Products/Debug-appletvos/PackageFrameworks -F /Users/admin/builder/spi-builder-workspace/.derivedData/Build/Products/Debug-appletvos -F /Applications/Xcode-16.1.0.app/Contents/Developer/Platforms/AppleTVOS.platform/Developer/Library/Frameworks -F /Applications/Xcode-16.1.0.app/Contents/Developer/Platforms/AppleTVOS.platform/Developer/SDKs/AppleTVOS18.1.sdk/Developer/Library/Frameworks -no-color-diagnostics -enable-testing -g -debug-info-format\=dwarf -dwarf-version\=4 -module-cache-path /Users/admin/builder/spi-builder-workspace/.derivedData/ModuleCache.noindex -swift-version 5 -enforce-exclusivity\=checked -stats-output-dir /Users/admin/builder/spi-builder-workspace/.swiftpm/xcode/.stats -Onone -D SWIFT_PACKAGE -D DEBUG -serialize-debugging-options -const-gather-protocols-file /Users/admin/builder/spi-builder-workspace/.derivedData/Build/Intermediates.noindex/SwiftWidgets.build/Debug-appletvos/SwiftWidgets.build/Objects-normal/arm64/SwiftWidgets_const_extract_protocols.json -enable-experimental-feature DebugDescriptionMacro -enable-experimental-feature OpaqueTypeErasure -strict-concurrency\=complete -empty-abi-descriptor -plugin-path /Applications/Xcode-16.1.0.app/Contents/Developer/Toolchains/XcodeDefault.xctoolchain/usr/lib/swift/host/plugins/testing -validate-clang-modules-once -clang-build-session-file /Users/admin/builder/spi-builder-workspace/.derivedData/ModuleCache.noindex/Session.modulevalidation -Xcc -working-directory -Xcc /Users/admin/builder/spi-builder-workspace/.swiftpm/xcode -resource-dir /Applications/Xcode-16.1.0.app/Contents/Developer/Toolchains/XcodeDefault.xctoolchain/usr/lib/swift -enable-anonymous-context-mangled-names -file-compilation-dir /Users/admin/builder/spi-builder-workspace/.swiftpm/xcode -Xcc -D_LIBCPP_HARDENING_MODE\=_LIBCPP_HARDENING_MODE_DEBUG -Xcc -ivfsstatcache -Xcc /Users/admin/builder/spi-builder-workspace/.derivedData/SDKStatCaches.noindex/appletvos18.1-22J572-e7fdd8cf9ffd4d4af20823079b51a726.sdkstatcache -Xcc -I/Users/admin/builder/spi-builder-workspace/.derivedData/Build/Intermediates.noindex/SwiftWidgets.build/Debug-appletvos/SwiftWidgets.build/swift-overrides.hmap -Xcc -I/Users/admin/builder/spi-builder-workspace/.derivedData/Build/Products/Debug-appletvos/include -Xcc -I/Users/admin/builder/spi-builder-workspace/.derivedData/Build/Intermediates.noindex/SwiftWidgets.build/Debug-appletvos/SwiftWidgets.build/DerivedSources-normal/arm64 -Xcc -I/Users/admin/builder/spi-builder-workspace/.derivedData/Build/Intermediates.noindex/SwiftWidgets.build/Debug-appletvos/SwiftWidgets.build/DerivedSources/arm64 -Xcc -I/Users/admin/builder/spi-builder-workspace/.derivedData/Build/Intermediates.noindex/SwiftWidgets.build/Debug-appletvos/SwiftWidgets.build/DerivedSources -Xcc -DSWIFT_PACKAGE -Xcc -DDEBUG\=1 -module-name SwiftWidgets -frontend-parseable-output -disable-clang-spi -target-sdk-version 18.1 -target-sdk-name appletvos18.1 -external-plugin-path /Applications/Xcode-16.1.0.app/Contents/Developer/Platforms/AppleTVOS.platform/Developer/usr/lib/swift/host/plugins\#/Applications/Xcode-16.1.0.app/Contents/Developer/Platforms/AppleTVOS.platform/Developer/usr/bin/swift-plugin-server -external-plugin-path /Applications/Xcode-16.1.0.app/Contents/Developer/Platforms/AppleTVOS.platform/Developer/usr/local/lib/swift/host/plugins\#/Applications/Xcode-16.1.0.app/Contents/Developer/Platforms/AppleTVOS.platform/Developer/usr/bin/swift-plugin-server -plugin-path /Applications/Xcode-16.1.0.app/Contents/Developer/Toolchains/XcodeDefault.xctoolchain/usr/lib/swift/host/plugins -plugin-path /Applications/Xcode-16.1.0.app/Contents/Developer/Toolchains/XcodeDefault.xctoolchain/usr/local/lib/swift/host/plugins -o /Users/admin/builder/spi-builder-workspace/.derivedData/Build/Intermediates.noindex/SwiftWidgets.build/Debug-appletvos/SwiftWidgets.build/Objects-normal/arm64/Card.o -index-unit-output-path /SwiftWidgets.build/Debug-appletvos/SwiftWidgets.build/Objects-normal/arm64/Card.o -index-store-path /Users/admin/builder/spi-builder-workspace/.derivedData/Index.noindex/DataStore -index-system-modules
SwiftCompile normal arm64 Compiling\ CarouselModel.swift /Users/admin/builder/spi-builder-workspace/Sources/SwiftWidgets/Models/CarouselModel.swift (in target 'SwiftWidgets' from project 'SwiftWidgets')
cd /Users/admin/builder/spi-builder-workspace/.swiftpm/xcode
builtin-swiftTaskExecution -- /Applications/Xcode-16.1.0.app/Contents/Developer/Toolchains/XcodeDefault.xctoolchain/usr/bin/swift-frontend -frontend -c /Users/admin/builder/spi-builder-workspace/Sources/SwiftWidgets/AsyncImage/AsyncImage.swift /Users/admin/builder/spi-builder-workspace/Sources/SwiftWidgets/AsyncImage/ImageCache.swift /Users/admin/builder/spi-builder-workspace/Sources/SwiftWidgets/AsyncImage/ImageCacheKeys.swift /Users/admin/builder/spi-builder-workspace/Sources/SwiftWidgets/AsyncImage/ImageLoader.swift /Users/admin/builder/spi-builder-workspace/Sources/SwiftWidgets/Card.swift /Users/admin/builder/spi-builder-workspace/Sources/SwiftWidgets/Extensions.swift /Users/admin/builder/spi-builder-workspace/Sources/SwiftWidgets/Icon.swift /Users/admin/builder/spi-builder-workspace/Sources/SwiftWidgets/ImageCard.swift /Users/admin/builder/spi-builder-workspace/Sources/SwiftWidgets/ImageCarousel.swift -primary-file /Users/admin/builder/spi-builder-workspace/Sources/SwiftWidgets/Models/CarouselModel.swift /Users/admin/builder/spi-builder-workspace/Sources/SwiftWidgets/TextCard.swift -emit-dependencies-path /Users/admin/builder/spi-builder-workspace/.derivedData/Build/Intermediates.noindex/SwiftWidgets.build/Debug-appletvos/SwiftWidgets.build/Objects-normal/arm64/CarouselModel.d -emit-const-values-path /Users/admin/builder/spi-builder-workspace/.derivedData/Build/Intermediates.noindex/SwiftWidgets.build/Debug-appletvos/SwiftWidgets.build/Objects-normal/arm64/CarouselModel.swiftconstvalues -emit-reference-dependencies-path /Users/admin/builder/spi-builder-workspace/.derivedData/Build/Intermediates.noindex/SwiftWidgets.build/Debug-appletvos/SwiftWidgets.build/Objects-normal/arm64/CarouselModel.swiftdeps -serialize-diagnostics-path /Users/admin/builder/spi-builder-workspace/.derivedData/Build/Intermediates.noindex/SwiftWidgets.build/Debug-appletvos/SwiftWidgets.build/Objects-normal/arm64/CarouselModel.dia -target arm64-apple-tvos13.0 -Xllvm -aarch64-use-tbi -enable-objc-interop -stack-check -sdk /Applications/Xcode-16.1.0.app/Contents/Developer/Platforms/AppleTVOS.platform/Developer/SDKs/AppleTVOS18.1.sdk -I /Users/admin/builder/spi-builder-workspace/.derivedData/Build/Products/Debug-appletvos -I /Applications/Xcode-16.1.0.app/Contents/Developer/Platforms/AppleTVOS.platform/Developer/usr/lib -F /Users/admin/builder/spi-builder-workspace/.derivedData/Build/Products/Debug-appletvos/PackageFrameworks -F /Users/admin/builder/spi-builder-workspace/.derivedData/Build/Products/Debug-appletvos -F /Applications/Xcode-16.1.0.app/Contents/Developer/Platforms/AppleTVOS.platform/Developer/Library/Frameworks -F /Applications/Xcode-16.1.0.app/Contents/Developer/Platforms/AppleTVOS.platform/Developer/SDKs/AppleTVOS18.1.sdk/Developer/Library/Frameworks -no-color-diagnostics -enable-testing -g -debug-info-format\=dwarf -dwarf-version\=4 -module-cache-path /Users/admin/builder/spi-builder-workspace/.derivedData/ModuleCache.noindex -swift-version 5 -enforce-exclusivity\=checked -stats-output-dir /Users/admin/builder/spi-builder-workspace/.swiftpm/xcode/.stats -Onone -D SWIFT_PACKAGE -D DEBUG -serialize-debugging-options -const-gather-protocols-file /Users/admin/builder/spi-builder-workspace/.derivedData/Build/Intermediates.noindex/SwiftWidgets.build/Debug-appletvos/SwiftWidgets.build/Objects-normal/arm64/SwiftWidgets_const_extract_protocols.json -enable-experimental-feature DebugDescriptionMacro -enable-experimental-feature OpaqueTypeErasure -strict-concurrency\=complete -empty-abi-descriptor -plugin-path /Applications/Xcode-16.1.0.app/Contents/Developer/Toolchains/XcodeDefault.xctoolchain/usr/lib/swift/host/plugins/testing -validate-clang-modules-once -clang-build-session-file /Users/admin/builder/spi-builder-workspace/.derivedData/ModuleCache.noindex/Session.modulevalidation -Xcc -working-directory -Xcc /Users/admin/builder/spi-builder-workspace/.swiftpm/xcode -resource-dir /Applications/Xcode-16.1.0.app/Contents/Developer/Toolchains/XcodeDefault.xctoolchain/usr/lib/swift -enable-anonymous-context-mangled-names -file-compilation-dir /Users/admin/builder/spi-builder-workspace/.swiftpm/xcode -Xcc -D_LIBCPP_HARDENING_MODE\=_LIBCPP_HARDENING_MODE_DEBUG -Xcc -ivfsstatcache -Xcc /Users/admin/builder/spi-builder-workspace/.derivedData/SDKStatCaches.noindex/appletvos18.1-22J572-e7fdd8cf9ffd4d4af20823079b51a726.sdkstatcache -Xcc -I/Users/admin/builder/spi-builder-workspace/.derivedData/Build/Intermediates.noindex/SwiftWidgets.build/Debug-appletvos/SwiftWidgets.build/swift-overrides.hmap -Xcc -I/Users/admin/builder/spi-builder-workspace/.derivedData/Build/Products/Debug-appletvos/include -Xcc -I/Users/admin/builder/spi-builder-workspace/.derivedData/Build/Intermediates.noindex/SwiftWidgets.build/Debug-appletvos/SwiftWidgets.build/DerivedSources-normal/arm64 -Xcc -I/Users/admin/builder/spi-builder-workspace/.derivedData/Build/Intermediates.noindex/SwiftWidgets.build/Debug-appletvos/SwiftWidgets.build/DerivedSources/arm64 -Xcc -I/Users/admin/builder/spi-builder-workspace/.derivedData/Build/Intermediates.noindex/SwiftWidgets.build/Debug-appletvos/SwiftWidgets.build/DerivedSources -Xcc -DSWIFT_PACKAGE -Xcc -DDEBUG\=1 -module-name SwiftWidgets -frontend-parseable-output -disable-clang-spi -target-sdk-version 18.1 -target-sdk-name appletvos18.1 -external-plugin-path /Applications/Xcode-16.1.0.app/Contents/Developer/Platforms/AppleTVOS.platform/Developer/usr/lib/swift/host/plugins\#/Applications/Xcode-16.1.0.app/Contents/Developer/Platforms/AppleTVOS.platform/Developer/usr/bin/swift-plugin-server -external-plugin-path /Applications/Xcode-16.1.0.app/Contents/Developer/Platforms/AppleTVOS.platform/Developer/usr/local/lib/swift/host/plugins\#/Applications/Xcode-16.1.0.app/Contents/Developer/Platforms/AppleTVOS.platform/Developer/usr/bin/swift-plugin-server -plugin-path /Applications/Xcode-16.1.0.app/Contents/Developer/Toolchains/XcodeDefault.xctoolchain/usr/lib/swift/host/plugins -plugin-path /Applications/Xcode-16.1.0.app/Contents/Developer/Toolchains/XcodeDefault.xctoolchain/usr/local/lib/swift/host/plugins -o /Users/admin/builder/spi-builder-workspace/.derivedData/Build/Intermediates.noindex/SwiftWidgets.build/Debug-appletvos/SwiftWidgets.build/Objects-normal/arm64/CarouselModel.o -index-unit-output-path /SwiftWidgets.build/Debug-appletvos/SwiftWidgets.build/Objects-normal/arm64/CarouselModel.o -index-store-path /Users/admin/builder/spi-builder-workspace/.derivedData/Index.noindex/DataStore -index-system-modules
SwiftCompile normal arm64 /Users/admin/builder/spi-builder-workspace/Sources/SwiftWidgets/Models/CarouselModel.swift (in target 'SwiftWidgets' from project 'SwiftWidgets')
cd /Users/admin/builder/spi-builder-workspace/.swiftpm/xcode
/Applications/Xcode-16.1.0.app/Contents/Developer/Toolchains/XcodeDefault.xctoolchain/usr/bin/swift-frontend -c /Users/admin/builder/spi-builder-workspace/Sources/SwiftWidgets/AsyncImage/AsyncImage.swift /Users/admin/builder/spi-builder-workspace/Sources/SwiftWidgets/AsyncImage/ImageCache.swift /Users/admin/builder/spi-builder-workspace/Sources/SwiftWidgets/AsyncImage/ImageCacheKeys.swift /Users/admin/builder/spi-builder-workspace/Sources/SwiftWidgets/AsyncImage/ImageLoader.swift /Users/admin/builder/spi-builder-workspace/Sources/SwiftWidgets/Card.swift /Users/admin/builder/spi-builder-workspace/Sources/SwiftWidgets/Extensions.swift /Users/admin/builder/spi-builder-workspace/Sources/SwiftWidgets/Icon.swift /Users/admin/builder/spi-builder-workspace/Sources/SwiftWidgets/ImageCard.swift /Users/admin/builder/spi-builder-workspace/Sources/SwiftWidgets/ImageCarousel.swift -primary-file /Users/admin/builder/spi-builder-workspace/Sources/SwiftWidgets/Models/CarouselModel.swift /Users/admin/builder/spi-builder-workspace/Sources/SwiftWidgets/TextCard.swift -emit-dependencies-path /Users/admin/builder/spi-builder-workspace/.derivedData/Build/Intermediates.noindex/SwiftWidgets.build/Debug-appletvos/SwiftWidgets.build/Objects-normal/arm64/CarouselModel.d -emit-const-values-path /Users/admin/builder/spi-builder-workspace/.derivedData/Build/Intermediates.noindex/SwiftWidgets.build/Debug-appletvos/SwiftWidgets.build/Objects-normal/arm64/CarouselModel.swiftconstvalues -emit-reference-dependencies-path /Users/admin/builder/spi-builder-workspace/.derivedData/Build/Intermediates.noindex/SwiftWidgets.build/Debug-appletvos/SwiftWidgets.build/Objects-normal/arm64/CarouselModel.swiftdeps -serialize-diagnostics-path /Users/admin/builder/spi-builder-workspace/.derivedData/Build/Intermediates.noindex/SwiftWidgets.build/Debug-appletvos/SwiftWidgets.build/Objects-normal/arm64/CarouselModel.dia -target arm64-apple-tvos13.0 -Xllvm -aarch64-use-tbi -enable-objc-interop -stack-check -sdk /Applications/Xcode-16.1.0.app/Contents/Developer/Platforms/AppleTVOS.platform/Developer/SDKs/AppleTVOS18.1.sdk -I /Users/admin/builder/spi-builder-workspace/.derivedData/Build/Products/Debug-appletvos -I /Applications/Xcode-16.1.0.app/Contents/Developer/Platforms/AppleTVOS.platform/Developer/usr/lib -F /Users/admin/builder/spi-builder-workspace/.derivedData/Build/Products/Debug-appletvos/PackageFrameworks -F /Users/admin/builder/spi-builder-workspace/.derivedData/Build/Products/Debug-appletvos -F /Applications/Xcode-16.1.0.app/Contents/Developer/Platforms/AppleTVOS.platform/Developer/Library/Frameworks -F /Applications/Xcode-16.1.0.app/Contents/Developer/Platforms/AppleTVOS.platform/Developer/SDKs/AppleTVOS18.1.sdk/Developer/Library/Frameworks -no-color-diagnostics -enable-testing -g -debug-info-format\=dwarf -dwarf-version\=4 -module-cache-path /Users/admin/builder/spi-builder-workspace/.derivedData/ModuleCache.noindex -swift-version 5 -enforce-exclusivity\=checked -stats-output-dir /Users/admin/builder/spi-builder-workspace/.swiftpm/xcode/.stats -Onone -D SWIFT_PACKAGE -D DEBUG -serialize-debugging-options -const-gather-protocols-file /Users/admin/builder/spi-builder-workspace/.derivedData/Build/Intermediates.noindex/SwiftWidgets.build/Debug-appletvos/SwiftWidgets.build/Objects-normal/arm64/SwiftWidgets_const_extract_protocols.json -enable-experimental-feature DebugDescriptionMacro -enable-experimental-feature OpaqueTypeErasure -strict-concurrency\=complete -empty-abi-descriptor -plugin-path /Applications/Xcode-16.1.0.app/Contents/Developer/Toolchains/XcodeDefault.xctoolchain/usr/lib/swift/host/plugins/testing -validate-clang-modules-once -clang-build-session-file /Users/admin/builder/spi-builder-workspace/.derivedData/ModuleCache.noindex/Session.modulevalidation -Xcc -working-directory -Xcc /Users/admin/builder/spi-builder-workspace/.swiftpm/xcode -resource-dir /Applications/Xcode-16.1.0.app/Contents/Developer/Toolchains/XcodeDefault.xctoolchain/usr/lib/swift -enable-anonymous-context-mangled-names -file-compilation-dir /Users/admin/builder/spi-builder-workspace/.swiftpm/xcode -Xcc -D_LIBCPP_HARDENING_MODE\=_LIBCPP_HARDENING_MODE_DEBUG -Xcc -ivfsstatcache -Xcc /Users/admin/builder/spi-builder-workspace/.derivedData/SDKStatCaches.noindex/appletvos18.1-22J572-e7fdd8cf9ffd4d4af20823079b51a726.sdkstatcache -Xcc -I/Users/admin/builder/spi-builder-workspace/.derivedData/Build/Intermediates.noindex/SwiftWidgets.build/Debug-appletvos/SwiftWidgets.build/swift-overrides.hmap -Xcc -I/Users/admin/builder/spi-builder-workspace/.derivedData/Build/Products/Debug-appletvos/include -Xcc -I/Users/admin/builder/spi-builder-workspace/.derivedData/Build/Intermediates.noindex/SwiftWidgets.build/Debug-appletvos/SwiftWidgets.build/DerivedSources-normal/arm64 -Xcc -I/Users/admin/builder/spi-builder-workspace/.derivedData/Build/Intermediates.noindex/SwiftWidgets.build/Debug-appletvos/SwiftWidgets.build/DerivedSources/arm64 -Xcc -I/Users/admin/builder/spi-builder-workspace/.derivedData/Build/Intermediates.noindex/SwiftWidgets.build/Debug-appletvos/SwiftWidgets.build/DerivedSources -Xcc -DSWIFT_PACKAGE -Xcc -DDEBUG\=1 -module-name SwiftWidgets -frontend-parseable-output -disable-clang-spi -target-sdk-version 18.1 -target-sdk-name appletvos18.1 -external-plugin-path /Applications/Xcode-16.1.0.app/Contents/Developer/Platforms/AppleTVOS.platform/Developer/usr/lib/swift/host/plugins\#/Applications/Xcode-16.1.0.app/Contents/Developer/Platforms/AppleTVOS.platform/Developer/usr/bin/swift-plugin-server -external-plugin-path /Applications/Xcode-16.1.0.app/Contents/Developer/Platforms/AppleTVOS.platform/Developer/usr/local/lib/swift/host/plugins\#/Applications/Xcode-16.1.0.app/Contents/Developer/Platforms/AppleTVOS.platform/Developer/usr/bin/swift-plugin-server -plugin-path /Applications/Xcode-16.1.0.app/Contents/Developer/Toolchains/XcodeDefault.xctoolchain/usr/lib/swift/host/plugins -plugin-path /Applications/Xcode-16.1.0.app/Contents/Developer/Toolchains/XcodeDefault.xctoolchain/usr/local/lib/swift/host/plugins -o /Users/admin/builder/spi-builder-workspace/.derivedData/Build/Intermediates.noindex/SwiftWidgets.build/Debug-appletvos/SwiftWidgets.build/Objects-normal/arm64/CarouselModel.o -index-unit-output-path /SwiftWidgets.build/Debug-appletvos/SwiftWidgets.build/Objects-normal/arm64/CarouselModel.o -index-store-path /Users/admin/builder/spi-builder-workspace/.derivedData/Index.noindex/DataStore -index-system-modules
SwiftCompile normal arm64 Compiling\ Icon.swift /Users/admin/builder/spi-builder-workspace/Sources/SwiftWidgets/Icon.swift (in target 'SwiftWidgets' from project 'SwiftWidgets')
cd /Users/admin/builder/spi-builder-workspace/.swiftpm/xcode
builtin-swiftTaskExecution -- /Applications/Xcode-16.1.0.app/Contents/Developer/Toolchains/XcodeDefault.xctoolchain/usr/bin/swift-frontend -frontend -c /Users/admin/builder/spi-builder-workspace/Sources/SwiftWidgets/AsyncImage/AsyncImage.swift /Users/admin/builder/spi-builder-workspace/Sources/SwiftWidgets/AsyncImage/ImageCache.swift /Users/admin/builder/spi-builder-workspace/Sources/SwiftWidgets/AsyncImage/ImageCacheKeys.swift /Users/admin/builder/spi-builder-workspace/Sources/SwiftWidgets/AsyncImage/ImageLoader.swift /Users/admin/builder/spi-builder-workspace/Sources/SwiftWidgets/Card.swift /Users/admin/builder/spi-builder-workspace/Sources/SwiftWidgets/Extensions.swift -primary-file /Users/admin/builder/spi-builder-workspace/Sources/SwiftWidgets/Icon.swift /Users/admin/builder/spi-builder-workspace/Sources/SwiftWidgets/ImageCard.swift /Users/admin/builder/spi-builder-workspace/Sources/SwiftWidgets/ImageCarousel.swift /Users/admin/builder/spi-builder-workspace/Sources/SwiftWidgets/Models/CarouselModel.swift /Users/admin/builder/spi-builder-workspace/Sources/SwiftWidgets/TextCard.swift -emit-dependencies-path /Users/admin/builder/spi-builder-workspace/.derivedData/Build/Intermediates.noindex/SwiftWidgets.build/Debug-appletvos/SwiftWidgets.build/Objects-normal/arm64/Icon.d -emit-const-values-path /Users/admin/builder/spi-builder-workspace/.derivedData/Build/Intermediates.noindex/SwiftWidgets.build/Debug-appletvos/SwiftWidgets.build/Objects-normal/arm64/Icon.swiftconstvalues -emit-reference-dependencies-path /Users/admin/builder/spi-builder-workspace/.derivedData/Build/Intermediates.noindex/SwiftWidgets.build/Debug-appletvos/SwiftWidgets.build/Objects-normal/arm64/Icon.swiftdeps -serialize-diagnostics-path /Users/admin/builder/spi-builder-workspace/.derivedData/Build/Intermediates.noindex/SwiftWidgets.build/Debug-appletvos/SwiftWidgets.build/Objects-normal/arm64/Icon.dia -target arm64-apple-tvos13.0 -Xllvm -aarch64-use-tbi -enable-objc-interop -stack-check -sdk /Applications/Xcode-16.1.0.app/Contents/Developer/Platforms/AppleTVOS.platform/Developer/SDKs/AppleTVOS18.1.sdk -I /Users/admin/builder/spi-builder-workspace/.derivedData/Build/Products/Debug-appletvos -I /Applications/Xcode-16.1.0.app/Contents/Developer/Platforms/AppleTVOS.platform/Developer/usr/lib -F /Users/admin/builder/spi-builder-workspace/.derivedData/Build/Products/Debug-appletvos/PackageFrameworks -F /Users/admin/builder/spi-builder-workspace/.derivedData/Build/Products/Debug-appletvos -F /Applications/Xcode-16.1.0.app/Contents/Developer/Platforms/AppleTVOS.platform/Developer/Library/Frameworks -F /Applications/Xcode-16.1.0.app/Contents/Developer/Platforms/AppleTVOS.platform/Developer/SDKs/AppleTVOS18.1.sdk/Developer/Library/Frameworks -no-color-diagnostics -enable-testing -g -debug-info-format\=dwarf -dwarf-version\=4 -module-cache-path /Users/admin/builder/spi-builder-workspace/.derivedData/ModuleCache.noindex -swift-version 5 -enforce-exclusivity\=checked -stats-output-dir /Users/admin/builder/spi-builder-workspace/.swiftpm/xcode/.stats -Onone -D SWIFT_PACKAGE -D DEBUG -serialize-debugging-options -const-gather-protocols-file /Users/admin/builder/spi-builder-workspace/.derivedData/Build/Intermediates.noindex/SwiftWidgets.build/Debug-appletvos/SwiftWidgets.build/Objects-normal/arm64/SwiftWidgets_const_extract_protocols.json -enable-experimental-feature DebugDescriptionMacro -enable-experimental-feature OpaqueTypeErasure -strict-concurrency\=complete -empty-abi-descriptor -plugin-path /Applications/Xcode-16.1.0.app/Contents/Developer/Toolchains/XcodeDefault.xctoolchain/usr/lib/swift/host/plugins/testing -validate-clang-modules-once -clang-build-session-file /Users/admin/builder/spi-builder-workspace/.derivedData/ModuleCache.noindex/Session.modulevalidation -Xcc -working-directory -Xcc /Users/admin/builder/spi-builder-workspace/.swiftpm/xcode -resource-dir /Applications/Xcode-16.1.0.app/Contents/Developer/Toolchains/XcodeDefault.xctoolchain/usr/lib/swift -enable-anonymous-context-mangled-names -file-compilation-dir /Users/admin/builder/spi-builder-workspace/.swiftpm/xcode -Xcc -D_LIBCPP_HARDENING_MODE\=_LIBCPP_HARDENING_MODE_DEBUG -Xcc -ivfsstatcache -Xcc /Users/admin/builder/spi-builder-workspace/.derivedData/SDKStatCaches.noindex/appletvos18.1-22J572-e7fdd8cf9ffd4d4af20823079b51a726.sdkstatcache -Xcc -I/Users/admin/builder/spi-builder-workspace/.derivedData/Build/Intermediates.noindex/SwiftWidgets.build/Debug-appletvos/SwiftWidgets.build/swift-overrides.hmap -Xcc -I/Users/admin/builder/spi-builder-workspace/.derivedData/Build/Products/Debug-appletvos/include -Xcc -I/Users/admin/builder/spi-builder-workspace/.derivedData/Build/Intermediates.noindex/SwiftWidgets.build/Debug-appletvos/SwiftWidgets.build/DerivedSources-normal/arm64 -Xcc -I/Users/admin/builder/spi-builder-workspace/.derivedData/Build/Intermediates.noindex/SwiftWidgets.build/Debug-appletvos/SwiftWidgets.build/DerivedSources/arm64 -Xcc -I/Users/admin/builder/spi-builder-workspace/.derivedData/Build/Intermediates.noindex/SwiftWidgets.build/Debug-appletvos/SwiftWidgets.build/DerivedSources -Xcc -DSWIFT_PACKAGE -Xcc -DDEBUG\=1 -module-name SwiftWidgets -frontend-parseable-output -disable-clang-spi -target-sdk-version 18.1 -target-sdk-name appletvos18.1 -external-plugin-path /Applications/Xcode-16.1.0.app/Contents/Developer/Platforms/AppleTVOS.platform/Developer/usr/lib/swift/host/plugins\#/Applications/Xcode-16.1.0.app/Contents/Developer/Platforms/AppleTVOS.platform/Developer/usr/bin/swift-plugin-server -external-plugin-path /Applications/Xcode-16.1.0.app/Contents/Developer/Platforms/AppleTVOS.platform/Developer/usr/local/lib/swift/host/plugins\#/Applications/Xcode-16.1.0.app/Contents/Developer/Platforms/AppleTVOS.platform/Developer/usr/bin/swift-plugin-server -plugin-path /Applications/Xcode-16.1.0.app/Contents/Developer/Toolchains/XcodeDefault.xctoolchain/usr/lib/swift/host/plugins -plugin-path /Applications/Xcode-16.1.0.app/Contents/Developer/Toolchains/XcodeDefault.xctoolchain/usr/local/lib/swift/host/plugins -o /Users/admin/builder/spi-builder-workspace/.derivedData/Build/Intermediates.noindex/SwiftWidgets.build/Debug-appletvos/SwiftWidgets.build/Objects-normal/arm64/Icon.o -index-unit-output-path /SwiftWidgets.build/Debug-appletvos/SwiftWidgets.build/Objects-normal/arm64/Icon.o -index-store-path /Users/admin/builder/spi-builder-workspace/.derivedData/Index.noindex/DataStore -index-system-modules
SwiftCompile normal arm64 /Users/admin/builder/spi-builder-workspace/Sources/SwiftWidgets/Icon.swift (in target 'SwiftWidgets' from project 'SwiftWidgets')
cd /Users/admin/builder/spi-builder-workspace/.swiftpm/xcode
/Applications/Xcode-16.1.0.app/Contents/Developer/Toolchains/XcodeDefault.xctoolchain/usr/bin/swift-frontend -c /Users/admin/builder/spi-builder-workspace/Sources/SwiftWidgets/AsyncImage/AsyncImage.swift /Users/admin/builder/spi-builder-workspace/Sources/SwiftWidgets/AsyncImage/ImageCache.swift /Users/admin/builder/spi-builder-workspace/Sources/SwiftWidgets/AsyncImage/ImageCacheKeys.swift /Users/admin/builder/spi-builder-workspace/Sources/SwiftWidgets/AsyncImage/ImageLoader.swift /Users/admin/builder/spi-builder-workspace/Sources/SwiftWidgets/Card.swift /Users/admin/builder/spi-builder-workspace/Sources/SwiftWidgets/Extensions.swift -primary-file /Users/admin/builder/spi-builder-workspace/Sources/SwiftWidgets/Icon.swift /Users/admin/builder/spi-builder-workspace/Sources/SwiftWidgets/ImageCard.swift /Users/admin/builder/spi-builder-workspace/Sources/SwiftWidgets/ImageCarousel.swift /Users/admin/builder/spi-builder-workspace/Sources/SwiftWidgets/Models/CarouselModel.swift /Users/admin/builder/spi-builder-workspace/Sources/SwiftWidgets/TextCard.swift -emit-dependencies-path /Users/admin/builder/spi-builder-workspace/.derivedData/Build/Intermediates.noindex/SwiftWidgets.build/Debug-appletvos/SwiftWidgets.build/Objects-normal/arm64/Icon.d -emit-const-values-path /Users/admin/builder/spi-builder-workspace/.derivedData/Build/Intermediates.noindex/SwiftWidgets.build/Debug-appletvos/SwiftWidgets.build/Objects-normal/arm64/Icon.swiftconstvalues -emit-reference-dependencies-path /Users/admin/builder/spi-builder-workspace/.derivedData/Build/Intermediates.noindex/SwiftWidgets.build/Debug-appletvos/SwiftWidgets.build/Objects-normal/arm64/Icon.swiftdeps -serialize-diagnostics-path /Users/admin/builder/spi-builder-workspace/.derivedData/Build/Intermediates.noindex/SwiftWidgets.build/Debug-appletvos/SwiftWidgets.build/Objects-normal/arm64/Icon.dia -target arm64-apple-tvos13.0 -Xllvm -aarch64-use-tbi -enable-objc-interop -stack-check -sdk /Applications/Xcode-16.1.0.app/Contents/Developer/Platforms/AppleTVOS.platform/Developer/SDKs/AppleTVOS18.1.sdk -I /Users/admin/builder/spi-builder-workspace/.derivedData/Build/Products/Debug-appletvos -I /Applications/Xcode-16.1.0.app/Contents/Developer/Platforms/AppleTVOS.platform/Developer/usr/lib -F /Users/admin/builder/spi-builder-workspace/.derivedData/Build/Products/Debug-appletvos/PackageFrameworks -F /Users/admin/builder/spi-builder-workspace/.derivedData/Build/Products/Debug-appletvos -F /Applications/Xcode-16.1.0.app/Contents/Developer/Platforms/AppleTVOS.platform/Developer/Library/Frameworks -F /Applications/Xcode-16.1.0.app/Contents/Developer/Platforms/AppleTVOS.platform/Developer/SDKs/AppleTVOS18.1.sdk/Developer/Library/Frameworks -no-color-diagnostics -enable-testing -g -debug-info-format\=dwarf -dwarf-version\=4 -module-cache-path /Users/admin/builder/spi-builder-workspace/.derivedData/ModuleCache.noindex -swift-version 5 -enforce-exclusivity\=checked -stats-output-dir /Users/admin/builder/spi-builder-workspace/.swiftpm/xcode/.stats -Onone -D SWIFT_PACKAGE -D DEBUG -serialize-debugging-options -const-gather-protocols-file /Users/admin/builder/spi-builder-workspace/.derivedData/Build/Intermediates.noindex/SwiftWidgets.build/Debug-appletvos/SwiftWidgets.build/Objects-normal/arm64/SwiftWidgets_const_extract_protocols.json -enable-experimental-feature DebugDescriptionMacro -enable-experimental-feature OpaqueTypeErasure -strict-concurrency\=complete -empty-abi-descriptor -plugin-path /Applications/Xcode-16.1.0.app/Contents/Developer/Toolchains/XcodeDefault.xctoolchain/usr/lib/swift/host/plugins/testing -validate-clang-modules-once -clang-build-session-file /Users/admin/builder/spi-builder-workspace/.derivedData/ModuleCache.noindex/Session.modulevalidation -Xcc -working-directory -Xcc /Users/admin/builder/spi-builder-workspace/.swiftpm/xcode -resource-dir /Applications/Xcode-16.1.0.app/Contents/Developer/Toolchains/XcodeDefault.xctoolchain/usr/lib/swift -enable-anonymous-context-mangled-names -file-compilation-dir /Users/admin/builder/spi-builder-workspace/.swiftpm/xcode -Xcc -D_LIBCPP_HARDENING_MODE\=_LIBCPP_HARDENING_MODE_DEBUG -Xcc -ivfsstatcache -Xcc /Users/admin/builder/spi-builder-workspace/.derivedData/SDKStatCaches.noindex/appletvos18.1-22J572-e7fdd8cf9ffd4d4af20823079b51a726.sdkstatcache -Xcc -I/Users/admin/builder/spi-builder-workspace/.derivedData/Build/Intermediates.noindex/SwiftWidgets.build/Debug-appletvos/SwiftWidgets.build/swift-overrides.hmap -Xcc -I/Users/admin/builder/spi-builder-workspace/.derivedData/Build/Products/Debug-appletvos/include -Xcc -I/Users/admin/builder/spi-builder-workspace/.derivedData/Build/Intermediates.noindex/SwiftWidgets.build/Debug-appletvos/SwiftWidgets.build/DerivedSources-normal/arm64 -Xcc -I/Users/admin/builder/spi-builder-workspace/.derivedData/Build/Intermediates.noindex/SwiftWidgets.build/Debug-appletvos/SwiftWidgets.build/DerivedSources/arm64 -Xcc -I/Users/admin/builder/spi-builder-workspace/.derivedData/Build/Intermediates.noindex/SwiftWidgets.build/Debug-appletvos/SwiftWidgets.build/DerivedSources -Xcc -DSWIFT_PACKAGE -Xcc -DDEBUG\=1 -module-name SwiftWidgets -frontend-parseable-output -disable-clang-spi -target-sdk-version 18.1 -target-sdk-name appletvos18.1 -external-plugin-path /Applications/Xcode-16.1.0.app/Contents/Developer/Platforms/AppleTVOS.platform/Developer/usr/lib/swift/host/plugins\#/Applications/Xcode-16.1.0.app/Contents/Developer/Platforms/AppleTVOS.platform/Developer/usr/bin/swift-plugin-server -external-plugin-path /Applications/Xcode-16.1.0.app/Contents/Developer/Platforms/AppleTVOS.platform/Developer/usr/local/lib/swift/host/plugins\#/Applications/Xcode-16.1.0.app/Contents/Developer/Platforms/AppleTVOS.platform/Developer/usr/bin/swift-plugin-server -plugin-path /Applications/Xcode-16.1.0.app/Contents/Developer/Toolchains/XcodeDefault.xctoolchain/usr/lib/swift/host/plugins -plugin-path /Applications/Xcode-16.1.0.app/Contents/Developer/Toolchains/XcodeDefault.xctoolchain/usr/local/lib/swift/host/plugins -o /Users/admin/builder/spi-builder-workspace/.derivedData/Build/Intermediates.noindex/SwiftWidgets.build/Debug-appletvos/SwiftWidgets.build/Objects-normal/arm64/Icon.o -index-unit-output-path /SwiftWidgets.build/Debug-appletvos/SwiftWidgets.build/Objects-normal/arm64/Icon.o -index-store-path /Users/admin/builder/spi-builder-workspace/.derivedData/Index.noindex/DataStore -index-system-modules
SwiftCompile normal arm64 Compiling\ ImageCarousel.swift /Users/admin/builder/spi-builder-workspace/Sources/SwiftWidgets/ImageCarousel.swift (in target 'SwiftWidgets' from project 'SwiftWidgets')
cd /Users/admin/builder/spi-builder-workspace/.swiftpm/xcode
builtin-swiftTaskExecution -- /Applications/Xcode-16.1.0.app/Contents/Developer/Toolchains/XcodeDefault.xctoolchain/usr/bin/swift-frontend -frontend -c /Users/admin/builder/spi-builder-workspace/Sources/SwiftWidgets/AsyncImage/AsyncImage.swift /Users/admin/builder/spi-builder-workspace/Sources/SwiftWidgets/AsyncImage/ImageCache.swift /Users/admin/builder/spi-builder-workspace/Sources/SwiftWidgets/AsyncImage/ImageCacheKeys.swift /Users/admin/builder/spi-builder-workspace/Sources/SwiftWidgets/AsyncImage/ImageLoader.swift /Users/admin/builder/spi-builder-workspace/Sources/SwiftWidgets/Card.swift /Users/admin/builder/spi-builder-workspace/Sources/SwiftWidgets/Extensions.swift /Users/admin/builder/spi-builder-workspace/Sources/SwiftWidgets/Icon.swift /Users/admin/builder/spi-builder-workspace/Sources/SwiftWidgets/ImageCard.swift -primary-file /Users/admin/builder/spi-builder-workspace/Sources/SwiftWidgets/ImageCarousel.swift /Users/admin/builder/spi-builder-workspace/Sources/SwiftWidgets/Models/CarouselModel.swift /Users/admin/builder/spi-builder-workspace/Sources/SwiftWidgets/TextCard.swift -emit-dependencies-path /Users/admin/builder/spi-builder-workspace/.derivedData/Build/Intermediates.noindex/SwiftWidgets.build/Debug-appletvos/SwiftWidgets.build/Objects-normal/arm64/ImageCarousel.d -emit-const-values-path /Users/admin/builder/spi-builder-workspace/.derivedData/Build/Intermediates.noindex/SwiftWidgets.build/Debug-appletvos/SwiftWidgets.build/Objects-normal/arm64/ImageCarousel.swiftconstvalues -emit-reference-dependencies-path /Users/admin/builder/spi-builder-workspace/.derivedData/Build/Intermediates.noindex/SwiftWidgets.build/Debug-appletvos/SwiftWidgets.build/Objects-normal/arm64/ImageCarousel.swiftdeps -serialize-diagnostics-path /Users/admin/builder/spi-builder-workspace/.derivedData/Build/Intermediates.noindex/SwiftWidgets.build/Debug-appletvos/SwiftWidgets.build/Objects-normal/arm64/ImageCarousel.dia -target arm64-apple-tvos13.0 -Xllvm -aarch64-use-tbi -enable-objc-interop -stack-check -sdk /Applications/Xcode-16.1.0.app/Contents/Developer/Platforms/AppleTVOS.platform/Developer/SDKs/AppleTVOS18.1.sdk -I /Users/admin/builder/spi-builder-workspace/.derivedData/Build/Products/Debug-appletvos -I /Applications/Xcode-16.1.0.app/Contents/Developer/Platforms/AppleTVOS.platform/Developer/usr/lib -F /Users/admin/builder/spi-builder-workspace/.derivedData/Build/Products/Debug-appletvos/PackageFrameworks -F /Users/admin/builder/spi-builder-workspace/.derivedData/Build/Products/Debug-appletvos -F /Applications/Xcode-16.1.0.app/Contents/Developer/Platforms/AppleTVOS.platform/Developer/Library/Frameworks -F /Applications/Xcode-16.1.0.app/Contents/Developer/Platforms/AppleTVOS.platform/Developer/SDKs/AppleTVOS18.1.sdk/Developer/Library/Frameworks -no-color-diagnostics -enable-testing -g -debug-info-format\=dwarf -dwarf-version\=4 -module-cache-path /Users/admin/builder/spi-builder-workspace/.derivedData/ModuleCache.noindex -swift-version 5 -enforce-exclusivity\=checked -stats-output-dir /Users/admin/builder/spi-builder-workspace/.swiftpm/xcode/.stats -Onone -D SWIFT_PACKAGE -D DEBUG -serialize-debugging-options -const-gather-protocols-file /Users/admin/builder/spi-builder-workspace/.derivedData/Build/Intermediates.noindex/SwiftWidgets.build/Debug-appletvos/SwiftWidgets.build/Objects-normal/arm64/SwiftWidgets_const_extract_protocols.json -enable-experimental-feature DebugDescriptionMacro -enable-experimental-feature OpaqueTypeErasure -strict-concurrency\=complete -empty-abi-descriptor -plugin-path /Applications/Xcode-16.1.0.app/Contents/Developer/Toolchains/XcodeDefault.xctoolchain/usr/lib/swift/host/plugins/testing -validate-clang-modules-once -clang-build-session-file /Users/admin/builder/spi-builder-workspace/.derivedData/ModuleCache.noindex/Session.modulevalidation -Xcc -working-directory -Xcc /Users/admin/builder/spi-builder-workspace/.swiftpm/xcode -resource-dir /Applications/Xcode-16.1.0.app/Contents/Developer/Toolchains/XcodeDefault.xctoolchain/usr/lib/swift -enable-anonymous-context-mangled-names -file-compilation-dir /Users/admin/builder/spi-builder-workspace/.swiftpm/xcode -Xcc -D_LIBCPP_HARDENING_MODE\=_LIBCPP_HARDENING_MODE_DEBUG -Xcc -ivfsstatcache -Xcc /Users/admin/builder/spi-builder-workspace/.derivedData/SDKStatCaches.noindex/appletvos18.1-22J572-e7fdd8cf9ffd4d4af20823079b51a726.sdkstatcache -Xcc -I/Users/admin/builder/spi-builder-workspace/.derivedData/Build/Intermediates.noindex/SwiftWidgets.build/Debug-appletvos/SwiftWidgets.build/swift-overrides.hmap -Xcc -I/Users/admin/builder/spi-builder-workspace/.derivedData/Build/Products/Debug-appletvos/include -Xcc -I/Users/admin/builder/spi-builder-workspace/.derivedData/Build/Intermediates.noindex/SwiftWidgets.build/Debug-appletvos/SwiftWidgets.build/DerivedSources-normal/arm64 -Xcc -I/Users/admin/builder/spi-builder-workspace/.derivedData/Build/Intermediates.noindex/SwiftWidgets.build/Debug-appletvos/SwiftWidgets.build/DerivedSources/arm64 -Xcc -I/Users/admin/builder/spi-builder-workspace/.derivedData/Build/Intermediates.noindex/SwiftWidgets.build/Debug-appletvos/SwiftWidgets.build/DerivedSources -Xcc -DSWIFT_PACKAGE -Xcc -DDEBUG\=1 -module-name SwiftWidgets -frontend-parseable-output -disable-clang-spi -target-sdk-version 18.1 -target-sdk-name appletvos18.1 -external-plugin-path /Applications/Xcode-16.1.0.app/Contents/Developer/Platforms/AppleTVOS.platform/Developer/usr/lib/swift/host/plugins\#/Applications/Xcode-16.1.0.app/Contents/Developer/Platforms/AppleTVOS.platform/Developer/usr/bin/swift-plugin-server -external-plugin-path /Applications/Xcode-16.1.0.app/Contents/Developer/Platforms/AppleTVOS.platform/Developer/usr/local/lib/swift/host/plugins\#/Applications/Xcode-16.1.0.app/Contents/Developer/Platforms/AppleTVOS.platform/Developer/usr/bin/swift-plugin-server -plugin-path /Applications/Xcode-16.1.0.app/Contents/Developer/Toolchains/XcodeDefault.xctoolchain/usr/lib/swift/host/plugins -plugin-path /Applications/Xcode-16.1.0.app/Contents/Developer/Toolchains/XcodeDefault.xctoolchain/usr/local/lib/swift/host/plugins -o /Users/admin/builder/spi-builder-workspace/.derivedData/Build/Intermediates.noindex/SwiftWidgets.build/Debug-appletvos/SwiftWidgets.build/Objects-normal/arm64/ImageCarousel.o -index-unit-output-path /SwiftWidgets.build/Debug-appletvos/SwiftWidgets.build/Objects-normal/arm64/ImageCarousel.o -index-store-path /Users/admin/builder/spi-builder-workspace/.derivedData/Index.noindex/DataStore -index-system-modules
SwiftCompile normal arm64 /Users/admin/builder/spi-builder-workspace/Sources/SwiftWidgets/ImageCarousel.swift (in target 'SwiftWidgets' from project 'SwiftWidgets')
cd /Users/admin/builder/spi-builder-workspace/.swiftpm/xcode
/Applications/Xcode-16.1.0.app/Contents/Developer/Toolchains/XcodeDefault.xctoolchain/usr/bin/swift-frontend -c /Users/admin/builder/spi-builder-workspace/Sources/SwiftWidgets/AsyncImage/AsyncImage.swift /Users/admin/builder/spi-builder-workspace/Sources/SwiftWidgets/AsyncImage/ImageCache.swift /Users/admin/builder/spi-builder-workspace/Sources/SwiftWidgets/AsyncImage/ImageCacheKeys.swift /Users/admin/builder/spi-builder-workspace/Sources/SwiftWidgets/AsyncImage/ImageLoader.swift /Users/admin/builder/spi-builder-workspace/Sources/SwiftWidgets/Card.swift /Users/admin/builder/spi-builder-workspace/Sources/SwiftWidgets/Extensions.swift /Users/admin/builder/spi-builder-workspace/Sources/SwiftWidgets/Icon.swift /Users/admin/builder/spi-builder-workspace/Sources/SwiftWidgets/ImageCard.swift -primary-file /Users/admin/builder/spi-builder-workspace/Sources/SwiftWidgets/ImageCarousel.swift /Users/admin/builder/spi-builder-workspace/Sources/SwiftWidgets/Models/CarouselModel.swift /Users/admin/builder/spi-builder-workspace/Sources/SwiftWidgets/TextCard.swift -emit-dependencies-path /Users/admin/builder/spi-builder-workspace/.derivedData/Build/Intermediates.noindex/SwiftWidgets.build/Debug-appletvos/SwiftWidgets.build/Objects-normal/arm64/ImageCarousel.d -emit-const-values-path /Users/admin/builder/spi-builder-workspace/.derivedData/Build/Intermediates.noindex/SwiftWidgets.build/Debug-appletvos/SwiftWidgets.build/Objects-normal/arm64/ImageCarousel.swiftconstvalues -emit-reference-dependencies-path /Users/admin/builder/spi-builder-workspace/.derivedData/Build/Intermediates.noindex/SwiftWidgets.build/Debug-appletvos/SwiftWidgets.build/Objects-normal/arm64/ImageCarousel.swiftdeps -serialize-diagnostics-path /Users/admin/builder/spi-builder-workspace/.derivedData/Build/Intermediates.noindex/SwiftWidgets.build/Debug-appletvos/SwiftWidgets.build/Objects-normal/arm64/ImageCarousel.dia -target arm64-apple-tvos13.0 -Xllvm -aarch64-use-tbi -enable-objc-interop -stack-check -sdk /Applications/Xcode-16.1.0.app/Contents/Developer/Platforms/AppleTVOS.platform/Developer/SDKs/AppleTVOS18.1.sdk -I /Users/admin/builder/spi-builder-workspace/.derivedData/Build/Products/Debug-appletvos -I /Applications/Xcode-16.1.0.app/Contents/Developer/Platforms/AppleTVOS.platform/Developer/usr/lib -F /Users/admin/builder/spi-builder-workspace/.derivedData/Build/Products/Debug-appletvos/PackageFrameworks -F /Users/admin/builder/spi-builder-workspace/.derivedData/Build/Products/Debug-appletvos -F /Applications/Xcode-16.1.0.app/Contents/Developer/Platforms/AppleTVOS.platform/Developer/Library/Frameworks -F /Applications/Xcode-16.1.0.app/Contents/Developer/Platforms/AppleTVOS.platform/Developer/SDKs/AppleTVOS18.1.sdk/Developer/Library/Frameworks -no-color-diagnostics -enable-testing -g -debug-info-format\=dwarf -dwarf-version\=4 -module-cache-path /Users/admin/builder/spi-builder-workspace/.derivedData/ModuleCache.noindex -swift-version 5 -enforce-exclusivity\=checked -stats-output-dir /Users/admin/builder/spi-builder-workspace/.swiftpm/xcode/.stats -Onone -D SWIFT_PACKAGE -D DEBUG -serialize-debugging-options -const-gather-protocols-file /Users/admin/builder/spi-builder-workspace/.derivedData/Build/Intermediates.noindex/SwiftWidgets.build/Debug-appletvos/SwiftWidgets.build/Objects-normal/arm64/SwiftWidgets_const_extract_protocols.json -enable-experimental-feature DebugDescriptionMacro -enable-experimental-feature OpaqueTypeErasure -strict-concurrency\=complete -empty-abi-descriptor -plugin-path /Applications/Xcode-16.1.0.app/Contents/Developer/Toolchains/XcodeDefault.xctoolchain/usr/lib/swift/host/plugins/testing -validate-clang-modules-once -clang-build-session-file /Users/admin/builder/spi-builder-workspace/.derivedData/ModuleCache.noindex/Session.modulevalidation -Xcc -working-directory -Xcc /Users/admin/builder/spi-builder-workspace/.swiftpm/xcode -resource-dir /Applications/Xcode-16.1.0.app/Contents/Developer/Toolchains/XcodeDefault.xctoolchain/usr/lib/swift -enable-anonymous-context-mangled-names -file-compilation-dir /Users/admin/builder/spi-builder-workspace/.swiftpm/xcode -Xcc -D_LIBCPP_HARDENING_MODE\=_LIBCPP_HARDENING_MODE_DEBUG -Xcc -ivfsstatcache -Xcc /Users/admin/builder/spi-builder-workspace/.derivedData/SDKStatCaches.noindex/appletvos18.1-22J572-e7fdd8cf9ffd4d4af20823079b51a726.sdkstatcache -Xcc -I/Users/admin/builder/spi-builder-workspace/.derivedData/Build/Intermediates.noindex/SwiftWidgets.build/Debug-appletvos/SwiftWidgets.build/swift-overrides.hmap -Xcc -I/Users/admin/builder/spi-builder-workspace/.derivedData/Build/Products/Debug-appletvos/include -Xcc -I/Users/admin/builder/spi-builder-workspace/.derivedData/Build/Intermediates.noindex/SwiftWidgets.build/Debug-appletvos/SwiftWidgets.build/DerivedSources-normal/arm64 -Xcc -I/Users/admin/builder/spi-builder-workspace/.derivedData/Build/Intermediates.noindex/SwiftWidgets.build/Debug-appletvos/SwiftWidgets.build/DerivedSources/arm64 -Xcc -I/Users/admin/builder/spi-builder-workspace/.derivedData/Build/Intermediates.noindex/SwiftWidgets.build/Debug-appletvos/SwiftWidgets.build/DerivedSources -Xcc -DSWIFT_PACKAGE -Xcc -DDEBUG\=1 -module-name SwiftWidgets -frontend-parseable-output -disable-clang-spi -target-sdk-version 18.1 -target-sdk-name appletvos18.1 -external-plugin-path /Applications/Xcode-16.1.0.app/Contents/Developer/Platforms/AppleTVOS.platform/Developer/usr/lib/swift/host/plugins\#/Applications/Xcode-16.1.0.app/Contents/Developer/Platforms/AppleTVOS.platform/Developer/usr/bin/swift-plugin-server -external-plugin-path /Applications/Xcode-16.1.0.app/Contents/Developer/Platforms/AppleTVOS.platform/Developer/usr/local/lib/swift/host/plugins\#/Applications/Xcode-16.1.0.app/Contents/Developer/Platforms/AppleTVOS.platform/Developer/usr/bin/swift-plugin-server -plugin-path /Applications/Xcode-16.1.0.app/Contents/Developer/Toolchains/XcodeDefault.xctoolchain/usr/lib/swift/host/plugins -plugin-path /Applications/Xcode-16.1.0.app/Contents/Developer/Toolchains/XcodeDefault.xctoolchain/usr/local/lib/swift/host/plugins -o /Users/admin/builder/spi-builder-workspace/.derivedData/Build/Intermediates.noindex/SwiftWidgets.build/Debug-appletvos/SwiftWidgets.build/Objects-normal/arm64/ImageCarousel.o -index-unit-output-path /SwiftWidgets.build/Debug-appletvos/SwiftWidgets.build/Objects-normal/arm64/ImageCarousel.o -index-store-path /Users/admin/builder/spi-builder-workspace/.derivedData/Index.noindex/DataStore -index-system-modules
SwiftCompile normal arm64 Compiling\ AsyncImage.swift,\ ImageCache.swift /Users/admin/builder/spi-builder-workspace/Sources/SwiftWidgets/AsyncImage/AsyncImage.swift /Users/admin/builder/spi-builder-workspace/Sources/SwiftWidgets/AsyncImage/ImageCache.swift (in target 'SwiftWidgets' from project 'SwiftWidgets')
cd /Users/admin/builder/spi-builder-workspace/.swiftpm/xcode
builtin-swiftTaskExecution -- /Applications/Xcode-16.1.0.app/Contents/Developer/Toolchains/XcodeDefault.xctoolchain/usr/bin/swift-frontend -frontend -c -primary-file /Users/admin/builder/spi-builder-workspace/Sources/SwiftWidgets/AsyncImage/AsyncImage.swift -primary-file /Users/admin/builder/spi-builder-workspace/Sources/SwiftWidgets/AsyncImage/ImageCache.swift /Users/admin/builder/spi-builder-workspace/Sources/SwiftWidgets/AsyncImage/ImageCacheKeys.swift /Users/admin/builder/spi-builder-workspace/Sources/SwiftWidgets/AsyncImage/ImageLoader.swift /Users/admin/builder/spi-builder-workspace/Sources/SwiftWidgets/Card.swift /Users/admin/builder/spi-builder-workspace/Sources/SwiftWidgets/Extensions.swift /Users/admin/builder/spi-builder-workspace/Sources/SwiftWidgets/Icon.swift /Users/admin/builder/spi-builder-workspace/Sources/SwiftWidgets/ImageCard.swift /Users/admin/builder/spi-builder-workspace/Sources/SwiftWidgets/ImageCarousel.swift /Users/admin/builder/spi-builder-workspace/Sources/SwiftWidgets/Models/CarouselModel.swift /Users/admin/builder/spi-builder-workspace/Sources/SwiftWidgets/TextCard.swift -emit-dependencies-path /Users/admin/builder/spi-builder-workspace/.derivedData/Build/Intermediates.noindex/SwiftWidgets.build/Debug-appletvos/SwiftWidgets.build/Objects-normal/arm64/AsyncImage.d -emit-const-values-path /Users/admin/builder/spi-builder-workspace/.derivedData/Build/Intermediates.noindex/SwiftWidgets.build/Debug-appletvos/SwiftWidgets.build/Objects-normal/arm64/AsyncImage.swiftconstvalues -emit-reference-dependencies-path /Users/admin/builder/spi-builder-workspace/.derivedData/Build/Intermediates.noindex/SwiftWidgets.build/Debug-appletvos/SwiftWidgets.build/Objects-normal/arm64/AsyncImage.swiftdeps -serialize-diagnostics-path /Users/admin/builder/spi-builder-workspace/.derivedData/Build/Intermediates.noindex/SwiftWidgets.build/Debug-appletvos/SwiftWidgets.build/Objects-normal/arm64/AsyncImage.dia -emit-dependencies-path /Users/admin/builder/spi-builder-workspace/.derivedData/Build/Intermediates.noindex/SwiftWidgets.build/Debug-appletvos/SwiftWidgets.build/Objects-normal/arm64/ImageCache.d -emit-const-values-path /Users/admin/builder/spi-builder-workspace/.derivedData/Build/Intermediates.noindex/SwiftWidgets.build/Debug-appletvos/SwiftWidgets.build/Objects-normal/arm64/ImageCache.swiftconstvalues -emit-reference-dependencies-path /Users/admin/builder/spi-builder-workspace/.derivedData/Build/Intermediates.noindex/SwiftWidgets.build/Debug-appletvos/SwiftWidgets.build/Objects-normal/arm64/ImageCache.swiftdeps -serialize-diagnostics-path /Users/admin/builder/spi-builder-workspace/.derivedData/Build/Intermediates.noindex/SwiftWidgets.build/Debug-appletvos/SwiftWidgets.build/Objects-normal/arm64/ImageCache.dia -target arm64-apple-tvos13.0 -Xllvm -aarch64-use-tbi -enable-objc-interop -stack-check -sdk /Applications/Xcode-16.1.0.app/Contents/Developer/Platforms/AppleTVOS.platform/Developer/SDKs/AppleTVOS18.1.sdk -I /Users/admin/builder/spi-builder-workspace/.derivedData/Build/Products/Debug-appletvos -I /Applications/Xcode-16.1.0.app/Contents/Developer/Platforms/AppleTVOS.platform/Developer/usr/lib -F /Users/admin/builder/spi-builder-workspace/.derivedData/Build/Products/Debug-appletvos/PackageFrameworks -F /Users/admin/builder/spi-builder-workspace/.derivedData/Build/Products/Debug-appletvos -F /Applications/Xcode-16.1.0.app/Contents/Developer/Platforms/AppleTVOS.platform/Developer/Library/Frameworks -F /Applications/Xcode-16.1.0.app/Contents/Developer/Platforms/AppleTVOS.platform/Developer/SDKs/AppleTVOS18.1.sdk/Developer/Library/Frameworks -no-color-diagnostics -enable-testing -g -debug-info-format\=dwarf -dwarf-version\=4 -module-cache-path /Users/admin/builder/spi-builder-workspace/.derivedData/ModuleCache.noindex -swift-version 5 -enforce-exclusivity\=checked -stats-output-dir /Users/admin/builder/spi-builder-workspace/.swiftpm/xcode/.stats -Onone -D SWIFT_PACKAGE -D DEBUG -serialize-debugging-options -const-gather-protocols-file /Users/admin/builder/spi-builder-workspace/.derivedData/Build/Intermediates.noindex/SwiftWidgets.build/Debug-appletvos/SwiftWidgets.build/Objects-normal/arm64/SwiftWidgets_const_extract_protocols.json -enable-experimental-feature DebugDescriptionMacro -enable-experimental-feature OpaqueTypeErasure -strict-concurrency\=complete -empty-abi-descriptor -plugin-path /Applications/Xcode-16.1.0.app/Contents/Developer/Toolchains/XcodeDefault.xctoolchain/usr/lib/swift/host/plugins/testing -validate-clang-modules-once -clang-build-session-file /Users/admin/builder/spi-builder-workspace/.derivedData/ModuleCache.noindex/Session.modulevalidation -Xcc -working-directory -Xcc /Users/admin/builder/spi-builder-workspace/.swiftpm/xcode -resource-dir /Applications/Xcode-16.1.0.app/Contents/Developer/Toolchains/XcodeDefault.xctoolchain/usr/lib/swift -enable-anonymous-context-mangled-names -file-compilation-dir /Users/admin/builder/spi-builder-workspace/.swiftpm/xcode -Xcc -D_LIBCPP_HARDENING_MODE\=_LIBCPP_HARDENING_MODE_DEBUG -Xcc -ivfsstatcache -Xcc /Users/admin/builder/spi-builder-workspace/.derivedData/SDKStatCaches.noindex/appletvos18.1-22J572-e7fdd8cf9ffd4d4af20823079b51a726.sdkstatcache -Xcc -I/Users/admin/builder/spi-builder-workspace/.derivedData/Build/Intermediates.noindex/SwiftWidgets.build/Debug-appletvos/SwiftWidgets.build/swift-overrides.hmap -Xcc -I/Users/admin/builder/spi-builder-workspace/.derivedData/Build/Products/Debug-appletvos/include -Xcc -I/Users/admin/builder/spi-builder-workspace/.derivedData/Build/Intermediates.noindex/SwiftWidgets.build/Debug-appletvos/SwiftWidgets.build/DerivedSources-normal/arm64 -Xcc -I/Users/admin/builder/spi-builder-workspace/.derivedData/Build/Intermediates.noindex/SwiftWidgets.build/Debug-appletvos/SwiftWidgets.build/DerivedSources/arm64 -Xcc -I/Users/admin/builder/spi-builder-workspace/.derivedData/Build/Intermediates.noindex/SwiftWidgets.build/Debug-appletvos/SwiftWidgets.build/DerivedSources -Xcc -DSWIFT_PACKAGE -Xcc -DDEBUG\=1 -module-name SwiftWidgets -frontend-parseable-output -disable-clang-spi -target-sdk-version 18.1 -target-sdk-name appletvos18.1 -external-plugin-path /Applications/Xcode-16.1.0.app/Contents/Developer/Platforms/AppleTVOS.platform/Developer/usr/lib/swift/host/plugins\#/Applications/Xcode-16.1.0.app/Contents/Developer/Platforms/AppleTVOS.platform/Developer/usr/bin/swift-plugin-server -external-plugin-path /Applications/Xcode-16.1.0.app/Contents/Developer/Platforms/AppleTVOS.platform/Developer/usr/local/lib/swift/host/plugins\#/Applications/Xcode-16.1.0.app/Contents/Developer/Platforms/AppleTVOS.platform/Developer/usr/bin/swift-plugin-server -plugin-path /Applications/Xcode-16.1.0.app/Contents/Developer/Toolchains/XcodeDefault.xctoolchain/usr/lib/swift/host/plugins -plugin-path /Applications/Xcode-16.1.0.app/Contents/Developer/Toolchains/XcodeDefault.xctoolchain/usr/local/lib/swift/host/plugins -o /Users/admin/builder/spi-builder-workspace/.derivedData/Build/Intermediates.noindex/SwiftWidgets.build/Debug-appletvos/SwiftWidgets.build/Objects-normal/arm64/AsyncImage.o -o /Users/admin/builder/spi-builder-workspace/.derivedData/Build/Intermediates.noindex/SwiftWidgets.build/Debug-appletvos/SwiftWidgets.build/Objects-normal/arm64/ImageCache.o -index-unit-output-path /SwiftWidgets.build/Debug-appletvos/SwiftWidgets.build/Objects-normal/arm64/AsyncImage.o -index-unit-output-path /SwiftWidgets.build/Debug-appletvos/SwiftWidgets.build/Objects-normal/arm64/ImageCache.o -index-store-path /Users/admin/builder/spi-builder-workspace/.derivedData/Index.noindex/DataStore -index-system-modules
SwiftCompile normal arm64 /Users/admin/builder/spi-builder-workspace/Sources/SwiftWidgets/AsyncImage/AsyncImage.swift (in target 'SwiftWidgets' from project 'SwiftWidgets')
cd /Users/admin/builder/spi-builder-workspace/.swiftpm/xcode
/Applications/Xcode-16.1.0.app/Contents/Developer/Toolchains/XcodeDefault.xctoolchain/usr/bin/swift-frontend -c -primary-file /Users/admin/builder/spi-builder-workspace/Sources/SwiftWidgets/AsyncImage/AsyncImage.swift -primary-file /Users/admin/builder/spi-builder-workspace/Sources/SwiftWidgets/AsyncImage/ImageCache.swift /Users/admin/builder/spi-builder-workspace/Sources/SwiftWidgets/AsyncImage/ImageCacheKeys.swift /Users/admin/builder/spi-builder-workspace/Sources/SwiftWidgets/AsyncImage/ImageLoader.swift /Users/admin/builder/spi-builder-workspace/Sources/SwiftWidgets/Card.swift /Users/admin/builder/spi-builder-workspace/Sources/SwiftWidgets/Extensions.swift /Users/admin/builder/spi-builder-workspace/Sources/SwiftWidgets/Icon.swift /Users/admin/builder/spi-builder-workspace/Sources/SwiftWidgets/ImageCard.swift /Users/admin/builder/spi-builder-workspace/Sources/SwiftWidgets/ImageCarousel.swift /Users/admin/builder/spi-builder-workspace/Sources/SwiftWidgets/Models/CarouselModel.swift /Users/admin/builder/spi-builder-workspace/Sources/SwiftWidgets/TextCard.swift -emit-dependencies-path /Users/admin/builder/spi-builder-workspace/.derivedData/Build/Intermediates.noindex/SwiftWidgets.build/Debug-appletvos/SwiftWidgets.build/Objects-normal/arm64/AsyncImage.d -emit-const-values-path /Users/admin/builder/spi-builder-workspace/.derivedData/Build/Intermediates.noindex/SwiftWidgets.build/Debug-appletvos/SwiftWidgets.build/Objects-normal/arm64/AsyncImage.swiftconstvalues -emit-reference-dependencies-path /Users/admin/builder/spi-builder-workspace/.derivedData/Build/Intermediates.noindex/SwiftWidgets.build/Debug-appletvos/SwiftWidgets.build/Objects-normal/arm64/AsyncImage.swiftdeps -serialize-diagnostics-path /Users/admin/builder/spi-builder-workspace/.derivedData/Build/Intermediates.noindex/SwiftWidgets.build/Debug-appletvos/SwiftWidgets.build/Objects-normal/arm64/AsyncImage.dia -emit-dependencies-path /Users/admin/builder/spi-builder-workspace/.derivedData/Build/Intermediates.noindex/SwiftWidgets.build/Debug-appletvos/SwiftWidgets.build/Objects-normal/arm64/ImageCache.d -emit-const-values-path /Users/admin/builder/spi-builder-workspace/.derivedData/Build/Intermediates.noindex/SwiftWidgets.build/Debug-appletvos/SwiftWidgets.build/Objects-normal/arm64/ImageCache.swiftconstvalues -emit-reference-dependencies-path /Users/admin/builder/spi-builder-workspace/.derivedData/Build/Intermediates.noindex/SwiftWidgets.build/Debug-appletvos/SwiftWidgets.build/Objects-normal/arm64/ImageCache.swiftdeps -serialize-diagnostics-path /Users/admin/builder/spi-builder-workspace/.derivedData/Build/Intermediates.noindex/SwiftWidgets.build/Debug-appletvos/SwiftWidgets.build/Objects-normal/arm64/ImageCache.dia -target arm64-apple-tvos13.0 -Xllvm -aarch64-use-tbi -enable-objc-interop -stack-check -sdk /Applications/Xcode-16.1.0.app/Contents/Developer/Platforms/AppleTVOS.platform/Developer/SDKs/AppleTVOS18.1.sdk -I /Users/admin/builder/spi-builder-workspace/.derivedData/Build/Products/Debug-appletvos -I /Applications/Xcode-16.1.0.app/Contents/Developer/Platforms/AppleTVOS.platform/Developer/usr/lib -F /Users/admin/builder/spi-builder-workspace/.derivedData/Build/Products/Debug-appletvos/PackageFrameworks -F /Users/admin/builder/spi-builder-workspace/.derivedData/Build/Products/Debug-appletvos -F /Applications/Xcode-16.1.0.app/Contents/Developer/Platforms/AppleTVOS.platform/Developer/Library/Frameworks -F /Applications/Xcode-16.1.0.app/Contents/Developer/Platforms/AppleTVOS.platform/Developer/SDKs/AppleTVOS18.1.sdk/Developer/Library/Frameworks -no-color-diagnostics -enable-testing -g -debug-info-format\=dwarf -dwarf-version\=4 -module-cache-path /Users/admin/builder/spi-builder-workspace/.derivedData/ModuleCache.noindex -swift-version 5 -enforce-exclusivity\=checked -stats-output-dir /Users/admin/builder/spi-builder-workspace/.swiftpm/xcode/.stats -Onone -D SWIFT_PACKAGE -D DEBUG -serialize-debugging-options -const-gather-protocols-file /Users/admin/builder/spi-builder-workspace/.derivedData/Build/Intermediates.noindex/SwiftWidgets.build/Debug-appletvos/SwiftWidgets.build/Objects-normal/arm64/SwiftWidgets_const_extract_protocols.json -enable-experimental-feature DebugDescriptionMacro -enable-experimental-feature OpaqueTypeErasure -strict-concurrency\=complete -empty-abi-descriptor -plugin-path /Applications/Xcode-16.1.0.app/Contents/Developer/Toolchains/XcodeDefault.xctoolchain/usr/lib/swift/host/plugins/testing -validate-clang-modules-once -clang-build-session-file /Users/admin/builder/spi-builder-workspace/.derivedData/ModuleCache.noindex/Session.modulevalidation -Xcc -working-directory -Xcc /Users/admin/builder/spi-builder-workspace/.swiftpm/xcode -resource-dir /Applications/Xcode-16.1.0.app/Contents/Developer/Toolchains/XcodeDefault.xctoolchain/usr/lib/swift -enable-anonymous-context-mangled-names -file-compilation-dir /Users/admin/builder/spi-builder-workspace/.swiftpm/xcode -Xcc -D_LIBCPP_HARDENING_MODE\=_LIBCPP_HARDENING_MODE_DEBUG -Xcc -ivfsstatcache -Xcc /Users/admin/builder/spi-builder-workspace/.derivedData/SDKStatCaches.noindex/appletvos18.1-22J572-e7fdd8cf9ffd4d4af20823079b51a726.sdkstatcache -Xcc -I/Users/admin/builder/spi-builder-workspace/.derivedData/Build/Intermediates.noindex/SwiftWidgets.build/Debug-appletvos/SwiftWidgets.build/swift-overrides.hmap -Xcc -I/Users/admin/builder/spi-builder-workspace/.derivedData/Build/Products/Debug-appletvos/include -Xcc -I/Users/admin/builder/spi-builder-workspace/.derivedData/Build/Intermediates.noindex/SwiftWidgets.build/Debug-appletvos/SwiftWidgets.build/DerivedSources-normal/arm64 -Xcc -I/Users/admin/builder/spi-builder-workspace/.derivedData/Build/Intermediates.noindex/SwiftWidgets.build/Debug-appletvos/SwiftWidgets.build/DerivedSources/arm64 -Xcc -I/Users/admin/builder/spi-builder-workspace/.derivedData/Build/Intermediates.noindex/SwiftWidgets.build/Debug-appletvos/SwiftWidgets.build/DerivedSources -Xcc -DSWIFT_PACKAGE -Xcc -DDEBUG\=1 -module-name SwiftWidgets -frontend-parseable-output -disable-clang-spi -target-sdk-version 18.1 -target-sdk-name appletvos18.1 -external-plugin-path /Applications/Xcode-16.1.0.app/Contents/Developer/Platforms/AppleTVOS.platform/Developer/usr/lib/swift/host/plugins\#/Applications/Xcode-16.1.0.app/Contents/Developer/Platforms/AppleTVOS.platform/Developer/usr/bin/swift-plugin-server -external-plugin-path /Applications/Xcode-16.1.0.app/Contents/Developer/Platforms/AppleTVOS.platform/Developer/usr/local/lib/swift/host/plugins\#/Applications/Xcode-16.1.0.app/Contents/Developer/Platforms/AppleTVOS.platform/Developer/usr/bin/swift-plugin-server -plugin-path /Applications/Xcode-16.1.0.app/Contents/Developer/Toolchains/XcodeDefault.xctoolchain/usr/lib/swift/host/plugins -plugin-path /Applications/Xcode-16.1.0.app/Contents/Developer/Toolchains/XcodeDefault.xctoolchain/usr/local/lib/swift/host/plugins -o /Users/admin/builder/spi-builder-workspace/.derivedData/Build/Intermediates.noindex/SwiftWidgets.build/Debug-appletvos/SwiftWidgets.build/Objects-normal/arm64/AsyncImage.o -o /Users/admin/builder/spi-builder-workspace/.derivedData/Build/Intermediates.noindex/SwiftWidgets.build/Debug-appletvos/SwiftWidgets.build/Objects-normal/arm64/ImageCache.o -index-unit-output-path /SwiftWidgets.build/Debug-appletvos/SwiftWidgets.build/Objects-normal/arm64/AsyncImage.o -index-unit-output-path /SwiftWidgets.build/Debug-appletvos/SwiftWidgets.build/Objects-normal/arm64/ImageCache.o -index-store-path /Users/admin/builder/spi-builder-workspace/.derivedData/Index.noindex/DataStore -index-system-modules
SwiftCompile normal arm64 /Users/admin/builder/spi-builder-workspace/Sources/SwiftWidgets/AsyncImage/ImageCache.swift (in target 'SwiftWidgets' from project 'SwiftWidgets')
cd /Users/admin/builder/spi-builder-workspace/.swiftpm/xcode
/Applications/Xcode-16.1.0.app/Contents/Developer/Toolchains/XcodeDefault.xctoolchain/usr/bin/swift-frontend -c -primary-file /Users/admin/builder/spi-builder-workspace/Sources/SwiftWidgets/AsyncImage/AsyncImage.swift -primary-file /Users/admin/builder/spi-builder-workspace/Sources/SwiftWidgets/AsyncImage/ImageCache.swift /Users/admin/builder/spi-builder-workspace/Sources/SwiftWidgets/AsyncImage/ImageCacheKeys.swift /Users/admin/builder/spi-builder-workspace/Sources/SwiftWidgets/AsyncImage/ImageLoader.swift /Users/admin/builder/spi-builder-workspace/Sources/SwiftWidgets/Card.swift /Users/admin/builder/spi-builder-workspace/Sources/SwiftWidgets/Extensions.swift /Users/admin/builder/spi-builder-workspace/Sources/SwiftWidgets/Icon.swift /Users/admin/builder/spi-builder-workspace/Sources/SwiftWidgets/ImageCard.swift /Users/admin/builder/spi-builder-workspace/Sources/SwiftWidgets/ImageCarousel.swift /Users/admin/builder/spi-builder-workspace/Sources/SwiftWidgets/Models/CarouselModel.swift /Users/admin/builder/spi-builder-workspace/Sources/SwiftWidgets/TextCard.swift -emit-dependencies-path /Users/admin/builder/spi-builder-workspace/.derivedData/Build/Intermediates.noindex/SwiftWidgets.build/Debug-appletvos/SwiftWidgets.build/Objects-normal/arm64/AsyncImage.d -emit-const-values-path /Users/admin/builder/spi-builder-workspace/.derivedData/Build/Intermediates.noindex/SwiftWidgets.build/Debug-appletvos/SwiftWidgets.build/Objects-normal/arm64/AsyncImage.swiftconstvalues -emit-reference-dependencies-path /Users/admin/builder/spi-builder-workspace/.derivedData/Build/Intermediates.noindex/SwiftWidgets.build/Debug-appletvos/SwiftWidgets.build/Objects-normal/arm64/AsyncImage.swiftdeps -serialize-diagnostics-path /Users/admin/builder/spi-builder-workspace/.derivedData/Build/Intermediates.noindex/SwiftWidgets.build/Debug-appletvos/SwiftWidgets.build/Objects-normal/arm64/AsyncImage.dia -emit-dependencies-path /Users/admin/builder/spi-builder-workspace/.derivedData/Build/Intermediates.noindex/SwiftWidgets.build/Debug-appletvos/SwiftWidgets.build/Objects-normal/arm64/ImageCache.d -emit-const-values-path /Users/admin/builder/spi-builder-workspace/.derivedData/Build/Intermediates.noindex/SwiftWidgets.build/Debug-appletvos/SwiftWidgets.build/Objects-normal/arm64/ImageCache.swiftconstvalues -emit-reference-dependencies-path /Users/admin/builder/spi-builder-workspace/.derivedData/Build/Intermediates.noindex/SwiftWidgets.build/Debug-appletvos/SwiftWidgets.build/Objects-normal/arm64/ImageCache.swiftdeps -serialize-diagnostics-path /Users/admin/builder/spi-builder-workspace/.derivedData/Build/Intermediates.noindex/SwiftWidgets.build/Debug-appletvos/SwiftWidgets.build/Objects-normal/arm64/ImageCache.dia -target arm64-apple-tvos13.0 -Xllvm -aarch64-use-tbi -enable-objc-interop -stack-check -sdk /Applications/Xcode-16.1.0.app/Contents/Developer/Platforms/AppleTVOS.platform/Developer/SDKs/AppleTVOS18.1.sdk -I /Users/admin/builder/spi-builder-workspace/.derivedData/Build/Products/Debug-appletvos -I /Applications/Xcode-16.1.0.app/Contents/Developer/Platforms/AppleTVOS.platform/Developer/usr/lib -F /Users/admin/builder/spi-builder-workspace/.derivedData/Build/Products/Debug-appletvos/PackageFrameworks -F /Users/admin/builder/spi-builder-workspace/.derivedData/Build/Products/Debug-appletvos -F /Applications/Xcode-16.1.0.app/Contents/Developer/Platforms/AppleTVOS.platform/Developer/Library/Frameworks -F /Applications/Xcode-16.1.0.app/Contents/Developer/Platforms/AppleTVOS.platform/Developer/SDKs/AppleTVOS18.1.sdk/Developer/Library/Frameworks -no-color-diagnostics -enable-testing -g -debug-info-format\=dwarf -dwarf-version\=4 -module-cache-path /Users/admin/builder/spi-builder-workspace/.derivedData/ModuleCache.noindex -swift-version 5 -enforce-exclusivity\=checked -stats-output-dir /Users/admin/builder/spi-builder-workspace/.swiftpm/xcode/.stats -Onone -D SWIFT_PACKAGE -D DEBUG -serialize-debugging-options -const-gather-protocols-file /Users/admin/builder/spi-builder-workspace/.derivedData/Build/Intermediates.noindex/SwiftWidgets.build/Debug-appletvos/SwiftWidgets.build/Objects-normal/arm64/SwiftWidgets_const_extract_protocols.json -enable-experimental-feature DebugDescriptionMacro -enable-experimental-feature OpaqueTypeErasure -strict-concurrency\=complete -empty-abi-descriptor -plugin-path /Applications/Xcode-16.1.0.app/Contents/Developer/Toolchains/XcodeDefault.xctoolchain/usr/lib/swift/host/plugins/testing -validate-clang-modules-once -clang-build-session-file /Users/admin/builder/spi-builder-workspace/.derivedData/ModuleCache.noindex/Session.modulevalidation -Xcc -working-directory -Xcc /Users/admin/builder/spi-builder-workspace/.swiftpm/xcode -resource-dir /Applications/Xcode-16.1.0.app/Contents/Developer/Toolchains/XcodeDefault.xctoolchain/usr/lib/swift -enable-anonymous-context-mangled-names -file-compilation-dir /Users/admin/builder/spi-builder-workspace/.swiftpm/xcode -Xcc -D_LIBCPP_HARDENING_MODE\=_LIBCPP_HARDENING_MODE_DEBUG -Xcc -ivfsstatcache -Xcc /Users/admin/builder/spi-builder-workspace/.derivedData/SDKStatCaches.noindex/appletvos18.1-22J572-e7fdd8cf9ffd4d4af20823079b51a726.sdkstatcache -Xcc -I/Users/admin/builder/spi-builder-workspace/.derivedData/Build/Intermediates.noindex/SwiftWidgets.build/Debug-appletvos/SwiftWidgets.build/swift-overrides.hmap -Xcc -I/Users/admin/builder/spi-builder-workspace/.derivedData/Build/Products/Debug-appletvos/include -Xcc -I/Users/admin/builder/spi-builder-workspace/.derivedData/Build/Intermediates.noindex/SwiftWidgets.build/Debug-appletvos/SwiftWidgets.build/DerivedSources-normal/arm64 -Xcc -I/Users/admin/builder/spi-builder-workspace/.derivedData/Build/Intermediates.noindex/SwiftWidgets.build/Debug-appletvos/SwiftWidgets.build/DerivedSources/arm64 -Xcc -I/Users/admin/builder/spi-builder-workspace/.derivedData/Build/Intermediates.noindex/SwiftWidgets.build/Debug-appletvos/SwiftWidgets.build/DerivedSources -Xcc -DSWIFT_PACKAGE -Xcc -DDEBUG\=1 -module-name SwiftWidgets -frontend-parseable-output -disable-clang-spi -target-sdk-version 18.1 -target-sdk-name appletvos18.1 -external-plugin-path /Applications/Xcode-16.1.0.app/Contents/Developer/Platforms/AppleTVOS.platform/Developer/usr/lib/swift/host/plugins\#/Applications/Xcode-16.1.0.app/Contents/Developer/Platforms/AppleTVOS.platform/Developer/usr/bin/swift-plugin-server -external-plugin-path /Applications/Xcode-16.1.0.app/Contents/Developer/Platforms/AppleTVOS.platform/Developer/usr/local/lib/swift/host/plugins\#/Applications/Xcode-16.1.0.app/Contents/Developer/Platforms/AppleTVOS.platform/Developer/usr/bin/swift-plugin-server -plugin-path /Applications/Xcode-16.1.0.app/Contents/Developer/Toolchains/XcodeDefault.xctoolchain/usr/lib/swift/host/plugins -plugin-path /Applications/Xcode-16.1.0.app/Contents/Developer/Toolchains/XcodeDefault.xctoolchain/usr/local/lib/swift/host/plugins -o /Users/admin/builder/spi-builder-workspace/.derivedData/Build/Intermediates.noindex/SwiftWidgets.build/Debug-appletvos/SwiftWidgets.build/Objects-normal/arm64/AsyncImage.o -o /Users/admin/builder/spi-builder-workspace/.derivedData/Build/Intermediates.noindex/SwiftWidgets.build/Debug-appletvos/SwiftWidgets.build/Objects-normal/arm64/ImageCache.o -index-unit-output-path /SwiftWidgets.build/Debug-appletvos/SwiftWidgets.build/Objects-normal/arm64/AsyncImage.o -index-unit-output-path /SwiftWidgets.build/Debug-appletvos/SwiftWidgets.build/Objects-normal/arm64/ImageCache.o -index-store-path /Users/admin/builder/spi-builder-workspace/.derivedData/Index.noindex/DataStore -index-system-modules
SwiftCompile normal arm64 Compiling\ ImageCacheKeys.swift /Users/admin/builder/spi-builder-workspace/Sources/SwiftWidgets/AsyncImage/ImageCacheKeys.swift (in target 'SwiftWidgets' from project 'SwiftWidgets')
cd /Users/admin/builder/spi-builder-workspace/.swiftpm/xcode
builtin-swiftTaskExecution -- /Applications/Xcode-16.1.0.app/Contents/Developer/Toolchains/XcodeDefault.xctoolchain/usr/bin/swift-frontend -frontend -c /Users/admin/builder/spi-builder-workspace/Sources/SwiftWidgets/AsyncImage/AsyncImage.swift /Users/admin/builder/spi-builder-workspace/Sources/SwiftWidgets/AsyncImage/ImageCache.swift -primary-file /Users/admin/builder/spi-builder-workspace/Sources/SwiftWidgets/AsyncImage/ImageCacheKeys.swift /Users/admin/builder/spi-builder-workspace/Sources/SwiftWidgets/AsyncImage/ImageLoader.swift /Users/admin/builder/spi-builder-workspace/Sources/SwiftWidgets/Card.swift /Users/admin/builder/spi-builder-workspace/Sources/SwiftWidgets/Extensions.swift /Users/admin/builder/spi-builder-workspace/Sources/SwiftWidgets/Icon.swift /Users/admin/builder/spi-builder-workspace/Sources/SwiftWidgets/ImageCard.swift /Users/admin/builder/spi-builder-workspace/Sources/SwiftWidgets/ImageCarousel.swift /Users/admin/builder/spi-builder-workspace/Sources/SwiftWidgets/Models/CarouselModel.swift /Users/admin/builder/spi-builder-workspace/Sources/SwiftWidgets/TextCard.swift -emit-dependencies-path /Users/admin/builder/spi-builder-workspace/.derivedData/Build/Intermediates.noindex/SwiftWidgets.build/Debug-appletvos/SwiftWidgets.build/Objects-normal/arm64/ImageCacheKeys.d -emit-const-values-path /Users/admin/builder/spi-builder-workspace/.derivedData/Build/Intermediates.noindex/SwiftWidgets.build/Debug-appletvos/SwiftWidgets.build/Objects-normal/arm64/ImageCacheKeys.swiftconstvalues -emit-reference-dependencies-path /Users/admin/builder/spi-builder-workspace/.derivedData/Build/Intermediates.noindex/SwiftWidgets.build/Debug-appletvos/SwiftWidgets.build/Objects-normal/arm64/ImageCacheKeys.swiftdeps -serialize-diagnostics-path /Users/admin/builder/spi-builder-workspace/.derivedData/Build/Intermediates.noindex/SwiftWidgets.build/Debug-appletvos/SwiftWidgets.build/Objects-normal/arm64/ImageCacheKeys.dia -target arm64-apple-tvos13.0 -Xllvm -aarch64-use-tbi -enable-objc-interop -stack-check -sdk /Applications/Xcode-16.1.0.app/Contents/Developer/Platforms/AppleTVOS.platform/Developer/SDKs/AppleTVOS18.1.sdk -I /Users/admin/builder/spi-builder-workspace/.derivedData/Build/Products/Debug-appletvos -I /Applications/Xcode-16.1.0.app/Contents/Developer/Platforms/AppleTVOS.platform/Developer/usr/lib -F /Users/admin/builder/spi-builder-workspace/.derivedData/Build/Products/Debug-appletvos/PackageFrameworks -F /Users/admin/builder/spi-builder-workspace/.derivedData/Build/Products/Debug-appletvos -F /Applications/Xcode-16.1.0.app/Contents/Developer/Platforms/AppleTVOS.platform/Developer/Library/Frameworks -F /Applications/Xcode-16.1.0.app/Contents/Developer/Platforms/AppleTVOS.platform/Developer/SDKs/AppleTVOS18.1.sdk/Developer/Library/Frameworks -no-color-diagnostics -enable-testing -g -debug-info-format\=dwarf -dwarf-version\=4 -module-cache-path /Users/admin/builder/spi-builder-workspace/.derivedData/ModuleCache.noindex -swift-version 5 -enforce-exclusivity\=checked -stats-output-dir /Users/admin/builder/spi-builder-workspace/.swiftpm/xcode/.stats -Onone -D SWIFT_PACKAGE -D DEBUG -serialize-debugging-options -const-gather-protocols-file /Users/admin/builder/spi-builder-workspace/.derivedData/Build/Intermediates.noindex/SwiftWidgets.build/Debug-appletvos/SwiftWidgets.build/Objects-normal/arm64/SwiftWidgets_const_extract_protocols.json -enable-experimental-feature DebugDescriptionMacro -enable-experimental-feature OpaqueTypeErasure -strict-concurrency\=complete -empty-abi-descriptor -plugin-path /Applications/Xcode-16.1.0.app/Contents/Developer/Toolchains/XcodeDefault.xctoolchain/usr/lib/swift/host/plugins/testing -validate-clang-modules-once -clang-build-session-file /Users/admin/builder/spi-builder-workspace/.derivedData/ModuleCache.noindex/Session.modulevalidation -Xcc -working-directory -Xcc /Users/admin/builder/spi-builder-workspace/.swiftpm/xcode -resource-dir /Applications/Xcode-16.1.0.app/Contents/Developer/Toolchains/XcodeDefault.xctoolchain/usr/lib/swift -enable-anonymous-context-mangled-names -file-compilation-dir /Users/admin/builder/spi-builder-workspace/.swiftpm/xcode -Xcc -D_LIBCPP_HARDENING_MODE\=_LIBCPP_HARDENING_MODE_DEBUG -Xcc -ivfsstatcache -Xcc /Users/admin/builder/spi-builder-workspace/.derivedData/SDKStatCaches.noindex/appletvos18.1-22J572-e7fdd8cf9ffd4d4af20823079b51a726.sdkstatcache -Xcc -I/Users/admin/builder/spi-builder-workspace/.derivedData/Build/Intermediates.noindex/SwiftWidgets.build/Debug-appletvos/SwiftWidgets.build/swift-overrides.hmap -Xcc -I/Users/admin/builder/spi-builder-workspace/.derivedData/Build/Products/Debug-appletvos/include -Xcc -I/Users/admin/builder/spi-builder-workspace/.derivedData/Build/Intermediates.noindex/SwiftWidgets.build/Debug-appletvos/SwiftWidgets.build/DerivedSources-normal/arm64 -Xcc -I/Users/admin/builder/spi-builder-workspace/.derivedData/Build/Intermediates.noindex/SwiftWidgets.build/Debug-appletvos/SwiftWidgets.build/DerivedSources/arm64 -Xcc -I/Users/admin/builder/spi-builder-workspace/.derivedData/Build/Intermediates.noindex/SwiftWidgets.build/Debug-appletvos/SwiftWidgets.build/DerivedSources -Xcc -DSWIFT_PACKAGE -Xcc -DDEBUG\=1 -module-name SwiftWidgets -frontend-parseable-output -disable-clang-spi -target-sdk-version 18.1 -target-sdk-name appletvos18.1 -external-plugin-path /Applications/Xcode-16.1.0.app/Contents/Developer/Platforms/AppleTVOS.platform/Developer/usr/lib/swift/host/plugins\#/Applications/Xcode-16.1.0.app/Contents/Developer/Platforms/AppleTVOS.platform/Developer/usr/bin/swift-plugin-server -external-plugin-path /Applications/Xcode-16.1.0.app/Contents/Developer/Platforms/AppleTVOS.platform/Developer/usr/local/lib/swift/host/plugins\#/Applications/Xcode-16.1.0.app/Contents/Developer/Platforms/AppleTVOS.platform/Developer/usr/bin/swift-plugin-server -plugin-path /Applications/Xcode-16.1.0.app/Contents/Developer/Toolchains/XcodeDefault.xctoolchain/usr/lib/swift/host/plugins -plugin-path /Applications/Xcode-16.1.0.app/Contents/Developer/Toolchains/XcodeDefault.xctoolchain/usr/local/lib/swift/host/plugins -o /Users/admin/builder/spi-builder-workspace/.derivedData/Build/Intermediates.noindex/SwiftWidgets.build/Debug-appletvos/SwiftWidgets.build/Objects-normal/arm64/ImageCacheKeys.o -index-unit-output-path /SwiftWidgets.build/Debug-appletvos/SwiftWidgets.build/Objects-normal/arm64/ImageCacheKeys.o -index-store-path /Users/admin/builder/spi-builder-workspace/.derivedData/Index.noindex/DataStore -index-system-modules
SwiftCompile normal arm64 /Users/admin/builder/spi-builder-workspace/Sources/SwiftWidgets/AsyncImage/ImageCacheKeys.swift (in target 'SwiftWidgets' from project 'SwiftWidgets')
cd /Users/admin/builder/spi-builder-workspace/.swiftpm/xcode
/Applications/Xcode-16.1.0.app/Contents/Developer/Toolchains/XcodeDefault.xctoolchain/usr/bin/swift-frontend -c /Users/admin/builder/spi-builder-workspace/Sources/SwiftWidgets/AsyncImage/AsyncImage.swift /Users/admin/builder/spi-builder-workspace/Sources/SwiftWidgets/AsyncImage/ImageCache.swift -primary-file /Users/admin/builder/spi-builder-workspace/Sources/SwiftWidgets/AsyncImage/ImageCacheKeys.swift /Users/admin/builder/spi-builder-workspace/Sources/SwiftWidgets/AsyncImage/ImageLoader.swift /Users/admin/builder/spi-builder-workspace/Sources/SwiftWidgets/Card.swift /Users/admin/builder/spi-builder-workspace/Sources/SwiftWidgets/Extensions.swift /Users/admin/builder/spi-builder-workspace/Sources/SwiftWidgets/Icon.swift /Users/admin/builder/spi-builder-workspace/Sources/SwiftWidgets/ImageCard.swift /Users/admin/builder/spi-builder-workspace/Sources/SwiftWidgets/ImageCarousel.swift /Users/admin/builder/spi-builder-workspace/Sources/SwiftWidgets/Models/CarouselModel.swift /Users/admin/builder/spi-builder-workspace/Sources/SwiftWidgets/TextCard.swift -emit-dependencies-path /Users/admin/builder/spi-builder-workspace/.derivedData/Build/Intermediates.noindex/SwiftWidgets.build/Debug-appletvos/SwiftWidgets.build/Objects-normal/arm64/ImageCacheKeys.d -emit-const-values-path /Users/admin/builder/spi-builder-workspace/.derivedData/Build/Intermediates.noindex/SwiftWidgets.build/Debug-appletvos/SwiftWidgets.build/Objects-normal/arm64/ImageCacheKeys.swiftconstvalues -emit-reference-dependencies-path /Users/admin/builder/spi-builder-workspace/.derivedData/Build/Intermediates.noindex/SwiftWidgets.build/Debug-appletvos/SwiftWidgets.build/Objects-normal/arm64/ImageCacheKeys.swiftdeps -serialize-diagnostics-path /Users/admin/builder/spi-builder-workspace/.derivedData/Build/Intermediates.noindex/SwiftWidgets.build/Debug-appletvos/SwiftWidgets.build/Objects-normal/arm64/ImageCacheKeys.dia -target arm64-apple-tvos13.0 -Xllvm -aarch64-use-tbi -enable-objc-interop -stack-check -sdk /Applications/Xcode-16.1.0.app/Contents/Developer/Platforms/AppleTVOS.platform/Developer/SDKs/AppleTVOS18.1.sdk -I /Users/admin/builder/spi-builder-workspace/.derivedData/Build/Products/Debug-appletvos -I /Applications/Xcode-16.1.0.app/Contents/Developer/Platforms/AppleTVOS.platform/Developer/usr/lib -F /Users/admin/builder/spi-builder-workspace/.derivedData/Build/Products/Debug-appletvos/PackageFrameworks -F /Users/admin/builder/spi-builder-workspace/.derivedData/Build/Products/Debug-appletvos -F /Applications/Xcode-16.1.0.app/Contents/Developer/Platforms/AppleTVOS.platform/Developer/Library/Frameworks -F /Applications/Xcode-16.1.0.app/Contents/Developer/Platforms/AppleTVOS.platform/Developer/SDKs/AppleTVOS18.1.sdk/Developer/Library/Frameworks -no-color-diagnostics -enable-testing -g -debug-info-format\=dwarf -dwarf-version\=4 -module-cache-path /Users/admin/builder/spi-builder-workspace/.derivedData/ModuleCache.noindex -swift-version 5 -enforce-exclusivity\=checked -stats-output-dir /Users/admin/builder/spi-builder-workspace/.swiftpm/xcode/.stats -Onone -D SWIFT_PACKAGE -D DEBUG -serialize-debugging-options -const-gather-protocols-file /Users/admin/builder/spi-builder-workspace/.derivedData/Build/Intermediates.noindex/SwiftWidgets.build/Debug-appletvos/SwiftWidgets.build/Objects-normal/arm64/SwiftWidgets_const_extract_protocols.json -enable-experimental-feature DebugDescriptionMacro -enable-experimental-feature OpaqueTypeErasure -strict-concurrency\=complete -empty-abi-descriptor -plugin-path /Applications/Xcode-16.1.0.app/Contents/Developer/Toolchains/XcodeDefault.xctoolchain/usr/lib/swift/host/plugins/testing -validate-clang-modules-once -clang-build-session-file /Users/admin/builder/spi-builder-workspace/.derivedData/ModuleCache.noindex/Session.modulevalidation -Xcc -working-directory -Xcc /Users/admin/builder/spi-builder-workspace/.swiftpm/xcode -resource-dir /Applications/Xcode-16.1.0.app/Contents/Developer/Toolchains/XcodeDefault.xctoolchain/usr/lib/swift -enable-anonymous-context-mangled-names -file-compilation-dir /Users/admin/builder/spi-builder-workspace/.swiftpm/xcode -Xcc -D_LIBCPP_HARDENING_MODE\=_LIBCPP_HARDENING_MODE_DEBUG -Xcc -ivfsstatcache -Xcc /Users/admin/builder/spi-builder-workspace/.derivedData/SDKStatCaches.noindex/appletvos18.1-22J572-e7fdd8cf9ffd4d4af20823079b51a726.sdkstatcache -Xcc -I/Users/admin/builder/spi-builder-workspace/.derivedData/Build/Intermediates.noindex/SwiftWidgets.build/Debug-appletvos/SwiftWidgets.build/swift-overrides.hmap -Xcc -I/Users/admin/builder/spi-builder-workspace/.derivedData/Build/Products/Debug-appletvos/include -Xcc -I/Users/admin/builder/spi-builder-workspace/.derivedData/Build/Intermediates.noindex/SwiftWidgets.build/Debug-appletvos/SwiftWidgets.build/DerivedSources-normal/arm64 -Xcc -I/Users/admin/builder/spi-builder-workspace/.derivedData/Build/Intermediates.noindex/SwiftWidgets.build/Debug-appletvos/SwiftWidgets.build/DerivedSources/arm64 -Xcc -I/Users/admin/builder/spi-builder-workspace/.derivedData/Build/Intermediates.noindex/SwiftWidgets.build/Debug-appletvos/SwiftWidgets.build/DerivedSources -Xcc -DSWIFT_PACKAGE -Xcc -DDEBUG\=1 -module-name SwiftWidgets -frontend-parseable-output -disable-clang-spi -target-sdk-version 18.1 -target-sdk-name appletvos18.1 -external-plugin-path /Applications/Xcode-16.1.0.app/Contents/Developer/Platforms/AppleTVOS.platform/Developer/usr/lib/swift/host/plugins\#/Applications/Xcode-16.1.0.app/Contents/Developer/Platforms/AppleTVOS.platform/Developer/usr/bin/swift-plugin-server -external-plugin-path /Applications/Xcode-16.1.0.app/Contents/Developer/Platforms/AppleTVOS.platform/Developer/usr/local/lib/swift/host/plugins\#/Applications/Xcode-16.1.0.app/Contents/Developer/Platforms/AppleTVOS.platform/Developer/usr/bin/swift-plugin-server -plugin-path /Applications/Xcode-16.1.0.app/Contents/Developer/Toolchains/XcodeDefault.xctoolchain/usr/lib/swift/host/plugins -plugin-path /Applications/Xcode-16.1.0.app/Contents/Developer/Toolchains/XcodeDefault.xctoolchain/usr/local/lib/swift/host/plugins -o /Users/admin/builder/spi-builder-workspace/.derivedData/Build/Intermediates.noindex/SwiftWidgets.build/Debug-appletvos/SwiftWidgets.build/Objects-normal/arm64/ImageCacheKeys.o -index-unit-output-path /SwiftWidgets.build/Debug-appletvos/SwiftWidgets.build/Objects-normal/arm64/ImageCacheKeys.o -index-store-path /Users/admin/builder/spi-builder-workspace/.derivedData/Index.noindex/DataStore -index-system-modules
SwiftCompile normal arm64 Compiling\ TextCard.swift /Users/admin/builder/spi-builder-workspace/Sources/SwiftWidgets/TextCard.swift (in target 'SwiftWidgets' from project 'SwiftWidgets')
cd /Users/admin/builder/spi-builder-workspace/.swiftpm/xcode
builtin-swiftTaskExecution -- /Applications/Xcode-16.1.0.app/Contents/Developer/Toolchains/XcodeDefault.xctoolchain/usr/bin/swift-frontend -frontend -c /Users/admin/builder/spi-builder-workspace/Sources/SwiftWidgets/AsyncImage/AsyncImage.swift /Users/admin/builder/spi-builder-workspace/Sources/SwiftWidgets/AsyncImage/ImageCache.swift /Users/admin/builder/spi-builder-workspace/Sources/SwiftWidgets/AsyncImage/ImageCacheKeys.swift /Users/admin/builder/spi-builder-workspace/Sources/SwiftWidgets/AsyncImage/ImageLoader.swift /Users/admin/builder/spi-builder-workspace/Sources/SwiftWidgets/Card.swift /Users/admin/builder/spi-builder-workspace/Sources/SwiftWidgets/Extensions.swift /Users/admin/builder/spi-builder-workspace/Sources/SwiftWidgets/Icon.swift /Users/admin/builder/spi-builder-workspace/Sources/SwiftWidgets/ImageCard.swift /Users/admin/builder/spi-builder-workspace/Sources/SwiftWidgets/ImageCarousel.swift /Users/admin/builder/spi-builder-workspace/Sources/SwiftWidgets/Models/CarouselModel.swift -primary-file /Users/admin/builder/spi-builder-workspace/Sources/SwiftWidgets/TextCard.swift -emit-dependencies-path /Users/admin/builder/spi-builder-workspace/.derivedData/Build/Intermediates.noindex/SwiftWidgets.build/Debug-appletvos/SwiftWidgets.build/Objects-normal/arm64/TextCard.d -emit-const-values-path /Users/admin/builder/spi-builder-workspace/.derivedData/Build/Intermediates.noindex/SwiftWidgets.build/Debug-appletvos/SwiftWidgets.build/Objects-normal/arm64/TextCard.swiftconstvalues -emit-reference-dependencies-path /Users/admin/builder/spi-builder-workspace/.derivedData/Build/Intermediates.noindex/SwiftWidgets.build/Debug-appletvos/SwiftWidgets.build/Objects-normal/arm64/TextCard.swiftdeps -serialize-diagnostics-path /Users/admin/builder/spi-builder-workspace/.derivedData/Build/Intermediates.noindex/SwiftWidgets.build/Debug-appletvos/SwiftWidgets.build/Objects-normal/arm64/TextCard.dia -target arm64-apple-tvos13.0 -Xllvm -aarch64-use-tbi -enable-objc-interop -stack-check -sdk /Applications/Xcode-16.1.0.app/Contents/Developer/Platforms/AppleTVOS.platform/Developer/SDKs/AppleTVOS18.1.sdk -I /Users/admin/builder/spi-builder-workspace/.derivedData/Build/Products/Debug-appletvos -I /Applications/Xcode-16.1.0.app/Contents/Developer/Platforms/AppleTVOS.platform/Developer/usr/lib -F /Users/admin/builder/spi-builder-workspace/.derivedData/Build/Products/Debug-appletvos/PackageFrameworks -F /Users/admin/builder/spi-builder-workspace/.derivedData/Build/Products/Debug-appletvos -F /Applications/Xcode-16.1.0.app/Contents/Developer/Platforms/AppleTVOS.platform/Developer/Library/Frameworks -F /Applications/Xcode-16.1.0.app/Contents/Developer/Platforms/AppleTVOS.platform/Developer/SDKs/AppleTVOS18.1.sdk/Developer/Library/Frameworks -no-color-diagnostics -enable-testing -g -debug-info-format\=dwarf -dwarf-version\=4 -module-cache-path /Users/admin/builder/spi-builder-workspace/.derivedData/ModuleCache.noindex -swift-version 5 -enforce-exclusivity\=checked -stats-output-dir /Users/admin/builder/spi-builder-workspace/.swiftpm/xcode/.stats -Onone -D SWIFT_PACKAGE -D DEBUG -serialize-debugging-options -const-gather-protocols-file /Users/admin/builder/spi-builder-workspace/.derivedData/Build/Intermediates.noindex/SwiftWidgets.build/Debug-appletvos/SwiftWidgets.build/Objects-normal/arm64/SwiftWidgets_const_extract_protocols.json -enable-experimental-feature DebugDescriptionMacro -enable-experimental-feature OpaqueTypeErasure -strict-concurrency\=complete -empty-abi-descriptor -plugin-path /Applications/Xcode-16.1.0.app/Contents/Developer/Toolchains/XcodeDefault.xctoolchain/usr/lib/swift/host/plugins/testing -validate-clang-modules-once -clang-build-session-file /Users/admin/builder/spi-builder-workspace/.derivedData/ModuleCache.noindex/Session.modulevalidation -Xcc -working-directory -Xcc /Users/admin/builder/spi-builder-workspace/.swiftpm/xcode -resource-dir /Applications/Xcode-16.1.0.app/Contents/Developer/Toolchains/XcodeDefault.xctoolchain/usr/lib/swift -enable-anonymous-context-mangled-names -file-compilation-dir /Users/admin/builder/spi-builder-workspace/.swiftpm/xcode -Xcc -D_LIBCPP_HARDENING_MODE\=_LIBCPP_HARDENING_MODE_DEBUG -Xcc -ivfsstatcache -Xcc /Users/admin/builder/spi-builder-workspace/.derivedData/SDKStatCaches.noindex/appletvos18.1-22J572-e7fdd8cf9ffd4d4af20823079b51a726.sdkstatcache -Xcc -I/Users/admin/builder/spi-builder-workspace/.derivedData/Build/Intermediates.noindex/SwiftWidgets.build/Debug-appletvos/SwiftWidgets.build/swift-overrides.hmap -Xcc -I/Users/admin/builder/spi-builder-workspace/.derivedData/Build/Products/Debug-appletvos/include -Xcc -I/Users/admin/builder/spi-builder-workspace/.derivedData/Build/Intermediates.noindex/SwiftWidgets.build/Debug-appletvos/SwiftWidgets.build/DerivedSources-normal/arm64 -Xcc -I/Users/admin/builder/spi-builder-workspace/.derivedData/Build/Intermediates.noindex/SwiftWidgets.build/Debug-appletvos/SwiftWidgets.build/DerivedSources/arm64 -Xcc -I/Users/admin/builder/spi-builder-workspace/.derivedData/Build/Intermediates.noindex/SwiftWidgets.build/Debug-appletvos/SwiftWidgets.build/DerivedSources -Xcc -DSWIFT_PACKAGE -Xcc -DDEBUG\=1 -module-name SwiftWidgets -frontend-parseable-output -disable-clang-spi -target-sdk-version 18.1 -target-sdk-name appletvos18.1 -external-plugin-path /Applications/Xcode-16.1.0.app/Contents/Developer/Platforms/AppleTVOS.platform/Developer/usr/lib/swift/host/plugins\#/Applications/Xcode-16.1.0.app/Contents/Developer/Platforms/AppleTVOS.platform/Developer/usr/bin/swift-plugin-server -external-plugin-path /Applications/Xcode-16.1.0.app/Contents/Developer/Platforms/AppleTVOS.platform/Developer/usr/local/lib/swift/host/plugins\#/Applications/Xcode-16.1.0.app/Contents/Developer/Platforms/AppleTVOS.platform/Developer/usr/bin/swift-plugin-server -plugin-path /Applications/Xcode-16.1.0.app/Contents/Developer/Toolchains/XcodeDefault.xctoolchain/usr/lib/swift/host/plugins -plugin-path /Applications/Xcode-16.1.0.app/Contents/Developer/Toolchains/XcodeDefault.xctoolchain/usr/local/lib/swift/host/plugins -o /Users/admin/builder/spi-builder-workspace/.derivedData/Build/Intermediates.noindex/SwiftWidgets.build/Debug-appletvos/SwiftWidgets.build/Objects-normal/arm64/TextCard.o -index-unit-output-path /SwiftWidgets.build/Debug-appletvos/SwiftWidgets.build/Objects-normal/arm64/TextCard.o -index-store-path /Users/admin/builder/spi-builder-workspace/.derivedData/Index.noindex/DataStore -index-system-modules
Command SwiftCompile failed with a nonzero exit code
** BUILD FAILED **
The following build commands failed:
EmitSwiftModule normal arm64 (in target 'SwiftWidgets' from project 'SwiftWidgets')
SwiftEmitModule normal arm64 Emitting\ module\ for\ SwiftWidgets (in target 'SwiftWidgets' from project 'SwiftWidgets')
SwiftCompile normal arm64 Compiling\ TextCard.swift /Users/admin/builder/spi-builder-workspace/Sources/SwiftWidgets/TextCard.swift (in target 'SwiftWidgets' from project 'SwiftWidgets')
Building workspace spi-builder-workspace with scheme SwiftWidgets
(4 failures)
BUILD FAILURE 6.0 tvOS