The Swift Package Index logo.Swift Package Index

Build Information

Failed to build ORSSerialPort, reference master (fb11ab), with Swift 6.1 for Wasm on 23 Oct 2026 02:23:26 UTC.

Build Command

bash -c docker run --pull=always --rm -v "checkouts-54344849-0":/host -w "$PWD" -e JAVA_HOME="/root/.sdkman/candidates/java/current" -e SPI_BUILD="1" -e SPI_PROCESSING="1" registry.gitlab.com/saguaro1/spi-images:wasm-6.1-latest swift build --swift-sdk wasm32-unknown-wasi 2>&1

Build Log

========================================
RunAll
========================================
Builder version: 5.1.3
Interrupt handler set up.
========================================
Checkout
========================================
Clone URL: https://github.com/armadsen/ORSSerialPort.git
Reference: master
Initialized empty Git repository in /host/spi-builder-workspace/.git/
hint: Using 'master' as the name for the initial branch. This default branch name
hint: is subject to change. To configure the initial branch name to use in all
hint: of your new repositories, which will suppress this warning, call:
hint:
hint: 	git config --global init.defaultBranch <name>
hint:
hint: Names commonly chosen instead of 'master' are 'main', 'trunk' and
hint: 'development'. The just-created branch can be renamed via this command:
hint:
hint: 	git branch -m <name>
From https://github.com/armadsen/ORSSerialPort
 * branch            master     -> FETCH_HEAD
 * [new branch]      master     -> origin/master
HEAD is now at fb11abb Update README with note about maintenance status
Cloned https://github.com/armadsen/ORSSerialPort.git
Revision (git rev-parse @):
fb11abbd1a8a506cc3c7f1fc88a2f3bd9cf58fac
SUCCESS checkout https://github.com/armadsen/ORSSerialPort.git at master
========================================
Build
========================================
Selected platform:         wasm
Swift version:             6.1
Building package at path:  $PWD
https://github.com/armadsen/ORSSerialPort.git
https://github.com/armadsen/ORSSerialPort.git
WARNING: environment variable SUPPRESS_SWIFT_6_FLAGS is not set
Running build ...
bash -c docker run --pull=always --rm -v "checkouts-54344849-0":/host -w "$PWD" -e JAVA_HOME="/root/.sdkman/candidates/java/current" -e SPI_BUILD="1" -e SPI_PROCESSING="1" registry.gitlab.com/saguaro1/spi-images:wasm-6.1-latest swift build --swift-sdk wasm32-unknown-wasi -Xswiftc -Xfrontend -Xswiftc -stats-output-dir -Xswiftc -Xfrontend -Xswiftc .stats -Xswiftc -strict-concurrency=complete -Xswiftc -enable-upcoming-feature -Xswiftc StrictConcurrency -Xswiftc -enable-upcoming-feature -Xswiftc DisableOutwardActorInference -Xswiftc -enable-upcoming-feature -Xswiftc GlobalActorIsolatedTypesUsability -Xswiftc -enable-upcoming-feature -Xswiftc InferSendableFromCaptures 2>&1
wasm-6.1-latest: Pulling from saguaro1/spi-images
Digest: sha256:8209621f35c5a12749e7df75bbcb99eccb508d0196da99f6ac3bcf5f4827df31
Status: Image is up to date for registry.gitlab.com/saguaro1/spi-images:wasm-6.1-latest
Building for debugging...
In file included from /host/spi-builder-workspace/Sources/ORSSerialBuffer.m:9:
/host/spi-builder-workspace/Sources/ORSSerialBuffer.h:9:9: fatal error: 'Foundation/Foundation.h' file not found
    9 | #import <Foundation/Foundation.h>
      |         ^~~~~~~~~~~~~~~~~~~~~~~~~
1 error generated.
[0/5] Compiling ORSSerial ORSSerialBuffer.m
In file included from /host/spi-builder-workspace/Sources/ORSSerialRequest.m:27:
/host/spi-builder-workspace/Sources/include/ORSSerial/ORSSerialRequest.h:27:9: fatal error: 'Foundation/Foundation.h' file not found
   27 | #import <Foundation/Foundation.h>
      |         ^~~~~~~~~~~~~~~~~~~~~~~~~
1 error generated.
[0/5] Compiling ORSSerial ORSSerialRequest.m
In file included from /host/spi-builder-workspace/Sources/ORSSerialPort.m:27:
/host/spi-builder-workspace/Sources/include/ORSSerial/ORSSerialPort.h:27:9: fatal error: 'Foundation/Foundation.h' file not found
   27 | #import <Foundation/Foundation.h>
      |         ^~~~~~~~~~~~~~~~~~~~~~~~~
[0/5] Compiling ORSSerial ORSSerialPort.m
In file included from /host/spi-builder-workspace/Sources/ORSSerialPacketDescriptor.m:27:
/host/spi-builder-workspace/Sources/include/ORSSerial/ORSSerialPacketDescriptor.h:27:9: fatal error: 'Foundation/Foundation.h' file not found
   27 | #import <Foundation/Foundation.h>
      |         ^~~~~~~~~~~~~~~~~~~~~~~~~
1 error generated.
[0/5] Compiling ORSSerial ORSSerialPacketDescriptor.m
/host/spi-builder-workspace/Sources/ORSSerialPortManager.m:28:2: error: ORSSerialPortManager.m must be compiled with ARC. Either turn on ARC for the project or set the -fobjc-arc flag for ORSSerialPortManager.m in the Build Phases for this target
   28 | #error ORSSerialPortManager.m must be compiled with ARC. Either turn on ARC for the project or set the -fobjc-arc flag for ORSSerialPortManager.m in the Build Phases for this target
      |  ^
In file included from /host/spi-builder-workspace/Sources/ORSSerialPortManager.m:31:
/host/spi-builder-workspace/Sources/include/ORSSerial/ORSSerialPortManager.h:27:9: fatal error: 'Foundation/Foundation.h' file not found
   27 | #import <Foundation/Foundation.h>
      |         ^~~~~~~~~~~~~~~~~~~~~~~~~
[0/5] Compiling ORSSerial ORSSerialPortManager.m
Running build ...
bash -c docker run --pull=always --rm -v "checkouts-54344849-0":/host -w "$PWD" -e JAVA_HOME="/root/.sdkman/candidates/java/current" -e SPI_BUILD="1" -e SPI_PROCESSING="1" registry.gitlab.com/saguaro1/spi-images:wasm-6.1-latest swift build --swift-sdk wasm32-unknown-wasi 2>&1
wasm-6.1-latest: Pulling from saguaro1/spi-images
Digest: sha256:8209621f35c5a12749e7df75bbcb99eccb508d0196da99f6ac3bcf5f4827df31
Status: Image is up to date for registry.gitlab.com/saguaro1/spi-images:wasm-6.1-latest
[0/1] Planning build
Building for debugging...
In file included from /host/spi-builder-workspace/Sources/ORSSerialRequest.m:27:
/host/spi-builder-workspace/Sources/include/ORSSerial/ORSSerialRequest.h:27:9: fatal error: 'Foundation/Foundation.h' file not found
   27 | #import <Foundation/Foundation.h>
      |         ^~~~~~~~~~~~~~~~~~~~~~~~~
1 error generated.
[0/5] Compiling ORSSerial ORSSerialRequest.m
In file included from /host/spi-builder-workspace/Sources/ORSSerialBuffer.m:9:
/host/spi-builder-workspace/Sources/ORSSerialBuffer.h:9:9: fatal error: 'Foundation/Foundation.h' file not found
    9 | #import <Foundation/Foundation.h>
      |         ^~~~~~~~~~~~~~~~~~~~~~~~~
1 error generated.
[0/5] Compiling ORSSerial ORSSerialBuffer.m
In file included from /host/spi-builder-workspace/Sources/ORSSerialPacketDescriptor.m:27:
/host/spi-builder-workspace/Sources/include/ORSSerial/ORSSerialPacketDescriptor.h:27:9: fatal error: 'Foundation/Foundation.h' file not found
   27 | #import <Foundation/Foundation.h>
      |         ^~~~~~~~~~~~~~~~~~~~~~~~~
1 error generated.
[0/5] Compiling ORSSerial ORSSerialPacketDescriptor.m
/host/spi-builder-workspace/Sources/ORSSerialPortManager.m:28:2: error: ORSSerialPortManager.m must be compiled with ARC. Either turn on ARC for the project or set the -fobjc-arc flag for ORSSerialPortManager.m in the Build Phases for this target
   28 | #error ORSSerialPortManager.m must be compiled with ARC. Either turn on ARC for the project or set the -fobjc-arc flag for ORSSerialPortManager.m in the Build Phases for this target
      |  ^
In file included from /host/spi-builder-workspace/Sources/ORSSerialPortManager.m:31:
/host/spi-builder-workspace/Sources/include/ORSSerial/ORSSerialPortManager.h:27:9: fatal error: 'Foundation/Foundation.h' file not found
   27 | #import <Foundation/Foundation.h>
      |         ^~~~~~~~~~~~~~~~~~~~~~~~~
[0/5] Compiling ORSSerial ORSSerialPortManager.m
In file included from /host/spi-builder-workspace/Sources/ORSSerialPort.m:27:
/host/spi-builder-workspace/Sources/include/ORSSerial/ORSSerialPort.h:27:9: fatal error: 'Foundation/Foundation.h' file not found
   27 | #import <Foundation/Foundation.h>
      |         ^~~~~~~~~~~~~~~~~~~~~~~~~
[0/5] Compiling ORSSerial ORSSerialPort.m
BUILD FAILURE 6.1 wasm