The Swift Package Index logo.Swift Package Index

Build Information

Failed to build swift-solana-kit, reference 0.9.0-rc.1 (1eb727), with Swift 6.3 for Linux on 28 Jun 2026 13:43:39 UTC.

Build Command

bash -c docker run --pull=always --rm -v "checkouts-53886768-0":/host -w "$PWD" -e JAVA_HOME="/root/.sdkman/candidates/java/current" -e SPI_BUILD="1" -e SPI_PROCESSING="1" registry.gitlab.com/saguaro1/spi-images:basic-6.3-latest swift build --triple x86_64-unknown-linux-gnu 2>&1

Build Log

========================================
RunAll
========================================
Builder version: 0e64495ecc1688c3b3e031a5ef1348b5c05091ae
Interrupt handler set up.
========================================
Checkout
========================================
Clone URL: https://github.com/ZODs-Labs/swift-solana-kit.git
Reference: 0.9.0-rc.1
Initialized empty Git repository in /host/spi-builder-workspace/.git/
hint: Using 'master' as the name for the initial branch. This default branch name
hint: is subject to change. To configure the initial branch name to use in all
hint: of your new repositories, which will suppress this warning, call:
hint:
hint: 	git config --global init.defaultBranch <name>
hint:
hint: Names commonly chosen instead of 'master' are 'main', 'trunk' and
hint: 'development'. The just-created branch can be renamed via this command:
hint:
hint: 	git branch -m <name>
From https://github.com/ZODs-Labs/swift-solana-kit
 * tag               0.9.0-rc.1 -> FETCH_HEAD
HEAD is now at 1eb7273 Scope release token permissions
Cloned https://github.com/ZODs-Labs/swift-solana-kit.git
Revision (git rev-parse @):
1eb7273034a83f61e3cffe77a09260f447401fe9
SPI manifest file found: $PWD/.spi.yml
SUCCESS checkout https://github.com/ZODs-Labs/swift-solana-kit.git at 0.9.0-rc.1
========================================
Build
========================================
Selected platform:         linux
Swift version:             6.3
Building package at path:  $PWD
https://github.com/ZODs-Labs/swift-solana-kit.git
Running build ...
bash -c docker run --pull=always --rm -v "checkouts-53886768-0":/host -w "$PWD" -e JAVA_HOME="/root/.sdkman/candidates/java/current" -e SPI_BUILD="1" -e SPI_PROCESSING="1" registry.gitlab.com/saguaro1/spi-images:basic-6.3-latest swift build --triple x86_64-unknown-linux-gnu 2>&1
basic-6.3-latest: Pulling from saguaro1/spi-images
Digest: sha256:518d581a7f3cc0f988d8921e0dce92c3361f942cd4cc7d944cb46f8707e06c63
Status: Image is up to date for registry.gitlab.com/saguaro1/spi-images:basic-6.3-latest
Building for debugging...
[0/48] Write sources
[47/48] Write swift-version-24593BA9C3E375BF.txt
[49/61] Compiling Functional Functional.swift
[50/61] Emitting module Functional
[52/62] Compiling NominalTypes NominalTypes.swift
[53/62] Emitting module NominalTypes
[55/63] Compiling SolanaErrors SolanaErrorTables.swift
[56/63] Emitting module SolanaErrors
error: emit-module command failed with exit code 1 (use -v to see invocation)
[57/63] Emitting module Promises
/host/spi-builder-workspace/Sources/Promises/Promises.swift:2:8: error: no such module 'os'
  1 | public import Foundation
  2 | import os
    |        `- error: no such module 'os'
  3 |
  4 | public struct AbortError: Error, Sendable, Equatable, LocalizedError {
[58/63] Compiling Promises Promises.swift
/host/spi-builder-workspace/Sources/Promises/Promises.swift:2:8: error: no such module 'os'
  1 | public import Foundation
  2 | import os
    |        `- error: no such module 'os'
  3 |
  4 | public struct AbortError: Error, Sendable, Equatable, LocalizedError {
[59/63] Emitting module PluginCore
[60/63] Emitting module FastStableStringify
BUILD FAILURE 6.3 linux