The Swift Package Index logo.Swift Package Index

Build Information

Failed to build Privy, reference 2.18.0 (795d71), with Swift 6.4 for watchOS using Xcode 27.0 on 31 Oct 2026 18:34:10 UTC.

Build Command

env DEVELOPER_DIR=/Applications/Xcode-27.0.0.app xcrun xcodebuild -IDEClonedSourcePackagesDirPathOverride=$PWD/.dependencies -skipMacroValidation -skipPackagePluginValidation -derivedDataPath $PWD/.derivedData build -scheme Privy -destination generic/platform=watchOS

Build Log

========================================
RunAll
========================================
Builder version: 5.1.4
Interrupt handler set up.
========================================
Checkout
========================================
Clone URL: https://github.com/privy-io/privy-ios.git
Reference: 2.18.0
Initialized empty Git repository in /Users/admin/builder/spi-builder-workspace/.git/
From https://github.com/privy-io/privy-ios
 * tag               2.18.0     -> FETCH_HEAD
HEAD is now at 795d71f docs: unwrap README usage line (#99)
Cloned https://github.com/privy-io/privy-ios.git
Revision (git rev-parse @):
795d71f46d11fc931fb65cb88851008a8ffe711a
SUCCESS checkout https://github.com/privy-io/privy-ios.git at 2.18.0
========================================
Build
========================================
Selected platform:         watchOS
Swift version:             6.4
Building package at path:  $PWD
https://github.com/privy-io/privy-ios.git
Command line invocation:
    /Applications/Xcode-27.0.0.app/Contents/Developer/usr/bin/xcodebuild -IDEClonedSourcePackagesDirPathOverride=/Users/admin/builder/spi-builder-workspace/.dependencies -resolvePackageDependencies
Resolve Package Graph
Resolve Package Graph
Resolved source packages:
  Privy: /Users/admin/builder/spi-builder-workspace
resolved source packages: Privy
2026-10-31 14:33:31.750 xcodebuild[525:3048] [MT] IDERunDestination: Supported platforms for the buildables in the current scheme is empty.
{
  "dependencies" : [
  ],
  "manifest_display_name" : "Privy",
  "name" : "Privy",
  "path" : "/Users/admin/builder/spi-builder-workspace",
  "platforms" : [
    {
      "name" : "ios",
      "version" : "17.0"
    },
    {
      "name" : "macos",
      "version" : "14.0"
    }
  ],
  "products" : [
    {
      "name" : "Privy",
      "targets" : [
        "PrivySDK"
      ],
      "type" : {
        "library" : [
          "automatic"
        ]
      }
    }
  ],
  "targets" : [
    {
      "c99name" : "PrivySDK",
      "module_type" : "BinaryTarget",
      "name" : "PrivySDK",
      "path" : "PrivySDK.xcframework",
      "product_memberships" : [
        "Privy"
      ],
      "sources" : [
      ],
      "type" : "binary"
    }
  ],
  "tools_version" : "6.0"
}
{
  "workspace" : {
    "name" : "Privy",
    "schemes" : [
      "Privy"
    ]
  }
}
2026-10-31 14:34:04.105 xcodebuild[622:3858] [MT] IDERunDestination: Supported platforms for the buildables in the current scheme is empty.
Running build ...
env DEVELOPER_DIR=/Applications/Xcode-27.0.0.app xcrun xcodebuild -IDEClonedSourcePackagesDirPathOverride=$PWD/.dependencies -skipMacroValidation -skipPackagePluginValidation -derivedDataPath $PWD/.derivedData build -scheme Privy -destination generic/platform=watchOS
Command line invocation:
    /Applications/Xcode-27.0.0.app/Contents/Developer/usr/bin/xcodebuild -IDEClonedSourcePackagesDirPathOverride=/Users/admin/builder/spi-builder-workspace/.dependencies -skipMacroValidation -skipPackagePluginValidation -derivedDataPath /Users/admin/builder/spi-builder-workspace/.derivedData build -scheme Privy -destination generic/platform=watchOS
Resolve Package Graph
Resolved source packages:
  Privy: /Users/admin/builder/spi-builder-workspace
ComputePackagePrebuildTargetDependencyGraph
Prepare packages
CreateBuildRequest
SendProjectDescription
CreateBuildOperation
ComputeTargetDependencyGraph
note: Building targets in dependency order
note: Target dependency graph (1 target)
    Target 'Privy-product' in project 'Privy' (no dependencies)
GatherProvisioningInputs
CreateBuildDescription
ExecuteExternalTool /Applications/Xcode-27.0.0.app/Contents/Developer/Toolchains/XcodeDefault.xctoolchain/usr/bin/clang -v -E -dM -isysroot /Applications/Xcode-27.0.0.app/Contents/Developer/Platforms/WatchOS.platform/Developer/SDKs/WatchOS27.0.sdk -x c -c /dev/null
Build description signature: aa97e3fc77d5fa3dd40c52ee17fdc684
Build description path: /Users/admin/builder/spi-builder-workspace/.derivedData/Build/Intermediates.noindex/XCBuildData/aa97e3fc77d5fa3dd40c52ee17fdc684.xcbuilddata
/Users/admin/builder/spi-builder-workspace/PrivySDK.xcframework:1:1: error: While building for watchOS, no library for this platform was found in '/Users/admin/builder/spi-builder-workspace/PrivySDK.xcframework'. (in target 'Privy-product' from project 'Privy')
2026-10-31 14:34:05.848 xcodebuild[624:3919] [MT] IDERunDestination: Supported platforms for the buildables in the current scheme is empty.
** BUILD FAILED **
The following build commands failed:
	Building workspace Privy with scheme Privy
(1 failure)
Command line invocation:
    /Applications/Xcode-27.0.0.app/Contents/Developer/usr/bin/xcodebuild -IDEClonedSourcePackagesDirPathOverride=/Users/admin/builder/spi-builder-workspace/.dependencies -resolvePackageDependencies
Resolve Package Graph
Resolved source packages:
  Privy: /Users/admin/builder/spi-builder-workspace
resolved source packages: Privy
2026-10-31 14:34:07.466 xcodebuild[673:4291] [MT] IDERunDestination: Supported platforms for the buildables in the current scheme is empty.
{
  "dependencies" : [
  ],
  "manifest_display_name" : "Privy",
  "name" : "Privy",
  "path" : "/Users/admin/builder/spi-builder-workspace",
  "platforms" : [
    {
      "name" : "ios",
      "version" : "17.0"
    },
    {
      "name" : "macos",
      "version" : "14.0"
    }
  ],
  "products" : [
    {
      "name" : "Privy",
      "targets" : [
        "PrivySDK"
      ],
      "type" : {
        "library" : [
          "automatic"
        ]
      }
    }
  ],
  "targets" : [
    {
      "c99name" : "PrivySDK",
      "module_type" : "BinaryTarget",
      "name" : "PrivySDK",
      "path" : "PrivySDK.xcframework",
      "product_memberships" : [
        "Privy"
      ],
      "sources" : [
      ],
      "type" : "binary"
    }
  ],
  "tools_version" : "6.0"
}
{
  "workspace" : {
    "name" : "Privy",
    "schemes" : [
      "Privy"
    ]
  }
}
2026-10-31 14:34:08.681 xcodebuild[681:4353] [MT] IDERunDestination: Supported platforms for the buildables in the current scheme is empty.
Running build ...
env DEVELOPER_DIR=/Applications/Xcode-27.0.0.app xcrun xcodebuild -IDEClonedSourcePackagesDirPathOverride=$PWD/.dependencies -skipMacroValidation -skipPackagePluginValidation -derivedDataPath $PWD/.derivedData build -scheme Privy -destination generic/platform=watchOS
Command line invocation:
    /Applications/Xcode-27.0.0.app/Contents/Developer/usr/bin/xcodebuild -IDEClonedSourcePackagesDirPathOverride=/Users/admin/builder/spi-builder-workspace/.dependencies -skipMacroValidation -skipPackagePluginValidation -derivedDataPath /Users/admin/builder/spi-builder-workspace/.derivedData build -scheme Privy -destination generic/platform=watchOS
Resolve Package Graph
Resolved source packages:
  Privy: /Users/admin/builder/spi-builder-workspace
ComputePackagePrebuildTargetDependencyGraph
Prepare packages
CreateBuildRequest
SendProjectDescription
CreateBuildOperation
ComputeTargetDependencyGraph
note: Building targets in dependency order
note: Target dependency graph (1 target)
    Target 'Privy-product' in project 'Privy' (no dependencies)
GatherProvisioningInputs
CreateBuildDescription
/Users/admin/builder/spi-builder-workspace/PrivySDK.xcframework:1:1: error: While building for watchOS, no library for this platform was found in '/Users/admin/builder/spi-builder-workspace/PrivySDK.xcframework'. (in target 'Privy-product' from project 'Privy')
2026-10-31 14:34:09.631 xcodebuild[682:4388] [MT] IDERunDestination: Supported platforms for the buildables in the current scheme is empty.
** BUILD FAILED **
The following build commands failed:
	Building workspace Privy with scheme Privy
(1 failure)
BUILD FAILURE 6.4 watchOS