The Swift Package Index logo.Swift Package Index

Build Information

Failed to build StreamCore, reference 0.13.0 (b850c6), with Swift 6.4 for visionOS using Xcode 27.0 on 12 Oct 2026 11:06:06 UTC.

Build Command

env DEVELOPER_DIR=/Applications/Xcode-27.0.0-Release.Candidate.app xcrun xcodebuild -IDEClonedSourcePackagesDirPathOverride=$PWD/.dependencies -skipMacroValidation -skipPackagePluginValidation -derivedDataPath $PWD/.derivedData build -scheme StreamCore-Package -destination generic/platform=xrOS

Build Log

    cd /Users/admin/builder/spi-builder-workspace
    write-file /Users/admin/builder/spi-builder-workspace/.derivedData/Build/Intermediates.noindex/StreamCore.build/Debug-xros/StreamCore-t.build/Objects-normal/arm64/StreamCore_const_extract_protocols.json
WriteAuxiliaryFile /Users/admin/builder/spi-builder-workspace/.derivedData/Build/Intermediates.noindex/StreamCore.build/Debug-xros/StreamCore-t.build/Objects-normal/arm64/StreamCore.SwiftFileList (in target 'StreamCore' from project 'StreamCore')
    cd /Users/admin/builder/spi-builder-workspace
    write-file /Users/admin/builder/spi-builder-workspace/.derivedData/Build/Intermediates.noindex/StreamCore.build/Debug-xros/StreamCore-t.build/Objects-normal/arm64/StreamCore.SwiftFileList
WriteAuxiliaryFile /Users/admin/builder/spi-builder-workspace/.derivedData/Build/Intermediates.noindex/StreamCore.build/Debug-xros/StreamCore-t.build/Objects-normal/arm64/StreamCore.LinkFileList (in target 'StreamCore' from project 'StreamCore')
    cd /Users/admin/builder/spi-builder-workspace
    write-file /Users/admin/builder/spi-builder-workspace/.derivedData/Build/Intermediates.noindex/StreamCore.build/Debug-xros/StreamCore-t.build/Objects-normal/arm64/StreamCore.LinkFileList
WriteAuxiliaryFile /Users/admin/builder/spi-builder-workspace/.derivedData/Build/Intermediates.noindex/StreamCore.build/Debug-xros/StreamCore-t.build/Objects-normal/arm64/StreamCore-OutputFileMap.json (in target 'StreamCore' from project 'StreamCore')
    cd /Users/admin/builder/spi-builder-workspace
    write-file /Users/admin/builder/spi-builder-workspace/.derivedData/Build/Intermediates.noindex/StreamCore.build/Debug-xros/StreamCore-t.build/Objects-normal/arm64/StreamCore-OutputFileMap.json
Copy /Users/admin/builder/spi-builder-workspace/.derivedData/Build/Intermediates.noindex/GeneratedModuleMaps-xros/StreamCoreUI.modulemap /Users/admin/builder/spi-builder-workspace/.derivedData/Build/Intermediates.noindex/StreamCore.build/Debug-xros/StreamCoreUI-t.build/StreamCoreUI.modulemap (in target 'StreamCoreUI' from project 'StreamCore')
    cd /Users/admin/builder/spi-builder-workspace
    builtin-copy -exclude .DS_Store -exclude CVS -exclude .svn -exclude .git -exclude .hg -resolve-src-symlinks /Users/admin/builder/spi-builder-workspace/.derivedData/Build/Intermediates.noindex/StreamCore.build/Debug-xros/StreamCoreUI-t.build/StreamCoreUI.modulemap /Users/admin/builder/spi-builder-workspace/.derivedData/Build/Intermediates.noindex/GeneratedModuleMaps-xros
Copy /Users/admin/builder/spi-builder-workspace/.derivedData/Build/Intermediates.noindex/GeneratedModuleMaps-xros/StreamCore.modulemap /Users/admin/builder/spi-builder-workspace/.derivedData/Build/Intermediates.noindex/StreamCore.build/Debug-xros/StreamCore-t.build/StreamCore.modulemap (in target 'StreamCore' from project 'StreamCore')
    cd /Users/admin/builder/spi-builder-workspace
    builtin-copy -exclude .DS_Store -exclude CVS -exclude .svn -exclude .git -exclude .hg -resolve-src-symlinks /Users/admin/builder/spi-builder-workspace/.derivedData/Build/Intermediates.noindex/StreamCore.build/Debug-xros/StreamCore-t.build/StreamCore.modulemap /Users/admin/builder/spi-builder-workspace/.derivedData/Build/Intermediates.noindex/GeneratedModuleMaps-xros
WriteAuxiliaryFile /Users/admin/builder/spi-builder-workspace/.derivedData/Build/Intermediates.noindex/StreamCore.build/Debug-xros/StreamAttachments-t.build/StreamAttachments.DependencyStaticMetadataFileList (in target 'StreamAttachments' from project 'StreamCore')
    cd /Users/admin/builder/spi-builder-workspace
    write-file /Users/admin/builder/spi-builder-workspace/.derivedData/Build/Intermediates.noindex/StreamCore.build/Debug-xros/StreamAttachments-t.build/StreamAttachments.DependencyStaticMetadataFileList
WriteAuxiliaryFile /Users/admin/builder/spi-builder-workspace/.derivedData/Build/Intermediates.noindex/StreamCore.build/Debug-xros/StreamAttachments-t.build/StreamAttachments.modulemap (in target 'StreamAttachments' from project 'StreamCore')
    cd /Users/admin/builder/spi-builder-workspace
    write-file /Users/admin/builder/spi-builder-workspace/.derivedData/Build/Intermediates.noindex/StreamCore.build/Debug-xros/StreamAttachments-t.build/StreamAttachments.modulemap
WriteAuxiliaryFile /Users/admin/builder/spi-builder-workspace/.derivedData/Build/Intermediates.noindex/StreamCore.build/Debug-xros/StreamAttachments-t.build/StreamAttachments.DependencyMetadataFileList (in target 'StreamAttachments' from project 'StreamCore')
    cd /Users/admin/builder/spi-builder-workspace
    write-file /Users/admin/builder/spi-builder-workspace/.derivedData/Build/Intermediates.noindex/StreamCore.build/Debug-xros/StreamAttachments-t.build/StreamAttachments.DependencyMetadataFileList
WriteAuxiliaryFile /Users/admin/builder/spi-builder-workspace/.derivedData/Build/Intermediates.noindex/StreamCore.build/Debug-xros/StreamAttachments-t.build/Objects-normal/arm64/StreamAttachments_const_extract_protocols.json (in target 'StreamAttachments' from project 'StreamCore')
    cd /Users/admin/builder/spi-builder-workspace
    write-file /Users/admin/builder/spi-builder-workspace/.derivedData/Build/Intermediates.noindex/StreamCore.build/Debug-xros/StreamAttachments-t.build/Objects-normal/arm64/StreamAttachments_const_extract_protocols.json
WriteAuxiliaryFile /Users/admin/builder/spi-builder-workspace/.derivedData/Build/Intermediates.noindex/StreamCore.build/Debug-xros/StreamAttachments-t.build/Objects-normal/arm64/StreamAttachments.LinkFileList (in target 'StreamAttachments' from project 'StreamCore')
    cd /Users/admin/builder/spi-builder-workspace
    write-file /Users/admin/builder/spi-builder-workspace/.derivedData/Build/Intermediates.noindex/StreamCore.build/Debug-xros/StreamAttachments-t.build/Objects-normal/arm64/StreamAttachments.LinkFileList
WriteAuxiliaryFile /Users/admin/builder/spi-builder-workspace/.derivedData/Build/Intermediates.noindex/StreamCore.build/Debug-xros/StreamAttachments-t.build/Objects-normal/arm64/StreamAttachments.SwiftFileList (in target 'StreamAttachments' from project 'StreamCore')
    cd /Users/admin/builder/spi-builder-workspace
    write-file /Users/admin/builder/spi-builder-workspace/.derivedData/Build/Intermediates.noindex/StreamCore.build/Debug-xros/StreamAttachments-t.build/Objects-normal/arm64/StreamAttachments.SwiftFileList
WriteAuxiliaryFile /Users/admin/builder/spi-builder-workspace/.derivedData/Build/Intermediates.noindex/StreamCore.build/Debug-xros/StreamAttachments-t.build/Objects-normal/arm64/StreamAttachments.SwiftConstValuesFileList (in target 'StreamAttachments' from project 'StreamCore')
    cd /Users/admin/builder/spi-builder-workspace
    write-file /Users/admin/builder/spi-builder-workspace/.derivedData/Build/Intermediates.noindex/StreamCore.build/Debug-xros/StreamAttachments-t.build/Objects-normal/arm64/StreamAttachments.SwiftConstValuesFileList
WriteAuxiliaryFile /Users/admin/builder/spi-builder-workspace/.derivedData/Build/Intermediates.noindex/StreamCore.build/Debug-xros/StreamAttachments-t.build/Objects-normal/arm64/StreamAttachments-OutputFileMap.json (in target 'StreamAttachments' from project 'StreamCore')
    cd /Users/admin/builder/spi-builder-workspace
    write-file /Users/admin/builder/spi-builder-workspace/.derivedData/Build/Intermediates.noindex/StreamCore.build/Debug-xros/StreamAttachments-t.build/Objects-normal/arm64/StreamAttachments-OutputFileMap.json
Copy /Users/admin/builder/spi-builder-workspace/.derivedData/Build/Intermediates.noindex/GeneratedModuleMaps-xros/StreamAttachments.modulemap /Users/admin/builder/spi-builder-workspace/.derivedData/Build/Intermediates.noindex/StreamCore.build/Debug-xros/StreamAttachments-t.build/StreamAttachments.modulemap (in target 'StreamAttachments' from project 'StreamCore')
    cd /Users/admin/builder/spi-builder-workspace
    builtin-copy -exclude .DS_Store -exclude CVS -exclude .svn -exclude .git -exclude .hg -resolve-src-symlinks /Users/admin/builder/spi-builder-workspace/.derivedData/Build/Intermediates.noindex/StreamCore.build/Debug-xros/StreamAttachments-t.build/StreamAttachments.modulemap /Users/admin/builder/spi-builder-workspace/.derivedData/Build/Intermediates.noindex/GeneratedModuleMaps-xros
SwiftDriver StreamCore normal arm64 com.apple.xcode.tools.swift.compiler (in target 'StreamCore' from project 'StreamCore')
    cd /Users/admin/builder/spi-builder-workspace/.swiftpm/xcode
    builtin-SwiftDriver -- /Applications/Xcode-27.0.0.app/Contents/Developer/Toolchains/XcodeDefault.xctoolchain/usr/bin/swiftc -parse-as-library -module-name StreamCore -Onone @/Users/admin/builder/spi-builder-workspace/.derivedData/Build/Intermediates.noindex/StreamCore.build/Debug-xros/StreamCore-t.build/Objects-normal/arm64/StreamCore.SwiftFileList -DSWIFT_PACKAGE -DDEBUG -DSWIFT_MODULE_RESOURCE_BUNDLE_UNAVAILABLE -DXcode -plugin-path /Applications/Xcode-27.0.0.app/Contents/Developer/Toolchains/XcodeDefault.xctoolchain/usr/lib/swift/host/plugins/testing -enable-experimental-feature DebugDescriptionMacro -sdk /Applications/Xcode-27.0.0.app/Contents/Developer/Platforms/XROS.platform/Developer/SDKs/XROS27.0.sdk -target arm64-apple-xros1.0 -g -module-cache-path /Users/admin/builder/spi-builder-workspace/.derivedData/ModuleCache.noindex -Xfrontend -serialize-debugging-options -profile-coverage-mapping -profile-generate -enable-testing -index-store-path /Users/admin/builder/spi-builder-workspace/.derivedData/Index.noindex/DataStore -Xcc -D_LIBCPP_HARDENING_MODE\=_LIBCPP_HARDENING_MODE_DEBUG -swift-version 6 -I /Users/admin/builder/spi-builder-workspace/.derivedData/Build/Products/Debug-xros -Isystem /Applications/Xcode-27.0.0.app/Contents/Developer/Platforms/XROS.platform/Developer/usr/lib -F /Users/admin/builder/spi-builder-workspace/.derivedData/Build/Products/Debug-xros -F /Applications/Xcode-27.0.0.app/Contents/Developer/Platforms/XROS.platform/Developer/Library/Frameworks -F /Applications/Xcode-27.0.0.app/Contents/Developer/Platforms/XROS.platform/Developer/SDKs/XROS27.0.sdk/Developer/Library/Frameworks -emit-localized-strings -emit-localized-strings-path /Users/admin/builder/spi-builder-workspace/.derivedData/Build/Intermediates.noindex/StreamCore.build/Debug-xros/StreamCore-t.build/Objects-normal/arm64 -c -j10 -enable-batch-mode -incremental -Xcc -ivfsstatcache -Xcc /Users/admin/builder/spi-builder-workspace/.derivedData/SDKStatCaches.noindex/xros27.0-24M361-e829b21a6f8c9b70876ba0858053c04489c3c372b822c72ca60ec5271cbc7f3c.sdkstatcache -output-file-map /Users/admin/builder/spi-builder-workspace/.derivedData/Build/Intermediates.noindex/StreamCore.build/Debug-xros/StreamCore-t.build/Objects-normal/arm64/StreamCore-OutputFileMap.json -save-temps -no-color-diagnostics -explicit-module-build -module-cache-path /Users/admin/builder/spi-builder-workspace/.derivedData/Build/Intermediates.noindex/SwiftExplicitPrecompiledModules -clang-scanner-module-cache-path /Users/admin/builder/spi-builder-workspace/.derivedData/ModuleCache.noindex -sdk-module-cache-path /Users/admin/builder/spi-builder-workspace/.derivedData/SDKExplicitPrecompiledModules -emit-dependencies -emit-module -emit-module-path /Users/admin/builder/spi-builder-workspace/.derivedData/Build/Intermediates.noindex/StreamCore.build/Debug-xros/StreamCore-t.build/Objects-normal/arm64/StreamCore.swiftmodule -serialize-diagnostics -dependency-scan-serialize-diagnostics-path /Users/admin/builder/spi-builder-workspace/.derivedData/Build/Intermediates.noindex/StreamCore.build/Debug-xros/StreamCore-t.build/Objects-normal/arm64/StreamCore-dependency-scan.dia -validate-clang-modules-once -clang-build-session-file /Users/admin/builder/spi-builder-workspace/.derivedData/ModuleCache.noindex/Session.modulevalidation -Xcc -fmodules-prune-interval\=86400 -Xcc -fmodules-prune-after\=345600 -package-name spi_builder_workspace -emit-const-values -const-gather-protocols-list /Users/admin/builder/spi-builder-workspace/.derivedData/Build/Intermediates.noindex/StreamCore.build/Debug-xros/StreamCore-t.build/Objects-normal/arm64/StreamCore_const_extract_protocols.json -Xcc -I/Users/admin/builder/spi-builder-workspace/.derivedData/Build/Products/Debug-xros/include -Xcc -I/Users/admin/builder/spi-builder-workspace/.derivedData/Build/Intermediates.noindex/StreamCore.build/Debug-xros/StreamCore-t.build/DerivedSources-normal/arm64 -Xcc -I/Users/admin/builder/spi-builder-workspace/.derivedData/Build/Intermediates.noindex/StreamCore.build/Debug-xros/StreamCore-t.build/DerivedSources/arm64 -Xcc -I/Users/admin/builder/spi-builder-workspace/.derivedData/Build/Intermediates.noindex/StreamCore.build/Debug-xros/StreamCore-t.build/DerivedSources -Xcc -DSWIFT_PACKAGE -Xcc -DDEBUG\=1 -emit-objc-header -emit-objc-header-path /Users/admin/builder/spi-builder-workspace/.derivedData/Build/Intermediates.noindex/StreamCore.build/Debug-xros/StreamCore-t.build/Objects-normal/arm64/StreamCore-Swift.h -working-directory /Users/admin/builder/spi-builder-workspace/.swiftpm/xcode -experimental-emit-module-separately -disable-cmo
SwiftExplicitDependencyGeneratePcm arm64 /Users/admin/builder/spi-builder-workspace/.derivedData/SDKExplicitPrecompiledModules/_Builtin_float-9E6B4TIGZ50MNC52SEWSO4SZA.pcm
SwiftExplicitDependencyGeneratePcm arm64 /Users/admin/builder/spi-builder-workspace/.derivedData/SDKExplicitPrecompiledModules/SwiftShims-9P1B0X253BMBIS5IYY1ZS9UX4.pcm
SwiftExplicitDependencyGeneratePcm arm64 /Users/admin/builder/spi-builder-workspace/.derivedData/SDKExplicitPrecompiledModules/_Builtin_stddef-CVIVEKYCWAJVVLZCWQUORXB3T.pcm
SwiftExplicitDependencyGeneratePcm arm64 /Users/admin/builder/spi-builder-workspace/.derivedData/SDKExplicitPrecompiledModules/_Builtin_stdbool-66KCM3WFQAA6GDT5JBXE5ZFIM.pcm
SwiftExplicitDependencyGeneratePcm arm64 /Users/admin/builder/spi-builder-workspace/.derivedData/SDKExplicitPrecompiledModules/_Builtin_stdarg-4D75MSV0U703TNZDFDPUQKTXY.pcm
SwiftExplicitDependencyGeneratePcm arm64 /Users/admin/builder/spi-builder-workspace/.derivedData/SDKExplicitPrecompiledModules/_AvailabilityInternal-CQB1A4J371K4B4EILM2GHQLI5.pcm
SwiftExplicitDependencyGeneratePcm arm64 /Users/admin/builder/spi-builder-workspace/.derivedData/SDKExplicitPrecompiledModules/DeveloperToolsSupport-6XX8XE0GXVD8VRLWK84I1O4LH.pcm
SwiftExplicitDependencyGeneratePcm arm64 /Users/admin/builder/spi-builder-workspace/.derivedData/SDKExplicitPrecompiledModules/ptrcheck-AOAZ3TGYCT5FI4M12FP635MBZ.pcm
SwiftExplicitDependencyGeneratePcm arm64 /Users/admin/builder/spi-builder-workspace/.derivedData/SDKExplicitPrecompiledModules/ptrauth-CWIG5ZC92SLGPE634QB8U1F67.pcm
SwiftExplicitDependencyGeneratePcm arm64 /Users/admin/builder/spi-builder-workspace/.derivedData/SDKExplicitPrecompiledModules/_SwiftConcurrencyShims-3EF1GVAW4TS536KZ3ISCWLVI6.pcm
SwiftExplicitDependencyGeneratePcm arm64 /Users/admin/builder/spi-builder-workspace/.derivedData/SDKExplicitPrecompiledModules/_DarwinFoundation1-91KG98W8B99A53S7R7KZPDZAW.pcm
SwiftExplicitDependencyGeneratePcm arm64 /Users/admin/builder/spi-builder-workspace/.derivedData/SDKExplicitPrecompiledModules/_DarwinFoundation2-6ZDTV3QLGX7QOB6B18WLZ0QH7.pcm
SwiftExplicitDependencyGeneratePcm arm64 /Users/admin/builder/spi-builder-workspace/.derivedData/SDKExplicitPrecompiledModules/_Builtin_limits-AC2IJ4ID8KQ2P514ASRJ1WNZ4.pcm
SwiftExplicitDependencyGeneratePcm arm64 /Users/admin/builder/spi-builder-workspace/.derivedData/SDKExplicitPrecompiledModules/sys_types-68SF6OGD5BU2UA3UVRAIPDM9Q.pcm
SwiftExplicitDependencyGeneratePcm arm64 /Users/admin/builder/spi-builder-workspace/.derivedData/SDKExplicitPrecompiledModules/_Builtin_tgmath-E8XFZANBHQVIAO6958UCITYXL.pcm
SwiftExplicitDependencyGeneratePcm arm64 /Users/admin/builder/spi-builder-workspace/.derivedData/SDKExplicitPrecompiledModules/_Builtin_stdint-DPOHJORS81SRDUS3TAH2I07JL.pcm
SwiftExplicitDependencyGeneratePcm arm64 /Users/admin/builder/spi-builder-workspace/.derivedData/SDKExplicitPrecompiledModules/string_h-EIJ0T3OTIUVPUQS0YYJN2SZ94.pcm
SwiftExplicitDependencyGeneratePcm arm64 /Users/admin/builder/spi-builder-workspace/.derivedData/SDKExplicitPrecompiledModules/_Builtin_intrinsics-B075MQ00HAW71MPEX1I1JYTHM.pcm
SwiftExplicitDependencyGeneratePcm arm64 /Users/admin/builder/spi-builder-workspace/.derivedData/SDKExplicitPrecompiledModules/_Builtin_stdatomic-1NKJK0RA4FHR9PX2CVXYOBJC1.pcm
SwiftExplicitDependencyGeneratePcm arm64 /Users/admin/builder/spi-builder-workspace/.derivedData/SDKExplicitPrecompiledModules/_DarwinFoundation3-3NU4SV6DJO9R2BVETBBQUNTYM.pcm
SwiftExplicitDependencyGeneratePcm arm64 /Users/admin/builder/spi-builder-workspace/.derivedData/SDKExplicitPrecompiledModules/zlib-EFQFCNHWD6BUMNFWJ61CFX1Q7.pcm
SwiftExplicitDependencyGeneratePcm arm64 /Users/admin/builder/spi-builder-workspace/.derivedData/SDKExplicitPrecompiledModules/_Builtin_inttypes-F3HIDSK25XXER1ECI6T7MZQ6E.pcm
SwiftExplicitDependencyGeneratePcm arm64 /Users/admin/builder/spi-builder-workspace/.derivedData/SDKExplicitPrecompiledModules/Darwin-AIC9CLQZ5295SW9HWDOMZAQG5.pcm
SwiftExplicitDependencyGeneratePcm arm64 /Users/admin/builder/spi-builder-workspace/.derivedData/SDKExplicitPrecompiledModules/simd-5YCXDP2L7GZI71W4NB7SPZ5Y9.pcm
SwiftExplicitDependencyGeneratePcm arm64 /Users/admin/builder/spi-builder-workspace/.derivedData/SDKExplicitPrecompiledModules/ObjectiveC-31UJBSEJJ1RKILDATCLWC7HN0.pcm
SwiftExplicitDependencyGeneratePcm arm64 /Users/admin/builder/spi-builder-workspace/.derivedData/SDKExplicitPrecompiledModules/MachO-3FQ9H3YLH3648ETZX9VZ4FBJC.pcm
SwiftExplicitDependencyGeneratePcm arm64 /Users/admin/builder/spi-builder-workspace/.derivedData/SDKExplicitPrecompiledModules/os_object-1E3PX1DAS800SDQUYLVXR028V.pcm
SwiftExplicitDependencyGeneratePcm arm64 /Users/admin/builder/spi-builder-workspace/.derivedData/SDKExplicitPrecompiledModules/os_workgroup-CDEHWR6MV89NPD15QCX7VRHTU.pcm
SwiftExplicitDependencyGeneratePcm arm64 /Users/admin/builder/spi-builder-workspace/.derivedData/SDKExplicitPrecompiledModules/Spatial-AE7359M57AEAJMODIH9WNGME.pcm
SwiftExplicitDependencyGeneratePcm arm64 /Users/admin/builder/spi-builder-workspace/.derivedData/SDKExplicitPrecompiledModules/Dispatch-7GOER010PQL3JUB7KLESWY6E6.pcm
SwiftExplicitDependencyGeneratePcm arm64 /Users/admin/builder/spi-builder-workspace/.derivedData/SDKExplicitPrecompiledModules/dnssd-DQA0HP6QHMCK4C9XBI9R8N147.pcm
SwiftExplicitDependencyGeneratePcm arm64 /Users/admin/builder/spi-builder-workspace/.derivedData/SDKExplicitPrecompiledModules/XPC-3ELB137QFY4ZB1QC0M9VTZNL2.pcm
SwiftExplicitDependencyGeneratePcm arm64 /Users/admin/builder/spi-builder-workspace/.derivedData/SDKExplicitPrecompiledModules/CoreFoundation-3LDSUSDZ6HHB4NPG349G12ZOB.pcm
SwiftExplicitDependencyGeneratePcm arm64 /Users/admin/builder/spi-builder-workspace/.derivedData/SDKExplicitPrecompiledModules/os-A4Z0VHJLBGEW1ZUUDAC0HY4HI.pcm
SwiftExplicitDependencyGeneratePcm arm64 /Users/admin/builder/spi-builder-workspace/.derivedData/SDKExplicitPrecompiledModules/CFNetwork-3Q0VFS7OMB5CF9ZKK1V1U2UBK.pcm
SwiftExplicitDependencyGeneratePcm arm64 /Users/admin/builder/spi-builder-workspace/.derivedData/SDKExplicitPrecompiledModules/CoreGraphics-9VMS9HCP3ZAZJ3XHMXW0K3WYK.pcm
SwiftExplicitDependencyGeneratePcm arm64 /Users/admin/builder/spi-builder-workspace/.derivedData/SDKExplicitPrecompiledModules/Security-CKHEN0JBM822Q2GRP0DTS6SQF.pcm
SwiftExplicitDependencyGeneratePcm arm64 /Users/admin/builder/spi-builder-workspace/.derivedData/SDKExplicitPrecompiledModules/Foundation-8EHXGENADHBTHJM90X3OTROEY.pcm
SwiftExplicitDependencyGeneratePcm arm64 /Users/admin/builder/spi-builder-workspace/.derivedData/SDKExplicitPrecompiledModules/CoreText-1IF0ZISUEQAU60G1IU3ITTIKP.pcm
SwiftExplicitDependencyGeneratePcm arm64 /Users/admin/builder/spi-builder-workspace/.derivedData/SDKExplicitPrecompiledModules/ImageIO-1Q62YH5JSEW3W603XOC4I1BW5.pcm
SwiftExplicitDependencyGeneratePcm arm64 /Users/admin/builder/spi-builder-workspace/.derivedData/SDKExplicitPrecompiledModules/OSLog-ESQ75BZPUSAQ1BUG7AR4T29JP.pcm
SwiftExplicitDependencyGeneratePcm arm64 /Users/admin/builder/spi-builder-workspace/.derivedData/SDKExplicitPrecompiledModules/Network-6YEYKAYVZLX2324YE3Y3MNF4D.pcm
SwiftExplicitDependencyGeneratePcm arm64 /Users/admin/builder/spi-builder-workspace/.derivedData/SDKExplicitPrecompiledModules/UserNotifications-EVOEUOT669UJUCVTZFGNYMBDG.pcm
SwiftExplicitDependencyGeneratePcm arm64 /Users/admin/builder/spi-builder-workspace/.derivedData/SDKExplicitPrecompiledModules/_LocationEssentials-ASJUYDCO29AGNPVZTQWDIBDS9.pcm
SwiftExplicitDependencyGeneratePcm arm64 /Users/admin/builder/spi-builder-workspace/.derivedData/SDKExplicitPrecompiledModules/CoreData-1MLUFNOR16D4PHFXRONM0EV0Y.pcm
SwiftExplicitDependencyGeneratePcm arm64 /Users/admin/builder/spi-builder-workspace/.derivedData/SDKExplicitPrecompiledModules/IOSurface-7B6TKKD236HA284UYQ6OQOLPQ.pcm
SwiftExplicitDependencyGeneratePcm arm64 /Users/admin/builder/spi-builder-workspace/.derivedData/SDKExplicitPrecompiledModules/UIUtilities-GZTHFP2HHLFZ7JW81CPA26XS.pcm
SwiftExplicitDependencyGeneratePcm arm64 /Users/admin/builder/spi-builder-workspace/.derivedData/SDKExplicitPrecompiledModules/FileProvider-4XHJ9ITMTNSR6HJ3Y8I8EYTXK.pcm
SwiftExplicitDependencyGeneratePcm arm64 /Users/admin/builder/spi-builder-workspace/.derivedData/SDKExplicitPrecompiledModules/CoreTransferable-3WEUYBARM7TCKA5LPQWTD34MG.pcm
SwiftExplicitDependencyGeneratePcm arm64 /Users/admin/builder/spi-builder-workspace/.derivedData/SDKExplicitPrecompiledModules/UniformTypeIdentifiers-1EUDUZBTRYT8O0OG4VQ21V20S.pcm
SwiftExplicitDependencyGeneratePcm arm64 /Users/admin/builder/spi-builder-workspace/.derivedData/SDKExplicitPrecompiledModules/Symbols-1H2861WCBQ23BP22P4ZGA6GS9.pcm
SwiftExplicitDependencyGeneratePcm arm64 /Users/admin/builder/spi-builder-workspace/.derivedData/SDKExplicitPrecompiledModules/DataDetection-41QHIYN5T7XCI2CBLDLCAHJDE.pcm
SwiftExplicitDependencyGeneratePcm arm64 /Users/admin/builder/spi-builder-workspace/.derivedData/SDKExplicitPrecompiledModules/Accessibility-752NU6FKOGH9XIYAWMD34LCOQ.pcm
SwiftExplicitDependencyGeneratePcm arm64 /Users/admin/builder/spi-builder-workspace/.derivedData/SDKExplicitPrecompiledModules/CoreLocation-D5NI00M9I2XJRMJSGZ5CT1XFN.pcm
SwiftExplicitDependencyGeneratePcm arm64 /Users/admin/builder/spi-builder-workspace/.derivedData/SDKExplicitPrecompiledModules/OpenGLES-E7GJZCE4Q5SG4BW10VUJHLKE.pcm
SwiftExplicitDependencyGeneratePcm arm64 /Users/admin/builder/spi-builder-workspace/.derivedData/SDKExplicitPrecompiledModules/Metal-C77LE3WDSXVMJ85SINQC2Q9YQ.pcm
SwiftExplicitDependencyGeneratePcm arm64 /Users/admin/builder/spi-builder-workspace/.derivedData/SDKExplicitPrecompiledModules/CoreMotion-F3JNZ6IIEDRP1H5I6FF7TIAPY.pcm
SwiftExplicitDependencyGeneratePcm arm64 /Users/admin/builder/spi-builder-workspace/.derivedData/SDKExplicitPrecompiledModules/CoreVideo-7WK2QPW48PV1TRL99Y5MUW7VZ.pcm
SwiftExplicitDependencyGeneratePcm arm64 /Users/admin/builder/spi-builder-workspace/.derivedData/SDKExplicitPrecompiledModules/QuartzCore-5RHRQAPE9F86T230OER9PV8IJ.pcm
SwiftExplicitDependencyGeneratePcm arm64 /Users/admin/builder/spi-builder-workspace/.derivedData/SDKExplicitPrecompiledModules/CoreImage-7F5ZUJWL4F9XWA7DEN97SUBFB.pcm
SwiftExplicitDependencyGeneratePcm arm64 /Users/admin/builder/spi-builder-workspace/.derivedData/SDKExplicitPrecompiledModules/SwiftUICore-9AK8D77SGVSZLT4UEMHAYGD85.pcm
SwiftExplicitDependencyGeneratePcm arm64 /Users/admin/builder/spi-builder-workspace/.derivedData/SDKExplicitPrecompiledModules/UIKit-4MSYXD1Z2VKH47S19N3ZHEMKP.pcm
SwiftCompile normal arm64 Compiling\ WebSocketClient.swift,\ WebSocketEngine.swift,\ WebSocketPingController.swift,\ Event.swift,\ EventBatcher.swift,\ EventMiddleware.swift,\ EventNotificationCenter.swift,\ StreamJsonDecoder.swift /Users/admin/builder/spi-builder-workspace/Sources/StreamCore/WebSocket/Client/WebSocketClient.swift /Users/admin/builder/spi-builder-workspace/Sources/StreamCore/WebSocket/Client/WebSocketEngine.swift /Users/admin/builder/spi-builder-workspace/Sources/StreamCore/WebSocket/Client/WebSocketPingController.swift /Users/admin/builder/spi-builder-workspace/Sources/StreamCore/WebSocket/Events/Event.swift /Users/admin/builder/spi-builder-workspace/Sources/StreamCore/WebSocket/Events/EventBatcher.swift /Users/admin/builder/spi-builder-workspace/Sources/StreamCore/WebSocket/Events/EventMiddleware.swift /Users/admin/builder/spi-builder-workspace/Sources/StreamCore/WebSocket/Events/EventNotificationCenter.swift /Users/admin/builder/spi-builder-workspace/Sources/StreamCore/WebSocket/Events/StreamJsonDecoder.swift (in target 'StreamCore' from project 'StreamCore')
SwiftCompile normal arm64 /Users/admin/builder/spi-builder-workspace/Sources/StreamCore/WebSocket/Client/WebSocketClient.swift (in target 'StreamCore' from project 'StreamCore')
    cd /Users/admin/builder/spi-builder-workspace/.swiftpm/xcode
    builtin-SwiftPerFileCompile WebSocketClient.swift
SwiftCompile normal arm64 /Users/admin/builder/spi-builder-workspace/Sources/StreamCore/WebSocket/Client/WebSocketEngine.swift (in target 'StreamCore' from project 'StreamCore')
    cd /Users/admin/builder/spi-builder-workspace/.swiftpm/xcode
    builtin-SwiftPerFileCompile WebSocketEngine.swift
SwiftCompile normal arm64 /Users/admin/builder/spi-builder-workspace/Sources/StreamCore/WebSocket/Client/WebSocketPingController.swift (in target 'StreamCore' from project 'StreamCore')
    cd /Users/admin/builder/spi-builder-workspace/.swiftpm/xcode
    builtin-SwiftPerFileCompile WebSocketPingController.swift
SwiftCompile normal arm64 /Users/admin/builder/spi-builder-workspace/Sources/StreamCore/WebSocket/Events/Event.swift (in target 'StreamCore' from project 'StreamCore')
    cd /Users/admin/builder/spi-builder-workspace/.swiftpm/xcode
    builtin-SwiftPerFileCompile Event.swift
SwiftCompile normal arm64 /Users/admin/builder/spi-builder-workspace/Sources/StreamCore/WebSocket/Events/EventBatcher.swift (in target 'StreamCore' from project 'StreamCore')
    cd /Users/admin/builder/spi-builder-workspace/.swiftpm/xcode
    builtin-SwiftPerFileCompile EventBatcher.swift
SwiftCompile normal arm64 /Users/admin/builder/spi-builder-workspace/Sources/StreamCore/WebSocket/Events/EventMiddleware.swift (in target 'StreamCore' from project 'StreamCore')
    cd /Users/admin/builder/spi-builder-workspace/.swiftpm/xcode
    builtin-SwiftPerFileCompile EventMiddleware.swift
SwiftCompile normal arm64 /Users/admin/builder/spi-builder-workspace/Sources/StreamCore/WebSocket/Events/EventNotificationCenter.swift (in target 'StreamCore' from project 'StreamCore')
    cd /Users/admin/builder/spi-builder-workspace/.swiftpm/xcode
    builtin-SwiftPerFileCompile EventNotificationCenter.swift
SwiftCompile normal arm64 /Users/admin/builder/spi-builder-workspace/Sources/StreamCore/WebSocket/Events/StreamJsonDecoder.swift (in target 'StreamCore' from project 'StreamCore')
    cd /Users/admin/builder/spi-builder-workspace/.swiftpm/xcode
    builtin-SwiftPerFileCompile StreamJsonDecoder.swift
/Users/admin/builder/spi-builder-workspace/Sources/StreamCore/WebSocket/Client/WebSocketClient.swift:106:35: warning: 'AllocatedUnfairLock' was deprecated in iOS 1.0: Use OSAllocatedUnfairLock instead [#DeprecatedDeclaration]
104 |     }
105 |
106 |     private let _connectRequest = AllocatedUnfairLock<URLRequest?>(nil)
    |                                   `- warning: 'AllocatedUnfairLock' was deprecated in iOS 1.0: Use OSAllocatedUnfairLock instead [#DeprecatedDeclaration]
107 |
108 |     let requiresAuth: Bool
/Users/admin/builder/spi-builder-workspace/Sources/StreamCore/WebSocket/Client/WebSocketClient.swift:122:27: warning: 'AllocatedUnfairLock' was deprecated in iOS 1.0: Use OSAllocatedUnfairLock instead [#DeprecatedDeclaration]
120 |     }
121 |
122 |     private let _engine = AllocatedUnfairLock<WebSocketEngine?>(nil)
    |                           `- warning: 'AllocatedUnfairLock' was deprecated in iOS 1.0: Use OSAllocatedUnfairLock instead [#DeprecatedDeclaration]
123 |
124 |     /// The queue on which web socket engine methods are called.
/Users/admin/builder/spi-builder-workspace/Sources/StreamCore/WebSocket/Events/EventBatcher.swift:36:40: warning: 'AllocatedUnfairLock' was deprecated in iOS 1.0: Use OSAllocatedUnfairLock instead [#DeprecatedDeclaration]
34 |     private let timerType: TimerScheduling.Type
35 |     /// The timer that  calls `processor` when fired.
36 |     private let batchProcessingTimer = AllocatedUnfairLock<TimerControl?>(nil)
   |                                        `- warning: 'AllocatedUnfairLock' was deprecated in iOS 1.0: Use OSAllocatedUnfairLock instead [#DeprecatedDeclaration]
37 |     /// The closure which processes the batch.
38 |     private let handler: @Sendable (_ batch: [Item], _ completion: @Sendable @escaping () -> Void) -> Void
/Users/admin/builder/spi-builder-workspace/Sources/StreamCore/WebSocket/Events/EventBatcher.swift:43:33: warning: 'AllocatedUnfairLock' was deprecated in iOS 1.0: Use OSAllocatedUnfairLock instead [#DeprecatedDeclaration]
41 |     /// The current batch of items.
42 |     public var currentBatch: [Item] { _currentBatch.value }
43 |     private let _currentBatch = AllocatedUnfairLock([Item]())
   |                                 `- warning: 'AllocatedUnfairLock' was deprecated in iOS 1.0: Use OSAllocatedUnfairLock instead [#DeprecatedDeclaration]
44 |
45 |     public required init(
[#DeprecatedDeclaration]: <https://docs.swift.org/compiler/documentation/diagnostics/deprecated-declaration>
SwiftEmitModule normal arm64 Emitting\ module\ for\ StreamCore (in target 'StreamCore' from project 'StreamCore')
/Users/admin/builder/spi-builder-workspace/Sources/StreamCore/Logger/Logger.swift:230:33: warning: 'AllocatedUnfairLock' was deprecated in iOS 1.0: Use OSAllocatedUnfairLock instead [#DeprecatedDeclaration]
228 |     }
229 |
230 |     private static let _state = AllocatedUnfairLock<State>(State())
    |                                 `- warning: 'AllocatedUnfairLock' was deprecated in iOS 1.0: Use OSAllocatedUnfairLock instead [#DeprecatedDeclaration]
231 |
232 |     /// Identifier for the logger. Defaults to empty.
/Users/admin/builder/spi-builder-workspace/Sources/StreamCore/WebSocket/Client/WebSocketClient.swift:106:35: warning: 'AllocatedUnfairLock' was deprecated in iOS 1.0: Use OSAllocatedUnfairLock instead [#DeprecatedDeclaration]
104 |     }
105 |
106 |     private let _connectRequest = AllocatedUnfairLock<URLRequest?>(nil)
    |                                   `- warning: 'AllocatedUnfairLock' was deprecated in iOS 1.0: Use OSAllocatedUnfairLock instead [#DeprecatedDeclaration]
107 |
108 |     let requiresAuth: Bool
/Users/admin/builder/spi-builder-workspace/Sources/StreamCore/WebSocket/Client/WebSocketClient.swift:122:27: warning: 'AllocatedUnfairLock' was deprecated in iOS 1.0: Use OSAllocatedUnfairLock instead [#DeprecatedDeclaration]
120 |     }
121 |
122 |     private let _engine = AllocatedUnfairLock<WebSocketEngine?>(nil)
    |                           `- warning: 'AllocatedUnfairLock' was deprecated in iOS 1.0: Use OSAllocatedUnfairLock instead [#DeprecatedDeclaration]
123 |
124 |     /// The queue on which web socket engine methods are called.
/Users/admin/builder/spi-builder-workspace/Sources/StreamCore/WebSocket/Events/EventBatcher.swift:36:40: warning: 'AllocatedUnfairLock' was deprecated in iOS 1.0: Use OSAllocatedUnfairLock instead [#DeprecatedDeclaration]
34 |     private let timerType: TimerScheduling.Type
35 |     /// The timer that  calls `processor` when fired.
36 |     private let batchProcessingTimer = AllocatedUnfairLock<TimerControl?>(nil)
   |                                        `- warning: 'AllocatedUnfairLock' was deprecated in iOS 1.0: Use OSAllocatedUnfairLock instead [#DeprecatedDeclaration]
37 |     /// The closure which processes the batch.
38 |     private let handler: @Sendable (_ batch: [Item], _ completion: @Sendable @escaping () -> Void) -> Void
/Users/admin/builder/spi-builder-workspace/Sources/StreamCore/WebSocket/Events/EventBatcher.swift:43:33: warning: 'AllocatedUnfairLock' was deprecated in iOS 1.0: Use OSAllocatedUnfairLock instead [#DeprecatedDeclaration]
41 |     /// The current batch of items.
42 |     public var currentBatch: [Item] { _currentBatch.value }
43 |     private let _currentBatch = AllocatedUnfairLock([Item]())
   |                                 `- warning: 'AllocatedUnfairLock' was deprecated in iOS 1.0: Use OSAllocatedUnfairLock instead [#DeprecatedDeclaration]
44 |
45 |     public required init(
[#DeprecatedDeclaration]: <https://docs.swift.org/compiler/documentation/diagnostics/deprecated-declaration>
SwiftCompile normal arm64 (in target 'StreamCore' from project 'StreamCore')
    cd /Users/admin/builder/spi-builder-workspace/.swiftpm/xcode

SwiftCompile normal arm64 Compiling\ RFC3339DateFormatter.swift,\ RawJSON.swift,\ ReflectiveStringConvertible.swift,\ StateBuilder.swift,\ StreamRuntimeCheck.swift,\ StringExtensions.swift,\ SystemEnvironment+Version.swift,\ Task+Timeout.swift /Users/admin/builder/spi-builder-workspace/Sources/StreamCore/Utils/RFC3339DateFormatter.swift /Users/admin/builder/spi-builder-workspace/Sources/StreamCore/Utils/RawJSON.swift /Users/admin/builder/spi-builder-workspace/Sources/StreamCore/Utils/ReflectiveStringConvertible.swift /Users/admin/builder/spi-builder-workspace/Sources/StreamCore/Utils/StateBuilder.swift /Users/admin/builder/spi-builder-workspace/Sources/StreamCore/Utils/StreamRuntimeCheck.swift /Users/admin/builder/spi-builder-workspace/Sources/StreamCore/Utils/StringExtensions.swift /Users/admin/builder/spi-builder-workspace/Sources/StreamCore/Utils/SystemEnvironment+Version.swift /Users/admin/builder/spi-builder-workspace/Sources/StreamCore/Utils/Task+Timeout.swift (in target 'StreamCore' from project 'StreamCore')
SwiftCompile normal arm64 /Users/admin/builder/spi-builder-workspace/Sources/StreamCore/Utils/RFC3339DateFormatter.swift (in target 'StreamCore' from project 'StreamCore')
    cd /Users/admin/builder/spi-builder-workspace/.swiftpm/xcode
    builtin-SwiftPerFileCompile RFC3339DateFormatter.swift
SwiftCompile normal arm64 /Users/admin/builder/spi-builder-workspace/Sources/StreamCore/Utils/RawJSON.swift (in target 'StreamCore' from project 'StreamCore')
    cd /Users/admin/builder/spi-builder-workspace/.swiftpm/xcode
    builtin-SwiftPerFileCompile RawJSON.swift
SwiftCompile normal arm64 /Users/admin/builder/spi-builder-workspace/Sources/StreamCore/Utils/ReflectiveStringConvertible.swift (in target 'StreamCore' from project 'StreamCore')
    cd /Users/admin/builder/spi-builder-workspace/.swiftpm/xcode
    builtin-SwiftPerFileCompile ReflectiveStringConvertible.swift
SwiftCompile normal arm64 /Users/admin/builder/spi-builder-workspace/Sources/StreamCore/Utils/StateBuilder.swift (in target 'StreamCore' from project 'StreamCore')
    cd /Users/admin/builder/spi-builder-workspace/.swiftpm/xcode
    builtin-SwiftPerFileCompile StateBuilder.swift
SwiftCompile normal arm64 /Users/admin/builder/spi-builder-workspace/Sources/StreamCore/Utils/StreamRuntimeCheck.swift (in target 'StreamCore' from project 'StreamCore')
    cd /Users/admin/builder/spi-builder-workspace/.swiftpm/xcode
    builtin-SwiftPerFileCompile StreamRuntimeCheck.swift
SwiftCompile normal arm64 /Users/admin/builder/spi-builder-workspace/Sources/StreamCore/Utils/StringExtensions.swift (in target 'StreamCore' from project 'StreamCore')
    cd /Users/admin/builder/spi-builder-workspace/.swiftpm/xcode
    builtin-SwiftPerFileCompile StringExtensions.swift
SwiftCompile normal arm64 /Users/admin/builder/spi-builder-workspace/Sources/StreamCore/Utils/SystemEnvironment+Version.swift (in target 'StreamCore' from project 'StreamCore')
    cd /Users/admin/builder/spi-builder-workspace/.swiftpm/xcode
    builtin-SwiftPerFileCompile SystemEnvironment+Version.swift
SwiftCompile normal arm64 /Users/admin/builder/spi-builder-workspace/Sources/StreamCore/Utils/Task+Timeout.swift (in target 'StreamCore' from project 'StreamCore')
    cd /Users/admin/builder/spi-builder-workspace/.swiftpm/xcode
    builtin-SwiftPerFileCompile Task+Timeout.swift
SwiftCompile normal arm64 Compiling\ Data+Gzip.swift,\ DisposableBag.swift,\ HTTPUtils.swift,\ InjectedValues.swift,\ InternetConnection.swift,\ MultipartFormData.swift,\ Publisher+AsyncStream.swift,\ Publisher+WeakAssign.swift /Users/admin/builder/spi-builder-workspace/Sources/StreamCore/Utils/Data+Gzip.swift /Users/admin/builder/spi-builder-workspace/Sources/StreamCore/Utils/DisposableBag.swift /Users/admin/builder/spi-builder-workspace/Sources/StreamCore/Utils/HTTPUtils.swift /Users/admin/builder/spi-builder-workspace/Sources/StreamCore/Utils/InjectedValues.swift /Users/admin/builder/spi-builder-workspace/Sources/StreamCore/Utils/InternetConnection.swift /Users/admin/builder/spi-builder-workspace/Sources/StreamCore/Utils/MultipartFormData.swift /Users/admin/builder/spi-builder-workspace/Sources/StreamCore/Utils/Publisher+AsyncStream.swift /Users/admin/builder/spi-builder-workspace/Sources/StreamCore/Utils/Publisher+WeakAssign.swift (in target 'StreamCore' from project 'StreamCore')
SwiftCompile normal arm64 /Users/admin/builder/spi-builder-workspace/Sources/StreamCore/Utils/Data+Gzip.swift (in target 'StreamCore' from project 'StreamCore')
    cd /Users/admin/builder/spi-builder-workspace/.swiftpm/xcode
    builtin-SwiftPerFileCompile Data+Gzip.swift
SwiftCompile normal arm64 /Users/admin/builder/spi-builder-workspace/Sources/StreamCore/Utils/DisposableBag.swift (in target 'StreamCore' from project 'StreamCore')
    cd /Users/admin/builder/spi-builder-workspace/.swiftpm/xcode
    builtin-SwiftPerFileCompile DisposableBag.swift
SwiftCompile normal arm64 /Users/admin/builder/spi-builder-workspace/Sources/StreamCore/Utils/HTTPUtils.swift (in target 'StreamCore' from project 'StreamCore')
    cd /Users/admin/builder/spi-builder-workspace/.swiftpm/xcode
    builtin-SwiftPerFileCompile HTTPUtils.swift
SwiftCompile normal arm64 /Users/admin/builder/spi-builder-workspace/Sources/StreamCore/Utils/InjectedValues.swift (in target 'StreamCore' from project 'StreamCore')
    cd /Users/admin/builder/spi-builder-workspace/.swiftpm/xcode
    builtin-SwiftPerFileCompile InjectedValues.swift
SwiftCompile normal arm64 /Users/admin/builder/spi-builder-workspace/Sources/StreamCore/Utils/InternetConnection.swift (in target 'StreamCore' from project 'StreamCore')
    cd /Users/admin/builder/spi-builder-workspace/.swiftpm/xcode
    builtin-SwiftPerFileCompile InternetConnection.swift
SwiftCompile normal arm64 /Users/admin/builder/spi-builder-workspace/Sources/StreamCore/Utils/MultipartFormData.swift (in target 'StreamCore' from project 'StreamCore')
    cd /Users/admin/builder/spi-builder-workspace/.swiftpm/xcode
    builtin-SwiftPerFileCompile MultipartFormData.swift
SwiftCompile normal arm64 /Users/admin/builder/spi-builder-workspace/Sources/StreamCore/Utils/Publisher+AsyncStream.swift (in target 'StreamCore' from project 'StreamCore')
    cd /Users/admin/builder/spi-builder-workspace/.swiftpm/xcode
    builtin-SwiftPerFileCompile Publisher+AsyncStream.swift
SwiftCompile normal arm64 /Users/admin/builder/spi-builder-workspace/Sources/StreamCore/Utils/Publisher+WeakAssign.swift (in target 'StreamCore' from project 'StreamCore')
    cd /Users/admin/builder/spi-builder-workspace/.swiftpm/xcode
    builtin-SwiftPerFileCompile Publisher+WeakAssign.swift
SwiftCompile normal arm64 Compiling\ JSONDataEncoding.swift,\ Models.swift,\ OpenISO8601DateFormatter.swift,\ User.swift,\ UserToken.swift,\ ApplicationStateAdapter.swift,\ BoxedAny.swift,\ BundleExtensions.swift /Users/admin/builder/spi-builder-workspace/Sources/StreamCore/OpenAPI/Utils/JSONDataEncoding.swift /Users/admin/builder/spi-builder-workspace/Sources/StreamCore/OpenAPI/Utils/Models.swift /Users/admin/builder/spi-builder-workspace/Sources/StreamCore/OpenAPI/Utils/OpenISO8601DateFormatter.swift /Users/admin/builder/spi-builder-workspace/Sources/StreamCore/User/User.swift /Users/admin/builder/spi-builder-workspace/Sources/StreamCore/User/UserToken.swift /Users/admin/builder/spi-builder-workspace/Sources/StreamCore/Utils/ApplicationStateAdapter.swift /Users/admin/builder/spi-builder-workspace/Sources/StreamCore/Utils/BoxedAny.swift /Users/admin/builder/spi-builder-workspace/Sources/StreamCore/Utils/BundleExtensions.swift (in target 'StreamCore' from project 'StreamCore')
SwiftCompile normal arm64 /Users/admin/builder/spi-builder-workspace/Sources/StreamCore/OpenAPI/Utils/JSONDataEncoding.swift (in target 'StreamCore' from project 'StreamCore')
    cd /Users/admin/builder/spi-builder-workspace/.swiftpm/xcode
    builtin-SwiftPerFileCompile JSONDataEncoding.swift
SwiftCompile normal arm64 /Users/admin/builder/spi-builder-workspace/Sources/StreamCore/OpenAPI/Utils/Models.swift (in target 'StreamCore' from project 'StreamCore')
    cd /Users/admin/builder/spi-builder-workspace/.swiftpm/xcode
    builtin-SwiftPerFileCompile Models.swift
SwiftCompile normal arm64 /Users/admin/builder/spi-builder-workspace/Sources/StreamCore/OpenAPI/Utils/OpenISO8601DateFormatter.swift (in target 'StreamCore' from project 'StreamCore')
    cd /Users/admin/builder/spi-builder-workspace/.swiftpm/xcode
    builtin-SwiftPerFileCompile OpenISO8601DateFormatter.swift
SwiftCompile normal arm64 /Users/admin/builder/spi-builder-workspace/Sources/StreamCore/User/User.swift (in target 'StreamCore' from project 'StreamCore')
    cd /Users/admin/builder/spi-builder-workspace/.swiftpm/xcode
    builtin-SwiftPerFileCompile User.swift
SwiftCompile normal arm64 /Users/admin/builder/spi-builder-workspace/Sources/StreamCore/User/UserToken.swift (in target 'StreamCore' from project 'StreamCore')
    cd /Users/admin/builder/spi-builder-workspace/.swiftpm/xcode
    builtin-SwiftPerFileCompile UserToken.swift
SwiftCompile normal arm64 /Users/admin/builder/spi-builder-workspace/Sources/StreamCore/Utils/ApplicationStateAdapter.swift (in target 'StreamCore' from project 'StreamCore')
    cd /Users/admin/builder/spi-builder-workspace/.swiftpm/xcode
    builtin-SwiftPerFileCompile ApplicationStateAdapter.swift
SwiftCompile normal arm64 /Users/admin/builder/spi-builder-workspace/Sources/StreamCore/Utils/BoxedAny.swift (in target 'StreamCore' from project 'StreamCore')
    cd /Users/admin/builder/spi-builder-workspace/.swiftpm/xcode
    builtin-SwiftPerFileCompile BoxedAny.swift
SwiftCompile normal arm64 /Users/admin/builder/spi-builder-workspace/Sources/StreamCore/Utils/BundleExtensions.swift (in target 'StreamCore' from project 'StreamCore')
    cd /Users/admin/builder/spi-builder-workspace/.swiftpm/xcode
    builtin-SwiftPerFileCompile BundleExtensions.swift
SwiftCompile normal arm64 Compiling\ Filter.swift,\ FilterOperator.swift,\ FilterValue+Location.swift,\ FilterValue.swift,\ Sort.swift,\ APIHelper.swift,\ CodableHelper.swift,\ Extensions.swift /Users/admin/builder/spi-builder-workspace/Sources/StreamCore/OpenAPI/Query/Filter.swift /Users/admin/builder/spi-builder-workspace/Sources/StreamCore/OpenAPI/Query/FilterOperator.swift /Users/admin/builder/spi-builder-workspace/Sources/StreamCore/OpenAPI/Query/FilterValue+Location.swift /Users/admin/builder/spi-builder-workspace/Sources/StreamCore/OpenAPI/Query/FilterValue.swift /Users/admin/builder/spi-builder-workspace/Sources/StreamCore/OpenAPI/Query/Sort.swift /Users/admin/builder/spi-builder-workspace/Sources/StreamCore/OpenAPI/Utils/APIHelper.swift /Users/admin/builder/spi-builder-workspace/Sources/StreamCore/OpenAPI/Utils/CodableHelper.swift /Users/admin/builder/spi-builder-workspace/Sources/StreamCore/OpenAPI/Utils/Extensions.swift (in target 'StreamCore' from project 'StreamCore')
SwiftCompile normal arm64 /Users/admin/builder/spi-builder-workspace/Sources/StreamCore/OpenAPI/Query/Filter.swift (in target 'StreamCore' from project 'StreamCore')
    cd /Users/admin/builder/spi-builder-workspace/.swiftpm/xcode
    builtin-SwiftPerFileCompile Filter.swift
SwiftCompile normal arm64 /Users/admin/builder/spi-builder-workspace/Sources/StreamCore/OpenAPI/Query/FilterOperator.swift (in target 'StreamCore' from project 'StreamCore')
    cd /Users/admin/builder/spi-builder-workspace/.swiftpm/xcode
    builtin-SwiftPerFileCompile FilterOperator.swift
SwiftCompile normal arm64 /Users/admin/builder/spi-builder-workspace/Sources/StreamCore/OpenAPI/Query/FilterValue+Location.swift (in target 'StreamCore' from project 'StreamCore')
    cd /Users/admin/builder/spi-builder-workspace/.swiftpm/xcode
    builtin-SwiftPerFileCompile FilterValue+Location.swift
SwiftCompile normal arm64 /Users/admin/builder/spi-builder-workspace/Sources/StreamCore/OpenAPI/Query/FilterValue.swift (in target 'StreamCore' from project 'StreamCore')
    cd /Users/admin/builder/spi-builder-workspace/.swiftpm/xcode
    builtin-SwiftPerFileCompile FilterValue.swift
SwiftCompile normal arm64 /Users/admin/builder/spi-builder-workspace/Sources/StreamCore/OpenAPI/Query/Sort.swift (in target 'StreamCore' from project 'StreamCore')
    cd /Users/admin/builder/spi-builder-workspace/.swiftpm/xcode
    builtin-SwiftPerFileCompile Sort.swift
SwiftCompile normal arm64 /Users/admin/builder/spi-builder-workspace/Sources/StreamCore/OpenAPI/Utils/APIHelper.swift (in target 'StreamCore' from project 'StreamCore')
    cd /Users/admin/builder/spi-builder-workspace/.swiftpm/xcode
    builtin-SwiftPerFileCompile APIHelper.swift
SwiftCompile normal arm64 /Users/admin/builder/spi-builder-workspace/Sources/StreamCore/OpenAPI/Utils/CodableHelper.swift (in target 'StreamCore' from project 'StreamCore')
    cd /Users/admin/builder/spi-builder-workspace/.swiftpm/xcode
    builtin-SwiftPerFileCompile CodableHelper.swift
SwiftCompile normal arm64 /Users/admin/builder/spi-builder-workspace/Sources/StreamCore/OpenAPI/Utils/Extensions.swift (in target 'StreamCore' from project 'StreamCore')
    cd /Users/admin/builder/spi-builder-workspace/.swiftpm/xcode
    builtin-SwiftPerFileCompile Extensions.swift
SwiftCompile normal arm64 Compiling\ BaseLogDestination.swift,\ ConsoleLogDestination.swift,\ LogDestination.swift,\ OSLogDestination.swift,\ LogFormatter.swift,\ PrefixLogFormatter.swift,\ LogAttachment.swift,\ Logger.swift,\ Publisher+Logger.swift /Users/admin/builder/spi-builder-workspace/Sources/StreamCore/Logger/Destination/BaseLogDestination.swift /Users/admin/builder/spi-builder-workspace/Sources/StreamCore/Logger/Destination/ConsoleLogDestination.swift /Users/admin/builder/spi-builder-workspace/Sources/StreamCore/Logger/Destination/LogDestination.swift /Users/admin/builder/spi-builder-workspace/Sources/StreamCore/Logger/Destination/OSLogDestination.swift /Users/admin/builder/spi-builder-workspace/Sources/StreamCore/Logger/Formatter/LogFormatter.swift /Users/admin/builder/spi-builder-workspace/Sources/StreamCore/Logger/Formatter/PrefixLogFormatter.swift /Users/admin/builder/spi-builder-workspace/Sources/StreamCore/Logger/LogAttachment.swift /Users/admin/builder/spi-builder-workspace/Sources/StreamCore/Logger/Logger.swift /Users/admin/builder/spi-builder-workspace/Sources/StreamCore/Logger/Publisher+Logger.swift (in target 'StreamCore' from project 'StreamCore')
/Users/admin/builder/spi-builder-workspace/Sources/StreamCore/Logger/Logger.swift:230:33: warning: 'AllocatedUnfairLock' was deprecated in iOS 1.0: Use OSAllocatedUnfairLock instead [#DeprecatedDeclaration]
228 |     }
229 |
230 |     private static let _state = AllocatedUnfairLock<State>(State())
    |                                 `- warning: 'AllocatedUnfairLock' was deprecated in iOS 1.0: Use OSAllocatedUnfairLock instead [#DeprecatedDeclaration]
231 |
232 |     /// Identifier for the logger. Defaults to empty.
[#DeprecatedDeclaration]: <https://docs.swift.org/compiler/documentation/diagnostics/deprecated-declaration>
SwiftCompile normal arm64 /Users/admin/builder/spi-builder-workspace/Sources/StreamCore/Logger/Destination/BaseLogDestination.swift (in target 'StreamCore' from project 'StreamCore')
    cd /Users/admin/builder/spi-builder-workspace/.swiftpm/xcode
    builtin-SwiftPerFileCompile BaseLogDestination.swift
SwiftCompile normal arm64 /Users/admin/builder/spi-builder-workspace/Sources/StreamCore/Logger/Destination/ConsoleLogDestination.swift (in target 'StreamCore' from project 'StreamCore')
    cd /Users/admin/builder/spi-builder-workspace/.swiftpm/xcode
    builtin-SwiftPerFileCompile ConsoleLogDestination.swift
SwiftCompile normal arm64 /Users/admin/builder/spi-builder-workspace/Sources/StreamCore/Logger/Destination/LogDestination.swift (in target 'StreamCore' from project 'StreamCore')
    cd /Users/admin/builder/spi-builder-workspace/.swiftpm/xcode
    builtin-SwiftPerFileCompile LogDestination.swift
SwiftCompile normal arm64 /Users/admin/builder/spi-builder-workspace/Sources/StreamCore/Logger/Destination/OSLogDestination.swift (in target 'StreamCore' from project 'StreamCore')
    cd /Users/admin/builder/spi-builder-workspace/.swiftpm/xcode
    builtin-SwiftPerFileCompile OSLogDestination.swift
SwiftCompile normal arm64 /Users/admin/builder/spi-builder-workspace/Sources/StreamCore/Logger/Formatter/LogFormatter.swift (in target 'StreamCore' from project 'StreamCore')
    cd /Users/admin/builder/spi-builder-workspace/.swiftpm/xcode
    builtin-SwiftPerFileCompile LogFormatter.swift
SwiftCompile normal arm64 /Users/admin/builder/spi-builder-workspace/Sources/StreamCore/Logger/Formatter/PrefixLogFormatter.swift (in target 'StreamCore' from project 'StreamCore')
    cd /Users/admin/builder/spi-builder-workspace/.swiftpm/xcode
    builtin-SwiftPerFileCompile PrefixLogFormatter.swift
SwiftCompile normal arm64 /Users/admin/builder/spi-builder-workspace/Sources/StreamCore/Logger/LogAttachment.swift (in target 'StreamCore' from project 'StreamCore')
    cd /Users/admin/builder/spi-builder-workspace/.swiftpm/xcode
    builtin-SwiftPerFileCompile LogAttachment.swift
SwiftCompile normal arm64 /Users/admin/builder/spi-builder-workspace/Sources/StreamCore/Logger/Logger.swift (in target 'StreamCore' from project 'StreamCore')
    cd /Users/admin/builder/spi-builder-workspace/.swiftpm/xcode
    builtin-SwiftPerFileCompile Logger.swift
SwiftCompile normal arm64 /Users/admin/builder/spi-builder-workspace/Sources/StreamCore/Logger/Publisher+Logger.swift (in target 'StreamCore' from project 'StreamCore')
    cd /Users/admin/builder/spi-builder-workspace/.swiftpm/xcode
    builtin-SwiftPerFileCompile Publisher+Logger.swift
SwiftCompile normal arm64 Compiling\ TypingIndicatorPrivacySettings.swift,\ UserPrivacySettings.swift,\ WSAuthMessageRequest.swift,\ CreateDeviceRequest.swift,\ Device.swift,\ DevicesAPI.swift,\ ListDevicesResponse.swift,\ ModelResponse.swift,\ Filter+Local.swift /Users/admin/builder/spi-builder-workspace/Sources/StreamCore/OpenAPI/Models/TypingIndicatorPrivacySettings.swift /Users/admin/builder/spi-builder-workspace/Sources/StreamCore/OpenAPI/Models/UserPrivacySettings.swift /Users/admin/builder/spi-builder-workspace/Sources/StreamCore/OpenAPI/Models/WSAuthMessageRequest.swift /Users/admin/builder/spi-builder-workspace/Sources/StreamCore/OpenAPI/Push/CreateDeviceRequest.swift /Users/admin/builder/spi-builder-workspace/Sources/StreamCore/OpenAPI/Push/Device.swift /Users/admin/builder/spi-builder-workspace/Sources/StreamCore/OpenAPI/Push/DevicesAPI.swift /Users/admin/builder/spi-builder-workspace/Sources/StreamCore/OpenAPI/Push/ListDevicesResponse.swift /Users/admin/builder/spi-builder-workspace/Sources/StreamCore/OpenAPI/Push/ModelResponse.swift /Users/admin/builder/spi-builder-workspace/Sources/StreamCore/OpenAPI/Query/Filter+Local.swift (in target 'StreamCore' from project 'StreamCore')
SwiftCompile normal arm64 /Users/admin/builder/spi-builder-workspace/Sources/StreamCore/OpenAPI/Models/TypingIndicatorPrivacySettings.swift (in target 'StreamCore' from project 'StreamCore')
    cd /Users/admin/builder/spi-builder-workspace/.swiftpm/xcode
    builtin-SwiftPerFileCompile TypingIndicatorPrivacySettings.swift
SwiftCompile normal arm64 /Users/admin/builder/spi-builder-workspace/Sources/StreamCore/OpenAPI/Models/UserPrivacySettings.swift (in target 'StreamCore' from project 'StreamCore')
    cd /Users/admin/builder/spi-builder-workspace/.swiftpm/xcode
    builtin-SwiftPerFileCompile UserPrivacySettings.swift
SwiftCompile normal arm64 /Users/admin/builder/spi-builder-workspace/Sources/StreamCore/OpenAPI/Models/WSAuthMessageRequest.swift (in target 'StreamCore' from project 'StreamCore')
    cd /Users/admin/builder/spi-builder-workspace/.swiftpm/xcode
    builtin-SwiftPerFileCompile WSAuthMessageRequest.swift
SwiftCompile normal arm64 /Users/admin/builder/spi-builder-workspace/Sources/StreamCore/OpenAPI/Push/CreateDeviceRequest.swift (in target 'StreamCore' from project 'StreamCore')
    cd /Users/admin/builder/spi-builder-workspace/.swiftpm/xcode
    builtin-SwiftPerFileCompile CreateDeviceRequest.swift
SwiftCompile normal arm64 /Users/admin/builder/spi-builder-workspace/Sources/StreamCore/OpenAPI/Push/Device.swift (in target 'StreamCore' from project 'StreamCore')
    cd /Users/admin/builder/spi-builder-workspace/.swiftpm/xcode
    builtin-SwiftPerFileCompile Device.swift
SwiftCompile normal arm64 /Users/admin/builder/spi-builder-workspace/Sources/StreamCore/OpenAPI/Push/DevicesAPI.swift (in target 'StreamCore' from project 'StreamCore')
    cd /Users/admin/builder/spi-builder-workspace/.swiftpm/xcode
    builtin-SwiftPerFileCompile DevicesAPI.swift
SwiftCompile normal arm64 /Users/admin/builder/spi-builder-workspace/Sources/StreamCore/OpenAPI/Push/ListDevicesResponse.swift (in target 'StreamCore' from project 'StreamCore')
    cd /Users/admin/builder/spi-builder-workspace/.swiftpm/xcode
    builtin-SwiftPerFileCompile ListDevicesResponse.swift
SwiftCompile normal arm64 /Users/admin/builder/spi-builder-workspace/Sources/StreamCore/OpenAPI/Push/ModelResponse.swift (in target 'StreamCore' from project 'StreamCore')
    cd /Users/admin/builder/spi-builder-workspace/.swiftpm/xcode
    builtin-SwiftPerFileCompile ModelResponse.swift
SwiftCompile normal arm64 /Users/admin/builder/spi-builder-workspace/Sources/StreamCore/OpenAPI/Query/Filter+Local.swift (in target 'StreamCore' from project 'StreamCore')
    cd /Users/admin/builder/spi-builder-workspace/.swiftpm/xcode
    builtin-SwiftPerFileCompile Filter+Local.swift
SwiftCompile normal arm64 Compiling\ AuthMiddlewares.swift,\ HTTPClient.swift,\ Request.swift,\ Retries.swift,\ URLSession+Logging.swift,\ URLSessionTransport.swift,\ ConnectUserDetailsRequest.swift,\ DeliveryReceiptsPrivacySettings.swift,\ ReadReceiptsPrivacySettings.swift /Users/admin/builder/spi-builder-workspace/Sources/StreamCore/OpenAPI/HTTP/AuthMiddlewares.swift /Users/admin/builder/spi-builder-workspace/Sources/StreamCore/OpenAPI/HTTP/HTTPClient.swift /Users/admin/builder/spi-builder-workspace/Sources/StreamCore/OpenAPI/HTTP/Request.swift /Users/admin/builder/spi-builder-workspace/Sources/StreamCore/OpenAPI/HTTP/Retries.swift /Users/admin/builder/spi-builder-workspace/Sources/StreamCore/OpenAPI/HTTP/URLSession+Logging.swift /Users/admin/builder/spi-builder-workspace/Sources/StreamCore/OpenAPI/HTTP/URLSessionTransport.swift /Users/admin/builder/spi-builder-workspace/Sources/StreamCore/OpenAPI/Models/ConnectUserDetailsRequest.swift /Users/admin/builder/spi-builder-workspace/Sources/StreamCore/OpenAPI/Models/DeliveryReceiptsPrivacySettings.swift /Users/admin/builder/spi-builder-workspace/Sources/StreamCore/OpenAPI/Models/ReadReceiptsPrivacySettings.swift (in target 'StreamCore' from project 'StreamCore')
SwiftCompile normal arm64 /Users/admin/builder/spi-builder-workspace/Sources/StreamCore/OpenAPI/HTTP/AuthMiddlewares.swift (in target 'StreamCore' from project 'StreamCore')
    cd /Users/admin/builder/spi-builder-workspace/.swiftpm/xcode
    builtin-SwiftPerFileCompile AuthMiddlewares.swift
SwiftCompile normal arm64 /Users/admin/builder/spi-builder-workspace/Sources/StreamCore/OpenAPI/HTTP/HTTPClient.swift (in target 'StreamCore' from project 'StreamCore')
    cd /Users/admin/builder/spi-builder-workspace/.swiftpm/xcode
    builtin-SwiftPerFileCompile HTTPClient.swift
SwiftCompile normal arm64 /Users/admin/builder/spi-builder-workspace/Sources/StreamCore/OpenAPI/HTTP/Request.swift (in target 'StreamCore' from project 'StreamCore')
    cd /Users/admin/builder/spi-builder-workspace/.swiftpm/xcode
    builtin-SwiftPerFileCompile Request.swift
SwiftCompile normal arm64 /Users/admin/builder/spi-builder-workspace/Sources/StreamCore/OpenAPI/HTTP/Retries.swift (in target 'StreamCore' from project 'StreamCore')
    cd /Users/admin/builder/spi-builder-workspace/.swiftpm/xcode
    builtin-SwiftPerFileCompile Retries.swift
SwiftCompile normal arm64 /Users/admin/builder/spi-builder-workspace/Sources/StreamCore/OpenAPI/HTTP/URLSession+Logging.swift (in target 'StreamCore' from project 'StreamCore')
    cd /Users/admin/builder/spi-builder-workspace/.swiftpm/xcode
    builtin-SwiftPerFileCompile URLSession+Logging.swift
SwiftCompile normal arm64 /Users/admin/builder/spi-builder-workspace/Sources/StreamCore/OpenAPI/HTTP/URLSessionTransport.swift (in target 'StreamCore' from project 'StreamCore')
    cd /Users/admin/builder/spi-builder-workspace/.swiftpm/xcode
    builtin-SwiftPerFileCompile URLSessionTransport.swift
SwiftCompile normal arm64 /Users/admin/builder/spi-builder-workspace/Sources/StreamCore/OpenAPI/Models/ConnectUserDetailsRequest.swift (in target 'StreamCore' from project 'StreamCore')
    cd /Users/admin/builder/spi-builder-workspace/.swiftpm/xcode
    builtin-SwiftPerFileCompile ConnectUserDetailsRequest.swift
SwiftCompile normal arm64 /Users/admin/builder/spi-builder-workspace/Sources/StreamCore/OpenAPI/Models/DeliveryReceiptsPrivacySettings.swift (in target 'StreamCore' from project 'StreamCore')
    cd /Users/admin/builder/spi-builder-workspace/.swiftpm/xcode
    builtin-SwiftPerFileCompile DeliveryReceiptsPrivacySettings.swift
SwiftCompile normal arm64 /Users/admin/builder/spi-builder-workspace/Sources/StreamCore/OpenAPI/Models/ReadReceiptsPrivacySettings.swift (in target 'StreamCore' from project 'StreamCore')
    cd /Users/admin/builder/spi-builder-workspace/.swiftpm/xcode
    builtin-SwiftPerFileCompile ReadReceiptsPrivacySettings.swift
SwiftCompile normal arm64 Compiling\ AllocatedUnfairLock.swift,\ Atomic.swift,\ LockQueuing.swift,\ RecursiveQueue.swift,\ StreamConcurrency.swift,\ UnfairQueue.swift,\ APIError.swift,\ Errors.swift,\ Array+Logger.swift /Users/admin/builder/spi-builder-workspace/Sources/StreamCore/Concurrency/AllocatedUnfairLock.swift /Users/admin/builder/spi-builder-workspace/Sources/StreamCore/Concurrency/Atomic.swift /Users/admin/builder/spi-builder-workspace/Sources/StreamCore/Concurrency/LockQueuing.swift /Users/admin/builder/spi-builder-workspace/Sources/StreamCore/Concurrency/RecursiveQueue.swift /Users/admin/builder/spi-builder-workspace/Sources/StreamCore/Concurrency/StreamConcurrency.swift /Users/admin/builder/spi-builder-workspace/Sources/StreamCore/Concurrency/UnfairQueue.swift /Users/admin/builder/spi-builder-workspace/Sources/StreamCore/Errors/APIError.swift /Users/admin/builder/spi-builder-workspace/Sources/StreamCore/Errors/Errors.swift /Users/admin/builder/spi-builder-workspace/Sources/StreamCore/Logger/Array+Logger.swift (in target 'StreamCore' from project 'StreamCore')
SwiftCompile normal arm64 /Users/admin/builder/spi-builder-workspace/Sources/StreamCore/Concurrency/AllocatedUnfairLock.swift (in target 'StreamCore' from project 'StreamCore')
    cd /Users/admin/builder/spi-builder-workspace/.swiftpm/xcode
    builtin-SwiftPerFileCompile AllocatedUnfairLock.swift
SwiftCompile normal arm64 /Users/admin/builder/spi-builder-workspace/Sources/StreamCore/Concurrency/Atomic.swift (in target 'StreamCore' from project 'StreamCore')
    cd /Users/admin/builder/spi-builder-workspace/.swiftpm/xcode
    builtin-SwiftPerFileCompile Atomic.swift
SwiftCompile normal arm64 /Users/admin/builder/spi-builder-workspace/Sources/StreamCore/Concurrency/LockQueuing.swift (in target 'StreamCore' from project 'StreamCore')
    cd /Users/admin/builder/spi-builder-workspace/.swiftpm/xcode
    builtin-SwiftPerFileCompile LockQueuing.swift
SwiftCompile normal arm64 /Users/admin/builder/spi-builder-workspace/Sources/StreamCore/Concurrency/RecursiveQueue.swift (in target 'StreamCore' from project 'StreamCore')
    cd /Users/admin/builder/spi-builder-workspace/.swiftpm/xcode
    builtin-SwiftPerFileCompile RecursiveQueue.swift
SwiftCompile normal arm64 /Users/admin/builder/spi-builder-workspace/Sources/StreamCore/Concurrency/StreamConcurrency.swift (in target 'StreamCore' from project 'StreamCore')
    cd /Users/admin/builder/spi-builder-workspace/.swiftpm/xcode
    builtin-SwiftPerFileCompile StreamConcurrency.swift
SwiftCompile normal arm64 /Users/admin/builder/spi-builder-workspace/Sources/StreamCore/Concurrency/UnfairQueue.swift (in target 'StreamCore' from project 'StreamCore')
    cd /Users/admin/builder/spi-builder-workspace/.swiftpm/xcode
    builtin-SwiftPerFileCompile UnfairQueue.swift
SwiftCompile normal arm64 /Users/admin/builder/spi-builder-workspace/Sources/StreamCore/Errors/APIError.swift (in target 'StreamCore' from project 'StreamCore')
    cd /Users/admin/builder/spi-builder-workspace/.swiftpm/xcode
    builtin-SwiftPerFileCompile APIError.swift
SwiftCompile normal arm64 /Users/admin/builder/spi-builder-workspace/Sources/StreamCore/Errors/Errors.swift (in target 'StreamCore' from project 'StreamCore')
    cd /Users/admin/builder/spi-builder-workspace/.swiftpm/xcode
    builtin-SwiftPerFileCompile Errors.swift
SwiftCompile normal arm64 /Users/admin/builder/spi-builder-workspace/Sources/StreamCore/Logger/Array+Logger.swift (in target 'StreamCore' from project 'StreamCore')
    cd /Users/admin/builder/spi-builder-workspace/.swiftpm/xcode
    builtin-SwiftPerFileCompile Array+Logger.swift
SwiftCompile normal arm64 Compiling\ TimerPublisher.swift,\ Timers.swift,\ APIKey.swift,\ BackgroundTaskScheduler.swift,\ ConnectionRecoveryHandler.swift,\ ConnectionStatus.swift,\ RetryStrategy.swift,\ URLSessionWebSocketEngine.swift /Users/admin/builder/spi-builder-workspace/Sources/StreamCore/Utils/TimerPublisher.swift /Users/admin/builder/spi-builder-workspace/Sources/StreamCore/Utils/Timers.swift /Users/admin/builder/spi-builder-workspace/Sources/StreamCore/WebSocket/Client/APIKey.swift /Users/admin/builder/spi-builder-workspace/Sources/StreamCore/WebSocket/Client/BackgroundTaskScheduler.swift /Users/admin/builder/spi-builder-workspace/Sources/StreamCore/WebSocket/Client/ConnectionRecoveryHandler.swift /Users/admin/builder/spi-builder-workspace/Sources/StreamCore/WebSocket/Client/ConnectionStatus.swift /Users/admin/builder/spi-builder-workspace/Sources/StreamCore/WebSocket/Client/RetryStrategy.swift /Users/admin/builder/spi-builder-workspace/Sources/StreamCore/WebSocket/Client/URLSessionWebSocketEngine.swift (in target 'StreamCore' from project 'StreamCore')
/Users/admin/builder/spi-builder-workspace/Sources/StreamCore/WebSocket/Client/WebSocketClient.swift:106:35: warning: 'AllocatedUnfairLock' was deprecated in iOS 1.0: Use OSAllocatedUnfairLock instead [#DeprecatedDeclaration]
104 |     }
105 |
106 |     private let _connectRequest = AllocatedUnfairLock<URLRequest?>(nil)
    |                                   `- warning: 'AllocatedUnfairLock' was deprecated in iOS 1.0: Use OSAllocatedUnfairLock instead [#DeprecatedDeclaration]
107 |
108 |     let requiresAuth: Bool
/Users/admin/builder/spi-builder-workspace/Sources/StreamCore/WebSocket/Client/WebSocketClient.swift:122:27: warning: 'AllocatedUnfairLock' was deprecated in iOS 1.0: Use OSAllocatedUnfairLock instead [#DeprecatedDeclaration]
120 |     }
121 |
122 |     private let _engine = AllocatedUnfairLock<WebSocketEngine?>(nil)
    |                           `- warning: 'AllocatedUnfairLock' was deprecated in iOS 1.0: Use OSAllocatedUnfairLock instead [#DeprecatedDeclaration]
123 |
124 |     /// The queue on which web socket engine methods are called.
[#DeprecatedDeclaration]: <https://docs.swift.org/compiler/documentation/diagnostics/deprecated-declaration>
SwiftCompile normal arm64 /Users/admin/builder/spi-builder-workspace/Sources/StreamCore/Utils/TimerPublisher.swift (in target 'StreamCore' from project 'StreamCore')
    cd /Users/admin/builder/spi-builder-workspace/.swiftpm/xcode
    builtin-SwiftPerFileCompile TimerPublisher.swift
SwiftCompile normal arm64 /Users/admin/builder/spi-builder-workspace/Sources/StreamCore/Utils/Timers.swift (in target 'StreamCore' from project 'StreamCore')
    cd /Users/admin/builder/spi-builder-workspace/.swiftpm/xcode
    builtin-SwiftPerFileCompile Timers.swift
SwiftCompile normal arm64 /Users/admin/builder/spi-builder-workspace/Sources/StreamCore/WebSocket/Client/APIKey.swift (in target 'StreamCore' from project 'StreamCore')
    cd /Users/admin/builder/spi-builder-workspace/.swiftpm/xcode
    builtin-SwiftPerFileCompile APIKey.swift
SwiftCompile normal arm64 /Users/admin/builder/spi-builder-workspace/Sources/StreamCore/WebSocket/Client/BackgroundTaskScheduler.swift (in target 'StreamCore' from project 'StreamCore')
    cd /Users/admin/builder/spi-builder-workspace/.swiftpm/xcode
    builtin-SwiftPerFileCompile BackgroundTaskScheduler.swift
SwiftCompile normal arm64 /Users/admin/builder/spi-builder-workspace/Sources/StreamCore/WebSocket/Client/ConnectionRecoveryHandler.swift (in target 'StreamCore' from project 'StreamCore')
    cd /Users/admin/builder/spi-builder-workspace/.swiftpm/xcode
    builtin-SwiftPerFileCompile ConnectionRecoveryHandler.swift
SwiftCompile normal arm64 /Users/admin/builder/spi-builder-workspace/Sources/StreamCore/WebSocket/Client/ConnectionStatus.swift (in target 'StreamCore' from project 'StreamCore')
    cd /Users/admin/builder/spi-builder-workspace/.swiftpm/xcode
    builtin-SwiftPerFileCompile ConnectionStatus.swift
SwiftCompile normal arm64 /Users/admin/builder/spi-builder-workspace/Sources/StreamCore/WebSocket/Client/RetryStrategy.swift (in target 'StreamCore' from project 'StreamCore')
    cd /Users/admin/builder/spi-builder-workspace/.swiftpm/xcode
    builtin-SwiftPerFileCompile RetryStrategy.swift
SwiftCompile normal arm64 /Users/admin/builder/spi-builder-workspace/Sources/StreamCore/WebSocket/Client/URLSessionWebSocketEngine.swift (in target 'StreamCore' from project 'StreamCore')
    cd /Users/admin/builder/spi-builder-workspace/.swiftpm/xcode
    builtin-SwiftPerFileCompile URLSessionWebSocketEngine.swift
SwiftDriverJobDiscovery normal arm64 Emitting module for StreamCore (in target 'StreamCore' from project 'StreamCore')
SwiftDriverJobDiscovery normal arm64 Compiling RFC3339DateFormatter.swift, RawJSON.swift, ReflectiveStringConvertible.swift, StateBuilder.swift, StreamRuntimeCheck.swift, StringExtensions.swift, SystemEnvironment+Version.swift, Task+Timeout.swift (in target 'StreamCore' from project 'StreamCore')
SwiftDriver\ Compilation\ Requirements StreamCore normal arm64 com.apple.xcode.tools.swift.compiler (in target 'StreamCore' from project 'StreamCore')
    cd /Users/admin/builder/spi-builder-workspace/.swiftpm/xcode
    builtin-Swift-Compilation-Requirements -- /Applications/Xcode-27.0.0.app/Contents/Developer/Toolchains/XcodeDefault.xctoolchain/usr/bin/swiftc -parse-as-library -module-name StreamCore -Onone @/Users/admin/builder/spi-builder-workspace/.derivedData/Build/Intermediates.noindex/StreamCore.build/Debug-xros/StreamCore-t.build/Objects-normal/arm64/StreamCore.SwiftFileList -DSWIFT_PACKAGE -DDEBUG -DSWIFT_MODULE_RESOURCE_BUNDLE_UNAVAILABLE -DXcode -plugin-path /Applications/Xcode-27.0.0.app/Contents/Developer/Toolchains/XcodeDefault.xctoolchain/usr/lib/swift/host/plugins/testing -enable-experimental-feature DebugDescriptionMacro -sdk /Applications/Xcode-27.0.0.app/Contents/Developer/Platforms/XROS.platform/Developer/SDKs/XROS27.0.sdk -target arm64-apple-xros1.0 -g -module-cache-path /Users/admin/builder/spi-builder-workspace/.derivedData/ModuleCache.noindex -Xfrontend -serialize-debugging-options -profile-coverage-mapping -profile-generate -enable-testing -index-store-path /Users/admin/builder/spi-builder-workspace/.derivedData/Index.noindex/DataStore -Xcc -D_LIBCPP_HARDENING_MODE\=_LIBCPP_HARDENING_MODE_DEBUG -swift-version 6 -I /Users/admin/builder/spi-builder-workspace/.derivedData/Build/Products/Debug-xros -Isystem /Applications/Xcode-27.0.0.app/Contents/Developer/Platforms/XROS.platform/Developer/usr/lib -F /Users/admin/builder/spi-builder-workspace/.derivedData/Build/Products/Debug-xros -F /Applications/Xcode-27.0.0.app/Contents/Developer/Platforms/XROS.platform/Developer/Library/Frameworks -F /Applications/Xcode-27.0.0.app/Contents/Developer/Platforms/XROS.platform/Developer/SDKs/XROS27.0.sdk/Developer/Library/Frameworks -emit-localized-strings -emit-localized-strings-path /Users/admin/builder/spi-builder-workspace/.derivedData/Build/Intermediates.noindex/StreamCore.build/Debug-xros/StreamCore-t.build/Objects-normal/arm64 -c -j10 -enable-batch-mode -incremental -Xcc -ivfsstatcache -Xcc /Users/admin/builder/spi-builder-workspace/.derivedData/SDKStatCaches.noindex/xros27.0-24M361-e829b21a6f8c9b70876ba0858053c04489c3c372b822c72ca60ec5271cbc7f3c.sdkstatcache -output-file-map /Users/admin/builder/spi-builder-workspace/.derivedData/Build/Intermediates.noindex/StreamCore.build/Debug-xros/StreamCore-t.build/Objects-normal/arm64/StreamCore-OutputFileMap.json -save-temps -no-color-diagnostics -explicit-module-build -module-cache-path /Users/admin/builder/spi-builder-workspace/.derivedData/Build/Intermediates.noindex/SwiftExplicitPrecompiledModules -clang-scanner-module-cache-path /Users/admin/builder/spi-builder-workspace/.derivedData/ModuleCache.noindex -sdk-module-cache-path /Users/admin/builder/spi-builder-workspace/.derivedData/SDKExplicitPrecompiledModules -emit-dependencies -emit-module -emit-module-path /Users/admin/builder/spi-builder-workspace/.derivedData/Build/Intermediates.noindex/StreamCore.build/Debug-xros/StreamCore-t.build/Objects-normal/arm64/StreamCore.swiftmodule -serialize-diagnostics -dependency-scan-serialize-diagnostics-path /Users/admin/builder/spi-builder-workspace/.derivedData/Build/Intermediates.noindex/StreamCore.build/Debug-xros/StreamCore-t.build/Objects-normal/arm64/StreamCore-dependency-scan.dia -validate-clang-modules-once -clang-build-session-file /Users/admin/builder/spi-builder-workspace/.derivedData/ModuleCache.noindex/Session.modulevalidation -Xcc -fmodules-prune-interval\=86400 -Xcc -fmodules-prune-after\=345600 -package-name spi_builder_workspace -emit-const-values -const-gather-protocols-list /Users/admin/builder/spi-builder-workspace/.derivedData/Build/Intermediates.noindex/StreamCore.build/Debug-xros/StreamCore-t.build/Objects-normal/arm64/StreamCore_const_extract_protocols.json -Xcc -I/Users/admin/builder/spi-builder-workspace/.derivedData/Build/Products/Debug-xros/include -Xcc -I/Users/admin/builder/spi-builder-workspace/.derivedData/Build/Intermediates.noindex/StreamCore.build/Debug-xros/StreamCore-t.build/DerivedSources-normal/arm64 -Xcc -I/Users/admin/builder/spi-builder-workspace/.derivedData/Build/Intermediates.noindex/StreamCore.build/Debug-xros/StreamCore-t.build/DerivedSources/arm64 -Xcc -I/Users/admin/builder/spi-builder-workspace/.derivedData/Build/Intermediates.noindex/StreamCore.build/Debug-xros/StreamCore-t.build/DerivedSources -Xcc -DSWIFT_PACKAGE -Xcc -DDEBUG\=1 -emit-objc-header -emit-objc-header-path /Users/admin/builder/spi-builder-workspace/.derivedData/Build/Intermediates.noindex/StreamCore.build/Debug-xros/StreamCore-t.build/Objects-normal/arm64/StreamCore-Swift.h -working-directory /Users/admin/builder/spi-builder-workspace/.swiftpm/xcode -experimental-emit-module-separately -disable-cmo
SwiftDriverJobDiscovery normal arm64 Compiling WebSocketClient.swift, WebSocketEngine.swift, WebSocketPingController.swift, Event.swift, EventBatcher.swift, EventMiddleware.swift, EventNotificationCenter.swift, StreamJsonDecoder.swift (in target 'StreamCore' from project 'StreamCore')
SwiftDriverJobDiscovery normal arm64 Compiling AuthMiddlewares.swift, HTTPClient.swift, Request.swift, Retries.swift, URLSession+Logging.swift, URLSessionTransport.swift, ConnectUserDetailsRequest.swift, DeliveryReceiptsPrivacySettings.swift, ReadReceiptsPrivacySettings.swift (in target 'StreamCore' from project 'StreamCore')
SwiftMergeGeneratedHeaders /Users/admin/builder/spi-builder-workspace/.derivedData/Build/Intermediates.noindex/GeneratedModuleMaps-xros/StreamCore-Swift.h /Users/admin/builder/spi-builder-workspace/.derivedData/Build/Intermediates.noindex/StreamCore.build/Debug-xros/StreamCore-t.build/Objects-normal/arm64/StreamCore-Swift.h (in target 'StreamCore' from project 'StreamCore')
    cd /Users/admin/builder/spi-builder-workspace
    builtin-swiftHeaderTool -arch arm64 /Users/admin/builder/spi-builder-workspace/.derivedData/Build/Intermediates.noindex/StreamCore.build/Debug-xros/StreamCore-t.build/Objects-normal/arm64/StreamCore-Swift.h -o /Users/admin/builder/spi-builder-workspace/.derivedData/Build/Intermediates.noindex/GeneratedModuleMaps-xros/StreamCore-Swift.h
SwiftDriverJobDiscovery normal arm64 Compiling TypingIndicatorPrivacySettings.swift, UserPrivacySettings.swift, WSAuthMessageRequest.swift, CreateDeviceRequest.swift, Device.swift, DevicesAPI.swift, ListDevicesResponse.swift, ModelResponse.swift, Filter+Local.swift (in target 'StreamCore' from project 'StreamCore')
SwiftDriverJobDiscovery normal arm64 Compiling Filter.swift, FilterOperator.swift, FilterValue+Location.swift, FilterValue.swift, Sort.swift, APIHelper.swift, CodableHelper.swift, Extensions.swift (in target 'StreamCore' from project 'StreamCore')
SwiftDriverJobDiscovery normal arm64 Compiling BaseLogDestination.swift, ConsoleLogDestination.swift, LogDestination.swift, OSLogDestination.swift, LogFormatter.swift, PrefixLogFormatter.swift, LogAttachment.swift, Logger.swift, Publisher+Logger.swift (in target 'StreamCore' from project 'StreamCore')
SwiftDriverJobDiscovery normal arm64 Compiling AllocatedUnfairLock.swift, Atomic.swift, LockQueuing.swift, RecursiveQueue.swift, StreamConcurrency.swift, UnfairQueue.swift, APIError.swift, Errors.swift, Array+Logger.swift (in target 'StreamCore' from project 'StreamCore')
SwiftDriverJobDiscovery normal arm64 Compiling TimerPublisher.swift, Timers.swift, APIKey.swift, BackgroundTaskScheduler.swift, ConnectionRecoveryHandler.swift, ConnectionStatus.swift, RetryStrategy.swift, URLSessionWebSocketEngine.swift (in target 'StreamCore' from project 'StreamCore')
Copy /Users/admin/builder/spi-builder-workspace/.derivedData/Build/Products/Debug-xros/StreamCore.swiftmodule/arm64-apple-xros.swiftmodule /Users/admin/builder/spi-builder-workspace/.derivedData/Build/Intermediates.noindex/StreamCore.build/Debug-xros/StreamCore-t.build/Objects-normal/arm64/StreamCore.swiftmodule (in target 'StreamCore' from project 'StreamCore')
    cd /Users/admin/builder/spi-builder-workspace
    builtin-copy -exclude .DS_Store -exclude CVS -exclude .svn -exclude .git -exclude .hg -resolve-src-symlinks -rename /Users/admin/builder/spi-builder-workspace/.derivedData/Build/Intermediates.noindex/StreamCore.build/Debug-xros/StreamCore-t.build/Objects-normal/arm64/StreamCore.swiftmodule /Users/admin/builder/spi-builder-workspace/.derivedData/Build/Products/Debug-xros/StreamCore.swiftmodule/arm64-apple-xros.swiftmodule
Copy /Users/admin/builder/spi-builder-workspace/.derivedData/Build/Products/Debug-xros/StreamCore.swiftmodule/arm64-apple-xros.swiftdoc /Users/admin/builder/spi-builder-workspace/.derivedData/Build/Intermediates.noindex/StreamCore.build/Debug-xros/StreamCore-t.build/Objects-normal/arm64/StreamCore.swiftdoc (in target 'StreamCore' from project 'StreamCore')
    cd /Users/admin/builder/spi-builder-workspace
    builtin-copy -exclude .DS_Store -exclude CVS -exclude .svn -exclude .git -exclude .hg -resolve-src-symlinks -rename /Users/admin/builder/spi-builder-workspace/.derivedData/Build/Intermediates.noindex/StreamCore.build/Debug-xros/StreamCore-t.build/Objects-normal/arm64/StreamCore.swiftdoc /Users/admin/builder/spi-builder-workspace/.derivedData/Build/Products/Debug-xros/StreamCore.swiftmodule/arm64-apple-xros.swiftdoc
Copy /Users/admin/builder/spi-builder-workspace/.derivedData/Build/Products/Debug-xros/StreamCore.swiftmodule/arm64-apple-xros.abi.json /Users/admin/builder/spi-builder-workspace/.derivedData/Build/Intermediates.noindex/StreamCore.build/Debug-xros/StreamCore-t.build/Objects-normal/arm64/StreamCore.abi.json (in target 'StreamCore' from project 'StreamCore')
    cd /Users/admin/builder/spi-builder-workspace
    builtin-copy -exclude .DS_Store -exclude CVS -exclude .svn -exclude .git -exclude .hg -resolve-src-symlinks -rename /Users/admin/builder/spi-builder-workspace/.derivedData/Build/Intermediates.noindex/StreamCore.build/Debug-xros/StreamCore-t.build/Objects-normal/arm64/StreamCore.abi.json /Users/admin/builder/spi-builder-workspace/.derivedData/Build/Products/Debug-xros/StreamCore.swiftmodule/arm64-apple-xros.abi.json
Copy /Users/admin/builder/spi-builder-workspace/.derivedData/Build/Products/Debug-xros/StreamCore.swiftmodule/Project/arm64-apple-xros.swiftsourceinfo /Users/admin/builder/spi-builder-workspace/.derivedData/Build/Intermediates.noindex/StreamCore.build/Debug-xros/StreamCore-t.build/Objects-normal/arm64/StreamCore.swiftsourceinfo (in target 'StreamCore' from project 'StreamCore')
    cd /Users/admin/builder/spi-builder-workspace
    builtin-copy -exclude .DS_Store -exclude CVS -exclude .svn -exclude .git -exclude .hg -resolve-src-symlinks -rename /Users/admin/builder/spi-builder-workspace/.derivedData/Build/Intermediates.noindex/StreamCore.build/Debug-xros/StreamCore-t.build/Objects-normal/arm64/StreamCore.swiftsourceinfo /Users/admin/builder/spi-builder-workspace/.derivedData/Build/Products/Debug-xros/StreamCore.swiftmodule/Project/arm64-apple-xros.swiftsourceinfo
SwiftDriverJobDiscovery normal arm64 Compiling Data+Gzip.swift, DisposableBag.swift, HTTPUtils.swift, InjectedValues.swift, InternetConnection.swift, MultipartFormData.swift, Publisher+AsyncStream.swift, Publisher+WeakAssign.swift (in target 'StreamCore' from project 'StreamCore')
SwiftDriver StreamCoreUI normal arm64 com.apple.xcode.tools.swift.compiler (in target 'StreamCoreUI' from project 'StreamCore')
    cd /Users/admin/builder/spi-builder-workspace/.swiftpm/xcode
    builtin-SwiftDriver -- /Applications/Xcode-27.0.0.app/Contents/Developer/Toolchains/XcodeDefault.xctoolchain/usr/bin/swiftc -parse-as-library -module-name StreamCoreUI -Onone @/Users/admin/builder/spi-builder-workspace/.derivedData/Build/Intermediates.noindex/StreamCore.build/Debug-xros/StreamCoreUI-t.build/Objects-normal/arm64/StreamCoreUI.SwiftFileList -DSWIFT_PACKAGE -DDEBUG -DSWIFT_MODULE_RESOURCE_BUNDLE_UNAVAILABLE -DXcode -plugin-path /Applications/Xcode-27.0.0.app/Contents/Developer/Toolchains/XcodeDefault.xctoolchain/usr/lib/swift/host/plugins/testing -enable-experimental-feature DebugDescriptionMacro -sdk /Applications/Xcode-27.0.0.app/Contents/Developer/Platforms/XROS.platform/Developer/SDKs/XROS27.0.sdk -target arm64-apple-xros1.0 -g -module-cache-path /Users/admin/builder/spi-builder-workspace/.derivedData/ModuleCache.noindex -Xfrontend -serialize-debugging-options -profile-coverage-mapping -profile-generate -enable-testing -index-store-path /Users/admin/builder/spi-builder-workspace/.derivedData/Index.noindex/DataStore -Xcc -D_LIBCPP_HARDENING_MODE\=_LIBCPP_HARDENING_MODE_DEBUG -swift-version 6 -I /Users/admin/builder/spi-builder-workspace/.derivedData/Build/Products/Debug-xros -Isystem /Applications/Xcode-27.0.0.app/Contents/Developer/Platforms/XROS.platform/Developer/usr/lib -F /Users/admin/builder/spi-builder-workspace/.derivedData/Build/Products/Debug-xros/PackageFrameworks -F /Users/admin/builder/spi-builder-workspace/.derivedData/Build/Products/Debug-xros -F /Applications/Xcode-27.0.0.app/Contents/Developer/Platforms/XROS.platform/Developer/Library/Frameworks -F /Applications/Xcode-27.0.0.app/Contents/Developer/Platforms/XROS.platform/Developer/SDKs/XROS27.0.sdk/Developer/Library/Frameworks -emit-localized-strings -emit-localized-strings-path /Users/admin/builder/spi-builder-workspace/.derivedData/Build/Intermediates.noindex/StreamCore.build/Debug-xros/StreamCoreUI-t.build/Objects-normal/arm64 -c -j10 -enable-batch-mode -incremental -Xcc -ivfsstatcache -Xcc /Users/admin/builder/spi-builder-workspace/.derivedData/SDKStatCaches.noindex/xros27.0-24M361-e829b21a6f8c9b70876ba0858053c04489c3c372b822c72ca60ec5271cbc7f3c.sdkstatcache -output-file-map /Users/admin/builder/spi-builder-workspace/.derivedData/Build/Intermediates.noindex/StreamCore.build/Debug-xros/StreamCoreUI-t.build/Objects-normal/arm64/StreamCoreUI-OutputFileMap.json -save-temps -no-color-diagnostics -explicit-module-build -module-cache-path /Users/admin/builder/spi-builder-workspace/.derivedData/Build/Intermediates.noindex/SwiftExplicitPrecompiledModules -clang-scanner-module-cache-path /Users/admin/builder/spi-builder-workspace/.derivedData/ModuleCache.noindex -sdk-module-cache-path /Users/admin/builder/spi-builder-workspace/.derivedData/SDKExplicitPrecompiledModules -emit-dependencies -emit-module -emit-module-path /Users/admin/builder/spi-builder-workspace/.derivedData/Build/Intermediates.noindex/StreamCore.build/Debug-xros/StreamCoreUI-t.build/Objects-normal/arm64/StreamCoreUI.swiftmodule -serialize-diagnostics -dependency-scan-serialize-diagnostics-path /Users/admin/builder/spi-builder-workspace/.derivedData/Build/Intermediates.noindex/StreamCore.build/Debug-xros/StreamCoreUI-t.build/Objects-normal/arm64/StreamCoreUI-dependency-scan.dia -validate-clang-modules-once -clang-build-session-file /Users/admin/builder/spi-builder-workspace/.derivedData/ModuleCache.noindex/Session.modulevalidation -Xcc -fmodules-prune-interval\=86400 -Xcc -fmodules-prune-after\=345600 -package-name spi_builder_workspace -emit-const-values -const-gather-protocols-list /Users/admin/builder/spi-builder-workspace/.derivedData/Build/Intermediates.noindex/StreamCore.build/Debug-xros/StreamCoreUI-t.build/Objects-normal/arm64/StreamCoreUI_const_extract_protocols.json -Xcc -I/Users/admin/builder/spi-builder-workspace/.derivedData/Build/Products/Debug-xros/include -Xcc -I/Users/admin/builder/spi-builder-workspace/.derivedData/Build/Intermediates.noindex/StreamCore.build/Debug-xros/StreamCoreUI-t.build/DerivedSources-normal/arm64 -Xcc -I/Users/admin/builder/spi-builder-workspace/.derivedData/Build/Intermediates.noindex/StreamCore.build/Debug-xros/StreamCoreUI-t.build/DerivedSources/arm64 -Xcc -I/Users/admin/builder/spi-builder-workspace/.derivedData/Build/Intermediates.noindex/StreamCore.build/Debug-xros/StreamCoreUI-t.build/DerivedSources -Xcc -DSWIFT_PACKAGE -Xcc -DDEBUG\=1 -emit-objc-header -emit-objc-header-path /Users/admin/builder/spi-builder-workspace/.derivedData/Build/Intermediates.noindex/StreamCore.build/Debug-xros/StreamCoreUI-t.build/Objects-normal/arm64/StreamCoreUI-Swift.h -working-directory /Users/admin/builder/spi-builder-workspace/.swiftpm/xcode -experimental-emit-module-separately -disable-cmo
SwiftDriver StreamAttachments normal arm64 com.apple.xcode.tools.swift.compiler (in target 'StreamAttachments' from project 'StreamCore')
    cd /Users/admin/builder/spi-builder-workspace/.swiftpm/xcode
    builtin-SwiftDriver -- /Applications/Xcode-27.0.0.app/Contents/Developer/Toolchains/XcodeDefault.xctoolchain/usr/bin/swiftc -parse-as-library -module-name StreamAttachments -Onone @/Users/admin/builder/spi-builder-workspace/.derivedData/Build/Intermediates.noindex/StreamCore.build/Debug-xros/StreamAttachments-t.build/Objects-normal/arm64/StreamAttachments.SwiftFileList -DSWIFT_PACKAGE -DDEBUG -DSWIFT_MODULE_RESOURCE_BUNDLE_UNAVAILABLE -DXcode -plugin-path /Applications/Xcode-27.0.0.app/Contents/Developer/Toolchains/XcodeDefault.xctoolchain/usr/lib/swift/host/plugins/testing -enable-experimental-feature DebugDescriptionMacro -sdk /Applications/Xcode-27.0.0.app/Contents/Developer/Platforms/XROS.platform/Developer/SDKs/XROS27.0.sdk -target arm64-apple-xros1.0 -g -module-cache-path /Users/admin/builder/spi-builder-workspace/.derivedData/ModuleCache.noindex -Xfrontend -serialize-debugging-options -profile-coverage-mapping -profile-generate -enable-testing -index-store-path /Users/admin/builder/spi-builder-workspace/.derivedData/Index.noindex/DataStore -Xcc -D_LIBCPP_HARDENING_MODE\=_LIBCPP_HARDENING_MODE_DEBUG -swift-version 6 -I /Users/admin/builder/spi-builder-workspace/.derivedData/Build/Products/Debug-xros -Isystem /Applications/Xcode-27.0.0.app/Contents/Developer/Platforms/XROS.platform/Developer/usr/lib -F /Users/admin/builder/spi-builder-workspace/.derivedData/Build/Products/Debug-xros/PackageFrameworks -F /Users/admin/builder/spi-builder-workspace/.derivedData/Build/Products/Debug-xros -F /Applications/Xcode-27.0.0.app/Contents/Developer/Platforms/XROS.platform/Developer/Library/Frameworks -F /Applications/Xcode-27.0.0.app/Contents/Developer/Platforms/XROS.platform/Developer/SDKs/XROS27.0.sdk/Developer/Library/Frameworks -emit-localized-strings -emit-localized-strings-path /Users/admin/builder/spi-builder-workspace/.derivedData/Build/Intermediates.noindex/StreamCore.build/Debug-xros/StreamAttachments-t.build/Objects-normal/arm64 -c -j10 -enable-batch-mode -incremental -Xcc -ivfsstatcache -Xcc /Users/admin/builder/spi-builder-workspace/.derivedData/SDKStatCaches.noindex/xros27.0-24M361-e829b21a6f8c9b70876ba0858053c04489c3c372b822c72ca60ec5271cbc7f3c.sdkstatcache -output-file-map /Users/admin/builder/spi-builder-workspace/.derivedData/Build/Intermediates.noindex/StreamCore.build/Debug-xros/StreamAttachments-t.build/Objects-normal/arm64/StreamAttachments-OutputFileMap.json -save-temps -no-color-diagnostics -explicit-module-build -module-cache-path /Users/admin/builder/spi-builder-workspace/.derivedData/Build/Intermediates.noindex/SwiftExplicitPrecompiledModules -clang-scanner-module-cache-path /Users/admin/builder/spi-builder-workspace/.derivedData/ModuleCache.noindex -sdk-module-cache-path /Users/admin/builder/spi-builder-workspace/.derivedData/SDKExplicitPrecompiledModules -emit-dependencies -emit-module -emit-module-path /Users/admin/builder/spi-builder-workspace/.derivedData/Build/Intermediates.noindex/StreamCore.build/Debug-xros/StreamAttachments-t.build/Objects-normal/arm64/StreamAttachments.swiftmodule -serialize-diagnostics -dependency-scan-serialize-diagnostics-path /Users/admin/builder/spi-builder-workspace/.derivedData/Build/Intermediates.noindex/StreamCore.build/Debug-xros/StreamAttachments-t.build/Objects-normal/arm64/StreamAttachments-dependency-scan.dia -validate-clang-modules-once -clang-build-session-file /Users/admin/builder/spi-builder-workspace/.derivedData/ModuleCache.noindex/Session.modulevalidation -Xcc -fmodules-prune-interval\=86400 -Xcc -fmodules-prune-after\=345600 -package-name spi_builder_workspace -emit-const-values -const-gather-protocols-list /Users/admin/builder/spi-builder-workspace/.derivedData/Build/Intermediates.noindex/StreamCore.build/Debug-xros/StreamAttachments-t.build/Objects-normal/arm64/StreamAttachments_const_extract_protocols.json -Xcc -I/Users/admin/builder/spi-builder-workspace/.derivedData/Build/Products/Debug-xros/include -Xcc -I/Users/admin/builder/spi-builder-workspace/.derivedData/Build/Intermediates.noindex/StreamCore.build/Debug-xros/StreamAttachments-t.build/DerivedSources-normal/arm64 -Xcc -I/Users/admin/builder/spi-builder-workspace/.derivedData/Build/Intermediates.noindex/StreamCore.build/Debug-xros/StreamAttachments-t.build/DerivedSources/arm64 -Xcc -I/Users/admin/builder/spi-builder-workspace/.derivedData/Build/Intermediates.noindex/StreamCore.build/Debug-xros/StreamAttachments-t.build/DerivedSources -Xcc -DSWIFT_PACKAGE -Xcc -DDEBUG\=1 -emit-objc-header -emit-objc-header-path /Users/admin/builder/spi-builder-workspace/.derivedData/Build/Intermediates.noindex/StreamCore.build/Debug-xros/StreamAttachments-t.build/Objects-normal/arm64/StreamAttachments-Swift.h -working-directory /Users/admin/builder/spi-builder-workspace/.swiftpm/xcode -experimental-emit-module-separately -disable-cmo
SwiftCompile normal arm64 Compiling\ AttachmentUploader.swift,\ UploadedAttachment.swift,\ UploadedAttachmentPostProcessor.swift /Users/admin/builder/spi-builder-workspace/Sources/StreamAttachments/AttachmentUploader/AttachmentUploader.swift /Users/admin/builder/spi-builder-workspace/Sources/StreamAttachments/AttachmentUploader/UploadedAttachment.swift /Users/admin/builder/spi-builder-workspace/Sources/StreamAttachments/AttachmentUploader/UploadedAttachmentPostProcessor.swift (in target 'StreamAttachments' from project 'StreamCore')
SwiftCompile normal arm64 /Users/admin/builder/spi-builder-workspace/Sources/StreamAttachments/AttachmentUploader/AttachmentUploader.swift (in target 'StreamAttachments' from project 'StreamCore')
    cd /Users/admin/builder/spi-builder-workspace/.swiftpm/xcode
    builtin-SwiftPerFileCompile AttachmentUploader.swift
SwiftCompile normal arm64 /Users/admin/builder/spi-builder-workspace/Sources/StreamAttachments/AttachmentUploader/UploadedAttachment.swift (in target 'StreamAttachments' from project 'StreamCore')
    cd /Users/admin/builder/spi-builder-workspace/.swiftpm/xcode
    builtin-SwiftPerFileCompile UploadedAttachment.swift
SwiftCompile normal arm64 /Users/admin/builder/spi-builder-workspace/Sources/StreamAttachments/AttachmentUploader/UploadedAttachmentPostProcessor.swift (in target 'StreamAttachments' from project 'StreamCore')
    cd /Users/admin/builder/spi-builder-workspace/.swiftpm/xcode
    builtin-SwiftPerFileCompile UploadedAttachmentPostProcessor.swift
SwiftCompile normal arm64 Compiling\ StreamAttachment.swift,\ StreamAudioAttachment.swift /Users/admin/builder/spi-builder-workspace/Sources/StreamAttachments/Attachments/StreamAttachment.swift /Users/admin/builder/spi-builder-workspace/Sources/StreamAttachments/Attachments/StreamAudioAttachment.swift (in target 'StreamAttachments' from project 'StreamCore')
SwiftCompile normal arm64 /Users/admin/builder/spi-builder-workspace/Sources/StreamAttachments/Attachments/StreamAttachment.swift (in target 'StreamAttachments' from project 'StreamCore')
    cd /Users/admin/builder/spi-builder-workspace/.swiftpm/xcode
    builtin-SwiftPerFileCompile StreamAttachment.swift
SwiftCompile normal arm64 /Users/admin/builder/spi-builder-workspace/Sources/StreamAttachments/Attachments/StreamAudioAttachment.swift (in target 'StreamAttachments' from project 'StreamCore')
    cd /Users/admin/builder/spi-builder-workspace/.swiftpm/xcode
    builtin-SwiftPerFileCompile StreamAudioAttachment.swift
SwiftCompile normal arm64 Compiling\ StreamFileAttachment.swift,\ StreamGiphyAttachment.swift /Users/admin/builder/spi-builder-workspace/Sources/StreamAttachments/Attachments/StreamFileAttachment.swift /Users/admin/builder/spi-builder-workspace/Sources/StreamAttachments/Attachments/StreamGiphyAttachment.swift (in target 'StreamAttachments' from project 'StreamCore')
SwiftCompile normal arm64 /Users/admin/builder/spi-builder-workspace/Sources/StreamAttachments/Attachments/StreamFileAttachment.swift (in target 'StreamAttachments' from project 'StreamCore')
    cd /Users/admin/builder/spi-builder-workspace/.swiftpm/xcode
    builtin-SwiftPerFileCompile StreamFileAttachment.swift
SwiftCompile normal arm64 /Users/admin/builder/spi-builder-workspace/Sources/StreamAttachments/Attachments/StreamGiphyAttachment.swift (in target 'StreamAttachments' from project 'StreamCore')
    cd /Users/admin/builder/spi-builder-workspace/.swiftpm/xcode
    builtin-SwiftPerFileCompile StreamGiphyAttachment.swift
SwiftCompile normal arm64 Compiling\ StreamImageAttachment.swift,\ StreamLinkAttachment.swift /Users/admin/builder/spi-builder-workspace/Sources/StreamAttachments/Attachments/StreamImageAttachment.swift /Users/admin/builder/spi-builder-workspace/Sources/StreamAttachments/Attachments/StreamLinkAttachment.swift (in target 'StreamAttachments' from project 'StreamCore')
SwiftCompile normal arm64 /Users/admin/builder/spi-builder-workspace/Sources/StreamAttachments/Attachments/StreamImageAttachment.swift (in target 'StreamAttachments' from project 'StreamCore')
    cd /Users/admin/builder/spi-builder-workspace/.swiftpm/xcode
    builtin-SwiftPerFileCompile StreamImageAttachment.swift
SwiftCompile normal arm64 /Users/admin/builder/spi-builder-workspace/Sources/StreamAttachments/Attachments/StreamLinkAttachment.swift (in target 'StreamAttachments' from project 'StreamCore')
    cd /Users/admin/builder/spi-builder-workspace/.swiftpm/xcode
    builtin-SwiftPerFileCompile StreamLinkAttachment.swift
SwiftCompile normal arm64 Compiling\ StreamVideoAttachment.swift,\ StreamVoiceRecordingAttachment.swift /Users/admin/builder/spi-builder-workspace/Sources/StreamAttachments/Attachments/StreamVideoAttachment.swift /Users/admin/builder/spi-builder-workspace/Sources/StreamAttachments/Attachments/StreamVoiceRecordingAttachment.swift (in target 'StreamAttachments' from project 'StreamCore')
SwiftCompile normal arm64 /Users/admin/builder/spi-builder-workspace/Sources/StreamAttachments/Attachments/StreamVideoAttachment.swift (in target 'StreamAttachments' from project 'StreamCore')
    cd /Users/admin/builder/spi-builder-workspace/.swiftpm/xcode
    builtin-SwiftPerFileCompile StreamVideoAttachment.swift
SwiftCompile normal arm64 /Users/admin/builder/spi-builder-workspace/Sources/StreamAttachments/Attachments/StreamVoiceRecordingAttachment.swift (in target 'StreamAttachments' from project 'StreamCore')
    cd /Users/admin/builder/spi-builder-workspace/.swiftpm/xcode
    builtin-SwiftPerFileCompile StreamVoiceRecordingAttachment.swift
SwiftCompile normal arm64 Compiling\ AnyAttachmentPayload.swift,\ AnyEncodable.swift,\ AttachmentId.swift /Users/admin/builder/spi-builder-workspace/Sources/StreamAttachments/Attachments/AnyAttachmentPayload.swift /Users/admin/builder/spi-builder-workspace/Sources/StreamAttachments/Attachments/AnyEncodable.swift /Users/admin/builder/spi-builder-workspace/Sources/StreamAttachments/Attachments/AttachmentId.swift (in target 'StreamAttachments' from project 'StreamCore')
SwiftCompile normal arm64 /Users/admin/builder/spi-builder-workspace/Sources/StreamAttachments/Attachments/AnyAttachmentPayload.swift (in target 'StreamAttachments' from project 'StreamCore')
    cd /Users/admin/builder/spi-builder-workspace/.swiftpm/xcode
    builtin-SwiftPerFileCompile AnyAttachmentPayload.swift
SwiftCompile normal arm64 /Users/admin/builder/spi-builder-workspace/Sources/StreamAttachments/Attachments/AnyEncodable.swift (in target 'StreamAttachments' from project 'StreamCore')
    cd /Users/admin/builder/spi-builder-workspace/.swiftpm/xcode
    builtin-SwiftPerFileCompile AnyEncodable.swift
SwiftCompile normal arm64 /Users/admin/builder/spi-builder-workspace/Sources/StreamAttachments/Attachments/AttachmentId.swift (in target 'StreamAttachments' from project 'StreamCore')
    cd /Users/admin/builder/spi-builder-workspace/.swiftpm/xcode
    builtin-SwiftPerFileCompile AttachmentId.swift
SwiftEmitModule normal arm64 Emitting\ module\ for\ StreamAttachments (in target 'StreamAttachments' from project 'StreamCore')
SwiftCompile normal arm64 (in target 'StreamAttachments' from project 'StreamCore')
    cd /Users/admin/builder/spi-builder-workspace/.swiftpm/xcode

SwiftCompile normal arm64 Compiling\ EndpointPath.swift,\ HTTPHeader.swift /Users/admin/builder/spi-builder-workspace/Sources/StreamAttachments/HTTP/EndpointPath.swift /Users/admin/builder/spi-builder-workspace/Sources/StreamAttachments/HTTP/HTTPHeader.swift (in target 'StreamAttachments' from project 'StreamCore')
SwiftCompile normal arm64 /Users/admin/builder/spi-builder-workspace/Sources/StreamAttachments/HTTP/EndpointPath.swift (in target 'StreamAttachments' from project 'StreamCore')
    cd /Users/admin/builder/spi-builder-workspace/.swiftpm/xcode
    builtin-SwiftPerFileCompile EndpointPath.swift
SwiftCompile normal arm64 /Users/admin/builder/spi-builder-workspace/Sources/StreamAttachments/HTTP/HTTPHeader.swift (in target 'StreamAttachments' from project 'StreamCore')
    cd /Users/admin/builder/spi-builder-workspace/.swiftpm/xcode
    builtin-SwiftPerFileCompile HTTPHeader.swift
SwiftCompile normal arm64 Compiling\ RequestDecoder.swift,\ RequestEncoder.swift /Users/admin/builder/spi-builder-workspace/Sources/StreamAttachments/HTTP/RequestDecoder.swift /Users/admin/builder/spi-builder-workspace/Sources/StreamAttachments/HTTP/RequestEncoder.swift (in target 'StreamAttachments' from project 'StreamCore')
SwiftCompile normal arm64 /Users/admin/builder/spi-builder-workspace/Sources/StreamAttachments/HTTP/RequestDecoder.swift (in target 'StreamAttachments' from project 'StreamCore')
    cd /Users/admin/builder/spi-builder-workspace/.swiftpm/xcode
    builtin-SwiftPerFileCompile RequestDecoder.swift
SwiftCompile normal arm64 /Users/admin/builder/spi-builder-workspace/Sources/StreamAttachments/HTTP/RequestEncoder.swift (in target 'StreamAttachments' from project 'StreamCore')
    cd /Users/admin/builder/spi-builder-workspace/.swiftpm/xcode
    builtin-SwiftPerFileCompile RequestEncoder.swift
SwiftExplicitDependencyGeneratePcm arm64 /Users/admin/builder/spi-builder-workspace/.derivedData/SDKExplicitPrecompiledModules/SwiftUI-A70JZRCQ3O5721AB66L2XMIT6.pcm
SwiftDriverJobDiscovery normal arm64 Compiling EndpointPath.swift, HTTPHeader.swift (in target 'StreamAttachments' from project 'StreamCore')
SwiftExplicitDependencyGeneratePcm arm64 /Users/admin/builder/spi-builder-workspace/.derivedData/SDKExplicitPrecompiledModules/MultipeerConnectivity-7FVCGGR5U6WZANAAZIEPXFRBS.pcm
SwiftDriverJobDiscovery normal arm64 Compiling AttachmentUploader.swift, UploadedAttachment.swift, UploadedAttachmentPostProcessor.swift (in target 'StreamAttachments' from project 'StreamCore')
SwiftExplicitDependencyGeneratePcm arm64 /Users/admin/builder/spi-builder-workspace/.derivedData/SDKExplicitPrecompiledModules/GameController-D6F0JXTVAKGPZ1IATEO2241FC.pcm
SwiftExplicitDependencyGeneratePcm arm64 /Users/admin/builder/spi-builder-workspace/.derivedData/SDKExplicitPrecompiledModules/ShaderGraph-3SLE58FAV4GPJH7I7ZQS3MR33.pcm
SwiftDriverJobDiscovery normal arm64 Emitting module for StreamAttachments (in target 'StreamAttachments' from project 'StreamCore')
SwiftDriver\ Compilation\ Requirements StreamAttachments normal arm64 com.apple.xcode.tools.swift.compiler (in target 'StreamAttachments' from project 'StreamCore')
    cd /Users/admin/builder/spi-builder-workspace/.swiftpm/xcode
    builtin-Swift-Compilation-Requirements -- /Applications/Xcode-27.0.0.app/Contents/Developer/Toolchains/XcodeDefault.xctoolchain/usr/bin/swiftc -parse-as-library -module-name StreamAttachments -Onone @/Users/admin/builder/spi-builder-workspace/.derivedData/Build/Intermediates.noindex/StreamCore.build/Debug-xros/StreamAttachments-t.build/Objects-normal/arm64/StreamAttachments.SwiftFileList -DSWIFT_PACKAGE -DDEBUG -DSWIFT_MODULE_RESOURCE_BUNDLE_UNAVAILABLE -DXcode -plugin-path /Applications/Xcode-27.0.0.app/Contents/Developer/Toolchains/XcodeDefault.xctoolchain/usr/lib/swift/host/plugins/testing -enable-experimental-feature DebugDescriptionMacro -sdk /Applications/Xcode-27.0.0.app/Contents/Developer/Platforms/XROS.platform/Developer/SDKs/XROS27.0.sdk -target arm64-apple-xros1.0 -g -module-cache-path /Users/admin/builder/spi-builder-workspace/.derivedData/ModuleCache.noindex -Xfrontend -serialize-debugging-options -profile-coverage-mapping -profile-generate -enable-testing -index-store-path /Users/admin/builder/spi-builder-workspace/.derivedData/Index.noindex/DataStore -Xcc -D_LIBCPP_HARDENING_MODE\=_LIBCPP_HARDENING_MODE_DEBUG -swift-version 6 -I /Users/admin/builder/spi-builder-workspace/.derivedData/Build/Products/Debug-xros -Isystem /Applications/Xcode-27.0.0.app/Contents/Developer/Platforms/XROS.platform/Developer/usr/lib -F /Users/admin/builder/spi-builder-workspace/.derivedData/Build/Products/Debug-xros/PackageFrameworks -F /Users/admin/builder/spi-builder-workspace/.derivedData/Build/Products/Debug-xros -F /Applications/Xcode-27.0.0.app/Contents/Developer/Platforms/XROS.platform/Developer/Library/Frameworks -F /Applications/Xcode-27.0.0.app/Contents/Developer/Platforms/XROS.platform/Developer/SDKs/XROS27.0.sdk/Developer/Library/Frameworks -emit-localized-strings -emit-localized-strings-path /Users/admin/builder/spi-builder-workspace/.derivedData/Build/Intermediates.noindex/StreamCore.build/Debug-xros/StreamAttachments-t.build/Objects-normal/arm64 -c -j10 -enable-batch-mode -incremental -Xcc -ivfsstatcache -Xcc /Users/admin/builder/spi-builder-workspace/.derivedData/SDKStatCaches.noindex/xros27.0-24M361-e829b21a6f8c9b70876ba0858053c04489c3c372b822c72ca60ec5271cbc7f3c.sdkstatcache -output-file-map /Users/admin/builder/spi-builder-workspace/.derivedData/Build/Intermediates.noindex/StreamCore.build/Debug-xros/StreamAttachments-t.build/Objects-normal/arm64/StreamAttachments-OutputFileMap.json -save-temps -no-color-diagnostics -explicit-module-build -module-cache-path /Users/admin/builder/spi-builder-workspace/.derivedData/Build/Intermediates.noindex/SwiftExplicitPrecompiledModules -clang-scanner-module-cache-path /Users/admin/builder/spi-builder-workspace/.derivedData/ModuleCache.noindex -sdk-module-cache-path /Users/admin/builder/spi-builder-workspace/.derivedData/SDKExplicitPrecompiledModules -emit-dependencies -emit-module -emit-module-path /Users/admin/builder/spi-builder-workspace/.derivedData/Build/Intermediates.noindex/StreamCore.build/Debug-xros/StreamAttachments-t.build/Objects-normal/arm64/StreamAttachments.swiftmodule -serialize-diagnostics -dependency-scan-serialize-diagnostics-path /Users/admin/builder/spi-builder-workspace/.derivedData/Build/Intermediates.noindex/StreamCore.build/Debug-xros/StreamAttachments-t.build/Objects-normal/arm64/StreamAttachments-dependency-scan.dia -validate-clang-modules-once -clang-build-session-file /Users/admin/builder/spi-builder-workspace/.derivedData/ModuleCache.noindex/Session.modulevalidation -Xcc -fmodules-prune-interval\=86400 -Xcc -fmodules-prune-after\=345600 -package-name spi_builder_workspace -emit-const-values -const-gather-protocols-list /Users/admin/builder/spi-builder-workspace/.derivedData/Build/Intermediates.noindex/StreamCore.build/Debug-xros/StreamAttachments-t.build/Objects-normal/arm64/StreamAttachments_const_extract_protocols.json -Xcc -I/Users/admin/builder/spi-builder-workspace/.derivedData/Build/Products/Debug-xros/include -Xcc -I/Users/admin/builder/spi-builder-workspace/.derivedData/Build/Intermediates.noindex/StreamCore.build/Debug-xros/StreamAttachments-t.build/DerivedSources-normal/arm64 -Xcc -I/Users/admin/builder/spi-builder-workspace/.derivedData/Build/Intermediates.noindex/StreamCore.build/Debug-xros/StreamAttachments-t.build/DerivedSources/arm64 -Xcc -I/Users/admin/builder/spi-builder-workspace/.derivedData/Build/Intermediates.noindex/StreamCore.build/Debug-xros/StreamAttachments-t.build/DerivedSources -Xcc -DSWIFT_PACKAGE -Xcc -DDEBUG\=1 -emit-objc-header -emit-objc-header-path /Users/admin/builder/spi-builder-workspace/.derivedData/Build/Intermediates.noindex/StreamCore.build/Debug-xros/StreamAttachments-t.build/Objects-normal/arm64/StreamAttachments-Swift.h -working-directory /Users/admin/builder/spi-builder-workspace/.swiftpm/xcode -experimental-emit-module-separately -disable-cmo
SwiftExplicitDependencyGeneratePcm arm64 /Users/admin/builder/spi-builder-workspace/.derivedData/SDKExplicitPrecompiledModules/LocalAuthentication-7ZW78TNIFE0G290W128IPXPU1.pcm
SwiftMergeGeneratedHeaders /Users/admin/builder/spi-builder-workspace/.derivedData/Build/Intermediates.noindex/GeneratedModuleMaps-xros/StreamAttachments-Swift.h /Users/admin/builder/spi-builder-workspace/.derivedData/Build/Intermediates.noindex/StreamCore.build/Debug-xros/StreamAttachments-t.build/Objects-normal/arm64/StreamAttachments-Swift.h (in target 'StreamAttachments' from project 'StreamCore')
    cd /Users/admin/builder/spi-builder-workspace
    builtin-swiftHeaderTool -arch arm64 /Users/admin/builder/spi-builder-workspace/.derivedData/Build/Intermediates.noindex/StreamCore.build/Debug-xros/StreamAttachments-t.build/Objects-normal/arm64/StreamAttachments-Swift.h -o /Users/admin/builder/spi-builder-workspace/.derivedData/Build/Intermediates.noindex/GeneratedModuleMaps-xros/StreamAttachments-Swift.h
SwiftDriverJobDiscovery normal arm64 Compiling StreamFileAttachment.swift, StreamGiphyAttachment.swift (in target 'StreamAttachments' from project 'StreamCore')
Copy /Users/admin/builder/spi-builder-workspace/.derivedData/Build/Products/Debug-xros/StreamAttachments.swiftmodule/arm64-apple-xros.swiftmodule /Users/admin/builder/spi-builder-workspace/.derivedData/Build/Intermediates.noindex/StreamCore.build/Debug-xros/StreamAttachments-t.build/Objects-normal/arm64/StreamAttachments.swiftmodule (in target 'StreamAttachments' from project 'StreamCore')
    cd /Users/admin/builder/spi-builder-workspace
    builtin-copy -exclude .DS_Store -exclude CVS -exclude .svn -exclude .git -exclude .hg -resolve-src-symlinks -rename /Users/admin/builder/spi-builder-workspace/.derivedData/Build/Intermediates.noindex/StreamCore.build/Debug-xros/StreamAttachments-t.build/Objects-normal/arm64/StreamAttachments.swiftmodule /Users/admin/builder/spi-builder-workspace/.derivedData/Build/Products/Debug-xros/StreamAttachments.swiftmodule/arm64-apple-xros.swiftmodule
Copy /Users/admin/builder/spi-builder-workspace/.derivedData/Build/Products/Debug-xros/StreamAttachments.swiftmodule/arm64-apple-xros.swiftdoc /Users/admin/builder/spi-builder-workspace/.derivedData/Build/Intermediates.noindex/StreamCore.build/Debug-xros/StreamAttachments-t.build/Objects-normal/arm64/StreamAttachments.swiftdoc (in target 'StreamAttachments' from project 'StreamCore')
    cd /Users/admin/builder/spi-builder-workspace
    builtin-copy -exclude .DS_Store -exclude CVS -exclude .svn -exclude .git -exclude .hg -resolve-src-symlinks -rename /Users/admin/builder/spi-builder-workspace/.derivedData/Build/Intermediates.noindex/StreamCore.build/Debug-xros/StreamAttachments-t.build/Objects-normal/arm64/StreamAttachments.swiftdoc /Users/admin/builder/spi-builder-workspace/.derivedData/Build/Products/Debug-xros/StreamAttachments.swiftmodule/arm64-apple-xros.swiftdoc
Copy /Users/admin/builder/spi-builder-workspace/.derivedData/Build/Products/Debug-xros/StreamAttachments.swiftmodule/arm64-apple-xros.abi.json /Users/admin/builder/spi-builder-workspace/.derivedData/Build/Intermediates.noindex/StreamCore.build/Debug-xros/StreamAttachments-t.build/Objects-normal/arm64/StreamAttachments.abi.json (in target 'StreamAttachments' from project 'StreamCore')
    cd /Users/admin/builder/spi-builder-workspace
    builtin-copy -exclude .DS_Store -exclude CVS -exclude .svn -exclude .git -exclude .hg -resolve-src-symlinks -rename /Users/admin/builder/spi-builder-workspace/.derivedData/Build/Intermediates.noindex/StreamCore.build/Debug-xros/StreamAttachments-t.build/Objects-normal/arm64/StreamAttachments.abi.json /Users/admin/builder/spi-builder-workspace/.derivedData/Build/Products/Debug-xros/StreamAttachments.swiftmodule/arm64-apple-xros.abi.json
Copy /Users/admin/builder/spi-builder-workspace/.derivedData/Build/Products/Debug-xros/StreamAttachments.swiftmodule/Project/arm64-apple-xros.swiftsourceinfo /Users/admin/builder/spi-builder-workspace/.derivedData/Build/Intermediates.noindex/StreamCore.build/Debug-xros/StreamAttachments-t.build/Objects-normal/arm64/StreamAttachments.swiftsourceinfo (in target 'StreamAttachments' from project 'StreamCore')
    cd /Users/admin/builder/spi-builder-workspace
    builtin-copy -exclude .DS_Store -exclude CVS -exclude .svn -exclude .git -exclude .hg -resolve-src-symlinks -rename /Users/admin/builder/spi-builder-workspace/.derivedData/Build/Intermediates.noindex/StreamCore.build/Debug-xros/StreamAttachments-t.build/Objects-normal/arm64/StreamAttachments.swiftsourceinfo /Users/admin/builder/spi-builder-workspace/.derivedData/Build/Products/Debug-xros/StreamAttachments.swiftmodule/Project/arm64-apple-xros.swiftsourceinfo
SwiftExplicitDependencyGeneratePcm arm64 /Users/admin/builder/spi-builder-workspace/.derivedData/SDKExplicitPrecompiledModules/RealityCoreTextureProcessing-6Y4N59XB40ELBYBHXMC6012K8.pcm
SwiftExplicitDependencyGeneratePcm arm64 /Users/admin/builder/spi-builder-workspace/.derivedData/SDKExplicitPrecompiledModules/GroupActivities-4MCGN686FWAAZFNLHXGQ62GKC.pcm
SwiftExplicitDependencyCompileModuleFromInterface arm64 /Users/admin/builder/spi-builder-workspace/.derivedData/SDKExplicitPrecompiledModules/RealityCoreDeformation-2WG2UK5E2FI5C.swiftmodule
SwiftDriverJobDiscovery normal arm64 Compiling StreamAttachment.swift, StreamAudioAttachment.swift (in target 'StreamAttachments' from project 'StreamCore')
SwiftExplicitDependencyGeneratePcm arm64 /Users/admin/builder/spi-builder-workspace/.derivedData/SDKExplicitPrecompiledModules/CoreML-9JXSBGAGXRFNSFQ00RXGEVY3P.pcm
SwiftDriverJobDiscovery normal arm64 Compiling AnyAttachmentPayload.swift, AnyEncodable.swift, AttachmentId.swift (in target 'StreamAttachments' from project 'StreamCore')
SwiftExplicitDependencyGeneratePcm arm64 /Users/admin/builder/spi-builder-workspace/.derivedData/SDKExplicitPrecompiledModules/AVRouting-82CNZ2BK764ZCAYOHEGWUUNP6.pcm
SwiftExplicitDependencyCompileModuleFromInterface arm64 /Users/admin/builder/spi-builder-workspace/.derivedData/SDKExplicitPrecompiledModules/ShaderGraph-YZKU8WN14GBS.swiftmodule
SwiftExplicitDependencyGeneratePcm arm64 /Users/admin/builder/spi-builder-workspace/.derivedData/SDKExplicitPrecompiledModules/CloudKit-DN1WLWL1BV8PM2NQ11Q429EOK.pcm
SwiftDriverJobDiscovery normal arm64 Compiling StreamVideoAttachment.swift, StreamVoiceRecordingAttachment.swift (in target 'StreamAttachments' from project 'StreamCore')
SwiftExplicitDependencyGeneratePcm arm64 /Users/admin/builder/spi-builder-workspace/.derivedData/SDKExplicitPrecompiledModules/ARKitFoundation-3VNTYIVYKO60E9TDV6D0OVC5Q.pcm
SwiftExplicitDependencyGeneratePcm arm64 /Users/admin/builder/spi-builder-workspace/.derivedData/SDKExplicitPrecompiledModules/CoreAudioTypes-7GNYK2OHNU3N5J309KBGTWBY2.pcm
SwiftExplicitDependencyCompileModuleFromInterface arm64 /Users/admin/builder/spi-builder-workspace/.derivedData/SDKExplicitPrecompiledModules/RealityCoreTextureProcessing-KM4KOPXSCGKK.swiftmodule
SwiftDriverJobDiscovery normal arm64 Compiling StreamImageAttachment.swift, StreamLinkAttachment.swift (in target 'StreamAttachments' from project 'StreamCore')
SwiftExplicitDependencyGeneratePcm arm64 /Users/admin/builder/spi-builder-workspace/.derivedData/SDKExplicitPrecompiledModules/CoreMIDI-5Z1U6Z1F8FMO586TNKE9UPACS.pcm
SwiftCompile normal arm64 Compiling\ AttachmentType.swift,\ DictionaryExtensions.swift /Users/admin/builder/spi-builder-workspace/Sources/StreamAttachments/Attachments/AttachmentType.swift /Users/admin/builder/spi-builder-workspace/Sources/StreamAttachments/Attachments/DictionaryExtensions.swift (in target 'StreamAttachments' from project 'StreamCore')
SwiftCompile normal arm64 /Users/admin/builder/spi-builder-workspace/Sources/StreamAttachments/Attachments/AttachmentType.swift (in target 'StreamAttachments' from project 'StreamCore')
    cd /Users/admin/builder/spi-builder-workspace/.swiftpm/xcode
    builtin-SwiftPerFileCompile AttachmentType.swift
SwiftCompile normal arm64 /Users/admin/builder/spi-builder-workspace/Sources/StreamAttachments/Attachments/DictionaryExtensions.swift (in target 'StreamAttachments' from project 'StreamCore')
    cd /Users/admin/builder/spi-builder-workspace/.swiftpm/xcode
    builtin-SwiftPerFileCompile DictionaryExtensions.swift
SwiftExplicitDependencyGeneratePcm arm64 /Users/admin/builder/spi-builder-workspace/.derivedData/SDKExplicitPrecompiledModules/CoreAudio-DGYORCEP67CWHUGB90TG0XB20.pcm
SwiftCompile normal arm64 Compiling\ CDNClient.swift,\ Endpoint.swift /Users/admin/builder/spi-builder-workspace/Sources/StreamAttachments/CDNClient/CDNClient.swift /Users/admin/builder/spi-builder-workspace/Sources/StreamAttachments/HTTP/Endpoint.swift (in target 'StreamAttachments' from project 'StreamCore')
/Users/admin/builder/spi-builder-workspace/Sources/StreamAttachments/CDNClient/CDNClient.swift:143:45: warning: reference to captured var 'urlRequest' in concurrently-executing code [#SendableClosureCaptures]
141 |                         error: error
142 |                     )
143 |                     Self.logUpload(request: urlRequest, response: response, responseBody: data, error: nil, session: session)
    |                                             `- warning: reference to captured var 'urlRequest' in concurrently-executing code [#SendableClosureCaptures]
144 |                     completion(.success(UploadedFile(fileURL: payload.fileURL, thumbnailURL: payload.thumbURL)))
145 |                 } catch {
/Users/admin/builder/spi-builder-workspace/Sources/StreamAttachments/CDNClient/CDNClient.swift:146:45: warning: reference to captured var 'urlRequest' in concurrently-executing code [#SendableClosureCaptures]
144 |                     completion(.success(UploadedFile(fileURL: payload.fileURL, thumbnailURL: payload.thumbURL)))
145 |                 } catch {
146 |                     Self.logUpload(request: urlRequest, response: response, responseBody: data, error: error, session: session)
    |                                             `- warning: reference to captured var 'urlRequest' in concurrently-executing code [#SendableClosureCaptures]
147 |                     completion(.failure(error))
148 |                 }
[#SendableClosureCaptures]: <https://docs.swift.org/compiler/documentation/diagnostics/sendable-closure-captures>
SwiftCompile normal arm64 /Users/admin/builder/spi-builder-workspace/Sources/StreamAttachments/CDNClient/CDNClient.swift (in target 'StreamAttachments' from project 'StreamCore')
    cd /Users/admin/builder/spi-builder-workspace/.swiftpm/xcode
    builtin-SwiftPerFileCompile CDNClient.swift
SwiftCompile normal arm64 /Users/admin/builder/spi-builder-workspace/Sources/StreamAttachments/HTTP/Endpoint.swift (in target 'StreamAttachments' from project 'StreamCore')
    cd /Users/admin/builder/spi-builder-workspace/.swiftpm/xcode
    builtin-SwiftPerFileCompile Endpoint.swift
SwiftExplicitDependencyGeneratePcm arm64 /Users/admin/builder/spi-builder-workspace/.derivedData/SDKExplicitPrecompiledModules/CoreMedia-842OS78M433JUMX4QPIKFUIKT.pcm
SwiftDriverJobDiscovery normal arm64 Compiling JSONDataEncoding.swift, Models.swift, OpenISO8601DateFormatter.swift, User.swift, UserToken.swift, ApplicationStateAdapter.swift, BoxedAny.swift, BundleExtensions.swift (in target 'StreamCore' from project 'StreamCore')
SwiftDriver\ Compilation StreamCore normal arm64 com.apple.xcode.tools.swift.compiler (in target 'StreamCore' from project 'StreamCore')
    cd /Users/admin/builder/spi-builder-workspace/.swiftpm/xcode
    builtin-Swift-Compilation -- /Applications/Xcode-27.0.0.app/Contents/Developer/Toolchains/XcodeDefault.xctoolchain/usr/bin/swiftc -parse-as-library -module-name StreamCore -Onone @/Users/admin/builder/spi-builder-workspace/.derivedData/Build/Intermediates.noindex/StreamCore.build/Debug-xros/StreamCore-t.build/Objects-normal/arm64/StreamCore.SwiftFileList -DSWIFT_PACKAGE -DDEBUG -DSWIFT_MODULE_RESOURCE_BUNDLE_UNAVAILABLE -DXcode -plugin-path /Applications/Xcode-27.0.0.app/Contents/Developer/Toolchains/XcodeDefault.xctoolchain/usr/lib/swift/host/plugins/testing -enable-experimental-feature DebugDescriptionMacro -sdk /Applications/Xcode-27.0.0.app/Contents/Developer/Platforms/XROS.platform/Developer/SDKs/XROS27.0.sdk -target arm64-apple-xros1.0 -g -module-cache-path /Users/admin/builder/spi-builder-workspace/.derivedData/ModuleCache.noindex -Xfrontend -serialize-debugging-options -profile-coverage-mapping -profile-generate -enable-testing -index-store-path /Users/admin/builder/spi-builder-workspace/.derivedData/Index.noindex/DataStore -Xcc -D_LIBCPP_HARDENING_MODE\=_LIBCPP_HARDENING_MODE_DEBUG -swift-version 6 -I /Users/admin/builder/spi-builder-workspace/.derivedData/Build/Products/Debug-xros -Isystem /Applications/Xcode-27.0.0.app/Contents/Developer/Platforms/XROS.platform/Developer/usr/lib -F /Users/admin/builder/spi-builder-workspace/.derivedData/Build/Products/Debug-xros -F /Applications/Xcode-27.0.0.app/Contents/Developer/Platforms/XROS.platform/Developer/Library/Frameworks -F /Applications/Xcode-27.0.0.app/Contents/Developer/Platforms/XROS.platform/Developer/SDKs/XROS27.0.sdk/Developer/Library/Frameworks -emit-localized-strings -emit-localized-strings-path /Users/admin/builder/spi-builder-workspace/.derivedData/Build/Intermediates.noindex/StreamCore.build/Debug-xros/StreamCore-t.build/Objects-normal/arm64 -c -j10 -enable-batch-mode -incremental -Xcc -ivfsstatcache -Xcc /Users/admin/builder/spi-builder-workspace/.derivedData/SDKStatCaches.noindex/xros27.0-24M361-e829b21a6f8c9b70876ba0858053c04489c3c372b822c72ca60ec5271cbc7f3c.sdkstatcache -output-file-map /Users/admin/builder/spi-builder-workspace/.derivedData/Build/Intermediates.noindex/StreamCore.build/Debug-xros/StreamCore-t.build/Objects-normal/arm64/StreamCore-OutputFileMap.json -save-temps -no-color-diagnostics -explicit-module-build -module-cache-path /Users/admin/builder/spi-builder-workspace/.derivedData/Build/Intermediates.noindex/SwiftExplicitPrecompiledModules -clang-scanner-module-cache-path /Users/admin/builder/spi-builder-workspace/.derivedData/ModuleCache.noindex -sdk-module-cache-path /Users/admin/builder/spi-builder-workspace/.derivedData/SDKExplicitPrecompiledModules -emit-dependencies -emit-module -emit-module-path /Users/admin/builder/spi-builder-workspace/.derivedData/Build/Intermediates.noindex/StreamCore.build/Debug-xros/StreamCore-t.build/Objects-normal/arm64/StreamCore.swiftmodule -serialize-diagnostics -dependency-scan-serialize-diagnostics-path /Users/admin/builder/spi-builder-workspace/.derivedData/Build/Intermediates.noindex/StreamCore.build/Debug-xros/StreamCore-t.build/Objects-normal/arm64/StreamCore-dependency-scan.dia -validate-clang-modules-once -clang-build-session-file /Users/admin/builder/spi-builder-workspace/.derivedData/ModuleCache.noindex/Session.modulevalidation -Xcc -fmodules-prune-interval\=86400 -Xcc -fmodules-prune-after\=345600 -package-name spi_builder_workspace -emit-const-values -const-gather-protocols-list /Users/admin/builder/spi-builder-workspace/.derivedData/Build/Intermediates.noindex/StreamCore.build/Debug-xros/StreamCore-t.build/Objects-normal/arm64/StreamCore_const_extract_protocols.json -Xcc -I/Users/admin/builder/spi-builder-workspace/.derivedData/Build/Products/Debug-xros/include -Xcc -I/Users/admin/builder/spi-builder-workspace/.derivedData/Build/Intermediates.noindex/StreamCore.build/Debug-xros/StreamCore-t.build/DerivedSources-normal/arm64 -Xcc -I/Users/admin/builder/spi-builder-workspace/.derivedData/Build/Intermediates.noindex/StreamCore.build/Debug-xros/StreamCore-t.build/DerivedSources/arm64 -Xcc -I/Users/admin/builder/spi-builder-workspace/.derivedData/Build/Intermediates.noindex/StreamCore.build/Debug-xros/StreamCore-t.build/DerivedSources -Xcc -DSWIFT_PACKAGE -Xcc -DDEBUG\=1 -emit-objc-header -emit-objc-header-path /Users/admin/builder/spi-builder-workspace/.derivedData/Build/Intermediates.noindex/StreamCore.build/Debug-xros/StreamCore-t.build/Objects-normal/arm64/StreamCore-Swift.h -working-directory /Users/admin/builder/spi-builder-workspace/.swiftpm/xcode -experimental-emit-module-separately -disable-cmo
Ld /Users/admin/builder/spi-builder-workspace/.derivedData/Build/Products/Debug-xros/StreamCore.o normal (in target 'StreamCore' from project 'StreamCore')
    cd /Users/admin/builder/spi-builder-workspace
    /Applications/Xcode-27.0.0.app/Contents/Developer/Toolchains/XcodeDefault.xctoolchain/usr/bin/clang -Xlinker -reproducible -target arm64-apple-xros1.0 -r -isysroot /Applications/Xcode-27.0.0.app/Contents/Developer/Platforms/XROS.platform/Developer/SDKs/XROS27.0.sdk -O0 -Xlinker -no_warn_duplicate_libraries -F/Users/admin/builder/spi-builder-workspace/.derivedData/Build/Intermediates.noindex/EagerLinkingTBDs/Debug-xros -F/Users/admin/builder/spi-builder-workspace/.derivedData/Build/Products/Debug-xros -iframework /Applications/Xcode-27.0.0.app/Contents/Developer/Platforms/XROS.platform/Developer/Library/Frameworks -iframework /Applications/Xcode-27.0.0.app/Contents/Developer/Platforms/XROS.platform/Developer/SDKs/XROS27.0.sdk/Developer/Library/Frameworks -filelist /Users/admin/builder/spi-builder-workspace/.derivedData/Build/Intermediates.noindex/StreamCore.build/Debug-xros/StreamCore-t.build/Objects-normal/arm64/StreamCore.LinkFileList -nostdlib -Xlinker -object_path_lto -Xlinker /Users/admin/builder/spi-builder-workspace/.derivedData/Build/Intermediates.noindex/StreamCore.build/Debug-xros/StreamCore-t.build/Objects-normal/arm64/StreamCore_lto.o -Xlinker -no_deduplicate -Xlinker -debug_variant -Xlinker -dependency_info -Xlinker /Users/admin/builder/spi-builder-workspace/.derivedData/Build/Intermediates.noindex/StreamCore.build/Debug-xros/StreamCore-t.build/Objects-normal/arm64/StreamCore_dependency_info.dat -fobjc-link-runtime -L/Applications/Xcode-27.0.0.app/Contents/Developer/Toolchains/XcodeDefault.xctoolchain/usr/lib/swift/xros -L/usr/lib/swift -Xlinker -add_ast_path -Xlinker /Users/admin/builder/spi-builder-workspace/.derivedData/Build/Intermediates.noindex/StreamCore.build/Debug-xros/StreamCore-t.build/Objects-normal/arm64/StreamCore.swiftmodule -o /Users/admin/builder/spi-builder-workspace/.derivedData/Build/Products/Debug-xros/StreamCore.o
SwiftExplicitDependencyGeneratePcm arm64 /Users/admin/builder/spi-builder-workspace/.derivedData/SDKExplicitPrecompiledModules/AudioToolbox-BPVD7YXD051SQEWYL8XEY65WL.pcm
SwiftDriverJobDiscovery normal arm64 Compiling RequestDecoder.swift, RequestEncoder.swift (in target 'StreamAttachments' from project 'StreamCore')
ExtractAppIntentsMetadata (in target 'StreamCore' from project 'StreamCore')
    cd /Users/admin/builder/spi-builder-workspace
    /Applications/Xcode-27.0.0.app/Contents/Developer/Toolchains/XcodeDefault.xctoolchain/usr/bin/appintentsmetadataprocessor --toolchain-dir /var/run/com.apple.security.cryptexd/mnt/com.apple.MobileAsset.MetalToolchain-v27.1.266.1.GHA30Z/Metal.xctoolchain --module-name StreamCore --sdk-root /Applications/Xcode-27.0.0.app/Contents/Developer/Platforms/XROS.platform/Developer/SDKs/XROS27.0.sdk --xcode-version 27A266a --platform-family xrOS --deployment-target 1.0 --bundle-identifier spi-builder-workspace.StreamCore --output /Users/admin/builder/spi-builder-workspace/.derivedData/Build/Products/Debug-xros/StreamCore.appintents --target-triple arm64-apple-xros1.0 --binary-file /Users/admin/builder/spi-builder-workspace/.derivedData/Build/Products/Debug-xros/StreamCore.o --dependency-file /Users/admin/builder/spi-builder-workspace/.derivedData/Build/Intermediates.noindex/StreamCore.build/Debug-xros/StreamCore-t.build/Objects-normal/arm64/StreamCore_dependency_info.dat --stringsdata-file /Users/admin/builder/spi-builder-workspace/.derivedData/Build/Intermediates.noindex/StreamCore.build/Debug-xros/StreamCore-t.build/Objects-normal/arm64/ExtractedAppShortcutsMetadata.stringsdata --source-file-list /Users/admin/builder/spi-builder-workspace/.derivedData/Build/Intermediates.noindex/StreamCore.build/Debug-xros/StreamCore-t.build/Objects-normal/arm64/StreamCore.SwiftFileList --metadata-file-list /Users/admin/builder/spi-builder-workspace/.derivedData/Build/Intermediates.noindex/StreamCore.build/Debug-xros/StreamCore-t.build/StreamCore.DependencyMetadataFileList --static-metadata-file-list /Users/admin/builder/spi-builder-workspace/.derivedData/Build/Intermediates.noindex/StreamCore.build/Debug-xros/StreamCore-t.build/StreamCore.DependencyStaticMetadataFileList --swift-const-vals-list /Users/admin/builder/spi-builder-workspace/.derivedData/Build/Intermediates.noindex/StreamCore.build/Debug-xros/StreamCore-t.build/Objects-normal/arm64/StreamCore.SwiftConstValuesFileList --force --compile-time-extraction --deployment-aware-processing --no-app-shortcuts-localization
2026-10-12 07:05:58.420 appintentsmetadataprocessor[795:5013] Starting appintentsmetadataprocessor export
2026-10-12 07:05:58.536 appintentsmetadataprocessor[795:5013] Extracted no relevant App Intents symbols, skipping writing output
SwiftExplicitDependencyCompileModuleFromInterface arm64 /Users/admin/builder/spi-builder-workspace/.derivedData/SDKExplicitPrecompiledModules/RealityCoreRenderer-UX0FHK8ZACFB.swiftmodule
SwiftExplicitDependencyGeneratePcm arm64 /Users/admin/builder/spi-builder-workspace/.derivedData/SDKExplicitPrecompiledModules/Vision-B88YMHJW14LOQFQJDRZQMI9CK.pcm
SwiftExplicitDependencyGeneratePcm arm64 /Users/admin/builder/spi-builder-workspace/.derivedData/SDKExplicitPrecompiledModules/VideoToolbox-T9CCNKJVOQ48O9VK4L1QFPVJ.pcm
SwiftExplicitDependencyGeneratePcm arm64 /Users/admin/builder/spi-builder-workspace/.derivedData/SDKExplicitPrecompiledModules/AVFAudio-CH07948S9LXCKRHQSF7AIJA80.pcm
SwiftExplicitDependencyGeneratePcm arm64 /Users/admin/builder/spi-builder-workspace/.derivedData/SDKExplicitPrecompiledModules/MediaToolbox-2PR0CI7XSGA9KWEBZ7VXIXCDM.pcm
SwiftExplicitDependencyGeneratePcm arm64 /Users/admin/builder/spi-builder-workspace/.derivedData/SDKExplicitPrecompiledModules/AVFoundation-DMLC08DPLZIJNJVSXW99PE2IG.pcm
SwiftDriverJobDiscovery normal arm64 Compiling CDNClient.swift, Endpoint.swift (in target 'StreamAttachments' from project 'StreamCore')
SwiftDriverJobDiscovery normal arm64 Compiling AttachmentType.swift, DictionaryExtensions.swift (in target 'StreamAttachments' from project 'StreamCore')
SwiftDriver\ Compilation StreamAttachments normal arm64 com.apple.xcode.tools.swift.compiler (in target 'StreamAttachments' from project 'StreamCore')
    cd /Users/admin/builder/spi-builder-workspace/.swiftpm/xcode
    builtin-Swift-Compilation -- /Applications/Xcode-27.0.0.app/Contents/Developer/Toolchains/XcodeDefault.xctoolchain/usr/bin/swiftc -parse-as-library -module-name StreamAttachments -Onone @/Users/admin/builder/spi-builder-workspace/.derivedData/Build/Intermediates.noindex/StreamCore.build/Debug-xros/StreamAttachments-t.build/Objects-normal/arm64/StreamAttachments.SwiftFileList -DSWIFT_PACKAGE -DDEBUG -DSWIFT_MODULE_RESOURCE_BUNDLE_UNAVAILABLE -DXcode -plugin-path /Applications/Xcode-27.0.0.app/Contents/Developer/Toolchains/XcodeDefault.xctoolchain/usr/lib/swift/host/plugins/testing -enable-experimental-feature DebugDescriptionMacro -sdk /Applications/Xcode-27.0.0.app/Contents/Developer/Platforms/XROS.platform/Developer/SDKs/XROS27.0.sdk -target arm64-apple-xros1.0 -g -module-cache-path /Users/admin/builder/spi-builder-workspace/.derivedData/ModuleCache.noindex -Xfrontend -serialize-debugging-options -profile-coverage-mapping -profile-generate -enable-testing -index-store-path /Users/admin/builder/spi-builder-workspace/.derivedData/Index.noindex/DataStore -Xcc -D_LIBCPP_HARDENING_MODE\=_LIBCPP_HARDENING_MODE_DEBUG -swift-version 6 -I /Users/admin/builder/spi-builder-workspace/.derivedData/Build/Products/Debug-xros -Isystem /Applications/Xcode-27.0.0.app/Contents/Developer/Platforms/XROS.platform/Developer/usr/lib -F /Users/admin/builder/spi-builder-workspace/.derivedData/Build/Products/Debug-xros/PackageFrameworks -F /Users/admin/builder/spi-builder-workspace/.derivedData/Build/Products/Debug-xros -F /Applications/Xcode-27.0.0.app/Contents/Developer/Platforms/XROS.platform/Developer/Library/Frameworks -F /Applications/Xcode-27.0.0.app/Contents/Developer/Platforms/XROS.platform/Developer/SDKs/XROS27.0.sdk/Developer/Library/Frameworks -emit-localized-strings -emit-localized-strings-path /Users/admin/builder/spi-builder-workspace/.derivedData/Build/Intermediates.noindex/StreamCore.build/Debug-xros/StreamAttachments-t.build/Objects-normal/arm64 -c -j10 -enable-batch-mode -incremental -Xcc -ivfsstatcache -Xcc /Users/admin/builder/spi-builder-workspace/.derivedData/SDKStatCaches.noindex/xros27.0-24M361-e829b21a6f8c9b70876ba0858053c04489c3c372b822c72ca60ec5271cbc7f3c.sdkstatcache -output-file-map /Users/admin/builder/spi-builder-workspace/.derivedData/Build/Intermediates.noindex/StreamCore.build/Debug-xros/StreamAttachments-t.build/Objects-normal/arm64/StreamAttachments-OutputFileMap.json -save-temps -no-color-diagnostics -explicit-module-build -module-cache-path /Users/admin/builder/spi-builder-workspace/.derivedData/Build/Intermediates.noindex/SwiftExplicitPrecompiledModules -clang-scanner-module-cache-path /Users/admin/builder/spi-builder-workspace/.derivedData/ModuleCache.noindex -sdk-module-cache-path /Users/admin/builder/spi-builder-workspace/.derivedData/SDKExplicitPrecompiledModules -emit-dependencies -emit-module -emit-module-path /Users/admin/builder/spi-builder-workspace/.derivedData/Build/Intermediates.noindex/StreamCore.build/Debug-xros/StreamAttachments-t.build/Objects-normal/arm64/StreamAttachments.swiftmodule -serialize-diagnostics -dependency-scan-serialize-diagnostics-path /Users/admin/builder/spi-builder-workspace/.derivedData/Build/Intermediates.noindex/StreamCore.build/Debug-xros/StreamAttachments-t.build/Objects-normal/arm64/StreamAttachments-dependency-scan.dia -validate-clang-modules-once -clang-build-session-file /Users/admin/builder/spi-builder-workspace/.derivedData/ModuleCache.noindex/Session.modulevalidation -Xcc -fmodules-prune-interval\=86400 -Xcc -fmodules-prune-after\=345600 -package-name spi_builder_workspace -emit-const-values -const-gather-protocols-list /Users/admin/builder/spi-builder-workspace/.derivedData/Build/Intermediates.noindex/StreamCore.build/Debug-xros/StreamAttachments-t.build/Objects-normal/arm64/StreamAttachments_const_extract_protocols.json -Xcc -I/Users/admin/builder/spi-builder-workspace/.derivedData/Build/Products/Debug-xros/include -Xcc -I/Users/admin/builder/spi-builder-workspace/.derivedData/Build/Intermediates.noindex/StreamCore.build/Debug-xros/StreamAttachments-t.build/DerivedSources-normal/arm64 -Xcc -I/Users/admin/builder/spi-builder-workspace/.derivedData/Build/Intermediates.noindex/StreamCore.build/Debug-xros/StreamAttachments-t.build/DerivedSources/arm64 -Xcc -I/Users/admin/builder/spi-builder-workspace/.derivedData/Build/Intermediates.noindex/StreamCore.build/Debug-xros/StreamAttachments-t.build/DerivedSources -Xcc -DSWIFT_PACKAGE -Xcc -DDEBUG\=1 -emit-objc-header -emit-objc-header-path /Users/admin/builder/spi-builder-workspace/.derivedData/Build/Intermediates.noindex/StreamCore.build/Debug-xros/StreamAttachments-t.build/Objects-normal/arm64/StreamAttachments-Swift.h -working-directory /Users/admin/builder/spi-builder-workspace/.swiftpm/xcode -experimental-emit-module-separately -disable-cmo
Ld /Users/admin/builder/spi-builder-workspace/.derivedData/Build/Products/Debug-xros/StreamAttachments.o normal (in target 'StreamAttachments' from project 'StreamCore')
    cd /Users/admin/builder/spi-builder-workspace
    /Applications/Xcode-27.0.0.app/Contents/Developer/Toolchains/XcodeDefault.xctoolchain/usr/bin/clang -Xlinker -reproducible -target arm64-apple-xros1.0 -r -isysroot /Applications/Xcode-27.0.0.app/Contents/Developer/Platforms/XROS.platform/Developer/SDKs/XROS27.0.sdk -O0 -Xlinker -no_warn_duplicate_libraries -F/Users/admin/builder/spi-builder-workspace/.derivedData/Build/Intermediates.noindex/EagerLinkingTBDs/Debug-xros -F/Users/admin/builder/spi-builder-workspace/.derivedData/Build/Products/Debug-xros/PackageFrameworks -F/Users/admin/builder/spi-builder-workspace/.derivedData/Build/Products/Debug-xros -iframework /Applications/Xcode-27.0.0.app/Contents/Developer/Platforms/XROS.platform/Developer/Library/Frameworks -iframework /Applications/Xcode-27.0.0.app/Contents/Developer/Platforms/XROS.platform/Developer/SDKs/XROS27.0.sdk/Developer/Library/Frameworks -filelist /Users/admin/builder/spi-builder-workspace/.derivedData/Build/Intermediates.noindex/StreamCore.build/Debug-xros/StreamAttachments-t.build/Objects-normal/arm64/StreamAttachments.LinkFileList -nostdlib -Xlinker -object_path_lto -Xlinker /Users/admin/builder/spi-builder-workspace/.derivedData/Build/Intermediates.noindex/StreamCore.build/Debug-xros/StreamAttachments-t.build/Objects-normal/arm64/StreamAttachments_lto.o -Xlinker -no_deduplicate -Xlinker -debug_variant -Xlinker -dependency_info -Xlinker /Users/admin/builder/spi-builder-workspace/.derivedData/Build/Intermediates.noindex/StreamCore.build/Debug-xros/StreamAttachments-t.build/Objects-normal/arm64/StreamAttachments_dependency_info.dat -fobjc-link-runtime -L/Applications/Xcode-27.0.0.app/Contents/Developer/Toolchains/XcodeDefault.xctoolchain/usr/lib/swift/xros -L/usr/lib/swift -Xlinker -add_ast_path -Xlinker /Users/admin/builder/spi-builder-workspace/.derivedData/Build/Intermediates.noindex/StreamCore.build/Debug-xros/StreamAttachments-t.build/Objects-normal/arm64/StreamAttachments.swiftmodule -o /Users/admin/builder/spi-builder-workspace/.derivedData/Build/Products/Debug-xros/StreamAttachments.o
ExtractAppIntentsMetadata (in target 'StreamAttachments' from project 'StreamCore')
    cd /Users/admin/builder/spi-builder-workspace
    /Applications/Xcode-27.0.0.app/Contents/Developer/Toolchains/XcodeDefault.xctoolchain/usr/bin/appintentsmetadataprocessor --toolchain-dir /var/run/com.apple.security.cryptexd/mnt/com.apple.MobileAsset.MetalToolchain-v27.1.266.1.GHA30Z/Metal.xctoolchain --module-name StreamAttachments --sdk-root /Applications/Xcode-27.0.0.app/Contents/Developer/Platforms/XROS.platform/Developer/SDKs/XROS27.0.sdk --xcode-version 27A266a --platform-family xrOS --deployment-target 1.0 --bundle-identifier spi-builder-workspace.StreamAttachments --output /Users/admin/builder/spi-builder-workspace/.derivedData/Build/Products/Debug-xros/StreamAttachments.appintents --target-triple arm64-apple-xros1.0 --binary-file /Users/admin/builder/spi-builder-workspace/.derivedData/Build/Products/Debug-xros/StreamAttachments.o --dependency-file /Users/admin/builder/spi-builder-workspace/.derivedData/Build/Intermediates.noindex/StreamCore.build/Debug-xros/StreamAttachments-t.build/Objects-normal/arm64/StreamAttachments_dependency_info.dat --stringsdata-file /Users/admin/builder/spi-builder-workspace/.derivedData/Build/Intermediates.noindex/StreamCore.build/Debug-xros/StreamAttachments-t.build/Objects-normal/arm64/ExtractedAppShortcutsMetadata.stringsdata --source-file-list /Users/admin/builder/spi-builder-workspace/.derivedData/Build/Intermediates.noindex/StreamCore.build/Debug-xros/StreamAttachments-t.build/Objects-normal/arm64/StreamAttachments.SwiftFileList --metadata-file-list /Users/admin/builder/spi-builder-workspace/.derivedData/Build/Intermediates.noindex/StreamCore.build/Debug-xros/StreamAttachments-t.build/StreamAttachments.DependencyMetadataFileList --static-metadata-file-list /Users/admin/builder/spi-builder-workspace/.derivedData/Build/Intermediates.noindex/StreamCore.build/Debug-xros/StreamAttachments-t.build/StreamAttachments.DependencyStaticMetadataFileList --swift-const-vals-list /Users/admin/builder/spi-builder-workspace/.derivedData/Build/Intermediates.noindex/StreamCore.build/Debug-xros/StreamAttachments-t.build/Objects-normal/arm64/StreamAttachments.SwiftConstValuesFileList --force --compile-time-extraction --deployment-aware-processing --no-app-shortcuts-localization
2026-10-12 07:05:58.761 appintentsmetadataprocessor[804:5044] Starting appintentsmetadataprocessor export
2026-10-12 07:05:58.824 appintentsmetadataprocessor[804:5044] Extracted no relevant App Intents symbols, skipping writing output
SwiftExplicitDependencyCompileModuleFromInterface arm64 /Users/admin/builder/spi-builder-workspace/.derivedData/SDKExplicitPrecompiledModules/RealityFoundationCloth-11H9N8QDMSRCV.swiftmodule
SwiftExplicitDependencyGeneratePcm arm64 /Users/admin/builder/spi-builder-workspace/.derivedData/SDKExplicitPrecompiledModules/ARKitCore-4NRIIVJSPZMAR2L9QV0IN9JSL.pcm
SwiftExplicitDependencyGeneratePcm arm64 /Users/admin/builder/spi-builder-workspace/.derivedData/SDKExplicitPrecompiledModules/AVKit-EIUUUJC3PXKW44ZX4ZLC3ZCJI.pcm
SwiftExplicitDependencyGeneratePcm arm64 /Users/admin/builder/spi-builder-workspace/.derivedData/SDKExplicitPrecompiledModules/ARKit-7RNJCGW5VH0E21BLL5XQ5A8DC.pcm
SwiftCompile normal arm64 Compiling\ NSCacheWrapper.swift /Users/admin/builder/spi-builder-workspace/Sources/StreamCoreUI/Utils/NSCacheWrapper.swift (in target 'StreamCoreUI' from project 'StreamCore')
SwiftCompile normal arm64 /Users/admin/builder/spi-builder-workspace/Sources/StreamCoreUI/Utils/NSCacheWrapper.swift (in target 'StreamCoreUI' from project 'StreamCore')
    cd /Users/admin/builder/spi-builder-workspace/.swiftpm/xcode
    builtin-SwiftPerFileCompile NSCacheWrapper.swift
SwiftEmitModule normal arm64 Emitting\ module\ for\ StreamCoreUI (in target 'StreamCoreUI' from project 'StreamCore')
SwiftCompile normal arm64 (in target 'StreamCoreUI' from project 'StreamCore')
    cd /Users/admin/builder/spi-builder-workspace/.swiftpm/xcode

SwiftCompile normal arm64 Compiling\ VideoLoading.swift /Users/admin/builder/spi-builder-workspace/Sources/StreamCoreUI/VideoLoading/VideoLoading.swift (in target 'StreamCoreUI' from project 'StreamCore')
SwiftCompile normal arm64 /Users/admin/builder/spi-builder-workspace/Sources/StreamCoreUI/VideoLoading/VideoLoading.swift (in target 'StreamCoreUI' from project 'StreamCore')
    cd /Users/admin/builder/spi-builder-workspace/.swiftpm/xcode
    builtin-SwiftPerFileCompile VideoLoading.swift
SwiftCompile normal arm64 Compiling\ UIColor+Primitives.swift /Users/admin/builder/spi-builder-workspace/Sources/StreamCoreUI/DesignSystem/UIColor+Primitives.swift (in target 'StreamCoreUI' from project 'StreamCore')
SwiftCompile normal arm64 /Users/admin/builder/spi-builder-workspace/Sources/StreamCoreUI/DesignSystem/UIColor+Primitives.swift (in target 'StreamCoreUI' from project 'StreamCore')
    cd /Users/admin/builder/spi-builder-workspace/.swiftpm/xcode
    builtin-SwiftPerFileCompile UIColor+Primitives.swift
SwiftCompile normal arm64 Compiling\ DesignSystemTokens+Fonts.swift /Users/admin/builder/spi-builder-workspace/Sources/StreamCoreUI/DesignSystem/DesignSystemTokens+Fonts.swift (in target 'StreamCoreUI' from project 'StreamCore')
SwiftCompile normal arm64 /Users/admin/builder/spi-builder-workspace/Sources/StreamCoreUI/DesignSystem/DesignSystemTokens+Fonts.swift (in target 'StreamCoreUI' from project 'StreamCore')
    cd /Users/admin/builder/spi-builder-workspace/.swiftpm/xcode
    builtin-SwiftPerFileCompile DesignSystemTokens+Fonts.swift
SwiftCompile normal arm64 Compiling\ DesignSystemTokens.swift /Users/admin/builder/spi-builder-workspace/Sources/StreamCoreUI/DesignSystem/DesignSystemTokens.swift (in target 'StreamCoreUI' from project 'StreamCore')
SwiftCompile normal arm64 /Users/admin/builder/spi-builder-workspace/Sources/StreamCoreUI/DesignSystem/DesignSystemTokens.swift (in target 'StreamCoreUI' from project 'StreamCore')
    cd /Users/admin/builder/spi-builder-workspace/.swiftpm/xcode
    builtin-SwiftPerFileCompile DesignSystemTokens.swift
SwiftCompile normal arm64 Compiling\ DesignSystemTokens+Layout.swift /Users/admin/builder/spi-builder-workspace/Sources/StreamCoreUI/DesignSystem/DesignSystemTokens+Layout.swift (in target 'StreamCoreUI' from project 'StreamCore')
SwiftCompile normal arm64 /Users/admin/builder/spi-builder-workspace/Sources/StreamCoreUI/DesignSystem/DesignSystemTokens+Layout.swift (in target 'StreamCoreUI' from project 'StreamCore')
    cd /Users/admin/builder/spi-builder-workspace/.swiftpm/xcode
    builtin-SwiftPerFileCompile DesignSystemTokens+Layout.swift
SwiftCompile normal arm64 Compiling\ DesignSystemTokens+Colors.swift /Users/admin/builder/spi-builder-workspace/Sources/StreamCoreUI/DesignSystem/DesignSystemTokens+Colors.swift (in target 'StreamCoreUI' from project 'StreamCore')
SwiftCompile normal arm64 /Users/admin/builder/spi-builder-workspace/Sources/StreamCoreUI/DesignSystem/DesignSystemTokens+Colors.swift (in target 'StreamCoreUI' from project 'StreamCore')
    cd /Users/admin/builder/spi-builder-workspace/.swiftpm/xcode
    builtin-SwiftPerFileCompile DesignSystemTokens+Colors.swift
SwiftCompile normal arm64 Compiling\ ImageCDN.swift,\ ImageResize.swift /Users/admin/builder/spi-builder-workspace/Sources/StreamCoreUI/CDN/ImageCDN.swift /Users/admin/builder/spi-builder-workspace/Sources/StreamCoreUI/CDN/ImageResize.swift (in target 'StreamCoreUI' from project 'StreamCore')
SwiftCompile normal arm64 /Users/admin/builder/spi-builder-workspace/Sources/StreamCoreUI/CDN/ImageCDN.swift (in target 'StreamCoreUI' from project 'StreamCore')
    cd /Users/admin/builder/spi-builder-workspace/.swiftpm/xcode
    builtin-SwiftPerFileCompile ImageCDN.swift
SwiftCompile normal arm64 /Users/admin/builder/spi-builder-workspace/Sources/StreamCoreUI/CDN/ImageResize.swift (in target 'StreamCoreUI' from project 'StreamCore')
    cd /Users/admin/builder/spi-builder-workspace/.swiftpm/xcode
    builtin-SwiftPerFileCompile ImageResize.swift
SwiftCompile normal arm64 Compiling\ DesignSystemTokens+Colors+Palette.swift /Users/admin/builder/spi-builder-workspace/Sources/StreamCoreUI/DesignSystem/DesignSystemTokens+Colors+Palette.swift (in target 'StreamCoreUI' from project 'StreamCore')
SwiftCompile normal arm64 /Users/admin/builder/spi-builder-workspace/Sources/StreamCoreUI/DesignSystem/DesignSystemTokens+Colors+Palette.swift (in target 'StreamCoreUI' from project 'StreamCore')
    cd /Users/admin/builder/spi-builder-workspace/.swiftpm/xcode
    builtin-SwiftPerFileCompile DesignSystemTokens+Colors+Palette.swift
SwiftCompile normal arm64 Compiling\ StreamCDN.swift,\ BoxShadow.swift /Users/admin/builder/spi-builder-workspace/Sources/StreamCoreUI/CDN/StreamCDN.swift /Users/admin/builder/spi-builder-workspace/Sources/StreamCoreUI/DesignSystem/BoxShadow.swift (in target 'StreamCoreUI' from project 'StreamCore')
/Users/admin/builder/spi-builder-workspace/Sources/StreamCoreUI/CDN/StreamCDN.swift:73:21: error: 'UIScreen' is unavailable in visionOS
71 |         else { return originalURL }
72 |
73 |         let scale = UIScreen.main.scale
   |                     `- error: 'UIScreen' is unavailable in visionOS
74 |         components.queryItems = components.queryItems ?? []
75 |         components.queryItems?.append(contentsOf: [
/Applications/Xcode-27.0.0.app/Contents/Developer/Platforms/XROS.platform/Developer/SDKs/XROS27.0.sdk/System/Library/Frameworks/UIKit.framework/Headers/UIScreen.h:54:12: note: 'UIScreen' has been explicitly marked unavailable here
 52 |
 53 | UIKIT_EXTERN API_AVAILABLE(ios(2.0)) API_UNAVAILABLE(visionos, watchos) NS_SWIFT_UI_ACTOR
 54 | @interface UIScreen : NSObject <UITraitEnvironment>
    |            `- note: 'UIScreen' has been explicitly marked unavailable here
 55 |
 56 | @property(class, nonatomic, readonly) NSArray<UIScreen *> *screens API_DEPRECATED("Use UIApplication.shared.openSessions to find open sessions with scenes from other screens", ios(3.2, 16.0), visionos(1.0, 1.0)) API_UNAVAILABLE(watchos); // all screens currently attached to the device
Failed frontend command:
/Applications/Xcode-27.0.0.app/Contents/Developer/Toolchains/XcodeDefault.xctoolchain/usr/bin/swift-frontend -frontend -c /Users/admin/builder/spi-builder-workspace/Sources/StreamCoreUI/CDN/ImageCDN.swift /Users/admin/builder/spi-builder-workspace/Sources/StreamCoreUI/CDN/ImageResize.swift -primary-file /Users/admin/builder/spi-builder-workspace/Sources/StreamCoreUI/CDN/StreamCDN.swift -primary-file /Users/admin/builder/spi-builder-workspace/Sources/StreamCoreUI/DesignSystem/BoxShadow.swift /Users/admin/builder/spi-builder-workspace/Sources/StreamCoreUI/DesignSystem/DesignSystemTokens+Colors+Palette.swift /Users/admin/builder/spi-builder-workspace/Sources/StreamCoreUI/DesignSystem/DesignSystemTokens+Colors.swift /Users/admin/builder/spi-builder-workspace/Sources/StreamCoreUI/DesignSystem/DesignSystemTokens+Fonts.swift /Users/admin/builder/spi-builder-workspace/Sources/StreamCoreUI/DesignSystem/DesignSystemTokens+Layout.swift /Users/admin/builder/spi-builder-workspace/Sources/StreamCoreUI/DesignSystem/DesignSystemTokens.swift /Users/admin/builder/spi-builder-workspace/Sources/StreamCoreUI/DesignSystem/UIColor+Primitives.swift /Users/admin/builder/spi-builder-workspace/Sources/StreamCoreUI/Utils/NSCacheWrapper.swift /Users/admin/builder/spi-builder-workspace/Sources/StreamCoreUI/VideoLoading/VideoLoading.swift -emit-dependencies-path /Users/admin/builder/spi-builder-workspace/.derivedData/Build/Intermediates.noindex/StreamCore.build/Debug-xros/StreamCoreUI-t.build/Objects-normal/arm64/StreamCDN.d -emit-const-values-path /Users/admin/builder/spi-builder-workspace/.derivedData/Build/Intermediates.noindex/StreamCore.build/Debug-xros/StreamCoreUI-t.build/Objects-normal/arm64/StreamCDN.swiftconstvalues -emit-reference-dependencies-path /Users/admin/builder/spi-builder-workspace/.derivedData/Build/Intermediates.noindex/StreamCore.build/Debug-xros/StreamCoreUI-t.build/Objects-normal/arm64/StreamCDN.swiftdeps -serialize-diagnostics-path /Users/admin/builder/spi-builder-workspace/.derivedData/Build/Intermediates.noindex/StreamCore.build/Debug-xros/StreamCoreUI-t.build/Objects-normal/arm64/StreamCDN.dia -emit-dependencies-path /Users/admin/builder/spi-builder-workspace/.derivedData/Build/Intermediates.noindex/StreamCore.build/Debug-xros/StreamCoreUI-t.build/Objects-normal/arm64/BoxShadow.d -emit-const-values-path /Users/admin/builder/spi-builder-workspace/.derivedData/Build/Intermediates.noindex/StreamCore.build/Debug-xros/StreamCoreUI-t.build/Objects-normal/arm64/BoxShadow.swiftconstvalues -emit-reference-dependencies-path /Users/admin/builder/spi-builder-workspace/.derivedData/Build/Intermediates.noindex/StreamCore.build/Debug-xros/StreamCoreUI-t.build/Objects-normal/arm64/BoxShadow.swiftdeps -serialize-diagnostics-path /Users/admin/builder/spi-builder-workspace/.derivedData/Build/Intermediates.noindex/StreamCore.build/Debug-xros/StreamCoreUI-t.build/Objects-normal/arm64/BoxShadow.dia -emit-localized-strings -emit-localized-strings-path /Users/admin/builder/spi-builder-workspace/.derivedData/Build/Intermediates.noindex/StreamCore.build/Debug-xros/StreamCoreUI-t.build/Objects-normal/arm64 -target arm64-apple-xros1.0 -disable-cross-import-overlay-search -swift-module-cross-import AVKit /Applications/Xcode-27.0.0.app/Contents/Developer/Platforms/XROS.platform/Developer/SDKs/XROS.sdk/System/Library/Frameworks/AVKit.framework/Modules/AVKit.swiftcrossimport/GroupActivities.swiftoverlay -swift-module-cross-import AVKit /Applications/Xcode-27.0.0.app/Contents/Developer/Platforms/XROS.platform/Developer/SDKs/XROS.sdk/System/Library/Frameworks/AVKit.framework/Modules/AVKit.swiftcrossimport/SwiftUI.swiftoverlay -swift-module-cross-import AVKit /Applications/Xcode-27.0.0.app/Contents/Developer/Platforms/XROS.platform/Developer/SDKs/XROS27.0.sdk/System/Library/Frameworks/AVKit.framework/Modules/AVKit.swiftcrossimport/GroupActivities.swiftoverlay -swift-module-cross-import AVKit /Applications/Xcode-27.0.0.app/Contents/Developer/Platforms/XROS.platform/Developer/SDKs/XROS27.0.sdk/System/Library/Frameworks/AVKit.framework/Modules/AVKit.swiftcrossimport/SwiftUI.swiftoverlay -load-resolved-plugin /Applications/Xcode-27.0.0.app/Contents/Developer/Platforms/XROS.platform/Developer/usr/lib/swift/host/plugins/libFoundationMacros.dylib\#/Applications/Xcode-27.0.0.app/Contents/Developer/Platforms/XROS.platform/Developer/usr/bin/swift-plugin-server\#FoundationMacros -load-resolved-plugin /Applications/Xcode-27.0.0.app/Contents/Developer/Platforms/XROS.platform/Developer/usr/lib/swift/host/plugins/libObservationMacros.dylib\#/Applications/Xcode-27.0.0.app/Contents/Developer/Platforms/XROS.platform/Developer/usr/bin/swift-plugin-server\#ObservationMacros -load-resolved-plugin /Applications/Xcode-27.0.0.app/Contents/Developer/Platforms/XROS.platform/Developer/usr/lib/swift/host/plugins/libPreviewsMacros.dylib\#/Applications/Xcode-27.0.0.app/Contents/Developer/Platforms/XROS.platform/Developer/usr/bin/swift-plugin-server\#PreviewsMacros -load-resolved-plugin /Applications/Xcode-27.0.0.app/Contents/Developer/Platforms/XROS.platform/Developer/usr/lib/swift/host/plugins/libSwiftMacros.dylib\#/Applications/Xcode-27.0.0.app/Contents/Developer/Platforms/XROS.platform/Developer/usr/bin/swift-plugin-server\#SwiftMacros -load-resolved-plugin /Applications/Xcode-27.0.0.app/Contents/Developer/Platforms/XROS.platform/Developer/usr/lib/swift/host/plugins/libSwiftUIMacros.dylib\#/Applications/Xcode-27.0.0.app/Contents/Developer/Platforms/XROS.platform/Developer/usr/bin/swift-plugin-server\#SwiftUIMacros -disable-implicit-swift-modules -Xcc -fno-implicit-modules -Xcc -fno-implicit-module-maps -explicit-swift-module-map-file /Users/admin/builder/spi-builder-workspace/.derivedData/Build/Intermediates.noindex/StreamCore.build/Debug-xros/StreamCoreUI-t.build/Objects-normal/arm64/StreamCoreUI-dependencies-1.json -Xllvm -aarch64-use-tbi -enable-objc-interop -stack-check -sdk /Applications/Xcode-27.0.0.app/Contents/Developer/Platforms/XROS.platform/Developer/SDKs/XROS27.0.sdk -I /Users/admin/builder/spi-builder-workspace/.derivedData/Build/Products/Debug-xros -Isystem /Applications/Xcode-27.0.0.app/Contents/Developer/Platforms/XROS.platform/Developer/usr/lib -F /Users/admin/builder/spi-builder-workspace/.derivedData/Build/Products/Debug-xros/PackageFrameworks -F /Users/admin/builder/spi-builder-workspace/.derivedData/Build/Products/Debug-xros -F /Applications/Xcode-27.0.0.app/Contents/Developer/Platforms/XROS.platform/Developer/Library/Frameworks -F /Applications/Xcode-27.0.0.app/Contents/Developer/Platforms/XROS.platform/Developer/SDKs/XROS27.0.sdk/Developer/Library/Frameworks -module-cache-path /Users/admin/builder/spi-builder-workspace/.derivedData/Build/Intermediates.noindex/SwiftExplicitPrecompiledModules -no-color-diagnostics -Xcc -fno-color-diagnostics -enable-testing -g -debug-info-format\=dwarf -dwarf-version\=4 -profile-generate -profile-coverage-mapping -swift-version 6 -Onone -D SWIFT_PACKAGE -D DEBUG -D SWIFT_MODULE_RESOURCE_BUNDLE_UNAVAILABLE -D Xcode -serialize-debugging-options -enable-experimental-feature DebugDescriptionMacro -empty-abi-descriptor -validate-clang-modules-once -clang-build-session-file /Users/admin/builder/spi-builder-workspace/.derivedData/ModuleCache.noindex/Session.modulevalidation -Xcc -working-directory -Xcc /Users/admin/builder/spi-builder-workspace/.swiftpm/xcode -enable-anonymous-context-mangled-names -file-compilation-dir /Users/admin/builder/spi-builder-workspace/.swiftpm/xcode -Xcc -D_LIBCPP_HARDENING_MODE\=_LIBCPP_HARDENING_MODE_DEBUG -Xcc -ivfsstatcache -Xcc /Users/admin/builder/spi-builder-workspace/.derivedData/SDKStatCaches.noindex/xros27.0-24M361-e829b21a6f8c9b70876ba0858053c04489c3c372b822c72ca60ec5271cbc7f3c.sdkstatcache -Xcc -fmodules-prune-interval\=86400 -Xcc -fmodules-prune-after\=345600 -Xcc -I/Users/admin/builder/spi-builder-workspace/.derivedData/Build/Products/Debug-xros/include -Xcc -I/Users/admin/builder/spi-builder-workspace/.derivedData/Build/Intermediates.noindex/StreamCore.build/Debug-xros/StreamCoreUI-t.build/DerivedSources-normal/arm64 -Xcc -I/Users/admin/builder/spi-builder-workspace/.derivedData/Build/Intermediates.noindex/StreamCore.build/Debug-xros/StreamCoreUI-t.build/DerivedSources/arm64 -Xcc -I/Users/admin/builder/spi-builder-workspace/.derivedData/Build/Intermediates.noindex/StreamCore.build/Debug-xros/StreamCoreUI-t.build/DerivedSources -Xcc -DSWIFT_PACKAGE -Xcc -DDEBUG\=1 -no-auto-bridging-header-chaining -module-name StreamCoreUI -package-name spi_builder_workspace -const-gather-protocols-file /Users/admin/builder/spi-builder-workspace/.derivedData/Build/Intermediates.noindex/StreamCore.build/Debug-xros/StreamCoreUI-t.build/Objects-normal/arm64/StreamCoreUI_const_extract_protocols.json -disable-clang-spi -clang-target arm64-apple-xros27.0 -target-sdk-version 27.0 -target-sdk-name xros27.0 -in-process-plugin-server-path /Applications/Xcode-27.0.0.app/Contents/Developer/Toolchains/XcodeDefault.xctoolchain/usr/lib/swift/host/libSwiftInProcPluginServer.dylib -parse-as-library -o /Users/admin/builder/spi-builder-workspace/.derivedData/Build/Intermediates.noindex/StreamCore.build/Debug-xros/StreamCoreUI-t.build/Objects-normal/arm64/StreamCDN.o -o /Users/admin/builder/spi-builder-workspace/.derivedData/Build/Intermediates.noindex/StreamCore.build/Debug-xros/StreamCoreUI-t.build/Objects-normal/arm64/BoxShadow.o -debug-module-path /Users/admin/builder/spi-builder-workspace/.derivedData/Build/Intermediates.noindex/StreamCore.build/Debug-xros/StreamCoreUI-t.build/Objects-normal/arm64/StreamCoreUI.swiftmodule -index-unit-output-path /StreamCore.build/Debug-xros/StreamCoreUI-t.build/Objects-normal/arm64/StreamCDN.o -index-unit-output-path /StreamCore.build/Debug-xros/StreamCoreUI-t.build/Objects-normal/arm64/BoxShadow.o -index-store-path /Users/admin/builder/spi-builder-workspace/.derivedData/Index.noindex/DataStore -index-system-modules
SwiftCompile normal arm64 /Users/admin/builder/spi-builder-workspace/Sources/StreamCoreUI/CDN/StreamCDN.swift (in target 'StreamCoreUI' from project 'StreamCore')
    cd /Users/admin/builder/spi-builder-workspace/.swiftpm/xcode
    builtin-SwiftPerFileCompile StreamCDN.swift
SwiftCompile normal arm64 /Users/admin/builder/spi-builder-workspace/Sources/StreamCoreUI/DesignSystem/BoxShadow.swift (in target 'StreamCoreUI' from project 'StreamCore')
    cd /Users/admin/builder/spi-builder-workspace/.swiftpm/xcode
    builtin-SwiftPerFileCompile BoxShadow.swift
SwiftDriverJobDiscovery normal arm64 Compiling DesignSystemTokens.swift (in target 'StreamCoreUI' from project 'StreamCore')
SwiftDriverJobDiscovery normal arm64 Compiling DesignSystemTokens+Colors+Palette.swift (in target 'StreamCoreUI' from project 'StreamCore')
SwiftDriverJobDiscovery normal arm64 Compiling NSCacheWrapper.swift (in target 'StreamCoreUI' from project 'StreamCore')
SwiftDriverJobDiscovery normal arm64 Compiling ImageCDN.swift, ImageResize.swift (in target 'StreamCoreUI' from project 'StreamCore')
SwiftDriverJobDiscovery normal arm64 Compiling DesignSystemTokens+Layout.swift (in target 'StreamCoreUI' from project 'StreamCore')
SwiftDriverJobDiscovery normal arm64 Emitting module for StreamCoreUI (in target 'StreamCoreUI' from project 'StreamCore')
SwiftDriver\ Compilation\ Requirements StreamCoreUI normal arm64 com.apple.xcode.tools.swift.compiler (in target 'StreamCoreUI' from project 'StreamCore')
    cd /Users/admin/builder/spi-builder-workspace/.swiftpm/xcode
    builtin-Swift-Compilation-Requirements -- /Applications/Xcode-27.0.0.app/Contents/Developer/Toolchains/XcodeDefault.xctoolchain/usr/bin/swiftc -parse-as-library -module-name StreamCoreUI -Onone @/Users/admin/builder/spi-builder-workspace/.derivedData/Build/Intermediates.noindex/StreamCore.build/Debug-xros/StreamCoreUI-t.build/Objects-normal/arm64/StreamCoreUI.SwiftFileList -DSWIFT_PACKAGE -DDEBUG -DSWIFT_MODULE_RESOURCE_BUNDLE_UNAVAILABLE -DXcode -plugin-path /Applications/Xcode-27.0.0.app/Contents/Developer/Toolchains/XcodeDefault.xctoolchain/usr/lib/swift/host/plugins/testing -enable-experimental-feature DebugDescriptionMacro -sdk /Applications/Xcode-27.0.0.app/Contents/Developer/Platforms/XROS.platform/Developer/SDKs/XROS27.0.sdk -target arm64-apple-xros1.0 -g -module-cache-path /Users/admin/builder/spi-builder-workspace/.derivedData/ModuleCache.noindex -Xfrontend -serialize-debugging-options -profile-coverage-mapping -profile-generate -enable-testing -index-store-path /Users/admin/builder/spi-builder-workspace/.derivedData/Index.noindex/DataStore -Xcc -D_LIBCPP_HARDENING_MODE\=_LIBCPP_HARDENING_MODE_DEBUG -swift-version 6 -I /Users/admin/builder/spi-builder-workspace/.derivedData/Build/Products/Debug-xros -Isystem /Applications/Xcode-27.0.0.app/Contents/Developer/Platforms/XROS.platform/Developer/usr/lib -F /Users/admin/builder/spi-builder-workspace/.derivedData/Build/Products/Debug-xros/PackageFrameworks -F /Users/admin/builder/spi-builder-workspace/.derivedData/Build/Products/Debug-xros -F /Applications/Xcode-27.0.0.app/Contents/Developer/Platforms/XROS.platform/Developer/Library/Frameworks -F /Applications/Xcode-27.0.0.app/Contents/Developer/Platforms/XROS.platform/Developer/SDKs/XROS27.0.sdk/Developer/Library/Frameworks -emit-localized-strings -emit-localized-strings-path /Users/admin/builder/spi-builder-workspace/.derivedData/Build/Intermediates.noindex/StreamCore.build/Debug-xros/StreamCoreUI-t.build/Objects-normal/arm64 -c -j10 -enable-batch-mode -incremental -Xcc -ivfsstatcache -Xcc /Users/admin/builder/spi-builder-workspace/.derivedData/SDKStatCaches.noindex/xros27.0-24M361-e829b21a6f8c9b70876ba0858053c04489c3c372b822c72ca60ec5271cbc7f3c.sdkstatcache -output-file-map /Users/admin/builder/spi-builder-workspace/.derivedData/Build/Intermediates.noindex/StreamCore.build/Debug-xros/StreamCoreUI-t.build/Objects-normal/arm64/StreamCoreUI-OutputFileMap.json -save-temps -no-color-diagnostics -explicit-module-build -module-cache-path /Users/admin/builder/spi-builder-workspace/.derivedData/Build/Intermediates.noindex/SwiftExplicitPrecompiledModules -clang-scanner-module-cache-path /Users/admin/builder/spi-builder-workspace/.derivedData/ModuleCache.noindex -sdk-module-cache-path /Users/admin/builder/spi-builder-workspace/.derivedData/SDKExplicitPrecompiledModules -emit-dependencies -emit-module -emit-module-path /Users/admin/builder/spi-builder-workspace/.derivedData/Build/Intermediates.noindex/StreamCore.build/Debug-xros/StreamCoreUI-t.build/Objects-normal/arm64/StreamCoreUI.swiftmodule -serialize-diagnostics -dependency-scan-serialize-diagnostics-path /Users/admin/builder/spi-builder-workspace/.derivedData/Build/Intermediates.noindex/StreamCore.build/Debug-xros/StreamCoreUI-t.build/Objects-normal/arm64/StreamCoreUI-dependency-scan.dia -validate-clang-modules-once -clang-build-session-file /Users/admin/builder/spi-builder-workspace/.derivedData/ModuleCache.noindex/Session.modulevalidation -Xcc -fmodules-prune-interval\=86400 -Xcc -fmodules-prune-after\=345600 -package-name spi_builder_workspace -emit-const-values -const-gather-protocols-list /Users/admin/builder/spi-builder-workspace/.derivedData/Build/Intermediates.noindex/StreamCore.build/Debug-xros/StreamCoreUI-t.build/Objects-normal/arm64/StreamCoreUI_const_extract_protocols.json -Xcc -I/Users/admin/builder/spi-builder-workspace/.derivedData/Build/Products/Debug-xros/include -Xcc -I/Users/admin/builder/spi-builder-workspace/.derivedData/Build/Intermediates.noindex/StreamCore.build/Debug-xros/StreamCoreUI-t.build/DerivedSources-normal/arm64 -Xcc -I/Users/admin/builder/spi-builder-workspace/.derivedData/Build/Intermediates.noindex/StreamCore.build/Debug-xros/StreamCoreUI-t.build/DerivedSources/arm64 -Xcc -I/Users/admin/builder/spi-builder-workspace/.derivedData/Build/Intermediates.noindex/StreamCore.build/Debug-xros/StreamCoreUI-t.build/DerivedSources -Xcc -DSWIFT_PACKAGE -Xcc -DDEBUG\=1 -emit-objc-header -emit-objc-header-path /Users/admin/builder/spi-builder-workspace/.derivedData/Build/Intermediates.noindex/StreamCore.build/Debug-xros/StreamCoreUI-t.build/Objects-normal/arm64/StreamCoreUI-Swift.h -working-directory /Users/admin/builder/spi-builder-workspace/.swiftpm/xcode -experimental-emit-module-separately -disable-cmo
SwiftDriverJobDiscovery normal arm64 Compiling UIColor+Primitives.swift (in target 'StreamCoreUI' from project 'StreamCore')
SwiftMergeGeneratedHeaders /Users/admin/builder/spi-builder-workspace/.derivedData/Build/Intermediates.noindex/GeneratedModuleMaps-xros/StreamCoreUI-Swift.h /Users/admin/builder/spi-builder-workspace/.derivedData/Build/Intermediates.noindex/StreamCore.build/Debug-xros/StreamCoreUI-t.build/Objects-normal/arm64/StreamCoreUI-Swift.h (in target 'StreamCoreUI' from project 'StreamCore')
    cd /Users/admin/builder/spi-builder-workspace
    builtin-swiftHeaderTool -arch arm64 /Users/admin/builder/spi-builder-workspace/.derivedData/Build/Intermediates.noindex/StreamCore.build/Debug-xros/StreamCoreUI-t.build/Objects-normal/arm64/StreamCoreUI-Swift.h -o /Users/admin/builder/spi-builder-workspace/.derivedData/Build/Intermediates.noindex/GeneratedModuleMaps-xros/StreamCoreUI-Swift.h
Copy /Users/admin/builder/spi-builder-workspace/.derivedData/Build/Products/Debug-xros/StreamCoreUI.swiftmodule/arm64-apple-xros.swiftmodule /Users/admin/builder/spi-builder-workspace/.derivedData/Build/Intermediates.noindex/StreamCore.build/Debug-xros/StreamCoreUI-t.build/Objects-normal/arm64/StreamCoreUI.swiftmodule (in target 'StreamCoreUI' from project 'StreamCore')
    cd /Users/admin/builder/spi-builder-workspace
    builtin-copy -exclude .DS_Store -exclude CVS -exclude .svn -exclude .git -exclude .hg -resolve-src-symlinks -rename /Users/admin/builder/spi-builder-workspace/.derivedData/Build/Intermediates.noindex/StreamCore.build/Debug-xros/StreamCoreUI-t.build/Objects-normal/arm64/StreamCoreUI.swiftmodule /Users/admin/builder/spi-builder-workspace/.derivedData/Build/Products/Debug-xros/StreamCoreUI.swiftmodule/arm64-apple-xros.swiftmodule
Copy /Users/admin/builder/spi-builder-workspace/.derivedData/Build/Products/Debug-xros/StreamCoreUI.swiftmodule/arm64-apple-xros.swiftdoc /Users/admin/builder/spi-builder-workspace/.derivedData/Build/Intermediates.noindex/StreamCore.build/Debug-xros/StreamCoreUI-t.build/Objects-normal/arm64/StreamCoreUI.swiftdoc (in target 'StreamCoreUI' from project 'StreamCore')
    cd /Users/admin/builder/spi-builder-workspace
    builtin-copy -exclude .DS_Store -exclude CVS -exclude .svn -exclude .git -exclude .hg -resolve-src-symlinks -rename /Users/admin/builder/spi-builder-workspace/.derivedData/Build/Intermediates.noindex/StreamCore.build/Debug-xros/StreamCoreUI-t.build/Objects-normal/arm64/StreamCoreUI.swiftdoc /Users/admin/builder/spi-builder-workspace/.derivedData/Build/Products/Debug-xros/StreamCoreUI.swiftmodule/arm64-apple-xros.swiftdoc
Copy /Users/admin/builder/spi-builder-workspace/.derivedData/Build/Products/Debug-xros/StreamCoreUI.swiftmodule/arm64-apple-xros.abi.json /Users/admin/builder/spi-builder-workspace/.derivedData/Build/Intermediates.noindex/StreamCore.build/Debug-xros/StreamCoreUI-t.build/Objects-normal/arm64/StreamCoreUI.abi.json (in target 'StreamCoreUI' from project 'StreamCore')
    cd /Users/admin/builder/spi-builder-workspace
    builtin-copy -exclude .DS_Store -exclude CVS -exclude .svn -exclude .git -exclude .hg -resolve-src-symlinks -rename /Users/admin/builder/spi-builder-workspace/.derivedData/Build/Intermediates.noindex/StreamCore.build/Debug-xros/StreamCoreUI-t.build/Objects-normal/arm64/StreamCoreUI.abi.json /Users/admin/builder/spi-builder-workspace/.derivedData/Build/Products/Debug-xros/StreamCoreUI.swiftmodule/arm64-apple-xros.abi.json
Copy /Users/admin/builder/spi-builder-workspace/.derivedData/Build/Products/Debug-xros/StreamCoreUI.swiftmodule/Project/arm64-apple-xros.swiftsourceinfo /Users/admin/builder/spi-builder-workspace/.derivedData/Build/Intermediates.noindex/StreamCore.build/Debug-xros/StreamCoreUI-t.build/Objects-normal/arm64/StreamCoreUI.swiftsourceinfo (in target 'StreamCoreUI' from project 'StreamCore')
    cd /Users/admin/builder/spi-builder-workspace
    builtin-copy -exclude .DS_Store -exclude CVS -exclude .svn -exclude .git -exclude .hg -resolve-src-symlinks -rename /Users/admin/builder/spi-builder-workspace/.derivedData/Build/Intermediates.noindex/StreamCore.build/Debug-xros/StreamCoreUI-t.build/Objects-normal/arm64/StreamCoreUI.swiftsourceinfo /Users/admin/builder/spi-builder-workspace/.derivedData/Build/Products/Debug-xros/StreamCoreUI.swiftmodule/Project/arm64-apple-xros.swiftsourceinfo
PruneExplicitPrecompiledModules /Users/admin/builder/spi-builder-workspace/.derivedData/SDKExplicitPrecompiledModules
PruneExplicitPrecompiledModules /Users/admin/builder/spi-builder-workspace/.derivedData/Build/Intermediates.noindex/ExplicitPrecompiledModules
PruneExplicitPrecompiledModules /Users/admin/builder/spi-builder-workspace/.derivedData/Build/Intermediates.noindex/SwiftExplicitPrecompiledModules
2026-10-12 07:05:48.494 xcodebuild[653:4287] [MT] IDERunDestination: Supported platforms for the buildables in the current scheme is empty.
** BUILD FAILED **
The following build commands failed:
	SwiftCompile normal arm64 Compiling\ StreamCDN.swift,\ BoxShadow.swift /Users/admin/builder/spi-builder-workspace/Sources/StreamCoreUI/CDN/StreamCDN.swift /Users/admin/builder/spi-builder-workspace/Sources/StreamCoreUI/DesignSystem/BoxShadow.swift (in target 'StreamCoreUI' from project 'StreamCore')
	SwiftCompile normal arm64 /Users/admin/builder/spi-builder-workspace/Sources/StreamCoreUI/CDN/StreamCDN.swift (in target 'StreamCoreUI' from project 'StreamCore')
	Building workspace StreamCore with scheme StreamCore-Package
(3 failures)
Command line invocation:
    /Applications/Xcode-27.0.0.app/Contents/Developer/usr/bin/xcodebuild -IDEClonedSourcePackagesDirPathOverride=/Users/admin/builder/spi-builder-workspace/.dependencies -resolvePackageDependencies
Resolve Package Graph
Resolved source packages:
  StreamCore: /Users/admin/builder/spi-builder-workspace
resolved source packages: StreamCore
2026-10-12 07:06:01.351 xcodebuild[820:5122] [MT] IDERunDestination: Supported platforms for the buildables in the current scheme is empty.
{
  "default_localization" : "en",
  "dependencies" : [
  ],
  "manifest_display_name" : "StreamCore",
  "name" : "StreamCore",
  "path" : "/Users/admin/builder/spi-builder-workspace",
  "platforms" : [
    {
      "name" : "ios",
      "version" : "13.0"
    }
  ],
  "products" : [
    {
      "name" : "StreamCore",
      "targets" : [
        "StreamCore"
      ],
      "type" : {
        "library" : [
          "automatic"
        ]
      }
    },
    {
      "name" : "StreamCoreUI",
      "targets" : [
        "StreamCoreUI"
      ],
      "type" : {
        "library" : [
          "automatic"
        ]
      }
    },
    {
      "name" : "StreamAttachments",
      "targets" : [
        "StreamAttachments"
      ],
      "type" : {
        "library" : [
          "automatic"
        ]
      }
    }
  ],
  "targets" : [
    {
      "c99name" : "StreamCoreUITests",
      "module_type" : "SwiftTarget",
      "name" : "StreamCoreUITests",
      "path" : "Tests/StreamCoreUITests",
      "sources" : [
        "CDN/StreamImageCDN_Tests.swift",
        "DesignSystem/DesignSystemTokens_Tests.swift"
      ],
      "target_dependencies" : [
        "StreamCoreUI"
      ],
      "type" : "test"
    },
    {
      "c99name" : "StreamCoreUI",
      "module_type" : "SwiftTarget",
      "name" : "StreamCoreUI",
      "path" : "Sources/StreamCoreUI",
      "product_memberships" : [
        "StreamCoreUI"
      ],
      "sources" : [
        "CDN/ImageCDN.swift",
        "CDN/ImageResize.swift",
        "CDN/StreamCDN.swift",
        "DesignSystem/BoxShadow.swift",
        "DesignSystem/DesignSystemTokens+Colors+Palette.swift",
        "DesignSystem/DesignSystemTokens+Colors.swift",
        "DesignSystem/DesignSystemTokens+Fonts.swift",
        "DesignSystem/DesignSystemTokens+Layout.swift",
        "DesignSystem/DesignSystemTokens.swift",
        "DesignSystem/UIColor+Primitives.swift",
        "Utils/NSCacheWrapper.swift",
        "VideoLoading/VideoLoading.swift"
      ],
      "target_dependencies" : [
        "StreamCore"
      ],
      "type" : "library"
    },
    {
      "c99name" : "StreamCoreTests",
      "module_type" : "SwiftTarget",
      "name" : "StreamCoreTests",
      "path" : "Tests/StreamCoreTests",
      "sources" : [
        "Errors/ClientError_Tests.swift",
        "Errors/ErrorPayload_Tests.swift",
        "Logger/LogAttachment_Tests.swift",
        "Logger/Logger_Tests.swift",
        "Mocks/EventBatcher_Mock.swift",
        "Mocks/EventDecoder_Mock.swift",
        "Mocks/EventMiddleware_Mock.swift",
        "Mocks/EventNotificationCenter_Mock.swift",
        "Mocks/InternetConnection_Mock.swift",
        "Mocks/MockFunc.swift",
        "Mocks/WebSocketClientEnvironment_Mock.swift",
        "Mocks/WebSocketEngine_Mock.swift",
        "Mocks/WebSocketPingController_Delegate.swift",
        "Mocks/WebSocketPingController_Mock.swift",
        "OpenAPI/HTTP/URLSessionTransport_Tests.swift",
        "OpenAPI/Push/Device_Tests.swift",
        "OpenAPI/Query/Filter_Tests.swift",
        "OpenAPI/Utils/APIHelper_Tests.swift",
        "StreamCoreTests.swift",
        "TestUtils/AssertAsync.swift",
        "TestUtils/AssertJSONEqual.swift",
        "TestUtils/AssertTestQueue.swift",
        "TestUtils/EquatableEvent.swift",
        "TestUtils/EventLogger.swift",
        "TestUtils/TestError.swift",
        "TestUtils/UniqueValues.swift",
        "TestUtils/VirtualTime/VirtualTime.swift",
        "TestUtils/VirtualTime/VirtualTimer.swift",
        "TestUtils/XCTestCase+Wait.swift",
        "Utils/DisposableBag_Tests.swift",
        "Utils/EventBatcher_Tests.swift",
        "Utils/InternetConnection_Tests.swift",
        "Utils/MultipartFormData_Tests.swift",
        "Utils/Queues/RecursiveQueueTests.swift",
        "Utils/Queues/UnfairQueueTests.swift",
        "Utils/RawJSON_Tests.swift",
        "Utils/RepeatingTimer_Tests.swift",
        "Utils/StringExtensions_Tests.swift",
        "WebSockets/Client/ConnectionStatus_Tests.swift",
        "WebSockets/Client/DefaultRetryStrategyTests.swift",
        "WebSockets/JSONDecoder_Tests.swift",
        "WebSockets/JSONEncoder_Tests.swift",
        "WebSockets/StreamJSONDecoder_Tests.swift",
        "WebSockets/WebSocketClient/BackgroundTaskScheduler_Tests.swift",
        "WebSockets/WebSocketClient/ConnectionRecoveryHandler_Tests.swift",
        "WebSockets/WebSocketClient/EventNotificationCenter_Tests.swift",
        "WebSockets/WebSocketClient/WebSocketClient_Tests.swift",
        "WebSockets/WebSocketClient/WebSocketConnectionState_Tests.swift",
        "WebSockets/WebSocketClient/WebSocketPingController_Tests.swift"
      ],
      "target_dependencies" : [
        "StreamCore"
      ],
      "type" : "test"
    },
    {
      "c99name" : "StreamCore",
      "module_type" : "SwiftTarget",
      "name" : "StreamCore",
      "path" : "Sources/StreamCore",
      "product_memberships" : [
        "StreamCore",
        "StreamCoreUI",
        "StreamAttachments"
      ],
      "sources" : [
        "Concurrency/AllocatedUnfairLock.swift",
        "Concurrency/Atomic.swift",
        "Concurrency/LockQueuing.swift",
        "Concurrency/RecursiveQueue.swift",
        "Concurrency/StreamConcurrency.swift",
        "Concurrency/UnfairQueue.swift",
        "Errors/APIError.swift",
        "Errors/Errors.swift",
        "Logger/Array+Logger.swift",
        "Logger/Destination/BaseLogDestination.swift",
        "Logger/Destination/ConsoleLogDestination.swift",
        "Logger/Destination/LogDestination.swift",
        "Logger/Destination/OSLogDestination.swift",
        "Logger/Formatter/LogFormatter.swift",
        "Logger/Formatter/PrefixLogFormatter.swift",
        "Logger/LogAttachment.swift",
        "Logger/Logger.swift",
        "Logger/Publisher+Logger.swift",
        "OpenAPI/HTTP/AuthMiddlewares.swift",
        "OpenAPI/HTTP/HTTPClient.swift",
        "OpenAPI/HTTP/Request.swift",
        "OpenAPI/HTTP/Retries.swift",
        "OpenAPI/HTTP/URLSession+Logging.swift",
        "OpenAPI/HTTP/URLSessionTransport.swift",
        "OpenAPI/Models/ConnectUserDetailsRequest.swift",
        "OpenAPI/Models/DeliveryReceiptsPrivacySettings.swift",
        "OpenAPI/Models/ReadReceiptsPrivacySettings.swift",
        "OpenAPI/Models/TypingIndicatorPrivacySettings.swift",
        "OpenAPI/Models/UserPrivacySettings.swift",
        "OpenAPI/Models/WSAuthMessageRequest.swift",
        "OpenAPI/Push/CreateDeviceRequest.swift",
        "OpenAPI/Push/Device.swift",
        "OpenAPI/Push/DevicesAPI.swift",
        "OpenAPI/Push/ListDevicesResponse.swift",
        "OpenAPI/Push/ModelResponse.swift",
        "OpenAPI/Query/Filter+Local.swift",
        "OpenAPI/Query/Filter.swift",
        "OpenAPI/Query/FilterOperator.swift",
        "OpenAPI/Query/FilterValue+Location.swift",
        "OpenAPI/Query/FilterValue.swift",
        "OpenAPI/Query/Sort.swift",
        "OpenAPI/Utils/APIHelper.swift",
        "OpenAPI/Utils/CodableHelper.swift",
        "OpenAPI/Utils/Extensions.swift",
        "OpenAPI/Utils/JSONDataEncoding.swift",
        "OpenAPI/Utils/Models.swift",
        "OpenAPI/Utils/OpenISO8601DateFormatter.swift",
        "User/User.swift",
        "User/UserToken.swift",
        "Utils/ApplicationStateAdapter.swift",
        "Utils/BoxedAny.swift",
        "Utils/BundleExtensions.swift",
        "Utils/Data+Gzip.swift",
        "Utils/DisposableBag.swift",
        "Utils/HTTPUtils.swift",
        "Utils/InjectedValues.swift",
        "Utils/InternetConnection.swift",
        "Utils/MultipartFormData.swift",
        "Utils/Publisher+AsyncStream.swift",
        "Utils/Publisher+WeakAssign.swift",
        "Utils/RFC3339DateFormatter.swift",
        "Utils/RawJSON.swift",
        "Utils/ReflectiveStringConvertible.swift",
        "Utils/StateBuilder.swift",
        "Utils/StreamRuntimeCheck.swift",
        "Utils/StringExtensions.swift",
        "Utils/SystemEnvironment+Version.swift",
        "Utils/Task+Timeout.swift",
        "Utils/TimerPublisher.swift",
        "Utils/Timers.swift",
        "WebSocket/Client/APIKey.swift",
        "WebSocket/Client/BackgroundTaskScheduler.swift",
        "WebSocket/Client/ConnectionRecoveryHandler.swift",
        "WebSocket/Client/ConnectionStatus.swift",
        "WebSocket/Client/RetryStrategy.swift",
        "WebSocket/Client/URLSessionWebSocketEngine.swift",
        "WebSocket/Client/WebSocketClient.swift",
        "WebSocket/Client/WebSocketEngine.swift",
        "WebSocket/Client/WebSocketPingController.swift",
        "WebSocket/Events/Event.swift",
        "WebSocket/Events/EventBatcher.swift",
        "WebSocket/Events/EventMiddleware.swift",
        "WebSocket/Events/EventNotificationCenter.swift",
        "WebSocket/Events/StreamJsonDecoder.swift"
      ],
      "type" : "library"
    },
    {
      "c99name" : "StreamAttachmentsTests",
      "module_type" : "SwiftTarget",
      "name" : "StreamAttachmentsTests",
      "path" : "Tests/StreamAttachmentsTests",
      "sources" : [
        "StreamAttachmentsTests.swift",
        "StreamCDNClient_Tests.swift"
      ],
      "target_dependencies" : [
        "StreamAttachments"
      ],
      "type" : "test"
    },
    {
      "c99name" : "StreamAttachments",
      "module_type" : "SwiftTarget",
      "name" : "StreamAttachments",
      "path" : "Sources/StreamAttachments",
      "product_memberships" : [
        "StreamAttachments"
      ],
      "sources" : [
        "AttachmentUploader/AttachmentUploader.swift",
        "AttachmentUploader/UploadedAttachment.swift",
        "AttachmentUploader/UploadedAttachmentPostProcessor.swift",
        "Attachments/AnyAttachmentPayload.swift",
        "Attachments/AnyEncodable.swift",
        "Attachments/AttachmentId.swift",
        "Attachments/AttachmentType.swift",
        "Attachments/DictionaryExtensions.swift",
        "Attachments/StreamAttachment.swift",
        "Attachments/StreamAudioAttachment.swift",
        "Attachments/StreamFileAttachment.swift",
        "Attachments/StreamGiphyAttachment.swift",
        "Attachments/StreamImageAttachment.swift",
        "Attachments/StreamLinkAttachment.swift",
        "Attachments/StreamVideoAttachment.swift",
        "Attachments/StreamVoiceRecordingAttachment.swift",
        "CDNClient/CDNClient.swift",
        "HTTP/Endpoint.swift",
        "HTTP/EndpointPath.swift",
        "HTTP/HTTPHeader.swift",
        "HTTP/RequestDecoder.swift",
        "HTTP/RequestEncoder.swift"
      ],
      "target_dependencies" : [
        "StreamCore"
      ],
      "type" : "library"
    }
  ],
  "tools_version" : "6.0"
}
{
  "workspace" : {
    "name" : "StreamCore",
    "schemes" : [
      "StreamAttachments",
      "StreamCore",
      "StreamCore-Package",
      "StreamCoreUI"
    ]
  }
}
2026-10-12 07:06:02.689 xcodebuild[828:5198] [MT] IDERunDestination: Supported platforms for the buildables in the current scheme is empty.
{
  "workspace" : {
    "name" : "StreamCore",
    "schemes" : [
      "StreamAttachments",
      "StreamCore",
      "StreamCore-Package",
      "StreamCoreUI"
    ]
  }
}
2026-10-12 07:06:03.763 xcodebuild[830:5239] [MT] IDERunDestination: Supported platforms for the buildables in the current scheme is empty.
Running build ...
env DEVELOPER_DIR=/Applications/Xcode-27.0.0-Release.Candidate.app xcrun xcodebuild -IDEClonedSourcePackagesDirPathOverride=$PWD/.dependencies -skipMacroValidation -skipPackagePluginValidation -derivedDataPath $PWD/.derivedData build -scheme StreamCore-Package -destination generic/platform=xrOS
Command line invocation:
    /Applications/Xcode-27.0.0.app/Contents/Developer/usr/bin/xcodebuild -IDEClonedSourcePackagesDirPathOverride=/Users/admin/builder/spi-builder-workspace/.dependencies -skipMacroValidation -skipPackagePluginValidation -derivedDataPath /Users/admin/builder/spi-builder-workspace/.derivedData build -scheme StreamCore-Package -destination generic/platform=xrOS
Resolve Package Graph
Resolved source packages:
  StreamCore: /Users/admin/builder/spi-builder-workspace
ComputePackagePrebuildTargetDependencyGraph
Prepare packages
CreateBuildRequest
SendProjectDescription
CreateBuildOperation
ComputeTargetDependencyGraph
note: Building targets in dependency order
note: Target dependency graph (6 targets)
    Target 'StreamAttachments-product' in project 'StreamCore'
        ➜ Explicit dependency on target 'StreamAttachments' in project 'StreamCore'
        ➜ Explicit dependency on target 'StreamCore' in project 'StreamCore'
    Target 'StreamAttachments' in project 'StreamCore'
        ➜ Explicit dependency on target 'StreamCore' in project 'StreamCore'
    Target 'StreamCoreUI-product' in project 'StreamCore'
        ➜ Explicit dependency on target 'StreamCoreUI' in project 'StreamCore'
        ➜ Explicit dependency on target 'StreamCore' in project 'StreamCore'
    Target 'StreamCoreUI' in project 'StreamCore'
        ➜ Explicit dependency on target 'StreamCore' in project 'StreamCore'
    Target 'StreamCore-product' in project 'StreamCore'
        ➜ Explicit dependency on target 'StreamCore' in project 'StreamCore'
    Target 'StreamCore' in project 'StreamCore' (no dependencies)
GatherProvisioningInputs
CreateBuildDescription
ClangStatCache /Applications/Xcode-27.0.0.app/Contents/Developer/Toolchains/XcodeDefault.xctoolchain/usr/bin/clang-stat-cache /Applications/Xcode-27.0.0.app/Contents/Developer/Platforms/XROS.platform/Developer/SDKs/XROS27.0.sdk /Users/admin/builder/spi-builder-workspace/.derivedData/SDKStatCaches.noindex/xros27.0-24M361-e829b21a6f8c9b70876ba0858053c04489c3c372b822c72ca60ec5271cbc7f3c.sdkstatcache
    cd /Users/admin/builder/spi-builder-workspace/.swiftpm/xcode
    /Applications/Xcode-27.0.0.app/Contents/Developer/Toolchains/XcodeDefault.xctoolchain/usr/bin/clang-stat-cache /Applications/Xcode-27.0.0.app/Contents/Developer/Platforms/XROS.platform/Developer/SDKs/XROS27.0.sdk -o /Users/admin/builder/spi-builder-workspace/.derivedData/SDKStatCaches.noindex/xros27.0-24M361-e829b21a6f8c9b70876ba0858053c04489c3c372b822c72ca60ec5271cbc7f3c.sdkstatcache
SwiftDriver StreamCoreUI normal arm64 com.apple.xcode.tools.swift.compiler (in target 'StreamCoreUI' from project 'StreamCore')
    cd /Users/admin/builder/spi-builder-workspace/.swiftpm/xcode
    builtin-SwiftDriver -- /Applications/Xcode-27.0.0.app/Contents/Developer/Toolchains/XcodeDefault.xctoolchain/usr/bin/swiftc -parse-as-library -module-name StreamCoreUI -Onone @/Users/admin/builder/spi-builder-workspace/.derivedData/Build/Intermediates.noindex/StreamCore.build/Debug-xros/StreamCoreUI-t.build/Objects-normal/arm64/StreamCoreUI.SwiftFileList -DSWIFT_PACKAGE -DDEBUG -DSWIFT_MODULE_RESOURCE_BUNDLE_UNAVAILABLE -DXcode -plugin-path /Applications/Xcode-27.0.0.app/Contents/Developer/Toolchains/XcodeDefault.xctoolchain/usr/lib/swift/host/plugins/testing -enable-experimental-feature DebugDescriptionMacro -sdk /Applications/Xcode-27.0.0.app/Contents/Developer/Platforms/XROS.platform/Developer/SDKs/XROS27.0.sdk -target arm64-apple-xros1.0 -g -module-cache-path /Users/admin/builder/spi-builder-workspace/.derivedData/ModuleCache.noindex -Xfrontend -serialize-debugging-options -profile-coverage-mapping -profile-generate -enable-testing -index-store-path /Users/admin/builder/spi-builder-workspace/.derivedData/Index.noindex/DataStore -Xcc -D_LIBCPP_HARDENING_MODE\=_LIBCPP_HARDENING_MODE_DEBUG -swift-version 6 -I /Users/admin/builder/spi-builder-workspace/.derivedData/Build/Products/Debug-xros -Isystem /Applications/Xcode-27.0.0.app/Contents/Developer/Platforms/XROS.platform/Developer/usr/lib -F /Users/admin/builder/spi-builder-workspace/.derivedData/Build/Products/Debug-xros/PackageFrameworks -F /Users/admin/builder/spi-builder-workspace/.derivedData/Build/Products/Debug-xros -F /Applications/Xcode-27.0.0.app/Contents/Developer/Platforms/XROS.platform/Developer/Library/Frameworks -F /Applications/Xcode-27.0.0.app/Contents/Developer/Platforms/XROS.platform/Developer/SDKs/XROS27.0.sdk/Developer/Library/Frameworks -emit-localized-strings -emit-localized-strings-path /Users/admin/builder/spi-builder-workspace/.derivedData/Build/Intermediates.noindex/StreamCore.build/Debug-xros/StreamCoreUI-t.build/Objects-normal/arm64 -c -j10 -enable-batch-mode -incremental -Xcc -ivfsstatcache -Xcc /Users/admin/builder/spi-builder-workspace/.derivedData/SDKStatCaches.noindex/xros27.0-24M361-e829b21a6f8c9b70876ba0858053c04489c3c372b822c72ca60ec5271cbc7f3c.sdkstatcache -output-file-map /Users/admin/builder/spi-builder-workspace/.derivedData/Build/Intermediates.noindex/StreamCore.build/Debug-xros/StreamCoreUI-t.build/Objects-normal/arm64/StreamCoreUI-OutputFileMap.json -save-temps -no-color-diagnostics -explicit-module-build -module-cache-path /Users/admin/builder/spi-builder-workspace/.derivedData/Build/Intermediates.noindex/SwiftExplicitPrecompiledModules -clang-scanner-module-cache-path /Users/admin/builder/spi-builder-workspace/.derivedData/ModuleCache.noindex -sdk-module-cache-path /Users/admin/builder/spi-builder-workspace/.derivedData/SDKExplicitPrecompiledModules -emit-dependencies -emit-module -emit-module-path /Users/admin/builder/spi-builder-workspace/.derivedData/Build/Intermediates.noindex/StreamCore.build/Debug-xros/StreamCoreUI-t.build/Objects-normal/arm64/StreamCoreUI.swiftmodule -serialize-diagnostics -dependency-scan-serialize-diagnostics-path /Users/admin/builder/spi-builder-workspace/.derivedData/Build/Intermediates.noindex/StreamCore.build/Debug-xros/StreamCoreUI-t.build/Objects-normal/arm64/StreamCoreUI-dependency-scan.dia -validate-clang-modules-once -clang-build-session-file /Users/admin/builder/spi-builder-workspace/.derivedData/ModuleCache.noindex/Session.modulevalidation -Xcc -fmodules-prune-interval\=86400 -Xcc -fmodules-prune-after\=345600 -package-name spi_builder_workspace -emit-const-values -const-gather-protocols-list /Users/admin/builder/spi-builder-workspace/.derivedData/Build/Intermediates.noindex/StreamCore.build/Debug-xros/StreamCoreUI-t.build/Objects-normal/arm64/StreamCoreUI_const_extract_protocols.json -Xcc -I/Users/admin/builder/spi-builder-workspace/.derivedData/Build/Products/Debug-xros/include -Xcc -I/Users/admin/builder/spi-builder-workspace/.derivedData/Build/Intermediates.noindex/StreamCore.build/Debug-xros/StreamCoreUI-t.build/DerivedSources-normal/arm64 -Xcc -I/Users/admin/builder/spi-builder-workspace/.derivedData/Build/Intermediates.noindex/StreamCore.build/Debug-xros/StreamCoreUI-t.build/DerivedSources/arm64 -Xcc -I/Users/admin/builder/spi-builder-workspace/.derivedData/Build/Intermediates.noindex/StreamCore.build/Debug-xros/StreamCoreUI-t.build/DerivedSources -Xcc -DSWIFT_PACKAGE -Xcc -DDEBUG\=1 -emit-objc-header -emit-objc-header-path /Users/admin/builder/spi-builder-workspace/.derivedData/Build/Intermediates.noindex/StreamCore.build/Debug-xros/StreamCoreUI-t.build/Objects-normal/arm64/StreamCoreUI-Swift.h -working-directory /Users/admin/builder/spi-builder-workspace/.swiftpm/xcode -experimental-emit-module-separately -disable-cmo
SwiftCompile normal arm64 Compiling\ DesignSystemTokens+Colors.swift /Users/admin/builder/spi-builder-workspace/Sources/StreamCoreUI/DesignSystem/DesignSystemTokens+Colors.swift (in target 'StreamCoreUI' from project 'StreamCore')
SwiftCompile normal arm64 /Users/admin/builder/spi-builder-workspace/Sources/StreamCoreUI/DesignSystem/DesignSystemTokens+Colors.swift (in target 'StreamCoreUI' from project 'StreamCore')
    cd /Users/admin/builder/spi-builder-workspace/.swiftpm/xcode
    builtin-SwiftPerFileCompile DesignSystemTokens+Colors.swift
SwiftEmitModule normal arm64 Emitting\ module\ for\ StreamCoreUI (in target 'StreamCoreUI' from project 'StreamCore')
SwiftCompile normal arm64 (in target 'StreamCoreUI' from project 'StreamCore')
    cd /Users/admin/builder/spi-builder-workspace/.swiftpm/xcode

SwiftCompile normal arm64 Compiling\ DesignSystemTokens+Fonts.swift /Users/admin/builder/spi-builder-workspace/Sources/StreamCoreUI/DesignSystem/DesignSystemTokens+Fonts.swift (in target 'StreamCoreUI' from project 'StreamCore')
SwiftCompile normal arm64 /Users/admin/builder/spi-builder-workspace/Sources/StreamCoreUI/DesignSystem/DesignSystemTokens+Fonts.swift (in target 'StreamCoreUI' from project 'StreamCore')
    cd /Users/admin/builder/spi-builder-workspace/.swiftpm/xcode
    builtin-SwiftPerFileCompile DesignSystemTokens+Fonts.swift
SwiftCompile normal arm64 Compiling\ VideoLoading.swift /Users/admin/builder/spi-builder-workspace/Sources/StreamCoreUI/VideoLoading/VideoLoading.swift (in target 'StreamCoreUI' from project 'StreamCore')
SwiftCompile normal arm64 /Users/admin/builder/spi-builder-workspace/Sources/StreamCoreUI/VideoLoading/VideoLoading.swift (in target 'StreamCoreUI' from project 'StreamCore')
    cd /Users/admin/builder/spi-builder-workspace/.swiftpm/xcode
    builtin-SwiftPerFileCompile VideoLoading.swift
SwiftCompile normal arm64 Compiling\ StreamCDN.swift /Users/admin/builder/spi-builder-workspace/Sources/StreamCoreUI/CDN/StreamCDN.swift (in target 'StreamCoreUI' from project 'StreamCore')
/Users/admin/builder/spi-builder-workspace/Sources/StreamCoreUI/CDN/StreamCDN.swift:73:21: error: 'UIScreen' is unavailable in visionOS
71 |         else { return originalURL }
72 |
73 |         let scale = UIScreen.main.scale
   |                     `- error: 'UIScreen' is unavailable in visionOS
74 |         components.queryItems = components.queryItems ?? []
75 |         components.queryItems?.append(contentsOf: [
/Applications/Xcode-27.0.0.app/Contents/Developer/Platforms/XROS.platform/Developer/SDKs/XROS27.0.sdk/System/Library/Frameworks/UIKit.framework/Headers/UIScreen.h:54:12: note: 'UIScreen' has been explicitly marked unavailable here
 52 |
 53 | UIKIT_EXTERN API_AVAILABLE(ios(2.0)) API_UNAVAILABLE(visionos, watchos) NS_SWIFT_UI_ACTOR
 54 | @interface UIScreen : NSObject <UITraitEnvironment>
    |            `- note: 'UIScreen' has been explicitly marked unavailable here
 55 |
 56 | @property(class, nonatomic, readonly) NSArray<UIScreen *> *screens API_DEPRECATED("Use UIApplication.shared.openSessions to find open sessions with scenes from other screens", ios(3.2, 16.0), visionos(1.0, 1.0)) API_UNAVAILABLE(watchos); // all screens currently attached to the device
Failed frontend command:
/Applications/Xcode-27.0.0.app/Contents/Developer/Toolchains/XcodeDefault.xctoolchain/usr/bin/swift-frontend -frontend -c /Users/admin/builder/spi-builder-workspace/Sources/StreamCoreUI/CDN/ImageCDN.swift /Users/admin/builder/spi-builder-workspace/Sources/StreamCoreUI/CDN/ImageResize.swift -primary-file /Users/admin/builder/spi-builder-workspace/Sources/StreamCoreUI/CDN/StreamCDN.swift /Users/admin/builder/spi-builder-workspace/Sources/StreamCoreUI/DesignSystem/BoxShadow.swift /Users/admin/builder/spi-builder-workspace/Sources/StreamCoreUI/DesignSystem/DesignSystemTokens+Colors+Palette.swift /Users/admin/builder/spi-builder-workspace/Sources/StreamCoreUI/DesignSystem/DesignSystemTokens+Colors.swift /Users/admin/builder/spi-builder-workspace/Sources/StreamCoreUI/DesignSystem/DesignSystemTokens+Fonts.swift /Users/admin/builder/spi-builder-workspace/Sources/StreamCoreUI/DesignSystem/DesignSystemTokens+Layout.swift /Users/admin/builder/spi-builder-workspace/Sources/StreamCoreUI/DesignSystem/DesignSystemTokens.swift /Users/admin/builder/spi-builder-workspace/Sources/StreamCoreUI/DesignSystem/UIColor+Primitives.swift /Users/admin/builder/spi-builder-workspace/Sources/StreamCoreUI/Utils/NSCacheWrapper.swift /Users/admin/builder/spi-builder-workspace/Sources/StreamCoreUI/VideoLoading/VideoLoading.swift -emit-dependencies-path /Users/admin/builder/spi-builder-workspace/.derivedData/Build/Intermediates.noindex/StreamCore.build/Debug-xros/StreamCoreUI-t.build/Objects-normal/arm64/StreamCDN.d -emit-const-values-path /Users/admin/builder/spi-builder-workspace/.derivedData/Build/Intermediates.noindex/StreamCore.build/Debug-xros/StreamCoreUI-t.build/Objects-normal/arm64/StreamCDN.swiftconstvalues -emit-reference-dependencies-path /Users/admin/builder/spi-builder-workspace/.derivedData/Build/Intermediates.noindex/StreamCore.build/Debug-xros/StreamCoreUI-t.build/Objects-normal/arm64/StreamCDN.swiftdeps -serialize-diagnostics-path /Users/admin/builder/spi-builder-workspace/.derivedData/Build/Intermediates.noindex/StreamCore.build/Debug-xros/StreamCoreUI-t.build/Objects-normal/arm64/StreamCDN.dia -emit-localized-strings -emit-localized-strings-path /Users/admin/builder/spi-builder-workspace/.derivedData/Build/Intermediates.noindex/StreamCore.build/Debug-xros/StreamCoreUI-t.build/Objects-normal/arm64 -target arm64-apple-xros1.0 -disable-cross-import-overlay-search -swift-module-cross-import AVKit /Applications/Xcode-27.0.0.app/Contents/Developer/Platforms/XROS.platform/Developer/SDKs/XROS.sdk/System/Library/Frameworks/AVKit.framework/Modules/AVKit.swiftcrossimport/GroupActivities.swiftoverlay -swift-module-cross-import AVKit /Applications/Xcode-27.0.0.app/Contents/Developer/Platforms/XROS.platform/Developer/SDKs/XROS.sdk/System/Library/Frameworks/AVKit.framework/Modules/AVKit.swiftcrossimport/SwiftUI.swiftoverlay -swift-module-cross-import AVKit /Applications/Xcode-27.0.0.app/Contents/Developer/Platforms/XROS.platform/Developer/SDKs/XROS27.0.sdk/System/Library/Frameworks/AVKit.framework/Modules/AVKit.swiftcrossimport/GroupActivities.swiftoverlay -swift-module-cross-import AVKit /Applications/Xcode-27.0.0.app/Contents/Developer/Platforms/XROS.platform/Developer/SDKs/XROS27.0.sdk/System/Library/Frameworks/AVKit.framework/Modules/AVKit.swiftcrossimport/SwiftUI.swiftoverlay -load-resolved-plugin /Applications/Xcode-27.0.0.app/Contents/Developer/Platforms/XROS.platform/Developer/usr/lib/swift/host/plugins/libFoundationMacros.dylib\#/Applications/Xcode-27.0.0.app/Contents/Developer/Platforms/XROS.platform/Developer/usr/bin/swift-plugin-server\#FoundationMacros -load-resolved-plugin /Applications/Xcode-27.0.0.app/Contents/Developer/Platforms/XROS.platform/Developer/usr/lib/swift/host/plugins/libObservationMacros.dylib\#/Applications/Xcode-27.0.0.app/Contents/Developer/Platforms/XROS.platform/Developer/usr/bin/swift-plugin-server\#ObservationMacros -load-resolved-plugin /Applications/Xcode-27.0.0.app/Contents/Developer/Platforms/XROS.platform/Developer/usr/lib/swift/host/plugins/libPreviewsMacros.dylib\#/Applications/Xcode-27.0.0.app/Contents/Developer/Platforms/XROS.platform/Developer/usr/bin/swift-plugin-server\#PreviewsMacros -load-resolved-plugin /Applications/Xcode-27.0.0.app/Contents/Developer/Platforms/XROS.platform/Developer/usr/lib/swift/host/plugins/libSwiftMacros.dylib\#/Applications/Xcode-27.0.0.app/Contents/Developer/Platforms/XROS.platform/Developer/usr/bin/swift-plugin-server\#SwiftMacros -load-resolved-plugin /Applications/Xcode-27.0.0.app/Contents/Developer/Platforms/XROS.platform/Developer/usr/lib/swift/host/plugins/libSwiftUIMacros.dylib\#/Applications/Xcode-27.0.0.app/Contents/Developer/Platforms/XROS.platform/Developer/usr/bin/swift-plugin-server\#SwiftUIMacros -disable-implicit-swift-modules -Xcc -fno-implicit-modules -Xcc -fno-implicit-module-maps -explicit-swift-module-map-file /Users/admin/builder/spi-builder-workspace/.derivedData/Build/Intermediates.noindex/StreamCore.build/Debug-xros/StreamCoreUI-t.build/Objects-normal/arm64/StreamCoreUI-dependencies-1.json -Xllvm -aarch64-use-tbi -enable-objc-interop -stack-check -sdk /Applications/Xcode-27.0.0.app/Contents/Developer/Platforms/XROS.platform/Developer/SDKs/XROS27.0.sdk -I /Users/admin/builder/spi-builder-workspace/.derivedData/Build/Products/Debug-xros -Isystem /Applications/Xcode-27.0.0.app/Contents/Developer/Platforms/XROS.platform/Developer/usr/lib -F /Users/admin/builder/spi-builder-workspace/.derivedData/Build/Products/Debug-xros/PackageFrameworks -F /Users/admin/builder/spi-builder-workspace/.derivedData/Build/Products/Debug-xros -F /Applications/Xcode-27.0.0.app/Contents/Developer/Platforms/XROS.platform/Developer/Library/Frameworks -F /Applications/Xcode-27.0.0.app/Contents/Developer/Platforms/XROS.platform/Developer/SDKs/XROS27.0.sdk/Developer/Library/Frameworks -module-cache-path /Users/admin/builder/spi-builder-workspace/.derivedData/Build/Intermediates.noindex/SwiftExplicitPrecompiledModules -no-color-diagnostics -Xcc -fno-color-diagnostics -enable-testing -g -debug-info-format\=dwarf -dwarf-version\=4 -profile-generate -profile-coverage-mapping -swift-version 6 -Onone -D SWIFT_PACKAGE -D DEBUG -D SWIFT_MODULE_RESOURCE_BUNDLE_UNAVAILABLE -D Xcode -serialize-debugging-options -enable-experimental-feature DebugDescriptionMacro -empty-abi-descriptor -validate-clang-modules-once -clang-build-session-file /Users/admin/builder/spi-builder-workspace/.derivedData/ModuleCache.noindex/Session.modulevalidation -Xcc -working-directory -Xcc /Users/admin/builder/spi-builder-workspace/.swiftpm/xcode -enable-anonymous-context-mangled-names -file-compilation-dir /Users/admin/builder/spi-builder-workspace/.swiftpm/xcode -Xcc -D_LIBCPP_HARDENING_MODE\=_LIBCPP_HARDENING_MODE_DEBUG -Xcc -ivfsstatcache -Xcc /Users/admin/builder/spi-builder-workspace/.derivedData/SDKStatCaches.noindex/xros27.0-24M361-e829b21a6f8c9b70876ba0858053c04489c3c372b822c72ca60ec5271cbc7f3c.sdkstatcache -Xcc -fmodules-prune-interval\=86400 -Xcc -fmodules-prune-after\=345600 -Xcc -I/Users/admin/builder/spi-builder-workspace/.derivedData/Build/Products/Debug-xros/include -Xcc -I/Users/admin/builder/spi-builder-workspace/.derivedData/Build/Intermediates.noindex/StreamCore.build/Debug-xros/StreamCoreUI-t.build/DerivedSources-normal/arm64 -Xcc -I/Users/admin/builder/spi-builder-workspace/.derivedData/Build/Intermediates.noindex/StreamCore.build/Debug-xros/StreamCoreUI-t.build/DerivedSources/arm64 -Xcc -I/Users/admin/builder/spi-builder-workspace/.derivedData/Build/Intermediates.noindex/StreamCore.build/Debug-xros/StreamCoreUI-t.build/DerivedSources -Xcc -DSWIFT_PACKAGE -Xcc -DDEBUG\=1 -no-auto-bridging-header-chaining -module-name StreamCoreUI -package-name spi_builder_workspace -const-gather-protocols-file /Users/admin/builder/spi-builder-workspace/.derivedData/Build/Intermediates.noindex/StreamCore.build/Debug-xros/StreamCoreUI-t.build/Objects-normal/arm64/StreamCoreUI_const_extract_protocols.json -disable-clang-spi -clang-target arm64-apple-xros27.0 -target-sdk-version 27.0 -target-sdk-name xros27.0 -in-process-plugin-server-path /Applications/Xcode-27.0.0.app/Contents/Developer/Toolchains/XcodeDefault.xctoolchain/usr/lib/swift/host/libSwiftInProcPluginServer.dylib -parse-as-library -o /Users/admin/builder/spi-builder-workspace/.derivedData/Build/Intermediates.noindex/StreamCore.build/Debug-xros/StreamCoreUI-t.build/Objects-normal/arm64/StreamCDN.o -debug-module-path /Users/admin/builder/spi-builder-workspace/.derivedData/Build/Intermediates.noindex/StreamCore.build/Debug-xros/StreamCoreUI-t.build/Objects-normal/arm64/StreamCoreUI.swiftmodule -index-unit-output-path /StreamCore.build/Debug-xros/StreamCoreUI-t.build/Objects-normal/arm64/StreamCDN.o -index-store-path /Users/admin/builder/spi-builder-workspace/.derivedData/Index.noindex/DataStore -index-system-modules
SwiftCompile normal arm64 /Users/admin/builder/spi-builder-workspace/Sources/StreamCoreUI/CDN/StreamCDN.swift (in target 'StreamCoreUI' from project 'StreamCore')
    cd /Users/admin/builder/spi-builder-workspace/.swiftpm/xcode
    builtin-SwiftPerFileCompile StreamCDN.swift
SwiftCompile normal arm64 Compiling\ BoxShadow.swift /Users/admin/builder/spi-builder-workspace/Sources/StreamCoreUI/DesignSystem/BoxShadow.swift (in target 'StreamCoreUI' from project 'StreamCore')
SwiftCompile normal arm64 /Users/admin/builder/spi-builder-workspace/Sources/StreamCoreUI/DesignSystem/BoxShadow.swift (in target 'StreamCoreUI' from project 'StreamCore')
    cd /Users/admin/builder/spi-builder-workspace/.swiftpm/xcode
    builtin-SwiftPerFileCompile BoxShadow.swift
SwiftDriverJobDiscovery normal arm64 Compiling BoxShadow.swift (in target 'StreamCoreUI' from project 'StreamCore')
SwiftCompile normal arm64 Compiling\ DesignSystemTokens.swift /Users/admin/builder/spi-builder-workspace/Sources/StreamCoreUI/DesignSystem/DesignSystemTokens.swift (in target 'StreamCoreUI' from project 'StreamCore')
SwiftCompile normal arm64 /Users/admin/builder/spi-builder-workspace/Sources/StreamCoreUI/DesignSystem/DesignSystemTokens.swift (in target 'StreamCoreUI' from project 'StreamCore')
    cd /Users/admin/builder/spi-builder-workspace/.swiftpm/xcode
    builtin-SwiftPerFileCompile DesignSystemTokens.swift
SwiftCompile normal arm64 Compiling\ DesignSystemTokens+Layout.swift /Users/admin/builder/spi-builder-workspace/Sources/StreamCoreUI/DesignSystem/DesignSystemTokens+Layout.swift (in target 'StreamCoreUI' from project 'StreamCore')
SwiftCompile normal arm64 /Users/admin/builder/spi-builder-workspace/Sources/StreamCoreUI/DesignSystem/DesignSystemTokens+Layout.swift (in target 'StreamCoreUI' from project 'StreamCore')
    cd /Users/admin/builder/spi-builder-workspace/.swiftpm/xcode
    builtin-SwiftPerFileCompile DesignSystemTokens+Layout.swift
PruneExplicitPrecompiledModules /Users/admin/builder/spi-builder-workspace/.derivedData/Build/Intermediates.noindex/ExplicitPrecompiledModules
PruneExplicitPrecompiledModules /Users/admin/builder/spi-builder-workspace/.derivedData/SDKExplicitPrecompiledModules
PruneExplicitPrecompiledModules /Users/admin/builder/spi-builder-workspace/.derivedData/Build/Intermediates.noindex/SwiftExplicitPrecompiledModules
2026-10-12 07:06:04.831 xcodebuild[831:5264] [MT] IDERunDestination: Supported platforms for the buildables in the current scheme is empty.
** BUILD FAILED **
The following build commands failed:
	SwiftCompile normal arm64 Compiling\ StreamCDN.swift /Users/admin/builder/spi-builder-workspace/Sources/StreamCoreUI/CDN/StreamCDN.swift (in target 'StreamCoreUI' from project 'StreamCore')
	SwiftCompile normal arm64 /Users/admin/builder/spi-builder-workspace/Sources/StreamCoreUI/CDN/StreamCDN.swift (in target 'StreamCoreUI' from project 'StreamCore')
	Building workspace StreamCore with scheme StreamCore-Package
(3 failures)
BUILD FAILURE 6.4 visionOS