The Swift Package Index logo.Swift Package Index

Build Information

Failed to build KloudMateRum, reference main (27d413), with Swift 6.4 for watchOS using Xcode 27.0 on 27 Sep 2026 20:47:21 UTC.

Build Command

env DEVELOPER_DIR=/Applications/Xcode-27.0.0-Release.Candidate.app xcrun xcodebuild -IDEClonedSourcePackagesDirPathOverride=$PWD/.dependencies -skipMacroValidation -skipPackagePluginValidation -derivedDataPath $PWD/.derivedData build -scheme KloudMateRum -destination generic/platform=watchOS

Build Log

========================================
RunAll
========================================
Builder version: 5.1.0
Interrupt handler set up.
========================================
Checkout
========================================
Clone URL: https://github.com/kloudmate/rum-mobile-swift.git
Reference: main
Initialized empty Git repository in /Users/admin/builder/spi-builder-workspace/.git/
From https://github.com/kloudmate/rum-mobile-swift
 * branch            main       -> FETCH_HEAD
 * [new branch]      main       -> origin/main
HEAD is now at 27d4139 release: 0.4.0
Cloned https://github.com/kloudmate/rum-mobile-swift.git
Revision (git rev-parse @):
27d41391f3a7a878db38513121e83b3d6463a14f
SUCCESS checkout https://github.com/kloudmate/rum-mobile-swift.git at main
========================================
Build
========================================
Selected platform:         watchOS
Swift version:             6.4
Building package at path:  $PWD
https://github.com/kloudmate/rum-mobile-swift.git
Command line invocation:
    /Applications/Xcode-27.0.0-Release.Candidate.app/Contents/Developer/usr/bin/xcodebuild -IDEClonedSourcePackagesDirPathOverride=/Users/admin/builder/spi-builder-workspace/.dependencies -resolvePackageDependencies
Resolve Package Graph
Resolve Package Graph
Resolved source packages:
  KloudMateRum: /Users/admin/builder/spi-builder-workspace
resolved source packages: KloudMateRum
2026-09-27 16:46:43.822 xcodebuild[525:3014] [MT] IDERunDestination: Supported platforms for the buildables in the current scheme is empty.
{
  "dependencies" : [
  ],
  "manifest_display_name" : "KloudMateRum",
  "name" : "KloudMateRum",
  "path" : "/Users/admin/builder/spi-builder-workspace",
  "platforms" : [
    {
      "name" : "ios",
      "version" : "12.0"
    }
  ],
  "products" : [
    {
      "name" : "KloudMateRum",
      "targets" : [
        "KloudMateRum"
      ],
      "type" : {
        "library" : [
          "automatic"
        ]
      }
    }
  ],
  "targets" : [
    {
      "c99name" : "KloudMateRum",
      "module_type" : "BinaryTarget",
      "name" : "KloudMateRum",
      "path" : "remote/archive/KloudMateRum.xcframework.zip",
      "product_memberships" : [
        "KloudMateRum"
      ],
      "sources" : [
      ],
      "type" : "binary"
    }
  ],
  "tools_version" : "5.9"
}
{
  "workspace" : {
    "name" : "KloudMateRum",
    "schemes" : [
      "KloudMateRum"
    ]
  }
}
2026-09-27 16:47:16.112 xcodebuild[634:3829] [MT] IDERunDestination: Supported platforms for the buildables in the current scheme is empty.
Running build ...
env DEVELOPER_DIR=/Applications/Xcode-27.0.0-Release.Candidate.app xcrun xcodebuild -IDEClonedSourcePackagesDirPathOverride=$PWD/.dependencies -skipMacroValidation -skipPackagePluginValidation -derivedDataPath $PWD/.derivedData build -scheme KloudMateRum -destination generic/platform=watchOS
Command line invocation:
    /Applications/Xcode-27.0.0-Release.Candidate.app/Contents/Developer/usr/bin/xcodebuild -IDEClonedSourcePackagesDirPathOverride=/Users/admin/builder/spi-builder-workspace/.dependencies -skipMacroValidation -skipPackagePluginValidation -derivedDataPath /Users/admin/builder/spi-builder-workspace/.derivedData build -scheme KloudMateRum -destination generic/platform=watchOS
Resolve Package Graph
Resolved source packages:
  KloudMateRum: /Users/admin/builder/spi-builder-workspace
ComputePackagePrebuildTargetDependencyGraph
Prepare packages
CreateBuildRequest
SendProjectDescription
CreateBuildOperation
ComputeTargetDependencyGraph
note: Building targets in dependency order
note: Target dependency graph (1 target)
    Target 'KloudMateRum-product' in project 'KloudMateRum' (no dependencies)
GatherProvisioningInputs
CreateBuildDescription
ExecuteExternalTool /Applications/Xcode-27.0.0-Release.Candidate.app/Contents/Developer/Toolchains/XcodeDefault.xctoolchain/usr/bin/clang -v -E -dM -isysroot /Applications/Xcode-27.0.0-Release.Candidate.app/Contents/Developer/Platforms/WatchOS.platform/Developer/SDKs/WatchOS27.0.sdk -x c -c /dev/null
Build description signature: de83e0611b6b901d992b3ee42cad4fa3
Build description path: /Users/admin/builder/spi-builder-workspace/.derivedData/Build/Intermediates.noindex/XCBuildData/de83e0611b6b901d992b3ee42cad4fa3.xcbuilddata
/Users/admin/builder/spi-builder-workspace/.dependencies/artifacts/spi-builder-workspace/KloudMateRum/KloudMateRum.xcframework:1:1: error: While building for watchOS, no library for this platform was found in '/Users/admin/builder/spi-builder-workspace/.dependencies/artifacts/spi-builder-workspace/KloudMateRum/KloudMateRum.xcframework'. (in target 'KloudMateRum-product' from project 'KloudMateRum')
2026-09-27 16:47:17.626 xcodebuild[635:3877] [MT] IDERunDestination: Supported platforms for the buildables in the current scheme is empty.
** BUILD FAILED **
The following build commands failed:
	Building workspace KloudMateRum with scheme KloudMateRum
(1 failure)
Command line invocation:
    /Applications/Xcode-27.0.0-Release.Candidate.app/Contents/Developer/usr/bin/xcodebuild -IDEClonedSourcePackagesDirPathOverride=/Users/admin/builder/spi-builder-workspace/.dependencies -resolvePackageDependencies
Resolve Package Graph
Resolved source packages:
  KloudMateRum: /Users/admin/builder/spi-builder-workspace
resolved source packages: KloudMateRum
2026-09-27 16:47:19.154 xcodebuild[647:3974] [MT] IDERunDestination: Supported platforms for the buildables in the current scheme is empty.
{
  "dependencies" : [
  ],
  "manifest_display_name" : "KloudMateRum",
  "name" : "KloudMateRum",
  "path" : "/Users/admin/builder/spi-builder-workspace",
  "platforms" : [
    {
      "name" : "ios",
      "version" : "12.0"
    }
  ],
  "products" : [
    {
      "name" : "KloudMateRum",
      "targets" : [
        "KloudMateRum"
      ],
      "type" : {
        "library" : [
          "automatic"
        ]
      }
    }
  ],
  "targets" : [
    {
      "c99name" : "KloudMateRum",
      "module_type" : "BinaryTarget",
      "name" : "KloudMateRum",
      "path" : "remote/archive/KloudMateRum.xcframework.zip",
      "product_memberships" : [
        "KloudMateRum"
      ],
      "sources" : [
      ],
      "type" : "binary"
    }
  ],
  "tools_version" : "5.9"
}
{
  "workspace" : {
    "name" : "KloudMateRum",
    "schemes" : [
      "KloudMateRum"
    ]
  }
}
2026-09-27 16:47:20.346 xcodebuild[655:4031] [MT] IDERunDestination: Supported platforms for the buildables in the current scheme is empty.
Running build ...
env DEVELOPER_DIR=/Applications/Xcode-27.0.0-Release.Candidate.app xcrun xcodebuild -IDEClonedSourcePackagesDirPathOverride=$PWD/.dependencies -skipMacroValidation -skipPackagePluginValidation -derivedDataPath $PWD/.derivedData build -scheme KloudMateRum -destination generic/platform=watchOS
Command line invocation:
    /Applications/Xcode-27.0.0-Release.Candidate.app/Contents/Developer/usr/bin/xcodebuild -IDEClonedSourcePackagesDirPathOverride=/Users/admin/builder/spi-builder-workspace/.dependencies -skipMacroValidation -skipPackagePluginValidation -derivedDataPath /Users/admin/builder/spi-builder-workspace/.derivedData build -scheme KloudMateRum -destination generic/platform=watchOS
Resolve Package Graph
Resolved source packages:
  KloudMateRum: /Users/admin/builder/spi-builder-workspace
ComputePackagePrebuildTargetDependencyGraph
Prepare packages
CreateBuildRequest
SendProjectDescription
CreateBuildOperation
ComputeTargetDependencyGraph
note: Building targets in dependency order
note: Target dependency graph (1 target)
    Target 'KloudMateRum-product' in project 'KloudMateRum' (no dependencies)
GatherProvisioningInputs
CreateBuildDescription
/Users/admin/builder/spi-builder-workspace/.dependencies/artifacts/spi-builder-workspace/KloudMateRum/KloudMateRum.xcframework:1:1: error: While building for watchOS, no library for this platform was found in '/Users/admin/builder/spi-builder-workspace/.dependencies/artifacts/spi-builder-workspace/KloudMateRum/KloudMateRum.xcframework'. (in target 'KloudMateRum-product' from project 'KloudMateRum')
2026-09-27 16:47:21.276 xcodebuild[656:4055] [MT] IDERunDestination: Supported platforms for the buildables in the current scheme is empty.
** BUILD FAILED **
The following build commands failed:
	Building workspace KloudMateRum with scheme KloudMateRum
(1 failure)
BUILD FAILURE 6.4 watchOS