Build Information
Failed to build muter, reference master (5c8540), with Swift 6.1 for Wasm on 25 Oct 2026 11:38:36 UTC.
Build Command
bash -c docker run --pull=always --rm -v "checkouts-54344843-0":/host -w "$PWD" -e JAVA_HOME="/root/.sdkman/candidates/java/current" -e SPI_BUILD="1" -e SPI_PROCESSING="1" registry.gitlab.com/saguaro1/spi-images:wasm-6.1-latest swift build --swift-sdk wasm32-unknown-wasi 2>&1Build Log
========================================
RunAll
========================================
Builder version: 5.1.3
Interrupt handler set up.
========================================
Checkout
========================================
Clone URL: https://github.com/muter-mutation-testing/muter.git
Reference: master
Initialized empty Git repository in /host/spi-builder-workspace/.git/
hint: Using 'master' as the name for the initial branch. This default branch name
hint: is subject to change. To configure the initial branch name to use in all
hint: of your new repositories, which will suppress this warning, call:
hint:
hint: git config --global init.defaultBranch <name>
hint:
hint: Names commonly chosen instead of 'master' are 'main', 'trunk' and
hint: 'development'. The just-created branch can be renamed via this command:
hint:
hint: git branch -m <name>
From https://github.com/muter-mutation-testing/muter
* branch master -> FETCH_HEAD
* [new branch] master -> origin/master
HEAD is now at 5c85409 feature/bump version (#300)
Submodule path 'homebrew-formulae': checked out '4e30ce4a9b6137502cf131664d412000bdd93007'
Submodule 'homebrew-formulae' (https://github.com/muter-mutation-testing/homebrew-formulae.git) registered for path 'homebrew-formulae'
Cloning into '/host/spi-builder-workspace/homebrew-formulae'...
Cloned https://github.com/muter-mutation-testing/muter.git
Revision (git rev-parse @):
5c854098e61d1a093ef9c4e53a5ebc6de07b3a32
SUCCESS checkout https://github.com/muter-mutation-testing/muter.git at master
========================================
Build
========================================
Selected platform: wasm
Swift version: 6.1
Building package at path: $PWD
https://github.com/muter-mutation-testing/muter.git
https://github.com/muter-mutation-testing/muter.git
WARNING: environment variable SUPPRESS_SWIFT_6_FLAGS is not set
Running build ...
bash -c docker run --pull=always --rm -v "checkouts-54344843-0":/host -w "$PWD" -e JAVA_HOME="/root/.sdkman/candidates/java/current" -e SPI_BUILD="1" -e SPI_PROCESSING="1" registry.gitlab.com/saguaro1/spi-images:wasm-6.1-latest swift build --swift-sdk wasm32-unknown-wasi -Xswiftc -Xfrontend -Xswiftc -stats-output-dir -Xswiftc -Xfrontend -Xswiftc .stats -Xswiftc -strict-concurrency=complete -Xswiftc -enable-upcoming-feature -Xswiftc StrictConcurrency -Xswiftc -enable-upcoming-feature -Xswiftc DisableOutwardActorInference -Xswiftc -enable-upcoming-feature -Xswiftc GlobalActorIsolatedTypesUsability -Xswiftc -enable-upcoming-feature -Xswiftc InferSendableFromCaptures 2>&1
wasm-6.1-latest: Pulling from saguaro1/spi-images
Digest: sha256:f257c9b8465670613eb336f6def351d681b1d395aebdb231a45bac980c1f9d3c
Status: Image is up to date for registry.gitlab.com/saguaro1/spi-images:wasm-6.1-latest
Fetching https://github.com/mxcl/Version.git
Fetching https://github.com/johnsundell/plot.git
Fetching https://github.com/dduan/Pathos.git
Fetching https://github.com/krzysztofzablocki/Difference.git
Fetching https://github.com/jpsim/Yams.git
Fetching https://github.com/pointfreeco/swift-snapshot-testing.git
[1/486] Fetching difference
[16/797] Fetching difference, version
[167/5801] Fetching difference, version, pathos
[907/7910] Fetching difference, version, pathos, plot
[3987/19788] Fetching difference, version, pathos, plot, yams
Fetched https://github.com/mxcl/Version.git from cache (0.51s)
Fetching https://github.com/onevcat/Rainbow.git
[5467/19477] Fetching difference, pathos, plot, yams
Fetched https://github.com/dduan/Pathos.git from cache (0.60s)
Fetching https://github.com/swiftlang/swift-format.git
[3189/14473] Fetching difference, plot, yams
[10555/15987] Fetching difference, plot, yams, rainbow
Fetched https://github.com/onevcat/Rainbow.git from cache (0.37s)
Fetching https://github.com/swiftlang/swift-syntax.git
[11742/14473] Fetching difference, plot, yams
[14474/29628] Fetching difference, plot, yams, swift-format
Fetched https://github.com/johnsundell/plot.git from cache (1.10s)
Fetching https://github.com/apple/swift-argument-parser.git
Fetched https://github.com/jpsim/Yams.git from cache (1.12s)
[638/15641] Fetching difference, swift-format
[11702/32234] Fetching difference, swift-format, swift-snapshot-testing
[16804/51540] Fetching difference, swift-format, swift-snapshot-testing, swift-argument-parser
Fetched https://github.com/swiftlang/swift-format.git from cache (1.09s)
[7887/36385] Fetching difference, swift-snapshot-testing, swift-argument-parser
Fetched https://github.com/apple/swift-argument-parser.git from cache (0.86s)
[10608/17079] Fetching difference, swift-snapshot-testing
[17080/98162] Fetching difference, swift-snapshot-testing, swift-syntax
Fetched https://github.com/krzysztofzablocki/Difference.git from cache (2.42s)
[33621/97676] Fetching swift-snapshot-testing, swift-syntax
Fetched https://github.com/pointfreeco/swift-snapshot-testing.git from cache (2.44s)
[21082/81083] Fetching swift-syntax
Fetched https://github.com/swiftlang/swift-syntax.git from cache (3.81s)
Computing version for https://github.com/krzysztofzablocki/Difference.git
Computed https://github.com/krzysztofzablocki/Difference.git at 1.1.0 (4.95s)
Computing version for https://github.com/johnsundell/plot.git
Computed https://github.com/johnsundell/plot.git at 0.14.0 (0.24s)
Computing version for https://github.com/dduan/Pathos.git
Computed https://github.com/dduan/Pathos.git at 0.4.2 (0.26s)
Computing version for https://github.com/swiftlang/swift-format.git
Computed https://github.com/swiftlang/swift-format.git at 601.0.0 (0.31s)
Fetching https://github.com/apple/swift-markdown.git
[1/7790] Fetching swift-markdown
Fetched https://github.com/apple/swift-markdown.git from cache (0.62s)
Computing version for https://github.com/mxcl/Version.git
Computed https://github.com/mxcl/Version.git at 2.2.1 (0.89s)
Computing version for https://github.com/swiftlang/swift-syntax.git
Computed https://github.com/swiftlang/swift-syntax.git at 601.0.1 (0.33s)
Computing version for https://github.com/onevcat/Rainbow.git
Computed https://github.com/onevcat/Rainbow.git at 4.2.2 (0.91s)
Computing version for https://github.com/jpsim/Yams.git
Computed https://github.com/jpsim/Yams.git at 6.2.2 (0.23s)
Computing version for https://github.com/apple/swift-argument-parser.git
Computed https://github.com/apple/swift-argument-parser.git at 1.8.2 (0.23s)
Computing version for https://github.com/pointfreeco/swift-snapshot-testing.git
Computed https://github.com/pointfreeco/swift-snapshot-testing.git at 1.19.7 (0.22s)
Fetching https://github.com/pointfreeco/swift-custom-dump
[1/5669] Fetching swift-custom-dump
Fetched https://github.com/pointfreeco/swift-custom-dump from cache (0.51s)
Computing version for https://github.com/apple/swift-markdown.git
Computed https://github.com/apple/swift-markdown.git at 0.9.0 (0.78s)
Fetching https://github.com/swiftlang/swift-cmark.git
[1/18660] Fetching swift-cmark
Fetched https://github.com/swiftlang/swift-cmark.git from cache (0.86s)
Computing version for https://github.com/swiftlang/swift-cmark.git
Computed https://github.com/swiftlang/swift-cmark.git at 0.9.0 (1.12s)
Computing version for https://github.com/pointfreeco/swift-custom-dump
Computed https://github.com/pointfreeco/swift-custom-dump at 1.7.3 (0.23s)
Fetching https://github.com/pointfreeco/xctest-dynamic-overlay
[1/2727] Fetching xctest-dynamic-overlay
Fetched https://github.com/pointfreeco/xctest-dynamic-overlay from cache (0.60s)
Computing version for https://github.com/pointfreeco/xctest-dynamic-overlay
Computed https://github.com/pointfreeco/xctest-dynamic-overlay at 1.13.1 (1.55s)
Creating working copy for https://github.com/onevcat/Rainbow.git
Working copy of https://github.com/onevcat/Rainbow.git resolved at 4.2.2
Creating working copy for https://github.com/swiftlang/swift-cmark.git
Working copy of https://github.com/swiftlang/swift-cmark.git resolved at 0.9.0
Creating working copy for https://github.com/mxcl/Version.git
Working copy of https://github.com/mxcl/Version.git resolved at 2.2.1
Creating working copy for https://github.com/dduan/Pathos.git
Working copy of https://github.com/dduan/Pathos.git resolved at 0.4.2
Creating working copy for https://github.com/pointfreeco/swift-custom-dump
Working copy of https://github.com/pointfreeco/swift-custom-dump resolved at 1.7.3
Creating working copy for https://github.com/swiftlang/swift-syntax.git
Working copy of https://github.com/swiftlang/swift-syntax.git resolved at 601.0.1
Creating working copy for https://github.com/swiftlang/swift-format.git
Working copy of https://github.com/swiftlang/swift-format.git resolved at 601.0.0
Creating working copy for https://github.com/apple/swift-markdown.git
Working copy of https://github.com/apple/swift-markdown.git resolved at 0.9.0
Creating working copy for https://github.com/jpsim/Yams.git
Working copy of https://github.com/jpsim/Yams.git resolved at 6.2.2
Creating working copy for https://github.com/pointfreeco/swift-snapshot-testing.git
Working copy of https://github.com/pointfreeco/swift-snapshot-testing.git resolved at 1.19.7
Creating working copy for https://github.com/apple/swift-argument-parser.git
Working copy of https://github.com/apple/swift-argument-parser.git resolved at 1.8.2
Creating working copy for https://github.com/krzysztofzablocki/Difference.git
Working copy of https://github.com/krzysztofzablocki/Difference.git resolved at 1.1.0
Creating working copy for https://github.com/johnsundell/plot.git
Working copy of https://github.com/johnsundell/plot.git resolved at 0.14.0
Creating working copy for https://github.com/pointfreeco/xctest-dynamic-overlay
Working copy of https://github.com/pointfreeco/xctest-dynamic-overlay resolved at 1.13.1
[1/1] Compiling plugin Lint Source Code
[2/2] Compiling plugin Format Source Code
[3/3] Compiling plugin GenerateManual
[4/4] Compiling plugin GenerateDoccReference
Building for debugging...
[4/91] Write sources
[11/91] Compiling cmark-gfm-extensions core-extensions.c
[12/91] Compiling cmark-gfm-extensions tagfilter.c
[12/91] Compiling cmark-gfm-extensions autolink.c
[14/91] Compiling cmark-gfm-extensions ext_scanners.c
[14/91] Compiling cmark-gfm-extensions tasklist.c
[15/91] Compiling cmark-gfm-extensions strikethrough.c
[15/91] Compiling cmark-gfm-extensions table.c
[18/91] Compiling cmark-gfm xml.c
[19/91] Compiling cmark-gfm render.c
[20/91] Compiling cmark-gfm syntax_extension.c
[21/91] Compiling cmark-gfm registry.c
[22/91] Compiling cmark-gfm references.c
[23/91] Compiling cmark-gfm plugin.c
[24/91] Compiling cmark-gfm plaintext.c
[25/91] Write swift-version-24593BA9C3E375BF.txt
[26/91] Compiling cmark-gfm linked_list.c
[27/91] Compiling cmark-gfm map.c
[28/91] Compiling cmark-gfm latex.c
[29/91] Compiling cmark-gfm man.c
[30/91] Compiling cmark-gfm node.c
[31/91] Compiling cmark-gfm html.c
[32/91] Compiling cmark-gfm iterator.c
[33/98] Compiling cmark-gfm houdini_html_e.c
[34/103] Compiling cmark-gfm houdini_html_u.c
[35/114] Compiling cmark-gfm houdini_href_e.c
[36/122] Compiling cmark-gfm footnotes.c
[37/122] Compiling cmark-gfm cmark_ctype.c
[38/122] Compiling cmark-gfm cmark.c
[39/122] Compiling cmark-gfm buffer.c
[40/124] Compiling cmark-gfm arena.c
[41/124] Compiling _SwiftSyntaxCShims dummy.c
[42/124] Write sources
[43/124] Compiling cmark-gfm blocks.c
[44/124] Write sources
[46/124] Compiling WindowsHelpers dummy.c
[47/124] Write sources
[49/124] Compiling cmark-gfm inlines.c
[49/124] Write sources
[61/124] Compiling cmark-gfm commonmark.c
[62/124] Compiling LinuxHelpers dummy.c
[64/136] Emitting module SwiftSyntax601
<unknown>:0: warning: upcoming feature 'InferSendableFromCaptures' is already enabled as of Swift version 6
<unknown>:0: warning: upcoming feature 'GlobalActorIsolatedTypesUsability' is already enabled as of Swift version 6
<unknown>:0: warning: upcoming feature 'DisableOutwardActorInference' is already enabled as of Swift version 6
[64/136] Compiling cmark-gfm scanners.c
[65/136] Compiling cmark-gfm utf8.c
error: emit-module command failed with exit code 1 (use -v to see invocation)
[67/153] Emitting module SnapshotTesting
/host/spi-builder-workspace/.build/checkouts/swift-snapshot-testing/Sources/SnapshotTesting/AssertSnapshot.swift:577:10: error: no such module 'CoreServices'
575 |
576 | #if !os(Android) && !os(Linux) && !os(Windows)
577 | import CoreServices
| `- error: no such module 'CoreServices'
578 |
579 | func uniformTypeIdentifier(fromExtension pathExtension: String) -> String? {
[68/157] Compiling SwiftSyntax600 Empty.swift
<unknown>:0: warning: upcoming feature 'InferSendableFromCaptures' is already enabled as of Swift version 6
<unknown>:0: warning: upcoming feature 'GlobalActorIsolatedTypesUsability' is already enabled as of Swift version 6
<unknown>:0: warning: upcoming feature 'DisableOutwardActorInference' is already enabled as of Swift version 6
[69/157] Emitting module SwiftSyntax600
<unknown>:0: warning: upcoming feature 'InferSendableFromCaptures' is already enabled as of Swift version 6
<unknown>:0: warning: upcoming feature 'GlobalActorIsolatedTypesUsability' is already enabled as of Swift version 6
<unknown>:0: warning: upcoming feature 'DisableOutwardActorInference' is already enabled as of Swift version 6
[70/158] Compiling Version Version.swift
[71/158] Compiling SnapshotTesting UIImage.swift
/host/spi-builder-workspace/.build/checkouts/swift-snapshot-testing/Sources/SnapshotTesting/AssertSnapshot.swift:577:10: error: no such module 'CoreServices'
575 |
576 | #if !os(Android) && !os(Linux) && !os(Windows)
577 | import CoreServices
| `- error: no such module 'CoreServices'
578 |
579 | func uniformTypeIdentifier(fromExtension pathExtension: String) -> String? {
[72/158] Compiling SnapshotTesting UIView.swift
/host/spi-builder-workspace/.build/checkouts/swift-snapshot-testing/Sources/SnapshotTesting/AssertSnapshot.swift:577:10: error: no such module 'CoreServices'
575 |
576 | #if !os(Android) && !os(Linux) && !os(Windows)
577 | import CoreServices
| `- error: no such module 'CoreServices'
578 |
579 | func uniformTypeIdentifier(fromExtension pathExtension: String) -> String? {
[73/158] Compiling SnapshotTesting UIViewController.swift
/host/spi-builder-workspace/.build/checkouts/swift-snapshot-testing/Sources/SnapshotTesting/AssertSnapshot.swift:577:10: error: no such module 'CoreServices'
575 |
576 | #if !os(Android) && !os(Linux) && !os(Windows)
577 | import CoreServices
| `- error: no such module 'CoreServices'
578 |
579 | func uniformTypeIdentifier(fromExtension pathExtension: String) -> String? {
[74/158] Compiling SnapshotTesting URLRequest.swift
/host/spi-builder-workspace/.build/checkouts/swift-snapshot-testing/Sources/SnapshotTesting/AssertSnapshot.swift:577:10: error: no such module 'CoreServices'
575 |
576 | #if !os(Android) && !os(Linux) && !os(Windows)
577 | import CoreServices
| `- error: no such module 'CoreServices'
578 |
579 | func uniformTypeIdentifier(fromExtension pathExtension: String) -> String? {
[76/158] Emitting module Version
[77/158] Compiling Version Version+Comparable.swift
[78/158] Compiling SwiftSyntax509 Empty.swift
<unknown>:0: warning: upcoming feature 'InferSendableFromCaptures' is already enabled as of Swift version 6
<unknown>:0: warning: upcoming feature 'GlobalActorIsolatedTypesUsability' is already enabled as of Swift version 6
<unknown>:0: warning: upcoming feature 'DisableOutwardActorInference' is already enabled as of Swift version 6
[79/158] Emitting module SwiftSyntax509
<unknown>:0: warning: upcoming feature 'InferSendableFromCaptures' is already enabled as of Swift version 6
<unknown>:0: warning: upcoming feature 'GlobalActorIsolatedTypesUsability' is already enabled as of Swift version 6
<unknown>:0: warning: upcoming feature 'DisableOutwardActorInference' is already enabled as of Swift version 6
[80/159] Compiling Version Version+Range.swift
[81/159] Emitting module SwiftSyntax510
<unknown>:0: warning: upcoming feature 'InferSendableFromCaptures' is already enabled as of Swift version 6
<unknown>:0: warning: upcoming feature 'GlobalActorIsolatedTypesUsability' is already enabled as of Swift version 6
<unknown>:0: warning: upcoming feature 'DisableOutwardActorInference' is already enabled as of Swift version 6
[82/159] Compiling SwiftSyntax510 Empty.swift
<unknown>:0: warning: upcoming feature 'InferSendableFromCaptures' is already enabled as of Swift version 6
<unknown>:0: warning: upcoming feature 'GlobalActorIsolatedTypesUsability' is already enabled as of Swift version 6
<unknown>:0: warning: upcoming feature 'DisableOutwardActorInference' is already enabled as of Swift version 6
[84/210] Compiling SwiftSyntax601 Empty.swift
<unknown>:0: warning: upcoming feature 'InferSendableFromCaptures' is already enabled as of Swift version 6
<unknown>:0: warning: upcoming feature 'GlobalActorIsolatedTypesUsability' is already enabled as of Swift version 6
<unknown>:0: warning: upcoming feature 'DisableOutwardActorInference' is already enabled as of Swift version 6
[85/221] Wrapping AST for SwiftSyntax600 for debugging
[87/221] Wrapping AST for SwiftSyntax510 for debugging
[88/221] Compiling writer.c
[89/221] Wrapping AST for SwiftSyntax509 for debugging
[91/285] Compiling SwiftSyntax Syntax.swift
[92/285] Compiling SwiftSyntax SyntaxArena.swift
[93/320] Emitting module Rainbow
[93/320] Wrapping AST for SwiftSyntax601 for debugging
[94/320] Compiling scanner.c
[95/320] Compiling reader.c
[96/320] Compiling parser.c
[98/320] Compiling Pathos Algorithms.swift
[99/320] Compiling Pathos BinaryString.swift
[100/320] Compiling Pathos Box.swift
[101/320] Compiling Pathos Constants.swift
[102/320] Compiling Pathos Metadata+Darwin.swift
[103/320] Compiling Pathos Path+Darwin.swift
[104/320] Compiling Pathos FileTime.swift
[105/320] Compiling Pathos FileType.swift
[106/320] Compiling Pathos LazyBoxed.swift
[109/328] Emitting module Difference
[110/328] Compiling Difference Difference.swift
[111/329] Compiling SwiftSyntax SyntaxAnyVisitor.swift
[112/329] Compiling SwiftSyntax SyntaxBaseNodes.swift
[113/329] Compiling SwiftSyntax SyntaxCollections.swift
[114/329] Compiling SwiftSyntax RawSyntaxNodesC.swift
[115/329] Compiling SwiftSyntax RawSyntaxNodesD.swift
[116/329] Compiling SwiftSyntax RawSyntaxNodesEF.swift
[117/329] Compiling SwiftSyntax RawSyntaxNodesGHI.swift
[118/329] Compiling SwiftSyntax RawSyntaxNodesJKLMN.swift
/host/spi-builder-workspace/.build/checkouts/Pathos/Sources/Pathos/Constants.swift:16:8: error: no such module 'Glibc'
14 | import Darwin
15 | #else
16 | import Glibc
| `- error: no such module 'Glibc'
17 | #endif // canImport(Darwin)
18 | extension Constants {
/host/spi-builder-workspace/.build/checkouts/Pathos/Sources/Pathos/Constants.swift:16:8: error: no such module 'Glibc'
14 | import Darwin
15 | #else
16 | import Glibc
| `- error: no such module 'Glibc'
17 | #endif // canImport(Darwin)
18 | extension Constants {
/host/spi-builder-workspace/.build/checkouts/Pathos/Sources/Pathos/Constants.swift:16:8: error: no such module 'Glibc'
14 | import Darwin
15 | #else
16 | import Glibc
| `- error: no such module 'Glibc'
17 | #endif // canImport(Darwin)
18 | extension Constants {
/host/spi-builder-workspace/.build/checkouts/Pathos/Sources/Pathos/Constants.swift:16:8: error: no such module 'Glibc'
14 | import Darwin
15 | #else
16 | import Glibc
| `- error: no such module 'Glibc'
17 | #endif // canImport(Darwin)
18 | extension Constants {
/host/spi-builder-workspace/.build/checkouts/Pathos/Sources/Pathos/Constants.swift:16:8: error: no such module 'Glibc'
14 | import Darwin
15 | #else
16 | import Glibc
| `- error: no such module 'Glibc'
17 | #endif // canImport(Darwin)
18 | extension Constants {
/host/spi-builder-workspace/.build/checkouts/Pathos/Sources/Pathos/Constants.swift:16:8: error: no such module 'Glibc'
14 | import Darwin
15 | #else
16 | import Glibc
| `- error: no such module 'Glibc'
17 | #endif // canImport(Darwin)
18 | extension Constants {
/host/spi-builder-workspace/.build/checkouts/Pathos/Sources/Pathos/Constants.swift:16:8: error: no such module 'Glibc'
14 | import Darwin
15 | #else
16 | import Glibc
| `- error: no such module 'Glibc'
17 | #endif // canImport(Darwin)
18 | extension Constants {
/host/spi-builder-workspace/.build/checkouts/Pathos/Sources/Pathos/Constants.swift:16:8: error: no such module 'Glibc'
14 | import Darwin
15 | #else
16 | import Glibc
| `- error: no such module 'Glibc'
17 | #endif // canImport(Darwin)
18 | extension Constants {
/host/spi-builder-workspace/.build/checkouts/Pathos/Sources/Pathos/Constants.swift:16:8: error: no such module 'Glibc'
14 | import Darwin
15 | #else
16 | import Glibc
| `- error: no such module 'Glibc'
17 | #endif // canImport(Darwin)
18 | extension Constants {
[132/333] Compiling Pathos Metadata+Glibc.swift
/host/spi-builder-workspace/.build/checkouts/Pathos/Sources/Pathos/Constants.swift:16:8: error: no such module 'Glibc'
14 | import Darwin
15 | #else
16 | import Glibc
| `- error: no such module 'Glibc'
17 | #endif // canImport(Darwin)
18 | extension Constants {
[134/333] Compiling Pathos POSIXFileType.swift
/host/spi-builder-workspace/.build/checkouts/swift-snapshot-testing/Sources/SnapshotTesting/AssertSnapshot.swift:577:10: error: no such module 'CoreServices'
575 |
576 | #if !os(Android) && !os(Linux) && !os(Windows)
577 | import CoreServices
| `- error: no such module 'CoreServices'
578 |
579 | func uniformTypeIdentifier(fromExtension pathExtension: String) -> String? {
[135/333] Compiling Pathos POSIXPathConvertible.swift
/host/spi-builder-workspace/.build/checkouts/swift-snapshot-testing/Sources/SnapshotTesting/AssertSnapshot.swift:577:10: error: no such module 'CoreServices'
575 |
576 | #if !os(Android) && !os(Linux) && !os(Windows)
577 | import CoreServices
| `- error: no such module 'CoreServices'
578 |
579 | func uniformTypeIdentifier(fromExtension pathExtension: String) -> String? {
[136/333] Compiling Pathos POSIXPermissions.swift
/host/spi-builder-workspace/.build/checkouts/swift-snapshot-testing/Sources/SnapshotTesting/AssertSnapshot.swift:577:10: error: no such module 'CoreServices'
575 |
576 | #if !os(Android) && !os(Linux) && !os(Windows)
577 | import CoreServices
| `- error: no such module 'CoreServices'
578 |
579 | func uniformTypeIdentifier(fromExtension pathExtension: String) -> String? {
[137/333] Compiling Pathos Path+POSIX.swift
/host/spi-builder-workspace/.build/checkouts/swift-snapshot-testing/Sources/SnapshotTesting/AssertSnapshot.swift:577:10: error: no such module 'CoreServices'
575 |
576 | #if !os(Android) && !os(Linux) && !os(Windows)
577 | import CoreServices
| `- error: no such module 'CoreServices'
578 |
579 | func uniformTypeIdentifier(fromExtension pathExtension: String) -> String? {
[138/333] Compiling Pathos Path+Glibc.swift
/host/spi-builder-workspace/.build/checkouts/swift-snapshot-testing/Sources/SnapshotTesting/AssertSnapshot.swift:577:10: error: no such module 'CoreServices'
575 |
576 | #if !os(Android) && !os(Linux) && !os(Windows)
577 | import CoreServices
| `- error: no such module 'CoreServices'
578 |
579 | func uniformTypeIdentifier(fromExtension pathExtension: String) -> String? {
[139/333] Compiling Pathos Metadata.swift
/host/spi-builder-workspace/.build/checkouts/swift-snapshot-testing/Sources/SnapshotTesting/AssertSnapshot.swift:577:10: error: no such module 'CoreServices'
575 |
576 | #if !os(Android) && !os(Linux) && !os(Windows)
577 | import CoreServices
| `- error: no such module 'CoreServices'
578 |
579 | func uniformTypeIdentifier(fromExtension pathExtension: String) -> String? {
[140/333] Compiling Pathos FileTime+POSIX.swift
/host/spi-builder-workspace/.build/checkouts/swift-snapshot-testing/Sources/SnapshotTesting/AssertSnapshot.swift:577:10: error: no such module 'CoreServices'
575 |
576 | #if !os(Android) && !os(Linux) && !os(Windows)
577 | import CoreServices
| `- error: no such module 'CoreServices'
578 |
579 | func uniformTypeIdentifier(fromExtension pathExtension: String) -> String? {
[141/333] Compiling Pathos POSIXConstants.swift
/host/spi-builder-workspace/.build/checkouts/swift-snapshot-testing/Sources/SnapshotTesting/AssertSnapshot.swift:577:10: error: no such module 'CoreServices'
575 |
576 | #if !os(Android) && !os(Linux) && !os(Windows)
577 | import CoreServices
| `- error: no such module 'CoreServices'
578 |
579 | func uniformTypeIdentifier(fromExtension pathExtension: String) -> String? {
[142/333] Compiling Pathos PurePathRepresentable.swift
/host/spi-builder-workspace/.build/checkouts/swift-snapshot-testing/Sources/SnapshotTesting/AssertSnapshot.swift:577:10: error: no such module 'CoreServices'
575 |
576 | #if !os(Android) && !os(Linux) && !os(Windows)
577 | import CoreServices
| `- error: no such module 'CoreServices'
578 |
579 | func uniformTypeIdentifier(fromExtension pathExtension: String) -> String? {
[143/333] Compiling Pathos SystemError.swift
/host/spi-builder-workspace/.build/checkouts/swift-snapshot-testing/Sources/SnapshotTesting/AssertSnapshot.swift:577:10: error: no such module 'CoreServices'
575 |
576 | #if !os(Android) && !os(Linux) && !os(Windows)
577 | import CoreServices
| `- error: no such module 'CoreServices'
578 |
579 | func uniformTypeIdentifier(fromExtension pathExtension: String) -> String? {
[144/333] Compiling Pathos FileTime+Windows.swift
/host/spi-builder-workspace/.build/checkouts/swift-snapshot-testing/Sources/SnapshotTesting/AssertSnapshot.swift:577:10: error: no such module 'CoreServices'
575 |
576 | #if !os(Android) && !os(Linux) && !os(Windows)
577 | import CoreServices
| `- error: no such module 'CoreServices'
578 |
579 | func uniformTypeIdentifier(fromExtension pathExtension: String) -> String? {
[145/333] Compiling Pathos Metadata+Windows.swift
/host/spi-builder-workspace/.build/checkouts/swift-snapshot-testing/Sources/SnapshotTesting/AssertSnapshot.swift:577:10: error: no such module 'CoreServices'
575 |
576 | #if !os(Android) && !os(Linux) && !os(Windows)
577 | import CoreServices
| `- error: no such module 'CoreServices'
578 |
579 | func uniformTypeIdentifier(fromExtension pathExtension: String) -> String? {
[145/333] Compiling api.c
[146/333] Compiling CAtomic CAtomic.c
[148/333] Compiling Pathos WindowsAttributes.swift
/host/spi-builder-workspace/.build/checkouts/Pathos/Sources/Pathos/Constants.swift:16:8: error: no such module 'Glibc'
14 | import Darwin
15 | #else
16 | import Glibc
| `- error: no such module 'Glibc'
17 | #endif // canImport(Darwin)
18 | extension Constants {
[149/333] Compiling Pathos WindowsConstants.swift
/host/spi-builder-workspace/.build/checkouts/Pathos/Sources/Pathos/Constants.swift:16:8: error: no such module 'Glibc'
14 | import Darwin
15 | #else
16 | import Glibc
| `- error: no such module 'Glibc'
17 | #endif // canImport(Darwin)
18 | extension Constants {
[150/333] Compiling Pathos WindowsFileType.swift
/host/spi-builder-workspace/.build/checkouts/Pathos/Sources/Pathos/Constants.swift:16:8: error: no such module 'Glibc'
14 | import Darwin
15 | #else
16 | import Glibc
| `- error: no such module 'Glibc'
17 | #endif // canImport(Darwin)
18 | extension Constants {
[151/333] Compiling Pathos WindowsPathConvertible.swift
/host/spi-builder-workspace/.build/checkouts/Pathos/Sources/Pathos/Constants.swift:16:8: error: no such module 'Glibc'
14 | import Darwin
15 | #else
16 | import Glibc
| `- error: no such module 'Glibc'
17 | #endif // canImport(Darwin)
18 | extension Constants {
/host/spi-builder-workspace/.build/checkouts/swift-snapshot-testing/Sources/SnapshotTesting/AssertSnapshot.swift:577:10: error: no such module 'CoreServices'
575 |
576 | #if !os(Android) && !os(Linux) && !os(Windows)
577 | import CoreServices
| `- error: no such module 'CoreServices'
578 |
579 | func uniformTypeIdentifier(fromExtension pathExtension: String) -> String? {
/host/spi-builder-workspace/.build/checkouts/swift-snapshot-testing/Sources/SnapshotTesting/AssertSnapshot.swift:577:10: error: no such module 'CoreServices'
575 |
576 | #if !os(Android) && !os(Linux) && !os(Windows)
577 | import CoreServices
| `- error: no such module 'CoreServices'
578 |
579 | func uniformTypeIdentifier(fromExtension pathExtension: String) -> String? {
/host/spi-builder-workspace/.build/checkouts/swift-snapshot-testing/Sources/SnapshotTesting/AssertSnapshot.swift:577:10: error: no such module 'CoreServices'
575 |
576 | #if !os(Android) && !os(Linux) && !os(Windows)
577 | import CoreServices
| `- error: no such module 'CoreServices'
578 |
579 | func uniformTypeIdentifier(fromExtension pathExtension: String) -> String? {
/host/spi-builder-workspace/.build/checkouts/swift-snapshot-testing/Sources/SnapshotTesting/AssertSnapshot.swift:577:10: error: no such module 'CoreServices'
575 |
576 | #if !os(Android) && !os(Linux) && !os(Windows)
577 | import CoreServices
| `- error: no such module 'CoreServices'
578 |
579 | func uniformTypeIdentifier(fromExtension pathExtension: String) -> String? {
/host/spi-builder-workspace/.build/checkouts/swift-snapshot-testing/Sources/SnapshotTesting/AssertSnapshot.swift:577:10: error: no such module 'CoreServices'
575 |
576 | #if !os(Android) && !os(Linux) && !os(Windows)
577 | import CoreServices
| `- error: no such module 'CoreServices'
578 |
579 | func uniformTypeIdentifier(fromExtension pathExtension: String) -> String? {
/host/spi-builder-workspace/.build/checkouts/swift-snapshot-testing/Sources/SnapshotTesting/AssertSnapshot.swift:577:10: error: no such module 'CoreServices'
575 |
576 | #if !os(Android) && !os(Linux) && !os(Windows)
577 | import CoreServices
| `- error: no such module 'CoreServices'
578 |
579 | func uniformTypeIdentifier(fromExtension pathExtension: String) -> String? {
/host/spi-builder-workspace/.build/checkouts/swift-snapshot-testing/Sources/SnapshotTesting/AssertSnapshot.swift:577:10: error: no such module 'CoreServices'
575 |
576 | #if !os(Android) && !os(Linux) && !os(Windows)
577 | import CoreServices
| `- error: no such module 'CoreServices'
578 |
579 | func uniformTypeIdentifier(fromExtension pathExtension: String) -> String? {
/host/spi-builder-workspace/.build/checkouts/swift-snapshot-testing/Sources/SnapshotTesting/AssertSnapshot.swift:577:10: error: no such module 'CoreServices'
575 |
576 | #if !os(Android) && !os(Linux) && !os(Windows)
577 | import CoreServices
| `- error: no such module 'CoreServices'
578 |
579 | func uniformTypeIdentifier(fromExtension pathExtension: String) -> String? {
/host/spi-builder-workspace/.build/checkouts/swift-snapshot-testing/Sources/SnapshotTesting/AssertSnapshot.swift:577:10: error: no such module 'CoreServices'
575 |
576 | #if !os(Android) && !os(Linux) && !os(Windows)
577 | import CoreServices
| `- error: no such module 'CoreServices'
578 |
579 | func uniformTypeIdentifier(fromExtension pathExtension: String) -> String? {
/host/spi-builder-workspace/.build/checkouts/swift-snapshot-testing/Sources/SnapshotTesting/AssertSnapshot.swift:577:10: error: no such module 'CoreServices'
575 |
576 | #if !os(Android) && !os(Linux) && !os(Windows)
577 | import CoreServices
| `- error: no such module 'CoreServices'
578 |
579 | func uniformTypeIdentifier(fromExtension pathExtension: String) -> String? {
[162/333] Compiling Version Version+Foundation.swift
[163/333] Compiling Version Version+Codable.swift
error: emit-module command failed with exit code 1 (use -v to see invocation)
[164/334] Emitting module Pathos
/host/spi-builder-workspace/.build/checkouts/Pathos/Sources/Pathos/Constants.swift:16:8: error: no such module 'Glibc'
14 | import Darwin
15 | #else
16 | import Glibc
| `- error: no such module 'Glibc'
17 | #endif // canImport(Darwin)
18 | extension Constants {
[165/334] Compiling Rainbow StyledStringBuilder.swift
[166/372] Compiling Markdown Replacement.swift
/host/spi-builder-workspace/.build/checkouts/swift-snapshot-testing/Sources/SnapshotTesting/AssertSnapshot.swift:577:10: error: no such module 'CoreServices'
575 |
576 | #if !os(Android) && !os(Linux) && !os(Windows)
577 | import CoreServices
| `- error: no such module 'CoreServices'
578 |
579 | func uniformTypeIdentifier(fromExtension pathExtension: String) -> String? {
[167/372] Compiling Markdown SourceLocation.swift
/host/spi-builder-workspace/.build/checkouts/swift-snapshot-testing/Sources/SnapshotTesting/AssertSnapshot.swift:577:10: error: no such module 'CoreServices'
575 |
576 | #if !os(Android) && !os(Linux) && !os(Windows)
577 | import CoreServices
| `- error: no such module 'CoreServices'
578 |
579 | func uniformTypeIdentifier(fromExtension pathExtension: String) -> String? {
[168/372] Compiling Markdown Emphasis.swift
/host/spi-builder-workspace/.build/checkouts/swift-snapshot-testing/Sources/SnapshotTesting/AssertSnapshot.swift:577:10: error: no such module 'CoreServices'
575 |
576 | #if !os(Android) && !os(Linux) && !os(Windows)
577 | import CoreServices
| `- error: no such module 'CoreServices'
578 |
579 | func uniformTypeIdentifier(fromExtension pathExtension: String) -> String? {
[169/372] Compiling Markdown Image.swift
/host/spi-builder-workspace/.build/checkouts/swift-snapshot-testing/Sources/SnapshotTesting/AssertSnapshot.swift:577:10: error: no such module 'CoreServices'
575 |
576 | #if !os(Android) && !os(Linux) && !os(Windows)
577 | import CoreServices
| `- error: no such module 'CoreServices'
578 |
579 | func uniformTypeIdentifier(fromExtension pathExtension: String) -> String? {
[170/375] Compiling Markdown TableCell.swift
/host/spi-builder-workspace/.build/checkouts/swift-snapshot-testing/Sources/SnapshotTesting/AssertSnapshot.swift:577:10: error: no such module 'CoreServices'
575 |
576 | #if !os(Android) && !os(Linux) && !os(Windows)
577 | import CoreServices
| `- error: no such module 'CoreServices'
578 |
579 | func uniformTypeIdentifier(fromExtension pathExtension: String) -> String? {
[171/375] Compiling Markdown TableCellContainer.swift
/host/spi-builder-workspace/.build/checkouts/swift-snapshot-testing/Sources/SnapshotTesting/AssertSnapshot.swift:577:10: error: no such module 'CoreServices'
575 |
576 | #if !os(Android) && !os(Linux) && !os(Windows)
577 | import CoreServices
| `- error: no such module 'CoreServices'
578 |
579 | func uniformTypeIdentifier(fromExtension pathExtension: String) -> String? {
[172/375] Compiling Markdown TableHead.swift
/host/spi-builder-workspace/.build/checkouts/swift-snapshot-testing/Sources/SnapshotTesting/AssertSnapshot.swift:577:10: error: no such module 'CoreServices'
575 |
576 | #if !os(Android) && !os(Linux) && !os(Windows)
577 | import CoreServices
| `- error: no such module 'CoreServices'
578 |
579 | func uniformTypeIdentifier(fromExtension pathExtension: String) -> String? {
[173/375] Compiling Markdown TableRow.swift
/host/spi-builder-workspace/.build/checkouts/swift-snapshot-testing/Sources/SnapshotTesting/AssertSnapshot.swift:577:10: error: no such module 'CoreServices'
575 |
576 | #if !os(Android) && !os(Linux) && !os(Windows)
577 | import CoreServices
| `- error: no such module 'CoreServices'
578 |
579 | func uniformTypeIdentifier(fromExtension pathExtension: String) -> String? {
[174/397] Compiling Markdown TableBody.swift
[175/397] Compiling Markdown Link.swift
[176/397] Compiling Markdown Strikethrough.swift
[177/397] Compiling Markdown Strong.swift
[178/397] Compiling Markdown CustomInline.swift
[179/397] Compiling Markdown InlineCode.swift
[180/397] Compiling Markdown InlineHTML.swift
[181/397] Compiling Markdown LineBreak.swift
[182/397] Compiling Markdown SoftBreak.swift
[183/397] Compiling Markdown SymbolLink.swift
[184/397] Compiling Markdown Text.swift
[185/397] Compiling Markdown Aside.swift
[186/397] Compiling Markdown BlockDirectiveParser.swift
[187/397] Compiling Markdown CommonMarkConverter.swift
[188/397] Compiling Markdown LazySplitLines.swift
[189/397] Compiling Markdown ParseOptions.swift
[189/397] Compiling emitter.c
<unknown>:0: warning: upcoming feature 'InferSendableFromCaptures' is already enabled as of Swift version 6
<unknown>:0: warning: upcoming feature 'GlobalActorIsolatedTypesUsability' is already enabled as of Swift version 6
<unknown>:0: warning: upcoming feature 'DisableOutwardActorInference' is already enabled as of Swift version 6
Running build ...
bash -c docker run --pull=always --rm -v "checkouts-54344843-0":/host -w "$PWD" -e JAVA_HOME="/root/.sdkman/candidates/java/current" -e SPI_BUILD="1" -e SPI_PROCESSING="1" registry.gitlab.com/saguaro1/spi-images:wasm-6.1-latest swift build --swift-sdk wasm32-unknown-wasi 2>&1
wasm-6.1-latest: Pulling from saguaro1/spi-images
Digest: sha256:f257c9b8465670613eb336f6def351d681b1d395aebdb231a45bac980c1f9d3c
Status: Image is up to date for registry.gitlab.com/saguaro1/spi-images:wasm-6.1-latest
[0/1] Planning build
[1/1] Compiling plugin Lint Source Code
[2/2] Compiling plugin Format Source Code
[3/3] Compiling plugin GenerateManual
[4/4] Compiling plugin GenerateDoccReference
Building for debugging...
[4/20] Write sources
[6/25] Write swift-version-24593BA9C3E375BF.txt
[7/25] Compiling emitter.c
[9/105] Compiling SwiftSyntax600 Empty.swift
[10/105] Emitting module Version
[11/105] Emitting module SwiftSyntax600
[12/106] Compiling SwiftSyntax509 Empty.swift
[13/106] Emitting module SwiftSyntax509
[14/107] Compiling SwiftSyntax601 Empty.swift
[15/107] Emitting module SwiftSyntax601
[16/108] Compiling SwiftSyntax510 Empty.swift
[18/107] Emitting module SwiftSyntax510
[22/199] Compiling Plot Attribute.swift
/host/spi-builder-workspace/.build/checkouts/Pathos/Sources/Pathos/Constants.swift:16:8: error: no such module 'Glibc'
14 | import Darwin
15 | #else
16 | import Glibc
| `- error: no such module 'Glibc'
17 | #endif // canImport(Darwin)
18 | extension Constants {
[23/199] Compiling Plot Component.swift
/host/spi-builder-workspace/.build/checkouts/Pathos/Sources/Pathos/Constants.swift:16:8: error: no such module 'Glibc'
14 | import Darwin
15 | #else
16 | import Glibc
| `- error: no such module 'Glibc'
17 | #endif // canImport(Darwin)
18 | extension Constants {
[24/199] Compiling Plot ComponentAttributes.swift
/host/spi-builder-workspace/.build/checkouts/Pathos/Sources/Pathos/Constants.swift:16:8: error: no such module 'Glibc'
14 | import Darwin
15 | #else
16 | import Glibc
| `- error: no such module 'Glibc'
17 | #endif // canImport(Darwin)
18 | extension Constants {
[25/199] Compiling Plot ComponentBuilder.swift
/host/spi-builder-workspace/.build/checkouts/Pathos/Sources/Pathos/Constants.swift:16:8: error: no such module 'Glibc'
14 | import Darwin
15 | #else
16 | import Glibc
| `- error: no such module 'Glibc'
17 | #endif // canImport(Darwin)
18 | extension Constants {
[26/199] Compiling Plot ComponentContainer.swift
/host/spi-builder-workspace/.build/checkouts/Pathos/Sources/Pathos/Constants.swift:16:8: error: no such module 'Glibc'
14 | import Darwin
15 | #else
16 | import Glibc
| `- error: no such module 'Glibc'
17 | #endif // canImport(Darwin)
18 | extension Constants {
[27/203] Compiling Version Version+Foundation.swift
[28/203] Compiling Version Version+Comparable.swift
[29/203] Compiling Version Version+Codable.swift
[30/203] Compiling Pathos WindowsAttributes.swift
/host/spi-builder-workspace/.build/checkouts/Pathos/Sources/Pathos/Constants.swift:16:8: error: no such module 'Glibc'
14 | import Darwin
15 | #else
16 | import Glibc
| `- error: no such module 'Glibc'
17 | #endif // canImport(Darwin)
18 | extension Constants {
[31/203] Compiling Pathos WindowsConstants.swift
/host/spi-builder-workspace/.build/checkouts/Pathos/Sources/Pathos/Constants.swift:16:8: error: no such module 'Glibc'
14 | import Darwin
15 | #else
16 | import Glibc
| `- error: no such module 'Glibc'
17 | #endif // canImport(Darwin)
18 | extension Constants {
[32/203] Compiling Pathos WindowsFileType.swift
/host/spi-builder-workspace/.build/checkouts/Pathos/Sources/Pathos/Constants.swift:16:8: error: no such module 'Glibc'
14 | import Darwin
15 | #else
16 | import Glibc
| `- error: no such module 'Glibc'
17 | #endif // canImport(Darwin)
18 | extension Constants {
[33/203] Compiling Pathos WindowsPathConvertible.swift
/host/spi-builder-workspace/.build/checkouts/Pathos/Sources/Pathos/Constants.swift:16:8: error: no such module 'Glibc'
14 | import Darwin
15 | #else
16 | import Glibc
| `- error: no such module 'Glibc'
17 | #endif // canImport(Darwin)
18 | extension Constants {
[34/203] Compiling Plot ElementComponent.swift
[35/203] Compiling Plot ElementDefinition.swift
[36/267] Emitting module Rainbow
[37/267] Compiling Markdown BlockDirective.swift
/host/spi-builder-workspace/.build/checkouts/swift-snapshot-testing/Sources/SnapshotTesting/AssertSnapshot.swift:577:10: error: no such module 'CoreServices'
575 |
576 | #if !os(Android) && !os(Linux) && !os(Windows)
577 | import CoreServices
| `- error: no such module 'CoreServices'
578 |
579 | func uniformTypeIdentifier(fromExtension pathExtension: String) -> String? {
[38/267] Compiling Markdown BlockQuote.swift
/host/spi-builder-workspace/.build/checkouts/swift-snapshot-testing/Sources/SnapshotTesting/AssertSnapshot.swift:577:10: error: no such module 'CoreServices'
575 |
576 | #if !os(Android) && !os(Linux) && !os(Windows)
577 | import CoreServices
| `- error: no such module 'CoreServices'
578 |
579 | func uniformTypeIdentifier(fromExtension pathExtension: String) -> String? {
[39/267] Compiling Markdown CustomBlock.swift
/host/spi-builder-workspace/.build/checkouts/swift-snapshot-testing/Sources/SnapshotTesting/AssertSnapshot.swift:577:10: error: no such module 'CoreServices'
575 |
576 | #if !os(Android) && !os(Linux) && !os(Windows)
577 | import CoreServices
| `- error: no such module 'CoreServices'
578 |
579 | func uniformTypeIdentifier(fromExtension pathExtension: String) -> String? {
[40/267] Compiling Markdown DoxygenAbstract.swift
/host/spi-builder-workspace/.build/checkouts/swift-snapshot-testing/Sources/SnapshotTesting/AssertSnapshot.swift:577:10: error: no such module 'CoreServices'
575 |
576 | #if !os(Android) && !os(Linux) && !os(Windows)
577 | import CoreServices
| `- error: no such module 'CoreServices'
578 |
579 | func uniformTypeIdentifier(fromExtension pathExtension: String) -> String? {
[41/267] Compiling Markdown SourceLocation.swift
/host/spi-builder-workspace/.build/checkouts/swift-snapshot-testing/Sources/SnapshotTesting/AssertSnapshot.swift:577:10: error: no such module 'CoreServices'
575 |
576 | #if !os(Android) && !os(Linux) && !os(Windows)
577 | import CoreServices
| `- error: no such module 'CoreServices'
578 |
579 | func uniformTypeIdentifier(fromExtension pathExtension: String) -> String? {
[42/267] Compiling Markdown Emphasis.swift
/host/spi-builder-workspace/.build/checkouts/swift-snapshot-testing/Sources/SnapshotTesting/AssertSnapshot.swift:577:10: error: no such module 'CoreServices'
575 |
576 | #if !os(Android) && !os(Linux) && !os(Windows)
577 | import CoreServices
| `- error: no such module 'CoreServices'
578 |
579 | func uniformTypeIdentifier(fromExtension pathExtension: String) -> String? {
[43/267] Compiling Markdown Image.swift
/host/spi-builder-workspace/.build/checkouts/swift-snapshot-testing/Sources/SnapshotTesting/AssertSnapshot.swift:577:10: error: no such module 'CoreServices'
575 |
576 | #if !os(Android) && !os(Linux) && !os(Windows)
577 | import CoreServices
| `- error: no such module 'CoreServices'
578 |
579 | func uniformTypeIdentifier(fromExtension pathExtension: String) -> String? {
[44/267] Compiling Markdown InlineAttributes.swift
/host/spi-builder-workspace/.build/checkouts/swift-snapshot-testing/Sources/SnapshotTesting/AssertSnapshot.swift:577:10: error: no such module 'CoreServices'
575 |
576 | #if !os(Android) && !os(Linux) && !os(Windows)
577 | import CoreServices
| `- error: no such module 'CoreServices'
578 |
579 | func uniformTypeIdentifier(fromExtension pathExtension: String) -> String? {
[45/271] Compiling Markdown ListItem.swift
/host/spi-builder-workspace/.build/checkouts/swift-snapshot-testing/Sources/SnapshotTesting/AssertSnapshot.swift:577:10: error: no such module 'CoreServices'
575 |
576 | #if !os(Android) && !os(Linux) && !os(Windows)
577 | import CoreServices
| `- error: no such module 'CoreServices'
578 |
579 | func uniformTypeIdentifier(fromExtension pathExtension: String) -> String? {
[46/271] Compiling Markdown Text.swift
/host/spi-builder-workspace/.build/checkouts/swift-snapshot-testing/Sources/SnapshotTesting/AssertSnapshot.swift:577:10: error: no such module 'CoreServices'
575 |
576 | #if !os(Android) && !os(Linux) && !os(Windows)
577 | import CoreServices
| `- error: no such module 'CoreServices'
578 |
579 | func uniformTypeIdentifier(fromExtension pathExtension: String) -> String? {
[47/271] Compiling Markdown Aside.swift
/host/spi-builder-workspace/.build/checkouts/swift-snapshot-testing/Sources/SnapshotTesting/AssertSnapshot.swift:577:10: error: no such module 'CoreServices'
575 |
576 | #if !os(Android) && !os(Linux) && !os(Windows)
577 | import CoreServices
| `- error: no such module 'CoreServices'
578 |
579 | func uniformTypeIdentifier(fromExtension pathExtension: String) -> String? {
[48/271] Compiling Markdown BlockDirectiveParser.swift
/host/spi-builder-workspace/.build/checkouts/swift-snapshot-testing/Sources/SnapshotTesting/AssertSnapshot.swift:577:10: error: no such module 'CoreServices'
575 |
576 | #if !os(Android) && !os(Linux) && !os(Windows)
577 | import CoreServices
| `- error: no such module 'CoreServices'
578 |
579 | func uniformTypeIdentifier(fromExtension pathExtension: String) -> String? {
[49/273] Compiling SnapshotTesting UIImage.swift
/host/spi-builder-workspace/.build/checkouts/swift-snapshot-testing/Sources/SnapshotTesting/AssertSnapshot.swift:577:10: error: no such module 'CoreServices'
575 |
576 | #if !os(Android) && !os(Linux) && !os(Windows)
577 | import CoreServices
| `- error: no such module 'CoreServices'
578 |
579 | func uniformTypeIdentifier(fromExtension pathExtension: String) -> String? {
[50/273] Compiling SnapshotTesting UIView.swift
/host/spi-builder-workspace/.build/checkouts/swift-snapshot-testing/Sources/SnapshotTesting/AssertSnapshot.swift:577:10: error: no such module 'CoreServices'
575 |
576 | #if !os(Android) && !os(Linux) && !os(Windows)
577 | import CoreServices
| `- error: no such module 'CoreServices'
578 |
579 | func uniformTypeIdentifier(fromExtension pathExtension: String) -> String? {
[51/273] Compiling SnapshotTesting UIViewController.swift
/host/spi-builder-workspace/.build/checkouts/swift-snapshot-testing/Sources/SnapshotTesting/AssertSnapshot.swift:577:10: error: no such module 'CoreServices'
575 |
576 | #if !os(Android) && !os(Linux) && !os(Windows)
577 | import CoreServices
| `- error: no such module 'CoreServices'
578 |
579 | func uniformTypeIdentifier(fromExtension pathExtension: String) -> String? {
[52/273] Compiling SnapshotTesting URLRequest.swift
/host/spi-builder-workspace/.build/checkouts/swift-snapshot-testing/Sources/SnapshotTesting/AssertSnapshot.swift:577:10: error: no such module 'CoreServices'
575 |
576 | #if !os(Android) && !os(Linux) && !os(Windows)
577 | import CoreServices
| `- error: no such module 'CoreServices'
578 |
579 | func uniformTypeIdentifier(fromExtension pathExtension: String) -> String? {
[53/273] Compiling Version Version+Range.swift
[54/273] Compiling Version Version.swift
[55/274] Compiling Markdown TableCellContainer.swift
/host/spi-builder-workspace/.build/checkouts/Pathos/Sources/Pathos/Constants.swift:16:8: error: no such module 'Glibc'
14 | import Darwin
15 | #else
16 | import Glibc
| `- error: no such module 'Glibc'
17 | #endif // canImport(Darwin)
18 | extension Constants {
[56/274] Compiling Markdown TableHead.swift
/host/spi-builder-workspace/.build/checkouts/Pathos/Sources/Pathos/Constants.swift:16:8: error: no such module 'Glibc'
14 | import Darwin
15 | #else
16 | import Glibc
| `- error: no such module 'Glibc'
17 | #endif // canImport(Darwin)
18 | extension Constants {
[57/274] Compiling Markdown TableRow.swift
/host/spi-builder-workspace/.build/checkouts/Pathos/Sources/Pathos/Constants.swift:16:8: error: no such module 'Glibc'
14 | import Darwin
15 | #else
16 | import Glibc
| `- error: no such module 'Glibc'
17 | #endif // canImport(Darwin)
18 | extension Constants {
[58/274] Compiling Markdown Replacement.swift
/host/spi-builder-workspace/.build/checkouts/Pathos/Sources/Pathos/Constants.swift:16:8: error: no such module 'Glibc'
14 | import Darwin
15 | #else
16 | import Glibc
| `- error: no such module 'Glibc'
17 | #endif // canImport(Darwin)
18 | extension Constants {
/host/spi-builder-workspace/.build/checkouts/Pathos/Sources/Pathos/Constants.swift:16:8: error: no such module 'Glibc'
14 | import Darwin
15 | #else
16 | import Glibc
| `- error: no such module 'Glibc'
17 | #endif // canImport(Darwin)
18 | extension Constants {
error: emit-module command failed with exit code 1 (use -v to see invocation)
[60/274] Emitting module Pathos
/host/spi-builder-workspace/.build/checkouts/Pathos/Sources/Pathos/Constants.swift:16:8: error: no such module 'Glibc'
14 | import Darwin
15 | #else
16 | import Glibc
| `- error: no such module 'Glibc'
17 | #endif // canImport(Darwin)
18 | extension Constants {
/host/spi-builder-workspace/.build/checkouts/Pathos/Sources/Pathos/Constants.swift:16:8: error: no such module 'Glibc'
14 | import Darwin
15 | #else
16 | import Glibc
| `- error: no such module 'Glibc'
17 | #endif // canImport(Darwin)
18 | extension Constants {
/host/spi-builder-workspace/.build/checkouts/Pathos/Sources/Pathos/Constants.swift:16:8: error: no such module 'Glibc'
14 | import Darwin
15 | #else
16 | import Glibc
| `- error: no such module 'Glibc'
17 | #endif // canImport(Darwin)
18 | extension Constants {
[63/274] Compiling Markdown DoxygenDiscussion.swift
/host/spi-builder-workspace/.build/checkouts/Pathos/Sources/Pathos/Constants.swift:16:8: error: no such module 'Glibc'
14 | import Darwin
15 | #else
16 | import Glibc
| `- error: no such module 'Glibc'
17 | #endif // canImport(Darwin)
18 | extension Constants {
[64/274] Compiling Markdown DoxygenNote.swift
/host/spi-builder-workspace/.build/checkouts/Pathos/Sources/Pathos/Constants.swift:16:8: error: no such module 'Glibc'
14 | import Darwin
15 | #else
16 | import Glibc
| `- error: no such module 'Glibc'
17 | #endif // canImport(Darwin)
18 | extension Constants {
[65/274] Compiling Markdown DoxygenParameter.swift
/host/spi-builder-workspace/.build/checkouts/Pathos/Sources/Pathos/Constants.swift:16:8: error: no such module 'Glibc'
14 | import Darwin
15 | #else
16 | import Glibc
| `- error: no such module 'Glibc'
17 | #endif // canImport(Darwin)
18 | extension Constants {
[66/274] Compiling Markdown Heading.swift
/host/spi-builder-workspace/.build/checkouts/Pathos/Sources/Pathos/Constants.swift:16:8: error: no such module 'Glibc'
14 | import Darwin
15 | #else
16 | import Glibc
| `- error: no such module 'Glibc'
17 | #endif // canImport(Darwin)
18 | extension Constants {
[67/274] Compiling Markdown ThematicBreak.swift
/host/spi-builder-workspace/.build/checkouts/Pathos/Sources/Pathos/Constants.swift:16:8: error: no such module 'Glibc'
14 | import Darwin
15 | #else
16 | import Glibc
| `- error: no such module 'Glibc'
17 | #endif // canImport(Darwin)
18 | extension Constants {
[68/274] Compiling Markdown Table.swift
/host/spi-builder-workspace/.build/checkouts/Pathos/Sources/Pathos/Constants.swift:16:8: error: no such module 'Glibc'
14 | import Darwin
15 | #else
16 | import Glibc
| `- error: no such module 'Glibc'
17 | #endif // canImport(Darwin)
18 | extension Constants {
[69/274] Compiling Markdown TableBody.swift
/host/spi-builder-workspace/.build/checkouts/Pathos/Sources/Pathos/Constants.swift:16:8: error: no such module 'Glibc'
14 | import Darwin
15 | #else
16 | import Glibc
| `- error: no such module 'Glibc'
17 | #endif // canImport(Darwin)
18 | extension Constants {
[70/274] Compiling Markdown TableCell.swift
/host/spi-builder-workspace/.build/checkouts/Pathos/Sources/Pathos/Constants.swift:16:8: error: no such module 'Glibc'
14 | import Darwin
15 | #else
16 | import Glibc
| `- error: no such module 'Glibc'
17 | #endif // canImport(Darwin)
18 | extension Constants {
/host/spi-builder-workspace/.build/checkouts/Pathos/Sources/Pathos/Constants.swift:16:8: error: no such module 'Glibc'
14 | import Darwin
15 | #else
16 | import Glibc
| `- error: no such module 'Glibc'
17 | #endif // canImport(Darwin)
18 | extension Constants {
/host/spi-builder-workspace/.build/checkouts/Pathos/Sources/Pathos/Constants.swift:16:8: error: no such module 'Glibc'
14 | import Darwin
15 | #else
16 | import Glibc
| `- error: no such module 'Glibc'
17 | #endif // canImport(Darwin)
18 | extension Constants {
/host/spi-builder-workspace/.build/checkouts/Pathos/Sources/Pathos/Constants.swift:16:8: error: no such module 'Glibc'
14 | import Darwin
15 | #else
16 | import Glibc
| `- error: no such module 'Glibc'
17 | #endif // canImport(Darwin)
18 | extension Constants {
/host/spi-builder-workspace/.build/checkouts/Pathos/Sources/Pathos/Constants.swift:16:8: error: no such module 'Glibc'
14 | import Darwin
15 | #else
16 | import Glibc
| `- error: no such module 'Glibc'
17 | #endif // canImport(Darwin)
18 | extension Constants {
/host/spi-builder-workspace/.build/checkouts/Pathos/Sources/Pathos/Constants.swift:16:8: error: no such module 'Glibc'
14 | import Darwin
15 | #else
16 | import Glibc
| `- error: no such module 'Glibc'
17 | #endif // canImport(Darwin)
18 | extension Constants {
[76/274] Compiling Markdown PlainTextConvertibleMarkup.swift
[77/274] Compiling Markdown RawMarkup.swift
[78/274] Compiling Markdown Link.swift
[79/274] Compiling Markdown Strikethrough.swift
[80/274] Compiling Markdown Strong.swift
[81/274] Compiling Markdown CustomInline.swift
[82/274] Compiling Markdown InlineCode.swift
[83/274] Compiling Markdown InlineHTML.swift
[85/282] Compiling Markdown AtomicCounter.swift
[86/282] Compiling Markdown ChildIndexPath.swift
[87/282] Compiling Markdown DirectiveArgument.swift
[88/282] Compiling Markdown Document.swift
[89/282] Compiling Markdown LiteralMarkup.swift
[90/282] Compiling Markdown Markup.swift
[91/282] Compiling Markdown MarkupChildren.swift
[92/282] Compiling Markdown MarkupData.swift
[93/282] Compiling Markdown HTMLBlock.swift
[95/282] Compiling Markdown BasicBlockContainer.swift
[96/282] Compiling Markdown BasicInlineContainer.swift
[97/282] Compiling Markdown BlockContainer.swift
[98/282] Compiling Markdown BlockMarkup.swift
[99/282] Compiling Markdown InlineContainer.swift
[100/282] Compiling Markdown InlineMarkup.swift
[101/282] Compiling Markdown ListItemContainer.swift
[103/282] Compiling Markdown OrderedList.swift
[104/282] Compiling Markdown UnorderedList.swift
[105/282] Compiling Markdown Paragraph.swift
[106/282] Compiling Markdown CodeBlock.swift
/host/spi-builder-workspace/.build/checkouts/swift-snapshot-testing/Sources/SnapshotTesting/AssertSnapshot.swift:577:10: error: no such module 'CoreServices'
575 |
576 | #if !os(Android) && !os(Linux) && !os(Windows)
577 | import CoreServices
| `- error: no such module 'CoreServices'
578 |
579 | func uniformTypeIdentifier(fromExtension pathExtension: String) -> String? {
/host/spi-builder-workspace/.build/checkouts/swift-snapshot-testing/Sources/SnapshotTesting/AssertSnapshot.swift:577:10: error: no such module 'CoreServices'
575 |
576 | #if !os(Android) && !os(Linux) && !os(Windows)
577 | import CoreServices
| `- error: no such module 'CoreServices'
578 |
579 | func uniformTypeIdentifier(fromExtension pathExtension: String) -> String? {
/host/spi-builder-workspace/.build/checkouts/swift-snapshot-testing/Sources/SnapshotTesting/AssertSnapshot.swift:577:10: error: no such module 'CoreServices'
575 |
576 | #if !os(Android) && !os(Linux) && !os(Windows)
577 | import CoreServices
| `- error: no such module 'CoreServices'
578 |
579 | func uniformTypeIdentifier(fromExtension pathExtension: String) -> String? {
/host/spi-builder-workspace/.build/checkouts/swift-snapshot-testing/Sources/SnapshotTesting/AssertSnapshot.swift:577:10: error: no such module 'CoreServices'
575 |
576 | #if !os(Android) && !os(Linux) && !os(Windows)
577 | import CoreServices
| `- error: no such module 'CoreServices'
578 |
579 | func uniformTypeIdentifier(fromExtension pathExtension: String) -> String? {
/host/spi-builder-workspace/.build/checkouts/swift-snapshot-testing/Sources/SnapshotTesting/AssertSnapshot.swift:577:10: error: no such module 'CoreServices'
575 |
576 | #if !os(Android) && !os(Linux) && !os(Windows)
577 | import CoreServices
| `- error: no such module 'CoreServices'
578 |
579 | func uniformTypeIdentifier(fromExtension pathExtension: String) -> String? {
/host/spi-builder-workspace/.build/checkouts/swift-snapshot-testing/Sources/SnapshotTesting/AssertSnapshot.swift:577:10: error: no such module 'CoreServices'
575 |
576 | #if !os(Android) && !os(Linux) && !os(Windows)
577 | import CoreServices
| `- error: no such module 'CoreServices'
578 |
579 | func uniformTypeIdentifier(fromExtension pathExtension: String) -> String? {
/host/spi-builder-workspace/.build/checkouts/swift-snapshot-testing/Sources/SnapshotTesting/AssertSnapshot.swift:577:10: error: no such module 'CoreServices'
575 |
576 | #if !os(Android) && !os(Linux) && !os(Windows)
577 | import CoreServices
| `- error: no such module 'CoreServices'
578 |
579 | func uniformTypeIdentifier(fromExtension pathExtension: String) -> String? {
[114/290] Compiling Markdown DoxygenReturns.swift
/host/spi-builder-workspace/.build/checkouts/swift-snapshot-testing/Sources/SnapshotTesting/AssertSnapshot.swift:577:10: error: no such module 'CoreServices'
575 |
576 | #if !os(Android) && !os(Linux) && !os(Windows)
577 | import CoreServices
| `- error: no such module 'CoreServices'
578 |
579 | func uniformTypeIdentifier(fromExtension pathExtension: String) -> String? {
/host/spi-builder-workspace/.build/checkouts/swift-snapshot-testing/Sources/SnapshotTesting/AssertSnapshot.swift:577:10: error: no such module 'CoreServices'
575 |
576 | #if !os(Android) && !os(Linux) && !os(Windows)
577 | import CoreServices
| `- error: no such module 'CoreServices'
578 |
579 | func uniformTypeIdentifier(fromExtension pathExtension: String) -> String? {
/host/spi-builder-workspace/.build/checkouts/swift-snapshot-testing/Sources/SnapshotTesting/AssertSnapshot.swift:577:10: error: no such module 'CoreServices'
575 |
576 | #if !os(Android) && !os(Linux) && !os(Windows)
577 | import CoreServices
| `- error: no such module 'CoreServices'
578 |
579 | func uniformTypeIdentifier(fromExtension pathExtension: String) -> String? {
/host/spi-builder-workspace/.build/checkouts/swift-snapshot-testing/Sources/SnapshotTesting/AssertSnapshot.swift:577:10: error: no such module 'CoreServices'
575 |
576 | #if !os(Android) && !os(Linux) && !os(Windows)
577 | import CoreServices
| `- error: no such module 'CoreServices'
578 |
579 | func uniformTypeIdentifier(fromExtension pathExtension: String) -> String? {
/host/spi-builder-workspace/.build/checkouts/swift-snapshot-testing/Sources/SnapshotTesting/AssertSnapshot.swift:577:10: error: no such module 'CoreServices'
575 |
576 | #if !os(Android) && !os(Linux) && !os(Windows)
577 | import CoreServices
| `- error: no such module 'CoreServices'
578 |
579 | func uniformTypeIdentifier(fromExtension pathExtension: String) -> String? {
/host/spi-builder-workspace/.build/checkouts/swift-snapshot-testing/Sources/SnapshotTesting/AssertSnapshot.swift:577:10: error: no such module 'CoreServices'
575 |
576 | #if !os(Android) && !os(Linux) && !os(Windows)
577 | import CoreServices
| `- error: no such module 'CoreServices'
578 |
579 | func uniformTypeIdentifier(fromExtension pathExtension: String) -> String? {
/host/spi-builder-workspace/.build/checkouts/Pathos/Sources/Pathos/Constants.swift:16:8: error: no such module 'Glibc'
14 | import Darwin
15 | #else
16 | import Glibc
| `- error: no such module 'Glibc'
17 | #endif // canImport(Darwin)
18 | extension Constants {
/host/spi-builder-workspace/.build/checkouts/Pathos/Sources/Pathos/Constants.swift:16:8: error: no such module 'Glibc'
14 | import Darwin
15 | #else
16 | import Glibc
| `- error: no such module 'Glibc'
17 | #endif // canImport(Darwin)
18 | extension Constants {
/host/spi-builder-workspace/.build/checkouts/Pathos/Sources/Pathos/Constants.swift:16:8: error: no such module 'Glibc'
14 | import Darwin
15 | #else
16 | import Glibc
| `- error: no such module 'Glibc'
17 | #endif // canImport(Darwin)
18 | extension Constants {
/host/spi-builder-workspace/.build/checkouts/Pathos/Sources/Pathos/Constants.swift:16:8: error: no such module 'Glibc'
14 | import Darwin
15 | #else
16 | import Glibc
| `- error: no such module 'Glibc'
17 | #endif // canImport(Darwin)
18 | extension Constants {
/host/spi-builder-workspace/.build/checkouts/Pathos/Sources/Pathos/Constants.swift:16:8: error: no such module 'Glibc'
14 | import Darwin
15 | #else
16 | import Glibc
| `- error: no such module 'Glibc'
17 | #endif // canImport(Darwin)
18 | extension Constants {
/host/spi-builder-workspace/.build/checkouts/Pathos/Sources/Pathos/Constants.swift:16:8: error: no such module 'Glibc'
14 | import Darwin
15 | #else
16 | import Glibc
| `- error: no such module 'Glibc'
17 | #endif // canImport(Darwin)
18 | extension Constants {
/host/spi-builder-workspace/.build/checkouts/Pathos/Sources/Pathos/Constants.swift:16:8: error: no such module 'Glibc'
14 | import Darwin
15 | #else
16 | import Glibc
| `- error: no such module 'Glibc'
17 | #endif // canImport(Darwin)
18 | extension Constants {
/host/spi-builder-workspace/.build/checkouts/Pathos/Sources/Pathos/Constants.swift:16:8: error: no such module 'Glibc'
14 | import Darwin
15 | #else
16 | import Glibc
| `- error: no such module 'Glibc'
17 | #endif // canImport(Darwin)
18 | extension Constants {
BUILD FAILURE 6.1 wasm