The Swift Package Index logo.Swift Package Index

Build Information

Failed to build SFPushFeatureSDK, reference v2.0.0 (c04adf), with Swift 6.2 for macOS (Xcode) using Xcode 26.3 on 25 Sep 2026 03:27:12 UTC.

Build Command

env DEVELOPER_DIR=/Applications/Xcode-26.3.0.app xcrun xcodebuild -IDEClonedSourcePackagesDirPathOverride=$PWD/.dependencies -skipMacroValidation -skipPackagePluginValidation -derivedDataPath $PWD/.derivedData build -scheme SFPushFeatureSDK -destination platform=macOS,arch=arm64

Build Log

========================================
RunAll
========================================
Builder version: 5.1.0
Interrupt handler set up.
========================================
Checkout
========================================
Clone URL: https://github.com/salesforce-marketingcloud/push-feature-sdk-ios.git
Reference: v2.0.0
Initialized empty Git repository in /Users/admin/builder/spi-builder-workspace/.git/
From https://github.com/salesforce-marketingcloud/push-feature-sdk-ios
 * tag               v2.0.0     -> FETCH_HEAD
HEAD is now at c04adf1 v2.0.0
Cloned https://github.com/salesforce-marketingcloud/push-feature-sdk-ios.git
Revision (git rev-parse @):
c04adf111139ed8a9d47eec22dc55867332fb4b5
SUCCESS checkout https://github.com/salesforce-marketingcloud/push-feature-sdk-ios.git at v2.0.0
========================================
Build
========================================
Selected platform:         macosXcodebuild
Swift version:             6.2
Building package at path:  $PWD
https://github.com/salesforce-marketingcloud/push-feature-sdk-ios.git
Command line invocation:
    /Applications/Xcode-26.3.0.app/Contents/Developer/usr/bin/xcodebuild -IDEClonedSourcePackagesDirPathOverride=/Users/admin/builder/spi-builder-workspace/.dependencies -resolvePackageDependencies
Resolve Package Graph
Resolve Package Graph
Resolved source packages:
  SFPushFeatureSDK: /Users/admin/builder/spi-builder-workspace
resolved source packages: SFPushFeatureSDK
2026-09-24 23:26:45.426 xcodebuild[537:3089] [MT] IDERunDestination: Supported platforms for the buildables in the current scheme is empty.
{
  "default_localization" : "en",
  "dependencies" : [
  ],
  "manifest_display_name" : "SFPushFeatureSDK",
  "name" : "SFPushFeatureSDK",
  "path" : "/Users/admin/builder/spi-builder-workspace",
  "platforms" : [
    {
      "name" : "ios",
      "version" : "12.0"
    }
  ],
  "products" : [
    {
      "name" : "PushFeatureSDK",
      "targets" : [
        "PushFeatureSDK"
      ],
      "type" : {
        "library" : [
          "automatic"
        ]
      }
    }
  ],
  "targets" : [
    {
      "c99name" : "PushFeatureSDK",
      "module_type" : "BinaryTarget",
      "name" : "PushFeatureSDK",
      "path" : "Frameworks/PushFeatureSDK.xcframework",
      "product_memberships" : [
        "PushFeatureSDK"
      ],
      "sources" : [
      ],
      "type" : "binary"
    }
  ],
  "tools_version" : "5.3"
}
{
  "workspace" : {
    "name" : "spi-builder-workspace",
    "schemes" : [
      "SFPushFeatureSDK"
    ]
  }
}
2026-09-24 23:27:06.358 xcodebuild[686:4296] [MT] IDERunDestination: Supported platforms for the buildables in the current scheme is empty.
Running build ...
env DEVELOPER_DIR=/Applications/Xcode-26.3.0.app xcrun xcodebuild -IDEClonedSourcePackagesDirPathOverride=$PWD/.dependencies -skipMacroValidation -skipPackagePluginValidation -derivedDataPath $PWD/.derivedData build -scheme SFPushFeatureSDK -destination platform=macOS,arch=arm64
Command line invocation:
    /Applications/Xcode-26.3.0.app/Contents/Developer/usr/bin/xcodebuild -IDEClonedSourcePackagesDirPathOverride=/Users/admin/builder/spi-builder-workspace/.dependencies -skipMacroValidation -skipPackagePluginValidation -derivedDataPath /Users/admin/builder/spi-builder-workspace/.derivedData build -scheme SFPushFeatureSDK -destination platform=macOS,arch=arm64
Resolve Package Graph
Resolved source packages:
  SFPushFeatureSDK: /Users/admin/builder/spi-builder-workspace
ComputePackagePrebuildTargetDependencyGraph
Prepare packages
CreateBuildRequest
SendProjectDescription
CreateBuildOperation
ComputeTargetDependencyGraph
note: Building targets in dependency order
note: Target dependency graph (1 target)
    Target 'PushFeatureSDK' in project 'SFPushFeatureSDK' (no dependencies)
GatherProvisioningInputs
CreateBuildDescription
ExecuteExternalTool /Applications/Xcode-26.3.0.app/Contents/Developer/Toolchains/XcodeDefault.xctoolchain/usr/bin/clang -v -E -dM -isysroot /Applications/Xcode-26.3.0.app/Contents/Developer/Platforms/MacOSX.platform/Developer/SDKs/MacOSX26.2.sdk -x c -c /dev/null
Build description signature: 5df2227b67bd3715a63147566a6a0328
Build description path: /Users/admin/builder/spi-builder-workspace/.derivedData/Build/Intermediates.noindex/XCBuildData/5df2227b67bd3715a63147566a6a0328.xcbuilddata
/Users/admin/builder/spi-builder-workspace/Frameworks/PushFeatureSDK.xcframework:1:1: error: While building for macOS, no library for this platform was found in '/Users/admin/builder/spi-builder-workspace/Frameworks/PushFeatureSDK.xcframework'. (in target 'PushFeatureSDK' from project 'SFPushFeatureSDK')
2026-09-24 23:27:07.779 xcodebuild[688:4346] [MT] IDERunDestination: Supported platforms for the buildables in the current scheme is empty.
--- xcodebuild: WARNING: Using the first of multiple matching destinations:
{ platform:macOS, arch:arm64, id:85c5bf8c243d3f37e52cecb65971d4b0c5cf88cc, name:My Mac }
{ platform:macOS, arch:arm64, variant:Mac Catalyst, id:85c5bf8c243d3f37e52cecb65971d4b0c5cf88cc, name:My Mac }
{ platform:macOS, arch:arm64, variant:DriverKit, id:85c5bf8c243d3f37e52cecb65971d4b0c5cf88cc, name:My Mac }
{ platform:macOS, arch:arm64, variant:Designed for [iPad,iPhone], id:85c5bf8c243d3f37e52cecb65971d4b0c5cf88cc, name:My Mac }
** BUILD FAILED **
The following build commands failed:
	Building workspace spi-builder-workspace with scheme SFPushFeatureSDK
(1 failure)
Command line invocation:
    /Applications/Xcode-26.3.0.app/Contents/Developer/usr/bin/xcodebuild -IDEClonedSourcePackagesDirPathOverride=/Users/admin/builder/spi-builder-workspace/.dependencies -resolvePackageDependencies
Resolve Package Graph
Resolved source packages:
  SFPushFeatureSDK: /Users/admin/builder/spi-builder-workspace
resolved source packages: SFPushFeatureSDK
2026-09-24 23:27:10.061 xcodebuild[701:4445] [MT] IDERunDestination: Supported platforms for the buildables in the current scheme is empty.
{
  "default_localization" : "en",
  "dependencies" : [
  ],
  "manifest_display_name" : "SFPushFeatureSDK",
  "name" : "SFPushFeatureSDK",
  "path" : "/Users/admin/builder/spi-builder-workspace",
  "platforms" : [
    {
      "name" : "ios",
      "version" : "12.0"
    }
  ],
  "products" : [
    {
      "name" : "PushFeatureSDK",
      "targets" : [
        "PushFeatureSDK"
      ],
      "type" : {
        "library" : [
          "automatic"
        ]
      }
    }
  ],
  "targets" : [
    {
      "c99name" : "PushFeatureSDK",
      "module_type" : "BinaryTarget",
      "name" : "PushFeatureSDK",
      "path" : "Frameworks/PushFeatureSDK.xcframework",
      "product_memberships" : [
        "PushFeatureSDK"
      ],
      "sources" : [
      ],
      "type" : "binary"
    }
  ],
  "tools_version" : "5.3"
}
{
  "workspace" : {
    "name" : "spi-builder-workspace",
    "schemes" : [
      "SFPushFeatureSDK"
    ]
  }
}
2026-09-24 23:27:11.177 xcodebuild[709:4508] [MT] IDERunDestination: Supported platforms for the buildables in the current scheme is empty.
Running build ...
env DEVELOPER_DIR=/Applications/Xcode-26.3.0.app xcrun xcodebuild -IDEClonedSourcePackagesDirPathOverride=$PWD/.dependencies -skipMacroValidation -skipPackagePluginValidation -derivedDataPath $PWD/.derivedData build -scheme SFPushFeatureSDK -destination platform=macOS,arch=arm64
Command line invocation:
    /Applications/Xcode-26.3.0.app/Contents/Developer/usr/bin/xcodebuild -IDEClonedSourcePackagesDirPathOverride=/Users/admin/builder/spi-builder-workspace/.dependencies -skipMacroValidation -skipPackagePluginValidation -derivedDataPath /Users/admin/builder/spi-builder-workspace/.derivedData build -scheme SFPushFeatureSDK -destination platform=macOS,arch=arm64
Resolve Package Graph
Resolved source packages:
  SFPushFeatureSDK: /Users/admin/builder/spi-builder-workspace
ComputePackagePrebuildTargetDependencyGraph
Prepare packages
CreateBuildRequest
SendProjectDescription
CreateBuildOperation
ComputeTargetDependencyGraph
note: Building targets in dependency order
note: Target dependency graph (1 target)
    Target 'PushFeatureSDK' in project 'SFPushFeatureSDK' (no dependencies)
GatherProvisioningInputs
CreateBuildDescription
ExecuteExternalTool /Applications/Xcode-26.3.0.app/Contents/Developer/Toolchains/XcodeDefault.xctoolchain/usr/bin/clang -v -E -dM -isysroot /Applications/Xcode-26.3.0.app/Contents/Developer/Platforms/MacOSX.platform/Developer/SDKs/MacOSX26.2.sdk -x c -c /dev/null
Build description signature: 5df2227b67bd3715a63147566a6a0328
Build description path: /Users/admin/builder/spi-builder-workspace/.derivedData/Build/Intermediates.noindex/XCBuildData/5df2227b67bd3715a63147566a6a0328.xcbuilddata
/Users/admin/builder/spi-builder-workspace/Frameworks/PushFeatureSDK.xcframework:1:1: error: While building for macOS, no library for this platform was found in '/Users/admin/builder/spi-builder-workspace/Frameworks/PushFeatureSDK.xcframework'. (in target 'PushFeatureSDK' from project 'SFPushFeatureSDK')
2026-09-24 23:27:12.044 xcodebuild[711:4543] [MT] IDERunDestination: Supported platforms for the buildables in the current scheme is empty.
--- xcodebuild: WARNING: Using the first of multiple matching destinations:
{ platform:macOS, arch:arm64, id:85c5bf8c243d3f37e52cecb65971d4b0c5cf88cc, name:My Mac }
{ platform:macOS, arch:arm64, variant:Mac Catalyst, id:85c5bf8c243d3f37e52cecb65971d4b0c5cf88cc, name:My Mac }
{ platform:macOS, arch:arm64, variant:DriverKit, id:85c5bf8c243d3f37e52cecb65971d4b0c5cf88cc, name:My Mac }
{ platform:macOS, arch:arm64, variant:Designed for [iPad,iPhone], id:85c5bf8c243d3f37e52cecb65971d4b0c5cf88cc, name:My Mac }
** BUILD FAILED **
The following build commands failed:
	Building workspace spi-builder-workspace with scheme SFPushFeatureSDK
(1 failure)
BUILD FAILURE 6.2 macosXcodebuild