Build Information
Failed to build RoundtripGenerator, reference 0.2.0 (157666), with Swift 6.2 for watchOS using Xcode 26.3 on 29 Sep 2026 15:41:57 UTC.
Build Command
env DEVELOPER_DIR=/Applications/Xcode-26.3.0.app xcrun xcodebuild -IDEClonedSourcePackagesDirPathOverride=$PWD/.dependencies -skipMacroValidation -skipPackagePluginValidation -derivedDataPath $PWD/.derivedData build -scheme RoundtripGenerator-Package -destination generic/platform=watchOSBuild Log
Copy /Users/admin/builder/spi-builder-workspace/.derivedData/Build/Products/Debug-watchos/TypeScriptBackendGenerator.swiftmodule/arm64-apple-watchos.swiftmodule /Users/admin/builder/spi-builder-workspace/.derivedData/Build/Intermediates.noindex/RoundtripGenerator.build/Debug-watchos/TypeScriptBackendGenerator.build/Objects-normal/arm64/TypeScriptBackendGenerator.swiftmodule (in target 'TypeScriptBackendGenerator' from project 'RoundtripGenerator')
cd /Users/admin/builder/spi-builder-workspace
builtin-copy -exclude .DS_Store -exclude CVS -exclude .svn -exclude .git -exclude .hg -resolve-src-symlinks -rename /Users/admin/builder/spi-builder-workspace/.derivedData/Build/Intermediates.noindex/RoundtripGenerator.build/Debug-watchos/TypeScriptBackendGenerator.build/Objects-normal/arm64/TypeScriptBackendGenerator.swiftmodule /Users/admin/builder/spi-builder-workspace/.derivedData/Build/Products/Debug-watchos/TypeScriptBackendGenerator.swiftmodule/arm64-apple-watchos.swiftmodule
SwiftMergeGeneratedHeaders /Users/admin/builder/spi-builder-workspace/.derivedData/Build/Intermediates.noindex/GeneratedModuleMaps-watchos/TypeScriptBackendGenerator-Swift.h /Users/admin/builder/spi-builder-workspace/.derivedData/Build/Intermediates.noindex/RoundtripGenerator.build/Debug-watchos/TypeScriptBackendGenerator.build/Objects-normal/arm64/TypeScriptBackendGenerator-Swift.h /Users/admin/builder/spi-builder-workspace/.derivedData/Build/Intermediates.noindex/RoundtripGenerator.build/Debug-watchos/TypeScriptBackendGenerator.build/Objects-normal/arm64_32/TypeScriptBackendGenerator-Swift.h (in target 'TypeScriptBackendGenerator' from project 'RoundtripGenerator')
cd /Users/admin/builder/spi-builder-workspace
builtin-swiftHeaderTool -arch arm64 /Users/admin/builder/spi-builder-workspace/.derivedData/Build/Intermediates.noindex/RoundtripGenerator.build/Debug-watchos/TypeScriptBackendGenerator.build/Objects-normal/arm64/TypeScriptBackendGenerator-Swift.h -arch arm64_32 /Users/admin/builder/spi-builder-workspace/.derivedData/Build/Intermediates.noindex/RoundtripGenerator.build/Debug-watchos/TypeScriptBackendGenerator.build/Objects-normal/arm64_32/TypeScriptBackendGenerator-Swift.h -o /Users/admin/builder/spi-builder-workspace/.derivedData/Build/Intermediates.noindex/GeneratedModuleMaps-watchos/TypeScriptBackendGenerator-Swift.h
Copy /Users/admin/builder/spi-builder-workspace/.derivedData/Build/Products/Debug-watchos/TypeScriptBackendGenerator.swiftmodule/arm64_32-apple-watchos.swiftmodule /Users/admin/builder/spi-builder-workspace/.derivedData/Build/Intermediates.noindex/RoundtripGenerator.build/Debug-watchos/TypeScriptBackendGenerator.build/Objects-normal/arm64_32/TypeScriptBackendGenerator.swiftmodule (in target 'TypeScriptBackendGenerator' from project 'RoundtripGenerator')
cd /Users/admin/builder/spi-builder-workspace
builtin-copy -exclude .DS_Store -exclude CVS -exclude .svn -exclude .git -exclude .hg -resolve-src-symlinks -rename /Users/admin/builder/spi-builder-workspace/.derivedData/Build/Intermediates.noindex/RoundtripGenerator.build/Debug-watchos/TypeScriptBackendGenerator.build/Objects-normal/arm64_32/TypeScriptBackendGenerator.swiftmodule /Users/admin/builder/spi-builder-workspace/.derivedData/Build/Products/Debug-watchos/TypeScriptBackendGenerator.swiftmodule/arm64_32-apple-watchos.swiftmodule
Copy /Users/admin/builder/spi-builder-workspace/.derivedData/Build/Products/Debug-watchos/TypeScriptBackendGenerator.swiftmodule/arm64_32-apple-watchos.swiftdoc /Users/admin/builder/spi-builder-workspace/.derivedData/Build/Intermediates.noindex/RoundtripGenerator.build/Debug-watchos/TypeScriptBackendGenerator.build/Objects-normal/arm64_32/TypeScriptBackendGenerator.swiftdoc (in target 'TypeScriptBackendGenerator' from project 'RoundtripGenerator')
cd /Users/admin/builder/spi-builder-workspace
builtin-copy -exclude .DS_Store -exclude CVS -exclude .svn -exclude .git -exclude .hg -resolve-src-symlinks -rename /Users/admin/builder/spi-builder-workspace/.derivedData/Build/Intermediates.noindex/RoundtripGenerator.build/Debug-watchos/TypeScriptBackendGenerator.build/Objects-normal/arm64_32/TypeScriptBackendGenerator.swiftdoc /Users/admin/builder/spi-builder-workspace/.derivedData/Build/Products/Debug-watchos/TypeScriptBackendGenerator.swiftmodule/arm64_32-apple-watchos.swiftdoc
SwiftDriverJobDiscovery normal arm64 Compiling TypeScriptBackendRuntimeEmitter.swift (in target 'TypeScriptBackendGenerator' from project 'RoundtripGenerator')
Copy /Users/admin/builder/spi-builder-workspace/.derivedData/Build/Products/Debug-watchos/TypeScriptBackendGenerator.swiftmodule/arm64_32-apple-watchos.abi.json /Users/admin/builder/spi-builder-workspace/.derivedData/Build/Intermediates.noindex/RoundtripGenerator.build/Debug-watchos/TypeScriptBackendGenerator.build/Objects-normal/arm64_32/TypeScriptBackendGenerator.abi.json (in target 'TypeScriptBackendGenerator' from project 'RoundtripGenerator')
cd /Users/admin/builder/spi-builder-workspace
builtin-copy -exclude .DS_Store -exclude CVS -exclude .svn -exclude .git -exclude .hg -resolve-src-symlinks -rename /Users/admin/builder/spi-builder-workspace/.derivedData/Build/Intermediates.noindex/RoundtripGenerator.build/Debug-watchos/TypeScriptBackendGenerator.build/Objects-normal/arm64_32/TypeScriptBackendGenerator.abi.json /Users/admin/builder/spi-builder-workspace/.derivedData/Build/Products/Debug-watchos/TypeScriptBackendGenerator.swiftmodule/arm64_32-apple-watchos.abi.json
Copy /Users/admin/builder/spi-builder-workspace/.derivedData/Build/Products/Debug-watchos/TypeScriptBackendGenerator.swiftmodule/arm64-apple-watchos.swiftdoc /Users/admin/builder/spi-builder-workspace/.derivedData/Build/Intermediates.noindex/RoundtripGenerator.build/Debug-watchos/TypeScriptBackendGenerator.build/Objects-normal/arm64/TypeScriptBackendGenerator.swiftdoc (in target 'TypeScriptBackendGenerator' from project 'RoundtripGenerator')
cd /Users/admin/builder/spi-builder-workspace
builtin-copy -exclude .DS_Store -exclude CVS -exclude .svn -exclude .git -exclude .hg -resolve-src-symlinks -rename /Users/admin/builder/spi-builder-workspace/.derivedData/Build/Intermediates.noindex/RoundtripGenerator.build/Debug-watchos/TypeScriptBackendGenerator.build/Objects-normal/arm64/TypeScriptBackendGenerator.swiftdoc /Users/admin/builder/spi-builder-workspace/.derivedData/Build/Products/Debug-watchos/TypeScriptBackendGenerator.swiftmodule/arm64-apple-watchos.swiftdoc
Copy /Users/admin/builder/spi-builder-workspace/.derivedData/Build/Products/Debug-watchos/TypeScriptBackendGenerator.swiftmodule/arm64-apple-watchos.abi.json /Users/admin/builder/spi-builder-workspace/.derivedData/Build/Intermediates.noindex/RoundtripGenerator.build/Debug-watchos/TypeScriptBackendGenerator.build/Objects-normal/arm64/TypeScriptBackendGenerator.abi.json (in target 'TypeScriptBackendGenerator' from project 'RoundtripGenerator')
cd /Users/admin/builder/spi-builder-workspace
builtin-copy -exclude .DS_Store -exclude CVS -exclude .svn -exclude .git -exclude .hg -resolve-src-symlinks -rename /Users/admin/builder/spi-builder-workspace/.derivedData/Build/Intermediates.noindex/RoundtripGenerator.build/Debug-watchos/TypeScriptBackendGenerator.build/Objects-normal/arm64/TypeScriptBackendGenerator.abi.json /Users/admin/builder/spi-builder-workspace/.derivedData/Build/Products/Debug-watchos/TypeScriptBackendGenerator.swiftmodule/arm64-apple-watchos.abi.json
Copy /Users/admin/builder/spi-builder-workspace/.derivedData/Build/Products/Debug-watchos/TypeScriptBackendGenerator.swiftmodule/Project/arm64_32-apple-watchos.swiftsourceinfo /Users/admin/builder/spi-builder-workspace/.derivedData/Build/Intermediates.noindex/RoundtripGenerator.build/Debug-watchos/TypeScriptBackendGenerator.build/Objects-normal/arm64_32/TypeScriptBackendGenerator.swiftsourceinfo (in target 'TypeScriptBackendGenerator' from project 'RoundtripGenerator')
cd /Users/admin/builder/spi-builder-workspace
builtin-copy -exclude .DS_Store -exclude CVS -exclude .svn -exclude .git -exclude .hg -resolve-src-symlinks -rename /Users/admin/builder/spi-builder-workspace/.derivedData/Build/Intermediates.noindex/RoundtripGenerator.build/Debug-watchos/TypeScriptBackendGenerator.build/Objects-normal/arm64_32/TypeScriptBackendGenerator.swiftsourceinfo /Users/admin/builder/spi-builder-workspace/.derivedData/Build/Products/Debug-watchos/TypeScriptBackendGenerator.swiftmodule/Project/arm64_32-apple-watchos.swiftsourceinfo
Copy /Users/admin/builder/spi-builder-workspace/.derivedData/Build/Products/Debug-watchos/TypeScriptBackendGenerator.swiftmodule/Project/arm64-apple-watchos.swiftsourceinfo /Users/admin/builder/spi-builder-workspace/.derivedData/Build/Intermediates.noindex/RoundtripGenerator.build/Debug-watchos/TypeScriptBackendGenerator.build/Objects-normal/arm64/TypeScriptBackendGenerator.swiftsourceinfo (in target 'TypeScriptBackendGenerator' from project 'RoundtripGenerator')
cd /Users/admin/builder/spi-builder-workspace
builtin-copy -exclude .DS_Store -exclude CVS -exclude .svn -exclude .git -exclude .hg -resolve-src-symlinks -rename /Users/admin/builder/spi-builder-workspace/.derivedData/Build/Intermediates.noindex/RoundtripGenerator.build/Debug-watchos/TypeScriptBackendGenerator.build/Objects-normal/arm64/TypeScriptBackendGenerator.swiftsourceinfo /Users/admin/builder/spi-builder-workspace/.derivedData/Build/Products/Debug-watchos/TypeScriptBackendGenerator.swiftmodule/Project/arm64-apple-watchos.swiftsourceinfo
SwiftCompile normal arm64_32 Compiling\ TypeScriptBackendGeneratorTool.swift /Users/admin/builder/spi-builder-workspace/Sources/TypeScriptBackendGenerator/TypeScriptBackendGeneratorTool.swift (in target 'TypeScriptBackendGenerator' from project 'RoundtripGenerator')
SwiftCompile normal arm64_32 /Users/admin/builder/spi-builder-workspace/Sources/TypeScriptBackendGenerator/TypeScriptBackendGeneratorTool.swift (in target 'TypeScriptBackendGenerator' from project 'RoundtripGenerator')
cd /Users/admin/builder/spi-builder-workspace/.swiftpm/xcode
SwiftCompile normal arm64 Compiling\ TypeScriptBackendModelEmitter.swift /Users/admin/builder/spi-builder-workspace/Sources/TypeScriptBackendGenerator/TypeScriptBackendModelEmitter.swift (in target 'TypeScriptBackendGenerator' from project 'RoundtripGenerator')
SwiftCompile normal arm64 /Users/admin/builder/spi-builder-workspace/Sources/TypeScriptBackendGenerator/TypeScriptBackendModelEmitter.swift (in target 'TypeScriptBackendGenerator' from project 'RoundtripGenerator')
cd /Users/admin/builder/spi-builder-workspace/.swiftpm/xcode
SwiftCompile normal arm64_32 Compiling\ TypeScriptBackendApiPackageGenerator.swift /Users/admin/builder/spi-builder-workspace/Sources/TypeScriptBackendGenerator/TypeScriptBackendApiPackageGenerator.swift (in target 'TypeScriptBackendGenerator' from project 'RoundtripGenerator')
SwiftCompile normal arm64_32 /Users/admin/builder/spi-builder-workspace/Sources/TypeScriptBackendGenerator/TypeScriptBackendApiPackageGenerator.swift (in target 'TypeScriptBackendGenerator' from project 'RoundtripGenerator')
cd /Users/admin/builder/spi-builder-workspace/.swiftpm/xcode
SwiftEmitModule normal arm64 Emitting\ module\ for\ TypeScriptApiGenerator (in target 'TypeScriptApiGenerator' from project 'RoundtripGenerator')
EmitSwiftModule normal arm64 (in target 'TypeScriptApiGenerator' from project 'RoundtripGenerator')
cd /Users/admin/builder/spi-builder-workspace/.swiftpm/xcode
SwiftDriverJobDiscovery normal arm64_32 Emitting module for TypeScriptApiGenerator (in target 'TypeScriptApiGenerator' from project 'RoundtripGenerator')
SwiftDriver\ Compilation\ Requirements TypeScriptApiGenerator normal arm64_32 com.apple.xcode.tools.swift.compiler (in target 'TypeScriptApiGenerator' from project 'RoundtripGenerator')
cd /Users/admin/builder/spi-builder-workspace/.swiftpm/xcode
builtin-Swift-Compilation-Requirements -- /Applications/Xcode-26.3.0.app/Contents/Developer/Toolchains/XcodeDefault.xctoolchain/usr/bin/swiftc -module-name TypeScriptApiGenerator -Onone -enforce-exclusivity\=checked @/Users/admin/builder/spi-builder-workspace/.derivedData/Build/Intermediates.noindex/RoundtripGenerator.build/Debug-watchos/TypeScriptApiGenerator.build/Objects-normal/arm64_32/TypeScriptApiGenerator.SwiftFileList -DSWIFT_PACKAGE -DDEBUG -DSWIFT_MODULE_RESOURCE_BUNDLE_UNAVAILABLE -DXcode -enable-experimental-feature StrictConcurrency -enable-upcoming-feature MemberImportVisibility -enable-upcoming-feature ExistentialAny -plugin-path /Applications/Xcode-26.3.0.app/Contents/Developer/Toolchains/XcodeDefault.xctoolchain/usr/lib/swift/host/plugins/testing -enable-experimental-feature DebugDescriptionMacro -sdk /Applications/Xcode-26.3.0.app/Contents/Developer/Platforms/WatchOS.platform/Developer/SDKs/WatchOS26.2.sdk -target arm64_32-apple-watchos11.0 -g -module-cache-path /Users/admin/builder/spi-builder-workspace/.derivedData/ModuleCache.noindex -Xfrontend -serialize-debugging-options -profile-coverage-mapping -profile-generate -enable-testing -index-store-path /Users/admin/builder/spi-builder-workspace/.derivedData/Index.noindex/DataStore -Xcc -D_LIBCPP_HARDENING_MODE\=_LIBCPP_HARDENING_MODE_DEBUG -swift-version 6 -I /Users/admin/builder/spi-builder-workspace/.derivedData/Build/Products/Debug-watchos -Isystem /Applications/Xcode-26.3.0.app/Contents/Developer/Platforms/WatchOS.platform/Developer/usr/lib -F /Users/admin/builder/spi-builder-workspace/.derivedData/Build/Products/Debug-watchos/PackageFrameworks -F /Users/admin/builder/spi-builder-workspace/.derivedData/Build/Products/Debug-watchos/PackageFrameworks -F /Users/admin/builder/spi-builder-workspace/.derivedData/Build/Products/Debug-watchos -F /Applications/Xcode-26.3.0.app/Contents/Developer/Platforms/WatchOS.platform/Developer/Library/Frameworks -F /Applications/Xcode-26.3.0.app/Contents/Developer/Platforms/WatchOS.platform/Developer/SDKs/WatchOS26.2.sdk/Developer/Library/Frameworks -emit-localized-strings -emit-localized-strings-path /Users/admin/builder/spi-builder-workspace/.derivedData/Build/Intermediates.noindex/RoundtripGenerator.build/Debug-watchos/TypeScriptApiGenerator.build/Objects-normal/arm64_32 -c -j10 -enable-batch-mode -incremental -Xcc -ivfsstatcache -Xcc /Users/admin/builder/spi-builder-workspace/.derivedData/SDKStatCaches.noindex/watchos26.2-23S303-dc75598d0054f22ec865fa860f139d721753b489057de6bda919edfa1c59a62b.sdkstatcache -output-file-map /Users/admin/builder/spi-builder-workspace/.derivedData/Build/Intermediates.noindex/RoundtripGenerator.build/Debug-watchos/TypeScriptApiGenerator.build/Objects-normal/arm64_32/TypeScriptApiGenerator-OutputFileMap.json -use-frontend-parseable-output -save-temps -no-color-diagnostics -explicit-module-build -module-cache-path /Users/admin/builder/spi-builder-workspace/.derivedData/Build/Intermediates.noindex/SwiftExplicitPrecompiledModules -clang-scanner-module-cache-path /Users/admin/builder/spi-builder-workspace/.derivedData/ModuleCache.noindex -sdk-module-cache-path /Users/admin/builder/spi-builder-workspace/.derivedData/ModuleCache.noindex -serialize-diagnostics -emit-dependencies -emit-module -emit-module-path /Users/admin/builder/spi-builder-workspace/.derivedData/Build/Intermediates.noindex/RoundtripGenerator.build/Debug-watchos/TypeScriptApiGenerator.build/Objects-normal/arm64_32/TypeScriptApiGenerator.swiftmodule -validate-clang-modules-once -clang-build-session-file /Users/admin/builder/spi-builder-workspace/.derivedData/ModuleCache.noindex/Session.modulevalidation -package-name spi_builder_workspace -Xcc -I/Users/admin/builder/spi-builder-workspace/.derivedData/Build/Intermediates.noindex/RoundtripGenerator.build/Debug-watchos/TypeScriptApiGenerator.build/swift-overrides.hmap -emit-const-values -Xfrontend -const-gather-protocols-file -Xfrontend /Users/admin/builder/spi-builder-workspace/.derivedData/Build/Intermediates.noindex/RoundtripGenerator.build/Debug-watchos/TypeScriptApiGenerator.build/Objects-normal/arm64_32/TypeScriptApiGenerator_const_extract_protocols.json -Xcc -I/Users/admin/builder/spi-builder-workspace/.derivedData/Build/Products/Debug-watchos/include -Xcc -I/Users/admin/builder/spi-builder-workspace/.derivedData/Build/Intermediates.noindex/RoundtripGenerator.build/Debug-watchos/TypeScriptApiGenerator.build/DerivedSources-normal/arm64_32 -Xcc -I/Users/admin/builder/spi-builder-workspace/.derivedData/Build/Intermediates.noindex/RoundtripGenerator.build/Debug-watchos/TypeScriptApiGenerator.build/DerivedSources/arm64_32 -Xcc -I/Users/admin/builder/spi-builder-workspace/.derivedData/Build/Intermediates.noindex/RoundtripGenerator.build/Debug-watchos/TypeScriptApiGenerator.build/DerivedSources -Xcc -DSWIFT_PACKAGE -Xcc -DDEBUG\=1 -emit-objc-header -emit-objc-header-path /Users/admin/builder/spi-builder-workspace/.derivedData/Build/Intermediates.noindex/RoundtripGenerator.build/Debug-watchos/TypeScriptApiGenerator.build/Objects-normal/arm64_32/TypeScriptApiGenerator-Swift.h -working-directory /Users/admin/builder/spi-builder-workspace/.swiftpm/xcode -experimental-emit-module-separately -disable-cmo
SwiftDriverJobDiscovery normal arm64 Compiling ApiTypeNameResolver.swift, ApiTypeSchema.swift (in target 'GeneratorModels' from project 'RoundtripGenerator')
SwiftCompile normal arm64_32 Compiling\ TypeScriptBackendModelEmitter.swift /Users/admin/builder/spi-builder-workspace/Sources/TypeScriptBackendGenerator/TypeScriptBackendModelEmitter.swift (in target 'TypeScriptBackendGenerator' from project 'RoundtripGenerator')
Failed frontend command:
/Applications/Xcode-26.3.0.app/Contents/Developer/Toolchains/XcodeDefault.xctoolchain/usr/bin/swift-frontend -frontend -c /Users/admin/builder/spi-builder-workspace/Sources/TypeScriptBackendGenerator/TypeScriptBackendApiPackageGenerator.swift /Users/admin/builder/spi-builder-workspace/Sources/TypeScriptBackendGenerator/TypeScriptBackendGeneratedTextFile.swift /Users/admin/builder/spi-builder-workspace/Sources/TypeScriptBackendGenerator/TypeScriptBackendGeneratorOptions.swift /Users/admin/builder/spi-builder-workspace/Sources/TypeScriptBackendGenerator/TypeScriptBackendGeneratorTool.swift -primary-file /Users/admin/builder/spi-builder-workspace/Sources/TypeScriptBackendGenerator/TypeScriptBackendModelEmitter.swift /Users/admin/builder/spi-builder-workspace/Sources/TypeScriptBackendGenerator/TypeScriptBackendOperationEmitter.swift /Users/admin/builder/spi-builder-workspace/Sources/TypeScriptBackendGenerator/TypeScriptBackendRuntimeEmitter.swift /Users/admin/builder/spi-builder-workspace/Sources/TypeScriptBackendGenerator/TypeScriptBackendSupport.swift -emit-dependencies-path /Users/admin/builder/spi-builder-workspace/.derivedData/Build/Intermediates.noindex/RoundtripGenerator.build/Debug-watchos/TypeScriptBackendGenerator.build/Objects-normal/arm64_32/TypeScriptBackendModelEmitter.d -emit-const-values-path /Users/admin/builder/spi-builder-workspace/.derivedData/Build/Intermediates.noindex/RoundtripGenerator.build/Debug-watchos/TypeScriptBackendGenerator.build/Objects-normal/arm64_32/TypeScriptBackendModelEmitter.swiftconstvalues -emit-reference-dependencies-path /Users/admin/builder/spi-builder-workspace/.derivedData/Build/Intermediates.noindex/RoundtripGenerator.build/Debug-watchos/TypeScriptBackendGenerator.build/Objects-normal/arm64_32/TypeScriptBackendModelEmitter.swiftdeps -serialize-diagnostics-path /Users/admin/builder/spi-builder-workspace/.derivedData/Build/Intermediates.noindex/RoundtripGenerator.build/Debug-watchos/TypeScriptBackendGenerator.build/Objects-normal/arm64_32/TypeScriptBackendModelEmitter.dia -emit-localized-strings -emit-localized-strings-path /Users/admin/builder/spi-builder-workspace/.derivedData/Build/Intermediates.noindex/RoundtripGenerator.build/Debug-watchos/TypeScriptBackendGenerator.build/Objects-normal/arm64_32 -target arm64_32-apple-watchos11.0 -load-resolved-plugin /Applications/Xcode-26.3.0.app/Contents/Developer/Platforms/WatchOS.platform/Developer/usr/lib/swift/host/plugins/libFoundationMacros.dylib\#/Applications/Xcode-26.3.0.app/Contents/Developer/Platforms/WatchOS.platform/Developer/usr/bin/swift-plugin-server\#FoundationMacros -load-resolved-plugin /Applications/Xcode-26.3.0.app/Contents/Developer/Platforms/WatchOS.platform/Developer/usr/lib/swift/host/plugins/libObservationMacros.dylib\#/Applications/Xcode-26.3.0.app/Contents/Developer/Platforms/WatchOS.platform/Developer/usr/bin/swift-plugin-server\#ObservationMacros -load-resolved-plugin /Applications/Xcode-26.3.0.app/Contents/Developer/Platforms/WatchOS.platform/Developer/usr/lib/swift/host/plugins/libSwiftMacros.dylib\#/Applications/Xcode-26.3.0.app/Contents/Developer/Platforms/WatchOS.platform/Developer/usr/bin/swift-plugin-server\#SwiftMacros -disable-implicit-swift-modules -Xcc -fno-implicit-modules -Xcc -fno-implicit-module-maps -explicit-swift-module-map-file /Users/admin/builder/spi-builder-workspace/.derivedData/Build/Intermediates.noindex/RoundtripGenerator.build/Debug-watchos/TypeScriptBackendGenerator.build/Objects-normal/arm64_32/TypeScriptBackendGenerator-dependencies-1.json -enable-objc-interop -sdk /Applications/Xcode-26.3.0.app/Contents/Developer/Platforms/WatchOS.platform/Developer/SDKs/WatchOS26.2.sdk -I /Users/admin/builder/spi-builder-workspace/.derivedData/Build/Products/Debug-watchos -Isystem /Applications/Xcode-26.3.0.app/Contents/Developer/Platforms/WatchOS.platform/Developer/usr/lib -F /Users/admin/builder/spi-builder-workspace/.derivedData/Build/Products/Debug-watchos/PackageFrameworks -F /Users/admin/builder/spi-builder-workspace/.derivedData/Build/Products/Debug-watchos/PackageFrameworks -F /Users/admin/builder/spi-builder-workspace/.derivedData/Build/Products/Debug-watchos -F /Applications/Xcode-26.3.0.app/Contents/Developer/Platforms/WatchOS.platform/Developer/Library/Frameworks -F /Applications/Xcode-26.3.0.app/Contents/Developer/Platforms/WatchOS.platform/Developer/SDKs/WatchOS26.2.sdk/Developer/Library/Frameworks -no-color-diagnostics -Xcc -fno-color-diagnostics -enable-testing -g -debug-info-format\=dwarf -dwarf-version\=5 -module-cache-path /Users/admin/builder/spi-builder-workspace/.derivedData/Build/Intermediates.noindex/SwiftExplicitPrecompiledModules -profile-generate -profile-coverage-mapping -swift-version 6 -enforce-exclusivity\=checked -Onone -D SWIFT_PACKAGE -D DEBUG -D SWIFT_MODULE_RESOURCE_BUNDLE_UNAVAILABLE -D Xcode -serialize-debugging-options -const-gather-protocols-file /Users/admin/builder/spi-builder-workspace/.derivedData/Build/Intermediates.noindex/RoundtripGenerator.build/Debug-watchos/TypeScriptBackendGenerator.build/Objects-normal/arm64_32/TypeScriptBackendGenerator_const_extract_protocols.json -enable-experimental-feature StrictConcurrency -enable-upcoming-feature MemberImportVisibility -enable-upcoming-feature ExistentialAny -enable-experimental-feature DebugDescriptionMacro -empty-abi-descriptor -validate-clang-modules-once -clang-build-session-file /Users/admin/builder/spi-builder-workspace/.derivedData/ModuleCache.noindex/Session.modulevalidation -Xcc -working-directory -Xcc /Users/admin/builder/spi-builder-workspace/.swiftpm/xcode -enable-anonymous-context-mangled-names -file-compilation-dir /Users/admin/builder/spi-builder-workspace/.swiftpm/xcode -Xcc -D_LIBCPP_HARDENING_MODE\=_LIBCPP_HARDENING_MODE_DEBUG -Xcc -ivfsstatcache -Xcc /Users/admin/builder/spi-builder-workspace/.derivedData/SDKStatCaches.noindex/watchos26.2-23S303-dc75598d0054f22ec865fa860f139d721753b489057de6bda919edfa1c59a62b.sdkstatcache -Xcc -I/Users/admin/builder/spi-builder-workspace/.derivedData/Build/Intermediates.noindex/RoundtripGenerator.build/Debug-watchos/TypeScriptBackendGenerator.build/swift-overrides.hmap -Xcc -I/Users/admin/builder/spi-builder-workspace/.derivedData/Build/Products/Debug-watchos/include -Xcc -I/Users/admin/builder/spi-builder-workspace/.derivedData/Build/Intermediates.noindex/RoundtripGenerator.build/Debug-watchos/TypeScriptBackendGenerator.build/DerivedSources-normal/arm64_32 -Xcc -I/Users/admin/builder/spi-builder-workspace/.derivedData/Build/Intermediates.noindex/RoundtripGenerator.build/Debug-watchos/TypeScriptBackendGenerator.build/DerivedSources/arm64_32 -Xcc -I/Users/admin/builder/spi-builder-workspace/.derivedData/Build/Intermediates.noindex/RoundtripGenerator.build/Debug-watchos/TypeScriptBackendGenerator.build/DerivedSources -Xcc -DSWIFT_PACKAGE -Xcc -DDEBUG\=1 -no-auto-bridging-header-chaining -module-name TypeScriptBackendGenerator -package-name spi_builder_workspace -frontend-parseable-output -disable-clang-spi -target-sdk-version 26.2 -target-sdk-name watchos26.2 -clang-target arm64_32-apple-watchos26.2 -in-process-plugin-server-path /Applications/Xcode-26.3.0.app/Contents/Developer/Toolchains/XcodeDefault.xctoolchain/usr/lib/swift/host/libSwiftInProcPluginServer.dylib -o /Users/admin/builder/spi-builder-workspace/.derivedData/Build/Intermediates.noindex/RoundtripGenerator.build/Debug-watchos/TypeScriptBackendGenerator.build/Objects-normal/arm64_32/TypeScriptBackendModelEmitter.o -index-unit-output-path /RoundtripGenerator.build/Debug-watchos/TypeScriptBackendGenerator.build/Objects-normal/arm64_32/TypeScriptBackendModelEmitter.o -index-store-path /Users/admin/builder/spi-builder-workspace/.derivedData/Index.noindex/DataStore -index-system-modules
SwiftCompile normal arm64_32 /Users/admin/builder/spi-builder-workspace/Sources/TypeScriptBackendGenerator/TypeScriptBackendModelEmitter.swift (in target 'TypeScriptBackendGenerator' from project 'RoundtripGenerator')
cd /Users/admin/builder/spi-builder-workspace/.swiftpm/xcode
/Users/admin/builder/spi-builder-workspace/Sources/TypeScriptBackendGenerator/TypeScriptBackendModelEmitter.swift:180:34: error: integer literal '9007199254740991' overflows when stored into 'Int'
let maximumSafeInteger = 9_007_199_254_740_991
^
SwiftDriverJobDiscovery normal arm64_32 Compiling TypeScriptBackendGeneratorTool.swift (in target 'TypeScriptBackendGenerator' from project 'RoundtripGenerator')
Copy /Users/admin/builder/spi-builder-workspace/.derivedData/Build/Products/Debug-watchos/TypeScriptApiGenerator.swiftmodule/arm64_32-apple-watchos.swiftmodule /Users/admin/builder/spi-builder-workspace/.derivedData/Build/Intermediates.noindex/RoundtripGenerator.build/Debug-watchos/TypeScriptApiGenerator.build/Objects-normal/arm64_32/TypeScriptApiGenerator.swiftmodule (in target 'TypeScriptApiGenerator' from project 'RoundtripGenerator')
cd /Users/admin/builder/spi-builder-workspace
builtin-copy -exclude .DS_Store -exclude CVS -exclude .svn -exclude .git -exclude .hg -resolve-src-symlinks -rename /Users/admin/builder/spi-builder-workspace/.derivedData/Build/Intermediates.noindex/RoundtripGenerator.build/Debug-watchos/TypeScriptApiGenerator.build/Objects-normal/arm64_32/TypeScriptApiGenerator.swiftmodule /Users/admin/builder/spi-builder-workspace/.derivedData/Build/Products/Debug-watchos/TypeScriptApiGenerator.swiftmodule/arm64_32-apple-watchos.swiftmodule
Copy /Users/admin/builder/spi-builder-workspace/.derivedData/Build/Products/Debug-watchos/TypeScriptApiGenerator.swiftmodule/arm64_32-apple-watchos.swiftdoc /Users/admin/builder/spi-builder-workspace/.derivedData/Build/Intermediates.noindex/RoundtripGenerator.build/Debug-watchos/TypeScriptApiGenerator.build/Objects-normal/arm64_32/TypeScriptApiGenerator.swiftdoc (in target 'TypeScriptApiGenerator' from project 'RoundtripGenerator')
cd /Users/admin/builder/spi-builder-workspace
builtin-copy -exclude .DS_Store -exclude CVS -exclude .svn -exclude .git -exclude .hg -resolve-src-symlinks -rename /Users/admin/builder/spi-builder-workspace/.derivedData/Build/Intermediates.noindex/RoundtripGenerator.build/Debug-watchos/TypeScriptApiGenerator.build/Objects-normal/arm64_32/TypeScriptApiGenerator.swiftdoc /Users/admin/builder/spi-builder-workspace/.derivedData/Build/Products/Debug-watchos/TypeScriptApiGenerator.swiftmodule/arm64_32-apple-watchos.swiftdoc
Copy /Users/admin/builder/spi-builder-workspace/.derivedData/Build/Products/Debug-watchos/TypeScriptApiGenerator.swiftmodule/arm64_32-apple-watchos.abi.json /Users/admin/builder/spi-builder-workspace/.derivedData/Build/Intermediates.noindex/RoundtripGenerator.build/Debug-watchos/TypeScriptApiGenerator.build/Objects-normal/arm64_32/TypeScriptApiGenerator.abi.json (in target 'TypeScriptApiGenerator' from project 'RoundtripGenerator')
cd /Users/admin/builder/spi-builder-workspace
builtin-copy -exclude .DS_Store -exclude CVS -exclude .svn -exclude .git -exclude .hg -resolve-src-symlinks -rename /Users/admin/builder/spi-builder-workspace/.derivedData/Build/Intermediates.noindex/RoundtripGenerator.build/Debug-watchos/TypeScriptApiGenerator.build/Objects-normal/arm64_32/TypeScriptApiGenerator.abi.json /Users/admin/builder/spi-builder-workspace/.derivedData/Build/Products/Debug-watchos/TypeScriptApiGenerator.swiftmodule/arm64_32-apple-watchos.abi.json
Copy /Users/admin/builder/spi-builder-workspace/.derivedData/Build/Products/Debug-watchos/TypeScriptApiGenerator.swiftmodule/Project/arm64_32-apple-watchos.swiftsourceinfo /Users/admin/builder/spi-builder-workspace/.derivedData/Build/Intermediates.noindex/RoundtripGenerator.build/Debug-watchos/TypeScriptApiGenerator.build/Objects-normal/arm64_32/TypeScriptApiGenerator.swiftsourceinfo (in target 'TypeScriptApiGenerator' from project 'RoundtripGenerator')
cd /Users/admin/builder/spi-builder-workspace
builtin-copy -exclude .DS_Store -exclude CVS -exclude .svn -exclude .git -exclude .hg -resolve-src-symlinks -rename /Users/admin/builder/spi-builder-workspace/.derivedData/Build/Intermediates.noindex/RoundtripGenerator.build/Debug-watchos/TypeScriptApiGenerator.build/Objects-normal/arm64_32/TypeScriptApiGenerator.swiftsourceinfo /Users/admin/builder/spi-builder-workspace/.derivedData/Build/Products/Debug-watchos/TypeScriptApiGenerator.swiftmodule/Project/arm64_32-apple-watchos.swiftsourceinfo
SwiftCompile normal arm64 Compiling\ TypeScriptBackendGeneratorTool.swift /Users/admin/builder/spi-builder-workspace/Sources/TypeScriptBackendGenerator/TypeScriptBackendGeneratorTool.swift (in target 'TypeScriptBackendGenerator' from project 'RoundtripGenerator')
SwiftCompile normal arm64 /Users/admin/builder/spi-builder-workspace/Sources/TypeScriptBackendGenerator/TypeScriptBackendGeneratorTool.swift (in target 'TypeScriptBackendGenerator' from project 'RoundtripGenerator')
cd /Users/admin/builder/spi-builder-workspace/.swiftpm/xcode
SwiftDriverJobDiscovery normal arm64 Compiling ApiPackage+Audience.swift, ApiPackage.swift (in target 'GeneratorModels' from project 'RoundtripGenerator')
SwiftCompile normal arm64 Compiling\ TypeScriptBackendSupport.swift /Users/admin/builder/spi-builder-workspace/Sources/TypeScriptBackendGenerator/TypeScriptBackendSupport.swift (in target 'TypeScriptBackendGenerator' from project 'RoundtripGenerator')
SwiftCompile normal arm64 /Users/admin/builder/spi-builder-workspace/Sources/TypeScriptBackendGenerator/TypeScriptBackendSupport.swift (in target 'TypeScriptBackendGenerator' from project 'RoundtripGenerator')
cd /Users/admin/builder/spi-builder-workspace/.swiftpm/xcode
SwiftDriverJobDiscovery normal arm64 Emitting module for TypeScriptApiGenerator (in target 'TypeScriptApiGenerator' from project 'RoundtripGenerator')
SwiftCompile normal arm64 Compiling\ TypeScriptBackendGeneratedTextFile.swift /Users/admin/builder/spi-builder-workspace/Sources/TypeScriptBackendGenerator/TypeScriptBackendGeneratedTextFile.swift (in target 'TypeScriptBackendGenerator' from project 'RoundtripGenerator')
SwiftCompile normal arm64 /Users/admin/builder/spi-builder-workspace/Sources/TypeScriptBackendGenerator/TypeScriptBackendGeneratedTextFile.swift (in target 'TypeScriptBackendGenerator' from project 'RoundtripGenerator')
cd /Users/admin/builder/spi-builder-workspace/.swiftpm/xcode
SwiftDriver\ Compilation\ Requirements TypeScriptApiGenerator normal arm64 com.apple.xcode.tools.swift.compiler (in target 'TypeScriptApiGenerator' from project 'RoundtripGenerator')
cd /Users/admin/builder/spi-builder-workspace/.swiftpm/xcode
builtin-Swift-Compilation-Requirements -- /Applications/Xcode-26.3.0.app/Contents/Developer/Toolchains/XcodeDefault.xctoolchain/usr/bin/swiftc -module-name TypeScriptApiGenerator -Onone -enforce-exclusivity\=checked @/Users/admin/builder/spi-builder-workspace/.derivedData/Build/Intermediates.noindex/RoundtripGenerator.build/Debug-watchos/TypeScriptApiGenerator.build/Objects-normal/arm64/TypeScriptApiGenerator.SwiftFileList -DSWIFT_PACKAGE -DDEBUG -DSWIFT_MODULE_RESOURCE_BUNDLE_UNAVAILABLE -DXcode -enable-experimental-feature StrictConcurrency -enable-upcoming-feature MemberImportVisibility -enable-upcoming-feature ExistentialAny -plugin-path /Applications/Xcode-26.3.0.app/Contents/Developer/Toolchains/XcodeDefault.xctoolchain/usr/lib/swift/host/plugins/testing -enable-experimental-feature DebugDescriptionMacro -sdk /Applications/Xcode-26.3.0.app/Contents/Developer/Platforms/WatchOS.platform/Developer/SDKs/WatchOS26.2.sdk -target arm64-apple-watchos11.0 -g -module-cache-path /Users/admin/builder/spi-builder-workspace/.derivedData/ModuleCache.noindex -Xfrontend -serialize-debugging-options -profile-coverage-mapping -profile-generate -enable-testing -index-store-path /Users/admin/builder/spi-builder-workspace/.derivedData/Index.noindex/DataStore -Xcc -D_LIBCPP_HARDENING_MODE\=_LIBCPP_HARDENING_MODE_DEBUG -swift-version 6 -I /Users/admin/builder/spi-builder-workspace/.derivedData/Build/Products/Debug-watchos -Isystem /Applications/Xcode-26.3.0.app/Contents/Developer/Platforms/WatchOS.platform/Developer/usr/lib -F /Users/admin/builder/spi-builder-workspace/.derivedData/Build/Products/Debug-watchos/PackageFrameworks -F /Users/admin/builder/spi-builder-workspace/.derivedData/Build/Products/Debug-watchos/PackageFrameworks -F /Users/admin/builder/spi-builder-workspace/.derivedData/Build/Products/Debug-watchos -F /Applications/Xcode-26.3.0.app/Contents/Developer/Platforms/WatchOS.platform/Developer/Library/Frameworks -F /Applications/Xcode-26.3.0.app/Contents/Developer/Platforms/WatchOS.platform/Developer/SDKs/WatchOS26.2.sdk/Developer/Library/Frameworks -emit-localized-strings -emit-localized-strings-path /Users/admin/builder/spi-builder-workspace/.derivedData/Build/Intermediates.noindex/RoundtripGenerator.build/Debug-watchos/TypeScriptApiGenerator.build/Objects-normal/arm64 -c -j10 -enable-batch-mode -incremental -Xcc -ivfsstatcache -Xcc /Users/admin/builder/spi-builder-workspace/.derivedData/SDKStatCaches.noindex/watchos26.2-23S303-dc75598d0054f22ec865fa860f139d721753b489057de6bda919edfa1c59a62b.sdkstatcache -output-file-map /Users/admin/builder/spi-builder-workspace/.derivedData/Build/Intermediates.noindex/RoundtripGenerator.build/Debug-watchos/TypeScriptApiGenerator.build/Objects-normal/arm64/TypeScriptApiGenerator-OutputFileMap.json -use-frontend-parseable-output -save-temps -no-color-diagnostics -explicit-module-build -module-cache-path /Users/admin/builder/spi-builder-workspace/.derivedData/Build/Intermediates.noindex/SwiftExplicitPrecompiledModules -clang-scanner-module-cache-path /Users/admin/builder/spi-builder-workspace/.derivedData/ModuleCache.noindex -sdk-module-cache-path /Users/admin/builder/spi-builder-workspace/.derivedData/ModuleCache.noindex -serialize-diagnostics -emit-dependencies -emit-module -emit-module-path /Users/admin/builder/spi-builder-workspace/.derivedData/Build/Intermediates.noindex/RoundtripGenerator.build/Debug-watchos/TypeScriptApiGenerator.build/Objects-normal/arm64/TypeScriptApiGenerator.swiftmodule -validate-clang-modules-once -clang-build-session-file /Users/admin/builder/spi-builder-workspace/.derivedData/ModuleCache.noindex/Session.modulevalidation -package-name spi_builder_workspace -Xcc -I/Users/admin/builder/spi-builder-workspace/.derivedData/Build/Intermediates.noindex/RoundtripGenerator.build/Debug-watchos/TypeScriptApiGenerator.build/swift-overrides.hmap -emit-const-values -Xfrontend -const-gather-protocols-file -Xfrontend /Users/admin/builder/spi-builder-workspace/.derivedData/Build/Intermediates.noindex/RoundtripGenerator.build/Debug-watchos/TypeScriptApiGenerator.build/Objects-normal/arm64/TypeScriptApiGenerator_const_extract_protocols.json -Xcc -I/Users/admin/builder/spi-builder-workspace/.derivedData/Build/Products/Debug-watchos/include -Xcc -I/Users/admin/builder/spi-builder-workspace/.derivedData/Build/Intermediates.noindex/RoundtripGenerator.build/Debug-watchos/TypeScriptApiGenerator.build/DerivedSources-normal/arm64 -Xcc -I/Users/admin/builder/spi-builder-workspace/.derivedData/Build/Intermediates.noindex/RoundtripGenerator.build/Debug-watchos/TypeScriptApiGenerator.build/DerivedSources/arm64 -Xcc -I/Users/admin/builder/spi-builder-workspace/.derivedData/Build/Intermediates.noindex/RoundtripGenerator.build/Debug-watchos/TypeScriptApiGenerator.build/DerivedSources -Xcc -DSWIFT_PACKAGE -Xcc -DDEBUG\=1 -emit-objc-header -emit-objc-header-path /Users/admin/builder/spi-builder-workspace/.derivedData/Build/Intermediates.noindex/RoundtripGenerator.build/Debug-watchos/TypeScriptApiGenerator.build/Objects-normal/arm64/TypeScriptApiGenerator-Swift.h -working-directory /Users/admin/builder/spi-builder-workspace/.swiftpm/xcode -experimental-emit-module-separately -disable-cmo
SwiftDriverJobDiscovery normal arm64 Compiling TypeScriptBackendGeneratorTool.swift (in target 'TypeScriptBackendGenerator' from project 'RoundtripGenerator')
SwiftCompile normal arm64 Compiling\ TypeScriptBackendGeneratorOptions.swift /Users/admin/builder/spi-builder-workspace/Sources/TypeScriptBackendGenerator/TypeScriptBackendGeneratorOptions.swift (in target 'TypeScriptBackendGenerator' from project 'RoundtripGenerator')
SwiftCompile normal arm64 /Users/admin/builder/spi-builder-workspace/Sources/TypeScriptBackendGenerator/TypeScriptBackendGeneratorOptions.swift (in target 'TypeScriptBackendGenerator' from project 'RoundtripGenerator')
cd /Users/admin/builder/spi-builder-workspace/.swiftpm/xcode
SwiftMergeGeneratedHeaders /Users/admin/builder/spi-builder-workspace/.derivedData/Build/Intermediates.noindex/GeneratedModuleMaps-watchos/TypeScriptApiGenerator-Swift.h /Users/admin/builder/spi-builder-workspace/.derivedData/Build/Intermediates.noindex/RoundtripGenerator.build/Debug-watchos/TypeScriptApiGenerator.build/Objects-normal/arm64/TypeScriptApiGenerator-Swift.h /Users/admin/builder/spi-builder-workspace/.derivedData/Build/Intermediates.noindex/RoundtripGenerator.build/Debug-watchos/TypeScriptApiGenerator.build/Objects-normal/arm64_32/TypeScriptApiGenerator-Swift.h (in target 'TypeScriptApiGenerator' from project 'RoundtripGenerator')
cd /Users/admin/builder/spi-builder-workspace
builtin-swiftHeaderTool -arch arm64 /Users/admin/builder/spi-builder-workspace/.derivedData/Build/Intermediates.noindex/RoundtripGenerator.build/Debug-watchos/TypeScriptApiGenerator.build/Objects-normal/arm64/TypeScriptApiGenerator-Swift.h -arch arm64_32 /Users/admin/builder/spi-builder-workspace/.derivedData/Build/Intermediates.noindex/RoundtripGenerator.build/Debug-watchos/TypeScriptApiGenerator.build/Objects-normal/arm64_32/TypeScriptApiGenerator-Swift.h -o /Users/admin/builder/spi-builder-workspace/.derivedData/Build/Intermediates.noindex/GeneratedModuleMaps-watchos/TypeScriptApiGenerator-Swift.h
SwiftDriverJobDiscovery normal arm64 Compiling TypeScriptBackendGeneratorOptions.swift (in target 'TypeScriptBackendGenerator' from project 'RoundtripGenerator')
Copy /Users/admin/builder/spi-builder-workspace/.derivedData/Build/Products/Debug-watchos/TypeScriptApiGenerator.swiftmodule/arm64-apple-watchos.swiftmodule /Users/admin/builder/spi-builder-workspace/.derivedData/Build/Intermediates.noindex/RoundtripGenerator.build/Debug-watchos/TypeScriptApiGenerator.build/Objects-normal/arm64/TypeScriptApiGenerator.swiftmodule (in target 'TypeScriptApiGenerator' from project 'RoundtripGenerator')
cd /Users/admin/builder/spi-builder-workspace
builtin-copy -exclude .DS_Store -exclude CVS -exclude .svn -exclude .git -exclude .hg -resolve-src-symlinks -rename /Users/admin/builder/spi-builder-workspace/.derivedData/Build/Intermediates.noindex/RoundtripGenerator.build/Debug-watchos/TypeScriptApiGenerator.build/Objects-normal/arm64/TypeScriptApiGenerator.swiftmodule /Users/admin/builder/spi-builder-workspace/.derivedData/Build/Products/Debug-watchos/TypeScriptApiGenerator.swiftmodule/arm64-apple-watchos.swiftmodule
Copy /Users/admin/builder/spi-builder-workspace/.derivedData/Build/Products/Debug-watchos/TypeScriptApiGenerator.swiftmodule/arm64-apple-watchos.swiftdoc /Users/admin/builder/spi-builder-workspace/.derivedData/Build/Intermediates.noindex/RoundtripGenerator.build/Debug-watchos/TypeScriptApiGenerator.build/Objects-normal/arm64/TypeScriptApiGenerator.swiftdoc (in target 'TypeScriptApiGenerator' from project 'RoundtripGenerator')
cd /Users/admin/builder/spi-builder-workspace
builtin-copy -exclude .DS_Store -exclude CVS -exclude .svn -exclude .git -exclude .hg -resolve-src-symlinks -rename /Users/admin/builder/spi-builder-workspace/.derivedData/Build/Intermediates.noindex/RoundtripGenerator.build/Debug-watchos/TypeScriptApiGenerator.build/Objects-normal/arm64/TypeScriptApiGenerator.swiftdoc /Users/admin/builder/spi-builder-workspace/.derivedData/Build/Products/Debug-watchos/TypeScriptApiGenerator.swiftmodule/arm64-apple-watchos.swiftdoc
Copy /Users/admin/builder/spi-builder-workspace/.derivedData/Build/Products/Debug-watchos/TypeScriptApiGenerator.swiftmodule/arm64-apple-watchos.abi.json /Users/admin/builder/spi-builder-workspace/.derivedData/Build/Intermediates.noindex/RoundtripGenerator.build/Debug-watchos/TypeScriptApiGenerator.build/Objects-normal/arm64/TypeScriptApiGenerator.abi.json (in target 'TypeScriptApiGenerator' from project 'RoundtripGenerator')
cd /Users/admin/builder/spi-builder-workspace
builtin-copy -exclude .DS_Store -exclude CVS -exclude .svn -exclude .git -exclude .hg -resolve-src-symlinks -rename /Users/admin/builder/spi-builder-workspace/.derivedData/Build/Intermediates.noindex/RoundtripGenerator.build/Debug-watchos/TypeScriptApiGenerator.build/Objects-normal/arm64/TypeScriptApiGenerator.abi.json /Users/admin/builder/spi-builder-workspace/.derivedData/Build/Products/Debug-watchos/TypeScriptApiGenerator.swiftmodule/arm64-apple-watchos.abi.json
Copy /Users/admin/builder/spi-builder-workspace/.derivedData/Build/Products/Debug-watchos/TypeScriptApiGenerator.swiftmodule/Project/arm64-apple-watchos.swiftsourceinfo /Users/admin/builder/spi-builder-workspace/.derivedData/Build/Intermediates.noindex/RoundtripGenerator.build/Debug-watchos/TypeScriptApiGenerator.build/Objects-normal/arm64/TypeScriptApiGenerator.swiftsourceinfo (in target 'TypeScriptApiGenerator' from project 'RoundtripGenerator')
cd /Users/admin/builder/spi-builder-workspace
builtin-copy -exclude .DS_Store -exclude CVS -exclude .svn -exclude .git -exclude .hg -resolve-src-symlinks -rename /Users/admin/builder/spi-builder-workspace/.derivedData/Build/Intermediates.noindex/RoundtripGenerator.build/Debug-watchos/TypeScriptApiGenerator.build/Objects-normal/arm64/TypeScriptApiGenerator.swiftsourceinfo /Users/admin/builder/spi-builder-workspace/.derivedData/Build/Products/Debug-watchos/TypeScriptApiGenerator.swiftmodule/Project/arm64-apple-watchos.swiftsourceinfo
SwiftCompile normal arm64_32 Compiling\ TypeScriptBackendRuntimeEmitter.swift /Users/admin/builder/spi-builder-workspace/Sources/TypeScriptBackendGenerator/TypeScriptBackendRuntimeEmitter.swift (in target 'TypeScriptBackendGenerator' from project 'RoundtripGenerator')
SwiftCompile normal arm64_32 /Users/admin/builder/spi-builder-workspace/Sources/TypeScriptBackendGenerator/TypeScriptBackendRuntimeEmitter.swift (in target 'TypeScriptBackendGenerator' from project 'RoundtripGenerator')
cd /Users/admin/builder/spi-builder-workspace/.swiftpm/xcode
SwiftCompile normal arm64_32 Compiling\ TypeScriptBackendGeneratedTextFile.swift /Users/admin/builder/spi-builder-workspace/Sources/TypeScriptBackendGenerator/TypeScriptBackendGeneratedTextFile.swift (in target 'TypeScriptBackendGenerator' from project 'RoundtripGenerator')
SwiftCompile normal arm64_32 /Users/admin/builder/spi-builder-workspace/Sources/TypeScriptBackendGenerator/TypeScriptBackendGeneratedTextFile.swift (in target 'TypeScriptBackendGenerator' from project 'RoundtripGenerator')
cd /Users/admin/builder/spi-builder-workspace/.swiftpm/xcode
SwiftDriverJobDiscovery normal arm64 Compiling TypeScriptBackendGeneratedTextFile.swift (in target 'TypeScriptBackendGenerator' from project 'RoundtripGenerator')
SwiftCompile normal arm64_32 Compiling\ TypeScriptBackendGeneratorOptions.swift /Users/admin/builder/spi-builder-workspace/Sources/TypeScriptBackendGenerator/TypeScriptBackendGeneratorOptions.swift (in target 'TypeScriptBackendGenerator' from project 'RoundtripGenerator')
SwiftCompile normal arm64_32 /Users/admin/builder/spi-builder-workspace/Sources/TypeScriptBackendGenerator/TypeScriptBackendGeneratorOptions.swift (in target 'TypeScriptBackendGenerator' from project 'RoundtripGenerator')
cd /Users/admin/builder/spi-builder-workspace/.swiftpm/xcode
SwiftDriverJobDiscovery normal arm64_32 Compiling TypeScriptBackendRuntimeEmitter.swift (in target 'TypeScriptBackendGenerator' from project 'RoundtripGenerator')
SwiftCompile normal arm64 Compiling\ TypeScriptBackendOperationEmitter.swift /Users/admin/builder/spi-builder-workspace/Sources/TypeScriptBackendGenerator/TypeScriptBackendOperationEmitter.swift (in target 'TypeScriptBackendGenerator' from project 'RoundtripGenerator')
SwiftCompile normal arm64 /Users/admin/builder/spi-builder-workspace/Sources/TypeScriptBackendGenerator/TypeScriptBackendOperationEmitter.swift (in target 'TypeScriptBackendGenerator' from project 'RoundtripGenerator')
cd /Users/admin/builder/spi-builder-workspace/.swiftpm/xcode
SwiftDriverJobDiscovery normal arm64_32 Compiling SyntaxNodesD.swift, SyntaxNodesEF.swift, SyntaxNodesGHI.swift, SyntaxNodesJKLMN.swift, SyntaxNodesOP.swift, SyntaxNodesQRS.swift, SyntaxNodesTUVWXYZ.swift (in target 'SwiftSyntax' from project 'swift-syntax')
SwiftCompile normal arm64_32 Compiling\ TypeScriptBackendSupport.swift /Users/admin/builder/spi-builder-workspace/Sources/TypeScriptBackendGenerator/TypeScriptBackendSupport.swift (in target 'TypeScriptBackendGenerator' from project 'RoundtripGenerator')
SwiftDriverJobDiscovery normal arm64_32 Compiling TypeScriptBackendGeneratorOptions.swift (in target 'TypeScriptBackendGenerator' from project 'RoundtripGenerator')
2026-09-29 11:41:00.106 xcodebuild[1017:6179] [MT] IDERunDestination: Supported platforms for the buildables in the current scheme is empty.
** BUILD FAILED **
The following build commands failed:
SwiftCompile normal arm64_32 Compiling\ TypeScriptBackendModelEmitter.swift /Users/admin/builder/spi-builder-workspace/Sources/TypeScriptBackendGenerator/TypeScriptBackendModelEmitter.swift (in target 'TypeScriptBackendGenerator' from project 'RoundtripGenerator')
SwiftCompile normal arm64_32 /Users/admin/builder/spi-builder-workspace/Sources/TypeScriptBackendGenerator/TypeScriptBackendModelEmitter.swift (in target 'TypeScriptBackendGenerator' from project 'RoundtripGenerator')
Building workspace spi-builder-workspace with scheme RoundtripGenerator-Package
(3 failures)
Command line invocation:
/Applications/Xcode-26.3.0.app/Contents/Developer/usr/bin/xcodebuild -IDEClonedSourcePackagesDirPathOverride=/Users/admin/builder/spi-builder-workspace/.dependencies -resolvePackageDependencies
Resolve Package Graph
Resolved source packages:
SwiftDocCPlugin: https://github.com/swiftlang/swift-docc-plugin @ 1.5.0
SymbolKit: https://github.com/swiftlang/swift-docc-symbolkit @ 1.0.0
swift-syntax: https://github.com/swiftlang/swift-syntax.git @ 603.0.2
RoundtripGenerator: /Users/admin/builder/spi-builder-workspace
resolved source packages: SwiftDocCPlugin, SymbolKit, swift-syntax, RoundtripGenerator
2026-09-29 11:41:40.546 xcodebuild[1564:9400] [MT] IDERunDestination: Supported platforms for the buildables in the current scheme is empty.
{
"default_localization" : "en",
"dependencies" : [
{
"identity" : "swift-syntax",
"requirement" : {
"range" : [
{
"lower_bound" : "603.0.2",
"upper_bound" : "604.0.0"
}
]
},
"type" : "sourceControl",
"url" : "https://github.com/swiftlang/swift-syntax.git"
},
{
"identity" : "swift-docc-plugin",
"requirement" : {
"exact" : [
"1.5.0"
]
},
"type" : "sourceControl",
"url" : "https://github.com/swiftlang/swift-docc-plugin"
}
],
"manifest_display_name" : "RoundtripGenerator",
"name" : "RoundtripGenerator",
"path" : "/Users/admin/builder/spi-builder-workspace",
"platforms" : [
{
"name" : "ios",
"version" : "18.0"
},
{
"name" : "macos",
"version" : "15.0"
},
{
"name" : "tvos",
"version" : "18.0"
},
{
"name" : "watchos",
"version" : "11.0"
},
{
"name" : "visionos",
"version" : "2.0"
}
],
"products" : [
{
"name" : "SwiftApiGenerator",
"targets" : [
"SwiftApiGenerator"
],
"type" : {
"library" : [
"automatic"
]
}
},
{
"name" : "SwiftVaporGenerator",
"targets" : [
"SwiftVaporGenerator"
],
"type" : {
"library" : [
"automatic"
]
}
},
{
"name" : "KotlinApiGenerator",
"targets" : [
"KotlinApiGenerator"
],
"type" : {
"library" : [
"automatic"
]
}
},
{
"name" : "KotlinAndroidApiGenerator",
"targets" : [
"KotlinAndroidApiGenerator"
],
"type" : {
"library" : [
"automatic"
]
}
},
{
"name" : "KotlinSpringBootGenerator",
"targets" : [
"KotlinSpringBootGenerator"
],
"type" : {
"library" : [
"automatic"
]
}
},
{
"name" : "TypeScriptApiGenerator",
"targets" : [
"TypeScriptApiGenerator"
],
"type" : {
"library" : [
"automatic"
]
}
},
{
"name" : "TypeScriptBackendGenerator",
"targets" : [
"TypeScriptBackendGenerator"
],
"type" : {
"library" : [
"automatic"
]
}
},
{
"name" : "OpenApiYamlGenerator",
"targets" : [
"OpenApiYamlGenerator"
],
"type" : {
"library" : [
"automatic"
]
}
},
{
"name" : "GeneratorModels",
"targets" : [
"GeneratorModels"
],
"type" : {
"library" : [
"automatic"
]
}
},
{
"name" : "GeneratorBuilder",
"targets" : [
"GeneratorBuilder"
],
"type" : {
"library" : [
"automatic"
]
}
}
],
"swift_languages_versions" : [
"6"
],
"targets" : [
{
"c99name" : "TypeScriptBackendGeneratorTests",
"module_type" : "SwiftTarget",
"name" : "TypeScriptBackendGeneratorTests",
"path" : "Tests/TypeScriptBackendGeneratorTests",
"sources" : [
"TypeScriptBackendGeneratedPackageTests.swift",
"TypeScriptBackendGeneratorTests.swift"
],
"target_dependencies" : [
"GeneratorBuilder",
"GeneratorModels",
"TypeScriptBackendGenerator"
],
"type" : "test"
},
{
"c99name" : "TypeScriptBackendGenerator",
"module_type" : "SwiftTarget",
"name" : "TypeScriptBackendGenerator",
"path" : "Sources/TypeScriptBackendGenerator",
"product_memberships" : [
"TypeScriptBackendGenerator"
],
"sources" : [
"TypeScriptBackendApiPackageGenerator.swift",
"TypeScriptBackendGeneratedTextFile.swift",
"TypeScriptBackendGeneratorOptions.swift",
"TypeScriptBackendGeneratorTool.swift",
"TypeScriptBackendModelEmitter.swift",
"TypeScriptBackendOperationEmitter.swift",
"TypeScriptBackendRuntimeEmitter.swift",
"TypeScriptBackendSupport.swift"
],
"target_dependencies" : [
"GeneratorBuilder",
"GeneratorModels"
],
"type" : "library"
},
{
"c99name" : "TypeScriptApiGeneratorTests",
"module_type" : "SwiftTarget",
"name" : "TypeScriptApiGeneratorTests",
"path" : "Tests/TypeScriptApiGeneratorTests",
"sources" : [
"AudienceTests.swift",
"TypeScriptApiGeneratorTests.swift",
"TypeScriptOptionsDXTests.swift",
"TypeScriptOutputCleanupTests.swift",
"TypeScriptOutputPathTests.swift",
"TypeScriptProjectLayoutTests.swift"
],
"target_dependencies" : [
"GeneratorBuilder",
"GeneratorModels",
"TypeScriptApiGenerator"
],
"type" : "test"
},
{
"c99name" : "TypeScriptApiGenerator",
"module_type" : "SwiftTarget",
"name" : "TypeScriptApiGenerator",
"path" : "Sources/TypeScriptApiGenerator",
"product_memberships" : [
"TypeScriptApiGenerator"
],
"sources" : [
"TypeScriptApiPackageGenerator.swift",
"TypeScriptGeneratedTextFile.swift",
"TypeScriptGeneratorOptions.swift",
"TypeScriptModelEmitter.swift",
"TypeScriptOperationEmitter.swift",
"TypeScriptRuntimeEmitter.swift",
"TypeScriptSupport.swift",
"TypeScriptTanStackQueryEmitter.swift"
],
"target_dependencies" : [
"GeneratorBuilder",
"GeneratorModels"
],
"type" : "library"
},
{
"c99name" : "SwiftVaporGeneratorTests",
"module_type" : "SwiftTarget",
"name" : "SwiftVaporGeneratorTests",
"path" : "Tests/SwiftVaporGeneratorTests",
"sources" : [
"GeneratedDateParserTests.swift",
"SwiftVaporGeneratorTests.swift",
"SwiftVaporOutputCleanupTests.swift",
"SwiftVaporProjectLayoutTests.swift",
"SwiftVaporTypeRegistryTests.swift"
],
"target_dependencies" : [
"GeneratorBuilder",
"GeneratorModels",
"SwiftVaporGenerator"
],
"type" : "test"
},
{
"c99name" : "SwiftVaporGenerator",
"module_type" : "SwiftTarget",
"name" : "SwiftVaporGenerator",
"path" : "Sources/SwiftVaporGenerator",
"product_dependencies" : [
"SwiftSyntax",
"SwiftSyntaxBuilder",
"SwiftBasicFormat"
],
"product_memberships" : [
"SwiftVaporGenerator"
],
"sources" : [
"SwiftVaporApiGeneratorTool.swift",
"SwiftVaporApiPackageGenerator.swift",
"SwiftVaporGeneratedTextFile.swift",
"SwiftVaporGeneratorOptions.swift",
"SwiftVaporModelEmitter.swift",
"SwiftVaporOperationEmitter.swift",
"SwiftVaporRuntimeEmitter.swift",
"SwiftVaporSupport.swift",
"SwiftVaporSyntax.swift"
],
"target_dependencies" : [
"GeneratorBuilder",
"GeneratorModels",
"SwiftApiGenerator"
],
"type" : "library"
},
{
"c99name" : "SwiftApiGeneratorTests",
"module_type" : "SwiftTarget",
"name" : "SwiftApiGeneratorTests",
"path" : "Tests/SwiftApiGeneratorTests",
"sources" : [
"AudienceTests.swift",
"ReferenceDiagnosticsTests.swift",
"SmokeTests.swift",
"SwiftGenerationPreviewTests.swift",
"SwiftImportsDXTests.swift"
],
"target_dependencies" : [
"GeneratorBuilder",
"GeneratorModels",
"SwiftApiGenerator"
],
"type" : "test"
},
{
"c99name" : "SwiftApiGenerator",
"module_type" : "SwiftTarget",
"name" : "SwiftApiGenerator",
"path" : "Sources/SwiftApiGenerator",
"product_dependencies" : [
"SwiftSyntax",
"SwiftSyntaxBuilder",
"SwiftBasicFormat"
],
"product_memberships" : [
"SwiftApiGenerator",
"SwiftVaporGenerator"
],
"sources" : [
"Api/ApiModuleGenerator.swift",
"Api/ApiModuleValidator.swift",
"Api/ApiOperationGenerator.swift",
"Api/ApiOperationValidator.swift",
"Api/ApiPackage+Imports.swift",
"Api/ApiPackageGenerator.swift",
"Api/ApiPackageServiceGenerator.swift",
"Api/ApiPackageServiceMocksGenerator.swift",
"Api/ApiPackageValidator.swift",
"Api/ApiServiceGenerator.swift",
"Api/ApiServiceValidator.swift",
"Api/ApiTypeSchemaGenerator.swift",
"Api/ApiTypeSchemaValidator.swift",
"Api/SwiftGeneratedTextFile.swift",
"ApiGeneratorTool.swift",
"Extensions/ApiModelPropertyExt.swift",
"Extensions/ApiNamingExt.swift",
"Extensions/ApiOperationExt.swift",
"Extensions/ApiParameterExt.swift",
"Extensions/ApiRequestBody.swift",
"Extensions/ApiResponseBodyExt.swift",
"Extensions/ApiTypeSchemaExt.swift",
"Extensions/StringFilePathExt.swift",
"Swift/SwiftClass.swift",
"Swift/SwiftCodingKey.swift",
"Swift/SwiftGeneratedSyntax.swift",
"Swift/SwiftImport.swift",
"Swift/SwiftInit.swift",
"Swift/SwiftIntEnum.swift",
"Swift/SwiftProperty.swift",
"Swift/SwiftStringEnum.swift",
"Swift/SwiftSyntaxNode.swift",
"Swift/SwiftVisibility.swift"
],
"target_dependencies" : [
"GeneratorBuilder",
"GeneratorModels"
],
"type" : "library"
},
{
"c99name" : "OpenApiYamlGeneratorTests",
"module_type" : "SwiftTarget",
"name" : "OpenApiYamlGeneratorTests",
"path" : "Tests/OpenApiYamlGeneratorTests",
"sources" : [
"OpenApiYamlGeneratorTests.swift"
],
"target_dependencies" : [
"GeneratorBuilder",
"GeneratorModels",
"OpenApiYamlGenerator"
],
"type" : "test"
},
{
"c99name" : "OpenApiYamlGenerator",
"module_type" : "SwiftTarget",
"name" : "OpenApiYamlGenerator",
"path" : "Sources/OpenApiYamlGenerator",
"product_memberships" : [
"OpenApiYamlGenerator"
],
"sources" : [
"OpenApiYamlGeneratedTextFile.swift",
"OpenApiYamlGeneratorOptions.swift",
"OpenApiYamlPackageGenerator.swift"
],
"target_dependencies" : [
"GeneratorBuilder",
"GeneratorModels"
],
"type" : "library"
},
{
"c99name" : "KotlinSpringBootGeneratorTests",
"module_type" : "SwiftTarget",
"name" : "KotlinSpringBootGeneratorTests",
"path" : "Tests/KotlinSpringBootGeneratorTests",
"sources" : [
"KotlinSpringBootGeneratorTests.swift",
"KotlinSpringBootOptionsDXTests.swift",
"KotlinSpringBootOutputCleanupTests.swift",
"KotlinSpringBootProjectLayoutTests.swift"
],
"target_dependencies" : [
"GeneratorBuilder",
"GeneratorModels",
"KotlinSpringBootGenerator"
],
"type" : "test"
},
{
"c99name" : "KotlinSpringBootGenerator",
"module_type" : "SwiftTarget",
"name" : "KotlinSpringBootGenerator",
"path" : "Sources/KotlinSpringBootGenerator",
"product_memberships" : [
"KotlinSpringBootGenerator"
],
"sources" : [
"KotlinSpringBootApiGeneratorTool.swift",
"KotlinSpringBootApiPackageGenerator.swift",
"KotlinSpringBootGeneratedTextFile.swift",
"KotlinSpringBootGeneratorOptions.swift",
"KotlinSpringBootOperationEmitter.swift",
"KotlinSpringBootRuntimeEmitter.swift",
"KotlinSpringBootSupport.swift"
],
"target_dependencies" : [
"GeneratorBuilder",
"GeneratorModels"
],
"type" : "library"
},
{
"c99name" : "KotlinApiGeneratorTests",
"module_type" : "SwiftTarget",
"name" : "KotlinApiGeneratorTests",
"path" : "Tests/KotlinApiGeneratorTests",
"sources" : [
"AudienceTests.swift",
"KotlinApiGeneratorTests.swift",
"KotlinOptionsDXTests.swift",
"KotlinOutputCleanupTests.swift",
"KotlinProjectLayoutTests.swift"
],
"target_dependencies" : [
"GeneratorBuilder",
"GeneratorModels",
"KotlinApiGenerator"
],
"type" : "test"
},
{
"c99name" : "KotlinApiGenerator",
"module_type" : "SwiftTarget",
"name" : "KotlinApiGenerator",
"path" : "Sources/KotlinApiGenerator",
"product_memberships" : [
"KotlinApiGenerator"
],
"sources" : [
"EditorConfig/KotlinEditorConfigEmitter.swift",
"Extensions/ApiModelPropertyKotlinExtensions.swift",
"Extensions/ApiTypeSchemaKotlinExtensions.swift",
"Extensions/StringKotlinExtensions.swift",
"Gradle/KotlinGradleProjectEmitter.swift",
"Koin/KotlinKoinEmitter.swift",
"Kotlin/KotlinModel.swift",
"Kotlin/KotlinModelEmitter.swift",
"Kotlin/KotlinProperty.swift",
"Kotlin/KotlinTypeEmitter.swift",
"Kotlin/KotlinTypeName.swift",
"KotlinApiGeneratorTool.swift",
"KotlinApiPackageGenerator.swift",
"KotlinGeneratedTextFile.swift",
"KotlinGeneratorOptions.swift",
"Operations/KotlinNaming.swift",
"Operations/KotlinOperationEmitter.swift",
"Operations/KotlinOperationParameterExtensions.swift",
"Runtime/KotlinRuntimeEmitter.swift",
"Testing/KotlinApiMocksEmitter.swift"
],
"target_dependencies" : [
"GeneratorBuilder",
"GeneratorModels"
],
"type" : "library"
},
{
"c99name" : "KotlinAndroidApiGeneratorTests",
"module_type" : "SwiftTarget",
"name" : "KotlinAndroidApiGeneratorTests",
"path" : "Tests/KotlinAndroidApiGeneratorTests",
"sources" : [
"AudienceTests.swift",
"KotlinAndroidApiGeneratorTests.swift",
"KotlinAndroidMocksTests.swift",
"KotlinAndroidOptionsDXTests.swift",
"KotlinAndroidOutputCleanupTests.swift",
"KotlinAndroidProjectLayoutTests.swift",
"KotlinAndroidProjectTests.swift"
],
"target_dependencies" : [
"GeneratorBuilder",
"GeneratorModels",
"KotlinAndroidApiGenerator"
],
"type" : "test"
},
{
"c99name" : "KotlinAndroidApiGenerator",
"module_type" : "SwiftTarget",
"name" : "KotlinAndroidApiGenerator",
"path" : "Sources/KotlinAndroidApiGenerator",
"product_memberships" : [
"KotlinAndroidApiGenerator"
],
"sources" : [
"EditorConfig/KotlinAndroidEditorConfigEmitter.swift",
"Extensions/ApiModelPropertyKotlinAndroidExtensions.swift",
"Extensions/ApiTypeSchemaKotlinAndroidExtensions.swift",
"Extensions/StringKotlinAndroidExtensions.swift",
"Gradle/KotlinAndroidGradleProjectEmitter.swift",
"Koin/KotlinAndroidKoinEmitter.swift",
"KotlinAndroid/KotlinAndroidModel.swift",
"KotlinAndroid/KotlinAndroidModelEmitter.swift",
"KotlinAndroid/KotlinAndroidProperty.swift",
"KotlinAndroid/KotlinAndroidTypeEmitter.swift",
"KotlinAndroid/KotlinAndroidTypeName.swift",
"KotlinAndroidApiGeneratorTool.swift",
"KotlinAndroidApiPackageGenerator.swift",
"KotlinAndroidGeneratedTextFile.swift",
"KotlinAndroidGeneratorOptions.swift",
"Operations/KotlinAndroidNaming.swift",
"Operations/KotlinAndroidOperationEmitter.swift",
"Operations/KotlinAndroidOperationParameterExtensions.swift",
"Runtime/KotlinAndroidRuntimeEmitter.swift",
"Testing/KotlinAndroidApiMocksEmitter.swift"
],
"target_dependencies" : [
"GeneratorBuilder",
"GeneratorModels"
],
"type" : "library"
},
{
"c99name" : "GeneratorModelsTests",
"module_type" : "SwiftTarget",
"name" : "GeneratorModelsTests",
"path" : "Tests/GeneratorModelsTests",
"sources" : [
"ApiAudienceTests.swift",
"ApiCollectionBuilderTests.swift",
"ApiModelPropertyHelperTests.swift",
"ApiOperationClientStatusTests.swift",
"ApiPackageDXTests.swift",
"ApiParameterHelperTests.swift",
"ApiRestResourceDXTests.swift",
"ApiTypeNameResolverTests.swift"
],
"target_dependencies" : [
"GeneratorModels"
],
"type" : "test"
},
{
"c99name" : "GeneratorModels",
"module_type" : "SwiftTarget",
"name" : "GeneratorModels",
"path" : "Sources/GeneratorModels",
"product_memberships" : [
"SwiftApiGenerator",
"SwiftVaporGenerator",
"KotlinApiGenerator",
"KotlinAndroidApiGenerator",
"KotlinSpringBootGenerator",
"TypeScriptApiGenerator",
"TypeScriptBackendGenerator",
"OpenApiYamlGenerator",
"GeneratorModels"
],
"sources" : [
"ApiAuthorizationHeaderPolicy.swift",
"ApiCollectionBuilder.swift",
"ApiEnumAssociatedValue.swift",
"ApiEnumCase.swift",
"ApiImport.swift",
"ApiModelProperty.swift",
"ApiModule.swift",
"ApiOperation.swift",
"ApiOperationPath.swift",
"ApiPackage+Audience.swift",
"ApiPackage.swift",
"ApiParameter.swift",
"ApiRequestBody.swift",
"ApiResponseBody.swift",
"ApiRestResource+Configuration.swift",
"ApiRestResource.swift",
"ApiService.swift",
"ApiTypeNameResolver.swift",
"ApiTypeSchema.swift",
"ApiValidationError.swift",
"HttpMethod.swift"
],
"target_dependencies" : [
"GeneratorBuilder"
],
"type" : "library"
},
{
"c99name" : "GeneratorBuilderTests",
"module_type" : "SwiftTarget",
"name" : "GeneratorBuilderTests",
"path" : "Tests/GeneratorBuilderTests",
"sources" : [
"RenderingTests.swift"
],
"target_dependencies" : [
"GeneratorBuilder"
],
"type" : "test"
},
{
"c99name" : "GeneratorBuilder",
"module_type" : "SwiftTarget",
"name" : "GeneratorBuilder",
"path" : "Sources/GeneratorBuilder",
"product_memberships" : [
"SwiftApiGenerator",
"SwiftVaporGenerator",
"KotlinApiGenerator",
"KotlinAndroidApiGenerator",
"KotlinSpringBootGenerator",
"TypeScriptApiGenerator",
"TypeScriptBackendGenerator",
"OpenApiYamlGenerator",
"GeneratorModels",
"GeneratorBuilder"
],
"sources" : [
"Extensions/FileManagerExtensions.swift",
"Extensions/FixedWidthIntegerExtensions.swift",
"Extensions/SequenceExtensions.swift",
"Extensions/StringExtensions.swift",
"Node+Predefined.swift",
"Node.swift",
"NodeBuilder.swift"
],
"type" : "library"
}
],
"tools_version" : "6.2"
}
{
"workspace" : {
"name" : "spi-builder-workspace",
"schemes" : [
"GeneratorBuilder",
"GeneratorModels",
"KotlinAndroidApiGenerator",
"KotlinApiGenerator",
"KotlinSpringBootGenerator",
"OpenApiYamlGenerator",
"RoundtripGenerator-Package",
"SwiftApiGenerator",
"SwiftVaporGenerator",
"TypeScriptApiGenerator",
"TypeScriptBackendGenerator"
]
}
}
2026-09-29 11:41:47.635 xcodebuild[1631:9816] [MT] IDERunDestination: Supported platforms for the buildables in the current scheme is empty.
Running build ...
env DEVELOPER_DIR=/Applications/Xcode-26.3.0.app xcrun xcodebuild -IDEClonedSourcePackagesDirPathOverride=$PWD/.dependencies -skipMacroValidation -skipPackagePluginValidation -derivedDataPath $PWD/.derivedData build -scheme RoundtripGenerator-Package -destination generic/platform=watchOS
Command line invocation:
/Applications/Xcode-26.3.0.app/Contents/Developer/usr/bin/xcodebuild -IDEClonedSourcePackagesDirPathOverride=/Users/admin/builder/spi-builder-workspace/.dependencies -skipMacroValidation -skipPackagePluginValidation -derivedDataPath /Users/admin/builder/spi-builder-workspace/.derivedData build -scheme RoundtripGenerator-Package -destination generic/platform=watchOS
Resolve Package Graph
Resolved source packages:
RoundtripGenerator: /Users/admin/builder/spi-builder-workspace
swift-syntax: https://github.com/swiftlang/swift-syntax.git @ 603.0.2
SwiftDocCPlugin: https://github.com/swiftlang/swift-docc-plugin @ 1.5.0
SymbolKit: https://github.com/swiftlang/swift-docc-symbolkit @ 1.0.0
ComputePackagePrebuildTargetDependencyGraph
Prepare packages
CreateBuildRequest
SendProjectDescription
CreateBuildOperation
ComputeTargetDependencyGraph
note: Building targets in dependency order
note: Target dependency graph (36 targets)
Target 'TypeScriptBackendGenerator' in project 'RoundtripGenerator'
➜ Explicit dependency on target 'TypeScriptBackendGenerator' in project 'RoundtripGenerator'
➜ Explicit dependency on target 'GeneratorBuilder' in project 'RoundtripGenerator'
➜ Explicit dependency on target 'GeneratorModels' in project 'RoundtripGenerator'
Target 'TypeScriptBackendGenerator' in project 'RoundtripGenerator'
➜ Explicit dependency on target 'GeneratorBuilder' in project 'RoundtripGenerator'
➜ Explicit dependency on target 'GeneratorModels' in project 'RoundtripGenerator'
Target 'TypeScriptApiGenerator' in project 'RoundtripGenerator'
➜ Explicit dependency on target 'TypeScriptApiGenerator' in project 'RoundtripGenerator'
➜ Explicit dependency on target 'GeneratorBuilder' in project 'RoundtripGenerator'
➜ Explicit dependency on target 'GeneratorModels' in project 'RoundtripGenerator'
Target 'TypeScriptApiGenerator' in project 'RoundtripGenerator'
➜ Explicit dependency on target 'GeneratorBuilder' in project 'RoundtripGenerator'
➜ Explicit dependency on target 'GeneratorModels' in project 'RoundtripGenerator'
Target 'SwiftVaporGenerator' in project 'RoundtripGenerator'
➜ Explicit dependency on target 'SwiftVaporGenerator' in project 'RoundtripGenerator'
➜ Explicit dependency on target 'GeneratorBuilder' in project 'RoundtripGenerator'
➜ Explicit dependency on target 'GeneratorModels' in project 'RoundtripGenerator'
➜ Explicit dependency on target 'SwiftApiGenerator' in project 'RoundtripGenerator'
➜ Explicit dependency on target 'SwiftSyntax' in project 'swift-syntax'
➜ Explicit dependency on target 'SwiftSyntaxBuilder' in project 'swift-syntax'
➜ Explicit dependency on target 'SwiftBasicFormat' in project 'swift-syntax'
Target 'SwiftVaporGenerator' in project 'RoundtripGenerator'
➜ Explicit dependency on target 'GeneratorBuilder' in project 'RoundtripGenerator'
➜ Explicit dependency on target 'GeneratorModels' in project 'RoundtripGenerator'
➜ Explicit dependency on target 'SwiftApiGenerator' in project 'RoundtripGenerator'
➜ Explicit dependency on target 'SwiftSyntax' in project 'swift-syntax'
➜ Explicit dependency on target 'SwiftSyntaxBuilder' in project 'swift-syntax'
➜ Explicit dependency on target 'SwiftBasicFormat' in project 'swift-syntax'
Target 'SwiftApiGenerator' in project 'RoundtripGenerator'
➜ Explicit dependency on target 'SwiftApiGenerator' in project 'RoundtripGenerator'
➜ Explicit dependency on target 'GeneratorBuilder' in project 'RoundtripGenerator'
➜ Explicit dependency on target 'GeneratorModels' in project 'RoundtripGenerator'
➜ Explicit dependency on target 'SwiftSyntax' in project 'swift-syntax'
➜ Explicit dependency on target 'SwiftSyntaxBuilder' in project 'swift-syntax'
➜ Explicit dependency on target 'SwiftBasicFormat' in project 'swift-syntax'
Target 'SwiftApiGenerator' in project 'RoundtripGenerator'
➜ Explicit dependency on target 'GeneratorBuilder' in project 'RoundtripGenerator'
➜ Explicit dependency on target 'GeneratorModels' in project 'RoundtripGenerator'
➜ Explicit dependency on target 'SwiftSyntax' in project 'swift-syntax'
➜ Explicit dependency on target 'SwiftSyntaxBuilder' in project 'swift-syntax'
➜ Explicit dependency on target 'SwiftBasicFormat' in project 'swift-syntax'
Target 'SwiftBasicFormat' in project 'swift-syntax'
➜ Explicit dependency on target 'SwiftBasicFormat' in project 'swift-syntax'
➜ Explicit dependency on target '_SwiftSyntaxCShims' in project 'swift-syntax'
➜ Explicit dependency on target 'SwiftSyntax509' in project 'swift-syntax'
➜ Explicit dependency on target 'SwiftSyntax510' in project 'swift-syntax'
➜ Explicit dependency on target 'SwiftSyntax600' in project 'swift-syntax'
➜ Explicit dependency on target 'SwiftSyntax601' in project 'swift-syntax'
➜ Explicit dependency on target 'SwiftSyntax602' in project 'swift-syntax'
➜ Explicit dependency on target 'SwiftSyntax603' in project 'swift-syntax'
➜ Explicit dependency on target 'SwiftSyntax' in project 'swift-syntax'
Target 'SwiftSyntaxBuilder' in project 'swift-syntax'
➜ Explicit dependency on target 'SwiftSyntaxBuilder' in project 'swift-syntax'
➜ Explicit dependency on target '_SwiftSyntaxCShims' in project 'swift-syntax'
➜ Explicit dependency on target 'SwiftSyntax509' in project 'swift-syntax'
➜ Explicit dependency on target 'SwiftSyntax510' in project 'swift-syntax'
➜ Explicit dependency on target 'SwiftSyntax600' in project 'swift-syntax'
➜ Explicit dependency on target 'SwiftSyntax601' in project 'swift-syntax'
➜ Explicit dependency on target 'SwiftSyntax602' in project 'swift-syntax'
➜ Explicit dependency on target 'SwiftSyntax603' in project 'swift-syntax'
➜ Explicit dependency on target 'SwiftSyntax' in project 'swift-syntax'
➜ Explicit dependency on target 'SwiftBasicFormat' in project 'swift-syntax'
➜ Explicit dependency on target 'SwiftParser' in project 'swift-syntax'
➜ Explicit dependency on target 'SwiftDiagnostics' in project 'swift-syntax'
➜ Explicit dependency on target 'SwiftParserDiagnostics' in project 'swift-syntax'
Target 'SwiftSyntaxBuilder' in project 'swift-syntax'
➜ Explicit dependency on target '_SwiftSyntaxCShims' in project 'swift-syntax'
➜ Explicit dependency on target 'SwiftSyntax509' in project 'swift-syntax'
➜ Explicit dependency on target 'SwiftSyntax510' in project 'swift-syntax'
➜ Explicit dependency on target 'SwiftSyntax600' in project 'swift-syntax'
➜ Explicit dependency on target 'SwiftSyntax601' in project 'swift-syntax'
➜ Explicit dependency on target 'SwiftSyntax602' in project 'swift-syntax'
➜ Explicit dependency on target 'SwiftSyntax603' in project 'swift-syntax'
➜ Explicit dependency on target 'SwiftSyntax' in project 'swift-syntax'
➜ Explicit dependency on target 'SwiftBasicFormat' in project 'swift-syntax'
➜ Explicit dependency on target 'SwiftParser' in project 'swift-syntax'
➜ Explicit dependency on target 'SwiftDiagnostics' in project 'swift-syntax'
➜ Explicit dependency on target 'SwiftParserDiagnostics' in project 'swift-syntax'
Target 'SwiftParserDiagnostics' in project 'swift-syntax'
➜ Explicit dependency on target '_SwiftSyntaxCShims' in project 'swift-syntax'
➜ Explicit dependency on target 'SwiftSyntax509' in project 'swift-syntax'
➜ Explicit dependency on target 'SwiftSyntax510' in project 'swift-syntax'
➜ Explicit dependency on target 'SwiftSyntax600' in project 'swift-syntax'
➜ Explicit dependency on target 'SwiftSyntax601' in project 'swift-syntax'
➜ Explicit dependency on target 'SwiftSyntax602' in project 'swift-syntax'
➜ Explicit dependency on target 'SwiftSyntax603' in project 'swift-syntax'
➜ Explicit dependency on target 'SwiftSyntax' in project 'swift-syntax'
➜ Explicit dependency on target 'SwiftBasicFormat' in project 'swift-syntax'
➜ Explicit dependency on target 'SwiftDiagnostics' in project 'swift-syntax'
➜ Explicit dependency on target 'SwiftParser' in project 'swift-syntax'
Target 'SwiftDiagnostics' in project 'swift-syntax'
➜ Explicit dependency on target '_SwiftSyntaxCShims' in project 'swift-syntax'
➜ Explicit dependency on target 'SwiftSyntax509' in project 'swift-syntax'
➜ Explicit dependency on target 'SwiftSyntax510' in project 'swift-syntax'
➜ Explicit dependency on target 'SwiftSyntax600' in project 'swift-syntax'
➜ Explicit dependency on target 'SwiftSyntax601' in project 'swift-syntax'
➜ Explicit dependency on target 'SwiftSyntax602' in project 'swift-syntax'
➜ Explicit dependency on target 'SwiftSyntax603' in project 'swift-syntax'
➜ Explicit dependency on target 'SwiftSyntax' in project 'swift-syntax'
Target 'SwiftParser' in project 'swift-syntax'
➜ Explicit dependency on target '_SwiftSyntaxCShims' in project 'swift-syntax'
➜ Explicit dependency on target 'SwiftSyntax509' in project 'swift-syntax'
➜ Explicit dependency on target 'SwiftSyntax510' in project 'swift-syntax'
➜ Explicit dependency on target 'SwiftSyntax600' in project 'swift-syntax'
➜ Explicit dependency on target 'SwiftSyntax601' in project 'swift-syntax'
➜ Explicit dependency on target 'SwiftSyntax602' in project 'swift-syntax'
➜ Explicit dependency on target 'SwiftSyntax603' in project 'swift-syntax'
➜ Explicit dependency on target 'SwiftSyntax' in project 'swift-syntax'
Target 'SwiftBasicFormat' in project 'swift-syntax'
➜ Explicit dependency on target '_SwiftSyntaxCShims' in project 'swift-syntax'
➜ Explicit dependency on target 'SwiftSyntax509' in project 'swift-syntax'
➜ Explicit dependency on target 'SwiftSyntax510' in project 'swift-syntax'
➜ Explicit dependency on target 'SwiftSyntax600' in project 'swift-syntax'
➜ Explicit dependency on target 'SwiftSyntax601' in project 'swift-syntax'
➜ Explicit dependency on target 'SwiftSyntax602' in project 'swift-syntax'
➜ Explicit dependency on target 'SwiftSyntax603' in project 'swift-syntax'
➜ Explicit dependency on target 'SwiftSyntax' in project 'swift-syntax'
Target 'SwiftSyntax' in project 'swift-syntax'
➜ Explicit dependency on target 'SwiftSyntax' in project 'swift-syntax'
➜ Explicit dependency on target '_SwiftSyntaxCShims' in project 'swift-syntax'
➜ Explicit dependency on target 'SwiftSyntax509' in project 'swift-syntax'
➜ Explicit dependency on target 'SwiftSyntax510' in project 'swift-syntax'
➜ Explicit dependency on target 'SwiftSyntax600' in project 'swift-syntax'
➜ Explicit dependency on target 'SwiftSyntax601' in project 'swift-syntax'
➜ Explicit dependency on target 'SwiftSyntax602' in project 'swift-syntax'
➜ Explicit dependency on target 'SwiftSyntax603' in project 'swift-syntax'
Target 'SwiftSyntax' in project 'swift-syntax'
➜ Explicit dependency on target '_SwiftSyntaxCShims' in project 'swift-syntax'
➜ Explicit dependency on target 'SwiftSyntax509' in project 'swift-syntax'
➜ Explicit dependency on target 'SwiftSyntax510' in project 'swift-syntax'
➜ Explicit dependency on target 'SwiftSyntax600' in project 'swift-syntax'
➜ Explicit dependency on target 'SwiftSyntax601' in project 'swift-syntax'
➜ Explicit dependency on target 'SwiftSyntax602' in project 'swift-syntax'
➜ Explicit dependency on target 'SwiftSyntax603' in project 'swift-syntax'
Target 'SwiftSyntax603' in project 'swift-syntax' (no dependencies)
Target 'SwiftSyntax602' in project 'swift-syntax' (no dependencies)
Target 'SwiftSyntax601' in project 'swift-syntax' (no dependencies)
Target 'SwiftSyntax600' in project 'swift-syntax' (no dependencies)
Target 'SwiftSyntax510' in project 'swift-syntax' (no dependencies)
Target 'SwiftSyntax509' in project 'swift-syntax' (no dependencies)
Target '_SwiftSyntaxCShims' in project 'swift-syntax' (no dependencies)
Target 'OpenApiYamlGenerator' in project 'RoundtripGenerator'
➜ Explicit dependency on target 'OpenApiYamlGenerator' in project 'RoundtripGenerator'
➜ Explicit dependency on target 'GeneratorBuilder' in project 'RoundtripGenerator'
➜ Explicit dependency on target 'GeneratorModels' in project 'RoundtripGenerator'
Target 'OpenApiYamlGenerator' in project 'RoundtripGenerator'
➜ Explicit dependency on target 'GeneratorBuilder' in project 'RoundtripGenerator'
➜ Explicit dependency on target 'GeneratorModels' in project 'RoundtripGenerator'
Target 'KotlinSpringBootGenerator' in project 'RoundtripGenerator'
➜ Explicit dependency on target 'KotlinSpringBootGenerator' in project 'RoundtripGenerator'
➜ Explicit dependency on target 'GeneratorBuilder' in project 'RoundtripGenerator'
➜ Explicit dependency on target 'GeneratorModels' in project 'RoundtripGenerator'
Target 'KotlinSpringBootGenerator' in project 'RoundtripGenerator'
➜ Explicit dependency on target 'GeneratorBuilder' in project 'RoundtripGenerator'
➜ Explicit dependency on target 'GeneratorModels' in project 'RoundtripGenerator'
Target 'KotlinApiGenerator' in project 'RoundtripGenerator'
➜ Explicit dependency on target 'KotlinApiGenerator' in project 'RoundtripGenerator'
➜ Explicit dependency on target 'GeneratorBuilder' in project 'RoundtripGenerator'
➜ Explicit dependency on target 'GeneratorModels' in project 'RoundtripGenerator'
Target 'KotlinApiGenerator' in project 'RoundtripGenerator'
➜ Explicit dependency on target 'GeneratorBuilder' in project 'RoundtripGenerator'
➜ Explicit dependency on target 'GeneratorModels' in project 'RoundtripGenerator'
Target 'KotlinAndroidApiGenerator' in project 'RoundtripGenerator'
➜ Explicit dependency on target 'KotlinAndroidApiGenerator' in project 'RoundtripGenerator'
➜ Explicit dependency on target 'GeneratorBuilder' in project 'RoundtripGenerator'
➜ Explicit dependency on target 'GeneratorModels' in project 'RoundtripGenerator'
Target 'KotlinAndroidApiGenerator' in project 'RoundtripGenerator'
➜ Explicit dependency on target 'GeneratorBuilder' in project 'RoundtripGenerator'
➜ Explicit dependency on target 'GeneratorModels' in project 'RoundtripGenerator'
Target 'GeneratorModels' in project 'RoundtripGenerator'
➜ Explicit dependency on target 'GeneratorModels' in project 'RoundtripGenerator'
➜ Explicit dependency on target 'GeneratorBuilder' in project 'RoundtripGenerator'
Target 'GeneratorModels' in project 'RoundtripGenerator'
➜ Explicit dependency on target 'GeneratorBuilder' in project 'RoundtripGenerator'
Target 'GeneratorBuilder' in project 'RoundtripGenerator'
➜ Explicit dependency on target 'GeneratorBuilder' in project 'RoundtripGenerator'
Target 'GeneratorBuilder' in project 'RoundtripGenerator' (no dependencies)
GatherProvisioningInputs
CreateBuildDescription
ClangStatCache /Applications/Xcode-26.3.0.app/Contents/Developer/Toolchains/XcodeDefault.xctoolchain/usr/bin/clang-stat-cache /Applications/Xcode-26.3.0.app/Contents/Developer/Platforms/WatchOS.platform/Developer/SDKs/WatchOS26.2.sdk /Users/admin/builder/spi-builder-workspace/.derivedData/SDKStatCaches.noindex/watchos26.2-23S303-dc75598d0054f22ec865fa860f139d721753b489057de6bda919edfa1c59a62b.sdkstatcache
cd /Users/admin/builder/spi-builder-workspace/.swiftpm/xcode
/Applications/Xcode-26.3.0.app/Contents/Developer/Toolchains/XcodeDefault.xctoolchain/usr/bin/clang-stat-cache /Applications/Xcode-26.3.0.app/Contents/Developer/Platforms/WatchOS.platform/Developer/SDKs/WatchOS26.2.sdk -o /Users/admin/builder/spi-builder-workspace/.derivedData/SDKStatCaches.noindex/watchos26.2-23S303-dc75598d0054f22ec865fa860f139d721753b489057de6bda919edfa1c59a62b.sdkstatcache
SwiftDriver TypeScriptBackendGenerator normal arm64_32 com.apple.xcode.tools.swift.compiler (in target 'TypeScriptBackendGenerator' from project 'RoundtripGenerator')
cd /Users/admin/builder/spi-builder-workspace/.swiftpm/xcode
builtin-SwiftDriver -- /Applications/Xcode-26.3.0.app/Contents/Developer/Toolchains/XcodeDefault.xctoolchain/usr/bin/swiftc -module-name TypeScriptBackendGenerator -Onone -enforce-exclusivity\=checked @/Users/admin/builder/spi-builder-workspace/.derivedData/Build/Intermediates.noindex/RoundtripGenerator.build/Debug-watchos/TypeScriptBackendGenerator.build/Objects-normal/arm64_32/TypeScriptBackendGenerator.SwiftFileList -DSWIFT_PACKAGE -DDEBUG -DSWIFT_MODULE_RESOURCE_BUNDLE_UNAVAILABLE -DXcode -enable-experimental-feature StrictConcurrency -enable-upcoming-feature MemberImportVisibility -enable-upcoming-feature ExistentialAny -plugin-path /Applications/Xcode-26.3.0.app/Contents/Developer/Toolchains/XcodeDefault.xctoolchain/usr/lib/swift/host/plugins/testing -enable-experimental-feature DebugDescriptionMacro -sdk /Applications/Xcode-26.3.0.app/Contents/Developer/Platforms/WatchOS.platform/Developer/SDKs/WatchOS26.2.sdk -target arm64_32-apple-watchos11.0 -g -module-cache-path /Users/admin/builder/spi-builder-workspace/.derivedData/ModuleCache.noindex -Xfrontend -serialize-debugging-options -profile-coverage-mapping -profile-generate -enable-testing -index-store-path /Users/admin/builder/spi-builder-workspace/.derivedData/Index.noindex/DataStore -Xcc -D_LIBCPP_HARDENING_MODE\=_LIBCPP_HARDENING_MODE_DEBUG -swift-version 6 -I /Users/admin/builder/spi-builder-workspace/.derivedData/Build/Products/Debug-watchos -Isystem /Applications/Xcode-26.3.0.app/Contents/Developer/Platforms/WatchOS.platform/Developer/usr/lib -F /Users/admin/builder/spi-builder-workspace/.derivedData/Build/Products/Debug-watchos/PackageFrameworks -F /Users/admin/builder/spi-builder-workspace/.derivedData/Build/Products/Debug-watchos/PackageFrameworks -F /Users/admin/builder/spi-builder-workspace/.derivedData/Build/Products/Debug-watchos -F /Applications/Xcode-26.3.0.app/Contents/Developer/Platforms/WatchOS.platform/Developer/Library/Frameworks -F /Applications/Xcode-26.3.0.app/Contents/Developer/Platforms/WatchOS.platform/Developer/SDKs/WatchOS26.2.sdk/Developer/Library/Frameworks -emit-localized-strings -emit-localized-strings-path /Users/admin/builder/spi-builder-workspace/.derivedData/Build/Intermediates.noindex/RoundtripGenerator.build/Debug-watchos/TypeScriptBackendGenerator.build/Objects-normal/arm64_32 -c -j10 -enable-batch-mode -incremental -Xcc -ivfsstatcache -Xcc /Users/admin/builder/spi-builder-workspace/.derivedData/SDKStatCaches.noindex/watchos26.2-23S303-dc75598d0054f22ec865fa860f139d721753b489057de6bda919edfa1c59a62b.sdkstatcache -output-file-map /Users/admin/builder/spi-builder-workspace/.derivedData/Build/Intermediates.noindex/RoundtripGenerator.build/Debug-watchos/TypeScriptBackendGenerator.build/Objects-normal/arm64_32/TypeScriptBackendGenerator-OutputFileMap.json -use-frontend-parseable-output -save-temps -no-color-diagnostics -explicit-module-build -module-cache-path /Users/admin/builder/spi-builder-workspace/.derivedData/Build/Intermediates.noindex/SwiftExplicitPrecompiledModules -clang-scanner-module-cache-path /Users/admin/builder/spi-builder-workspace/.derivedData/ModuleCache.noindex -sdk-module-cache-path /Users/admin/builder/spi-builder-workspace/.derivedData/ModuleCache.noindex -serialize-diagnostics -emit-dependencies -emit-module -emit-module-path /Users/admin/builder/spi-builder-workspace/.derivedData/Build/Intermediates.noindex/RoundtripGenerator.build/Debug-watchos/TypeScriptBackendGenerator.build/Objects-normal/arm64_32/TypeScriptBackendGenerator.swiftmodule -validate-clang-modules-once -clang-build-session-file /Users/admin/builder/spi-builder-workspace/.derivedData/ModuleCache.noindex/Session.modulevalidation -package-name spi_builder_workspace -Xcc -I/Users/admin/builder/spi-builder-workspace/.derivedData/Build/Intermediates.noindex/RoundtripGenerator.build/Debug-watchos/TypeScriptBackendGenerator.build/swift-overrides.hmap -emit-const-values -Xfrontend -const-gather-protocols-file -Xfrontend /Users/admin/builder/spi-builder-workspace/.derivedData/Build/Intermediates.noindex/RoundtripGenerator.build/Debug-watchos/TypeScriptBackendGenerator.build/Objects-normal/arm64_32/TypeScriptBackendGenerator_const_extract_protocols.json -Xcc -I/Users/admin/builder/spi-builder-workspace/.derivedData/Build/Products/Debug-watchos/include -Xcc -I/Users/admin/builder/spi-builder-workspace/.derivedData/Build/Intermediates.noindex/RoundtripGenerator.build/Debug-watchos/TypeScriptBackendGenerator.build/DerivedSources-normal/arm64_32 -Xcc -I/Users/admin/builder/spi-builder-workspace/.derivedData/Build/Intermediates.noindex/RoundtripGenerator.build/Debug-watchos/TypeScriptBackendGenerator.build/DerivedSources/arm64_32 -Xcc -I/Users/admin/builder/spi-builder-workspace/.derivedData/Build/Intermediates.noindex/RoundtripGenerator.build/Debug-watchos/TypeScriptBackendGenerator.build/DerivedSources -Xcc -DSWIFT_PACKAGE -Xcc -DDEBUG\=1 -emit-objc-header -emit-objc-header-path /Users/admin/builder/spi-builder-workspace/.derivedData/Build/Intermediates.noindex/RoundtripGenerator.build/Debug-watchos/TypeScriptBackendGenerator.build/Objects-normal/arm64_32/TypeScriptBackendGenerator-Swift.h -working-directory /Users/admin/builder/spi-builder-workspace/.swiftpm/xcode -experimental-emit-module-separately -disable-cmo
SwiftDriver TypeScriptBackendGenerator normal arm64 com.apple.xcode.tools.swift.compiler (in target 'TypeScriptBackendGenerator' from project 'RoundtripGenerator')
cd /Users/admin/builder/spi-builder-workspace/.swiftpm/xcode
builtin-SwiftDriver -- /Applications/Xcode-26.3.0.app/Contents/Developer/Toolchains/XcodeDefault.xctoolchain/usr/bin/swiftc -module-name TypeScriptBackendGenerator -Onone -enforce-exclusivity\=checked @/Users/admin/builder/spi-builder-workspace/.derivedData/Build/Intermediates.noindex/RoundtripGenerator.build/Debug-watchos/TypeScriptBackendGenerator.build/Objects-normal/arm64/TypeScriptBackendGenerator.SwiftFileList -DSWIFT_PACKAGE -DDEBUG -DSWIFT_MODULE_RESOURCE_BUNDLE_UNAVAILABLE -DXcode -enable-experimental-feature StrictConcurrency -enable-upcoming-feature MemberImportVisibility -enable-upcoming-feature ExistentialAny -plugin-path /Applications/Xcode-26.3.0.app/Contents/Developer/Toolchains/XcodeDefault.xctoolchain/usr/lib/swift/host/plugins/testing -enable-experimental-feature DebugDescriptionMacro -sdk /Applications/Xcode-26.3.0.app/Contents/Developer/Platforms/WatchOS.platform/Developer/SDKs/WatchOS26.2.sdk -target arm64-apple-watchos11.0 -g -module-cache-path /Users/admin/builder/spi-builder-workspace/.derivedData/ModuleCache.noindex -Xfrontend -serialize-debugging-options -profile-coverage-mapping -profile-generate -enable-testing -index-store-path /Users/admin/builder/spi-builder-workspace/.derivedData/Index.noindex/DataStore -Xcc -D_LIBCPP_HARDENING_MODE\=_LIBCPP_HARDENING_MODE_DEBUG -swift-version 6 -I /Users/admin/builder/spi-builder-workspace/.derivedData/Build/Products/Debug-watchos -Isystem /Applications/Xcode-26.3.0.app/Contents/Developer/Platforms/WatchOS.platform/Developer/usr/lib -F /Users/admin/builder/spi-builder-workspace/.derivedData/Build/Products/Debug-watchos/PackageFrameworks -F /Users/admin/builder/spi-builder-workspace/.derivedData/Build/Products/Debug-watchos/PackageFrameworks -F /Users/admin/builder/spi-builder-workspace/.derivedData/Build/Products/Debug-watchos -F /Applications/Xcode-26.3.0.app/Contents/Developer/Platforms/WatchOS.platform/Developer/Library/Frameworks -F /Applications/Xcode-26.3.0.app/Contents/Developer/Platforms/WatchOS.platform/Developer/SDKs/WatchOS26.2.sdk/Developer/Library/Frameworks -emit-localized-strings -emit-localized-strings-path /Users/admin/builder/spi-builder-workspace/.derivedData/Build/Intermediates.noindex/RoundtripGenerator.build/Debug-watchos/TypeScriptBackendGenerator.build/Objects-normal/arm64 -c -j10 -enable-batch-mode -incremental -Xcc -ivfsstatcache -Xcc /Users/admin/builder/spi-builder-workspace/.derivedData/SDKStatCaches.noindex/watchos26.2-23S303-dc75598d0054f22ec865fa860f139d721753b489057de6bda919edfa1c59a62b.sdkstatcache -output-file-map /Users/admin/builder/spi-builder-workspace/.derivedData/Build/Intermediates.noindex/RoundtripGenerator.build/Debug-watchos/TypeScriptBackendGenerator.build/Objects-normal/arm64/TypeScriptBackendGenerator-OutputFileMap.json -use-frontend-parseable-output -save-temps -no-color-diagnostics -explicit-module-build -module-cache-path /Users/admin/builder/spi-builder-workspace/.derivedData/Build/Intermediates.noindex/SwiftExplicitPrecompiledModules -clang-scanner-module-cache-path /Users/admin/builder/spi-builder-workspace/.derivedData/ModuleCache.noindex -sdk-module-cache-path /Users/admin/builder/spi-builder-workspace/.derivedData/ModuleCache.noindex -serialize-diagnostics -emit-dependencies -emit-module -emit-module-path /Users/admin/builder/spi-builder-workspace/.derivedData/Build/Intermediates.noindex/RoundtripGenerator.build/Debug-watchos/TypeScriptBackendGenerator.build/Objects-normal/arm64/TypeScriptBackendGenerator.swiftmodule -validate-clang-modules-once -clang-build-session-file /Users/admin/builder/spi-builder-workspace/.derivedData/ModuleCache.noindex/Session.modulevalidation -package-name spi_builder_workspace -Xcc -I/Users/admin/builder/spi-builder-workspace/.derivedData/Build/Intermediates.noindex/RoundtripGenerator.build/Debug-watchos/TypeScriptBackendGenerator.build/swift-overrides.hmap -emit-const-values -Xfrontend -const-gather-protocols-file -Xfrontend /Users/admin/builder/spi-builder-workspace/.derivedData/Build/Intermediates.noindex/RoundtripGenerator.build/Debug-watchos/TypeScriptBackendGenerator.build/Objects-normal/arm64/TypeScriptBackendGenerator_const_extract_protocols.json -Xcc -I/Users/admin/builder/spi-builder-workspace/.derivedData/Build/Products/Debug-watchos/include -Xcc -I/Users/admin/builder/spi-builder-workspace/.derivedData/Build/Intermediates.noindex/RoundtripGenerator.build/Debug-watchos/TypeScriptBackendGenerator.build/DerivedSources-normal/arm64 -Xcc -I/Users/admin/builder/spi-builder-workspace/.derivedData/Build/Intermediates.noindex/RoundtripGenerator.build/Debug-watchos/TypeScriptBackendGenerator.build/DerivedSources/arm64 -Xcc -I/Users/admin/builder/spi-builder-workspace/.derivedData/Build/Intermediates.noindex/RoundtripGenerator.build/Debug-watchos/TypeScriptBackendGenerator.build/DerivedSources -Xcc -DSWIFT_PACKAGE -Xcc -DDEBUG\=1 -emit-objc-header -emit-objc-header-path /Users/admin/builder/spi-builder-workspace/.derivedData/Build/Intermediates.noindex/RoundtripGenerator.build/Debug-watchos/TypeScriptBackendGenerator.build/Objects-normal/arm64/TypeScriptBackendGenerator-Swift.h -working-directory /Users/admin/builder/spi-builder-workspace/.swiftpm/xcode -experimental-emit-module-separately -disable-cmo
SwiftDriver TypeScriptApiGenerator normal arm64_32 com.apple.xcode.tools.swift.compiler (in target 'TypeScriptApiGenerator' from project 'RoundtripGenerator')
cd /Users/admin/builder/spi-builder-workspace/.swiftpm/xcode
builtin-SwiftDriver -- /Applications/Xcode-26.3.0.app/Contents/Developer/Toolchains/XcodeDefault.xctoolchain/usr/bin/swiftc -module-name TypeScriptApiGenerator -Onone -enforce-exclusivity\=checked @/Users/admin/builder/spi-builder-workspace/.derivedData/Build/Intermediates.noindex/RoundtripGenerator.build/Debug-watchos/TypeScriptApiGenerator.build/Objects-normal/arm64_32/TypeScriptApiGenerator.SwiftFileList -DSWIFT_PACKAGE -DDEBUG -DSWIFT_MODULE_RESOURCE_BUNDLE_UNAVAILABLE -DXcode -enable-experimental-feature StrictConcurrency -enable-upcoming-feature MemberImportVisibility -enable-upcoming-feature ExistentialAny -plugin-path /Applications/Xcode-26.3.0.app/Contents/Developer/Toolchains/XcodeDefault.xctoolchain/usr/lib/swift/host/plugins/testing -enable-experimental-feature DebugDescriptionMacro -sdk /Applications/Xcode-26.3.0.app/Contents/Developer/Platforms/WatchOS.platform/Developer/SDKs/WatchOS26.2.sdk -target arm64_32-apple-watchos11.0 -g -module-cache-path /Users/admin/builder/spi-builder-workspace/.derivedData/ModuleCache.noindex -Xfrontend -serialize-debugging-options -profile-coverage-mapping -profile-generate -enable-testing -index-store-path /Users/admin/builder/spi-builder-workspace/.derivedData/Index.noindex/DataStore -Xcc -D_LIBCPP_HARDENING_MODE\=_LIBCPP_HARDENING_MODE_DEBUG -swift-version 6 -I /Users/admin/builder/spi-builder-workspace/.derivedData/Build/Products/Debug-watchos -Isystem /Applications/Xcode-26.3.0.app/Contents/Developer/Platforms/WatchOS.platform/Developer/usr/lib -F /Users/admin/builder/spi-builder-workspace/.derivedData/Build/Products/Debug-watchos/PackageFrameworks -F /Users/admin/builder/spi-builder-workspace/.derivedData/Build/Products/Debug-watchos/PackageFrameworks -F /Users/admin/builder/spi-builder-workspace/.derivedData/Build/Products/Debug-watchos -F /Applications/Xcode-26.3.0.app/Contents/Developer/Platforms/WatchOS.platform/Developer/Library/Frameworks -F /Applications/Xcode-26.3.0.app/Contents/Developer/Platforms/WatchOS.platform/Developer/SDKs/WatchOS26.2.sdk/Developer/Library/Frameworks -emit-localized-strings -emit-localized-strings-path /Users/admin/builder/spi-builder-workspace/.derivedData/Build/Intermediates.noindex/RoundtripGenerator.build/Debug-watchos/TypeScriptApiGenerator.build/Objects-normal/arm64_32 -c -j10 -enable-batch-mode -incremental -Xcc -ivfsstatcache -Xcc /Users/admin/builder/spi-builder-workspace/.derivedData/SDKStatCaches.noindex/watchos26.2-23S303-dc75598d0054f22ec865fa860f139d721753b489057de6bda919edfa1c59a62b.sdkstatcache -output-file-map /Users/admin/builder/spi-builder-workspace/.derivedData/Build/Intermediates.noindex/RoundtripGenerator.build/Debug-watchos/TypeScriptApiGenerator.build/Objects-normal/arm64_32/TypeScriptApiGenerator-OutputFileMap.json -use-frontend-parseable-output -save-temps -no-color-diagnostics -explicit-module-build -module-cache-path /Users/admin/builder/spi-builder-workspace/.derivedData/Build/Intermediates.noindex/SwiftExplicitPrecompiledModules -clang-scanner-module-cache-path /Users/admin/builder/spi-builder-workspace/.derivedData/ModuleCache.noindex -sdk-module-cache-path /Users/admin/builder/spi-builder-workspace/.derivedData/ModuleCache.noindex -serialize-diagnostics -emit-dependencies -emit-module -emit-module-path /Users/admin/builder/spi-builder-workspace/.derivedData/Build/Intermediates.noindex/RoundtripGenerator.build/Debug-watchos/TypeScriptApiGenerator.build/Objects-normal/arm64_32/TypeScriptApiGenerator.swiftmodule -validate-clang-modules-once -clang-build-session-file /Users/admin/builder/spi-builder-workspace/.derivedData/ModuleCache.noindex/Session.modulevalidation -package-name spi_builder_workspace -Xcc -I/Users/admin/builder/spi-builder-workspace/.derivedData/Build/Intermediates.noindex/RoundtripGenerator.build/Debug-watchos/TypeScriptApiGenerator.build/swift-overrides.hmap -emit-const-values -Xfrontend -const-gather-protocols-file -Xfrontend /Users/admin/builder/spi-builder-workspace/.derivedData/Build/Intermediates.noindex/RoundtripGenerator.build/Debug-watchos/TypeScriptApiGenerator.build/Objects-normal/arm64_32/TypeScriptApiGenerator_const_extract_protocols.json -Xcc -I/Users/admin/builder/spi-builder-workspace/.derivedData/Build/Products/Debug-watchos/include -Xcc -I/Users/admin/builder/spi-builder-workspace/.derivedData/Build/Intermediates.noindex/RoundtripGenerator.build/Debug-watchos/TypeScriptApiGenerator.build/DerivedSources-normal/arm64_32 -Xcc -I/Users/admin/builder/spi-builder-workspace/.derivedData/Build/Intermediates.noindex/RoundtripGenerator.build/Debug-watchos/TypeScriptApiGenerator.build/DerivedSources/arm64_32 -Xcc -I/Users/admin/builder/spi-builder-workspace/.derivedData/Build/Intermediates.noindex/RoundtripGenerator.build/Debug-watchos/TypeScriptApiGenerator.build/DerivedSources -Xcc -DSWIFT_PACKAGE -Xcc -DDEBUG\=1 -emit-objc-header -emit-objc-header-path /Users/admin/builder/spi-builder-workspace/.derivedData/Build/Intermediates.noindex/RoundtripGenerator.build/Debug-watchos/TypeScriptApiGenerator.build/Objects-normal/arm64_32/TypeScriptApiGenerator-Swift.h -working-directory /Users/admin/builder/spi-builder-workspace/.swiftpm/xcode -experimental-emit-module-separately -disable-cmo
SwiftDriver TypeScriptApiGenerator normal arm64 com.apple.xcode.tools.swift.compiler (in target 'TypeScriptApiGenerator' from project 'RoundtripGenerator')
cd /Users/admin/builder/spi-builder-workspace/.swiftpm/xcode
builtin-SwiftDriver -- /Applications/Xcode-26.3.0.app/Contents/Developer/Toolchains/XcodeDefault.xctoolchain/usr/bin/swiftc -module-name TypeScriptApiGenerator -Onone -enforce-exclusivity\=checked @/Users/admin/builder/spi-builder-workspace/.derivedData/Build/Intermediates.noindex/RoundtripGenerator.build/Debug-watchos/TypeScriptApiGenerator.build/Objects-normal/arm64/TypeScriptApiGenerator.SwiftFileList -DSWIFT_PACKAGE -DDEBUG -DSWIFT_MODULE_RESOURCE_BUNDLE_UNAVAILABLE -DXcode -enable-experimental-feature StrictConcurrency -enable-upcoming-feature MemberImportVisibility -enable-upcoming-feature ExistentialAny -plugin-path /Applications/Xcode-26.3.0.app/Contents/Developer/Toolchains/XcodeDefault.xctoolchain/usr/lib/swift/host/plugins/testing -enable-experimental-feature DebugDescriptionMacro -sdk /Applications/Xcode-26.3.0.app/Contents/Developer/Platforms/WatchOS.platform/Developer/SDKs/WatchOS26.2.sdk -target arm64-apple-watchos11.0 -g -module-cache-path /Users/admin/builder/spi-builder-workspace/.derivedData/ModuleCache.noindex -Xfrontend -serialize-debugging-options -profile-coverage-mapping -profile-generate -enable-testing -index-store-path /Users/admin/builder/spi-builder-workspace/.derivedData/Index.noindex/DataStore -Xcc -D_LIBCPP_HARDENING_MODE\=_LIBCPP_HARDENING_MODE_DEBUG -swift-version 6 -I /Users/admin/builder/spi-builder-workspace/.derivedData/Build/Products/Debug-watchos -Isystem /Applications/Xcode-26.3.0.app/Contents/Developer/Platforms/WatchOS.platform/Developer/usr/lib -F /Users/admin/builder/spi-builder-workspace/.derivedData/Build/Products/Debug-watchos/PackageFrameworks -F /Users/admin/builder/spi-builder-workspace/.derivedData/Build/Products/Debug-watchos/PackageFrameworks -F /Users/admin/builder/spi-builder-workspace/.derivedData/Build/Products/Debug-watchos -F /Applications/Xcode-26.3.0.app/Contents/Developer/Platforms/WatchOS.platform/Developer/Library/Frameworks -F /Applications/Xcode-26.3.0.app/Contents/Developer/Platforms/WatchOS.platform/Developer/SDKs/WatchOS26.2.sdk/Developer/Library/Frameworks -emit-localized-strings -emit-localized-strings-path /Users/admin/builder/spi-builder-workspace/.derivedData/Build/Intermediates.noindex/RoundtripGenerator.build/Debug-watchos/TypeScriptApiGenerator.build/Objects-normal/arm64 -c -j10 -enable-batch-mode -incremental -Xcc -ivfsstatcache -Xcc /Users/admin/builder/spi-builder-workspace/.derivedData/SDKStatCaches.noindex/watchos26.2-23S303-dc75598d0054f22ec865fa860f139d721753b489057de6bda919edfa1c59a62b.sdkstatcache -output-file-map /Users/admin/builder/spi-builder-workspace/.derivedData/Build/Intermediates.noindex/RoundtripGenerator.build/Debug-watchos/TypeScriptApiGenerator.build/Objects-normal/arm64/TypeScriptApiGenerator-OutputFileMap.json -use-frontend-parseable-output -save-temps -no-color-diagnostics -explicit-module-build -module-cache-path /Users/admin/builder/spi-builder-workspace/.derivedData/Build/Intermediates.noindex/SwiftExplicitPrecompiledModules -clang-scanner-module-cache-path /Users/admin/builder/spi-builder-workspace/.derivedData/ModuleCache.noindex -sdk-module-cache-path /Users/admin/builder/spi-builder-workspace/.derivedData/ModuleCache.noindex -serialize-diagnostics -emit-dependencies -emit-module -emit-module-path /Users/admin/builder/spi-builder-workspace/.derivedData/Build/Intermediates.noindex/RoundtripGenerator.build/Debug-watchos/TypeScriptApiGenerator.build/Objects-normal/arm64/TypeScriptApiGenerator.swiftmodule -validate-clang-modules-once -clang-build-session-file /Users/admin/builder/spi-builder-workspace/.derivedData/ModuleCache.noindex/Session.modulevalidation -package-name spi_builder_workspace -Xcc -I/Users/admin/builder/spi-builder-workspace/.derivedData/Build/Intermediates.noindex/RoundtripGenerator.build/Debug-watchos/TypeScriptApiGenerator.build/swift-overrides.hmap -emit-const-values -Xfrontend -const-gather-protocols-file -Xfrontend /Users/admin/builder/spi-builder-workspace/.derivedData/Build/Intermediates.noindex/RoundtripGenerator.build/Debug-watchos/TypeScriptApiGenerator.build/Objects-normal/arm64/TypeScriptApiGenerator_const_extract_protocols.json -Xcc -I/Users/admin/builder/spi-builder-workspace/.derivedData/Build/Products/Debug-watchos/include -Xcc -I/Users/admin/builder/spi-builder-workspace/.derivedData/Build/Intermediates.noindex/RoundtripGenerator.build/Debug-watchos/TypeScriptApiGenerator.build/DerivedSources-normal/arm64 -Xcc -I/Users/admin/builder/spi-builder-workspace/.derivedData/Build/Intermediates.noindex/RoundtripGenerator.build/Debug-watchos/TypeScriptApiGenerator.build/DerivedSources/arm64 -Xcc -I/Users/admin/builder/spi-builder-workspace/.derivedData/Build/Intermediates.noindex/RoundtripGenerator.build/Debug-watchos/TypeScriptApiGenerator.build/DerivedSources -Xcc -DSWIFT_PACKAGE -Xcc -DDEBUG\=1 -emit-objc-header -emit-objc-header-path /Users/admin/builder/spi-builder-workspace/.derivedData/Build/Intermediates.noindex/RoundtripGenerator.build/Debug-watchos/TypeScriptApiGenerator.build/Objects-normal/arm64/TypeScriptApiGenerator-Swift.h -working-directory /Users/admin/builder/spi-builder-workspace/.swiftpm/xcode -experimental-emit-module-separately -disable-cmo
SwiftDriver SwiftSyntax normal arm64 com.apple.xcode.tools.swift.compiler (in target 'SwiftSyntax' from project 'swift-syntax')
cd /Users/admin/builder/spi-builder-workspace/.swiftpm/xcode
builtin-SwiftDriver -- /Applications/Xcode-26.3.0.app/Contents/Developer/Toolchains/XcodeDefault.xctoolchain/usr/bin/swiftc -module-name SwiftSyntax -Onone -enforce-exclusivity\=checked @/Users/admin/builder/spi-builder-workspace/.derivedData/Build/Intermediates.noindex/swift-syntax.build/Debug-watchos/SwiftSyntax.build/Objects-normal/arm64/SwiftSyntax.SwiftFileList -DSWIFT_PACKAGE -DDEBUG -DSWIFT_MODULE_RESOURCE_BUNDLE_UNAVAILABLE -DXcode -plugin-path /Applications/Xcode-26.3.0.app/Contents/Developer/Toolchains/XcodeDefault.xctoolchain/usr/lib/swift/host/plugins/testing -enable-experimental-feature DebugDescriptionMacro -sdk /Applications/Xcode-26.3.0.app/Contents/Developer/Platforms/WatchOS.platform/Developer/SDKs/WatchOS26.2.sdk -target arm64-apple-watchos6.0 -g -module-cache-path /Users/admin/builder/spi-builder-workspace/.derivedData/ModuleCache.noindex -Xfrontend -serialize-debugging-options -profile-coverage-mapping -profile-generate -enable-testing -suppress-warnings -index-store-path /Users/admin/builder/spi-builder-workspace/.derivedData/Index.noindex/DataStore -Xcc -D_LIBCPP_HARDENING_MODE\=_LIBCPP_HARDENING_MODE_DEBUG -swift-version 6 -I /Users/admin/builder/spi-builder-workspace/.derivedData/Build/Products/Debug-watchos -Isystem /Applications/Xcode-26.3.0.app/Contents/Developer/Platforms/WatchOS.platform/Developer/usr/lib -F /Users/admin/builder/spi-builder-workspace/.derivedData/Build/Products/Debug-watchos/PackageFrameworks -F /Users/admin/builder/spi-builder-workspace/.derivedData/Build/Products/Debug-watchos/PackageFrameworks -F /Users/admin/builder/spi-builder-workspace/.derivedData/Build/Products/Debug-watchos/PackageFrameworks -F /Users/admin/builder/spi-builder-workspace/.derivedData/Build/Products/Debug-watchos/PackageFrameworks -F /Users/admin/builder/spi-builder-workspace/.derivedData/Build/Products/Debug-watchos/PackageFrameworks -F /Users/admin/builder/spi-builder-workspace/.derivedData/Build/Products/Debug-watchos/PackageFrameworks -F /Users/admin/builder/spi-builder-workspace/.derivedData/Build/Products/Debug-watchos/PackageFrameworks -F /Users/admin/builder/spi-builder-workspace/.derivedData/Build/Products/Debug-watchos -F /Applications/Xcode-26.3.0.app/Contents/Developer/Platforms/WatchOS.platform/Developer/Library/Frameworks -F /Applications/Xcode-26.3.0.app/Contents/Developer/Platforms/WatchOS.platform/Developer/SDKs/WatchOS26.2.sdk/Developer/Library/Frameworks -c -j10 -enable-batch-mode -incremental -Xcc -ivfsstatcache -Xcc /Users/admin/builder/spi-builder-workspace/.derivedData/SDKStatCaches.noindex/watchos26.2-23S303-dc75598d0054f22ec865fa860f139d721753b489057de6bda919edfa1c59a62b.sdkstatcache -output-file-map /Users/admin/builder/spi-builder-workspace/.derivedData/Build/Intermediates.noindex/swift-syntax.build/Debug-watchos/SwiftSyntax.build/Objects-normal/arm64/SwiftSyntax-OutputFileMap.json -use-frontend-parseable-output -save-temps -no-color-diagnostics -explicit-module-build -module-cache-path /Users/admin/builder/spi-builder-workspace/.derivedData/Build/Intermediates.noindex/SwiftExplicitPrecompiledModules -clang-scanner-module-cache-path /Users/admin/builder/spi-builder-workspace/.derivedData/ModuleCache.noindex -sdk-module-cache-path /Users/admin/builder/spi-builder-workspace/.derivedData/ModuleCache.noindex -serialize-diagnostics -emit-dependencies -emit-module -emit-module-path /Users/admin/builder/spi-builder-workspace/.derivedData/Build/Intermediates.noindex/swift-syntax.build/Debug-watchos/SwiftSyntax.build/Objects-normal/arm64/SwiftSyntax.swiftmodule -validate-clang-modules-once -clang-build-session-file /Users/admin/builder/spi-builder-workspace/.derivedData/ModuleCache.noindex/Session.modulevalidation -package-name swift_syntax -Xcc -I/Users/admin/builder/spi-builder-workspace/.derivedData/Build/Intermediates.noindex/swift-syntax.build/Debug-watchos/SwiftSyntax.build/swift-overrides.hmap -emit-const-values -Xfrontend -const-gather-protocols-file -Xfrontend /Users/admin/builder/spi-builder-workspace/.derivedData/Build/Intermediates.noindex/swift-syntax.build/Debug-watchos/SwiftSyntax.build/Objects-normal/arm64/SwiftSyntax_const_extract_protocols.json -Xcc -I/Users/admin/builder/spi-builder-workspace/.dependencies/checkouts/swift-syntax/Sources/_SwiftSyntaxCShims/include -Xcc -I/Users/admin/builder/spi-builder-workspace/.derivedData/Build/Products/Debug-watchos/include -Xcc -I/Users/admin/builder/spi-builder-workspace/.derivedData/Build/Intermediates.noindex/swift-syntax.build/Debug-watchos/SwiftSyntax.build/DerivedSources-normal/arm64 -Xcc -I/Users/admin/builder/spi-builder-workspace/.derivedData/Build/Intermediates.noindex/swift-syntax.build/Debug-watchos/SwiftSyntax.build/DerivedSources/arm64 -Xcc -I/Users/admin/builder/spi-builder-workspace/.derivedData/Build/Intermediates.noindex/swift-syntax.build/Debug-watchos/SwiftSyntax.build/DerivedSources -Xcc -DSWIFT_PACKAGE -Xcc -DDEBUG\=1 -emit-objc-header -emit-objc-header-path /Users/admin/builder/spi-builder-workspace/.derivedData/Build/Intermediates.noindex/swift-syntax.build/Debug-watchos/SwiftSyntax.build/Objects-normal/arm64/SwiftSyntax-Swift.h -working-directory /Users/admin/builder/spi-builder-workspace/.swiftpm/xcode -experimental-emit-module-separately -disable-cmo
SwiftDriver SwiftSyntax normal arm64_32 com.apple.xcode.tools.swift.compiler (in target 'SwiftSyntax' from project 'swift-syntax')
cd /Users/admin/builder/spi-builder-workspace/.swiftpm/xcode
builtin-SwiftDriver -- /Applications/Xcode-26.3.0.app/Contents/Developer/Toolchains/XcodeDefault.xctoolchain/usr/bin/swiftc -module-name SwiftSyntax -Onone -enforce-exclusivity\=checked @/Users/admin/builder/spi-builder-workspace/.derivedData/Build/Intermediates.noindex/swift-syntax.build/Debug-watchos/SwiftSyntax.build/Objects-normal/arm64_32/SwiftSyntax.SwiftFileList -DSWIFT_PACKAGE -DDEBUG -DSWIFT_MODULE_RESOURCE_BUNDLE_UNAVAILABLE -DXcode -plugin-path /Applications/Xcode-26.3.0.app/Contents/Developer/Toolchains/XcodeDefault.xctoolchain/usr/lib/swift/host/plugins/testing -enable-experimental-feature DebugDescriptionMacro -sdk /Applications/Xcode-26.3.0.app/Contents/Developer/Platforms/WatchOS.platform/Developer/SDKs/WatchOS26.2.sdk -target arm64_32-apple-watchos6.0 -g -module-cache-path /Users/admin/builder/spi-builder-workspace/.derivedData/ModuleCache.noindex -Xfrontend -serialize-debugging-options -profile-coverage-mapping -profile-generate -enable-testing -suppress-warnings -index-store-path /Users/admin/builder/spi-builder-workspace/.derivedData/Index.noindex/DataStore -Xcc -D_LIBCPP_HARDENING_MODE\=_LIBCPP_HARDENING_MODE_DEBUG -swift-version 6 -I /Users/admin/builder/spi-builder-workspace/.derivedData/Build/Products/Debug-watchos -Isystem /Applications/Xcode-26.3.0.app/Contents/Developer/Platforms/WatchOS.platform/Developer/usr/lib -F /Users/admin/builder/spi-builder-workspace/.derivedData/Build/Products/Debug-watchos/PackageFrameworks -F /Users/admin/builder/spi-builder-workspace/.derivedData/Build/Products/Debug-watchos/PackageFrameworks -F /Users/admin/builder/spi-builder-workspace/.derivedData/Build/Products/Debug-watchos/PackageFrameworks -F /Users/admin/builder/spi-builder-workspace/.derivedData/Build/Products/Debug-watchos/PackageFrameworks -F /Users/admin/builder/spi-builder-workspace/.derivedData/Build/Products/Debug-watchos/PackageFrameworks -F /Users/admin/builder/spi-builder-workspace/.derivedData/Build/Products/Debug-watchos/PackageFrameworks -F /Users/admin/builder/spi-builder-workspace/.derivedData/Build/Products/Debug-watchos/PackageFrameworks -F /Users/admin/builder/spi-builder-workspace/.derivedData/Build/Products/Debug-watchos -F /Applications/Xcode-26.3.0.app/Contents/Developer/Platforms/WatchOS.platform/Developer/Library/Frameworks -F /Applications/Xcode-26.3.0.app/Contents/Developer/Platforms/WatchOS.platform/Developer/SDKs/WatchOS26.2.sdk/Developer/Library/Frameworks -c -j10 -enable-batch-mode -incremental -Xcc -ivfsstatcache -Xcc /Users/admin/builder/spi-builder-workspace/.derivedData/SDKStatCaches.noindex/watchos26.2-23S303-dc75598d0054f22ec865fa860f139d721753b489057de6bda919edfa1c59a62b.sdkstatcache -output-file-map /Users/admin/builder/spi-builder-workspace/.derivedData/Build/Intermediates.noindex/swift-syntax.build/Debug-watchos/SwiftSyntax.build/Objects-normal/arm64_32/SwiftSyntax-OutputFileMap.json -use-frontend-parseable-output -save-temps -no-color-diagnostics -explicit-module-build -module-cache-path /Users/admin/builder/spi-builder-workspace/.derivedData/Build/Intermediates.noindex/SwiftExplicitPrecompiledModules -clang-scanner-module-cache-path /Users/admin/builder/spi-builder-workspace/.derivedData/ModuleCache.noindex -sdk-module-cache-path /Users/admin/builder/spi-builder-workspace/.derivedData/ModuleCache.noindex -serialize-diagnostics -emit-dependencies -emit-module -emit-module-path /Users/admin/builder/spi-builder-workspace/.derivedData/Build/Intermediates.noindex/swift-syntax.build/Debug-watchos/SwiftSyntax.build/Objects-normal/arm64_32/SwiftSyntax.swiftmodule -validate-clang-modules-once -clang-build-session-file /Users/admin/builder/spi-builder-workspace/.derivedData/ModuleCache.noindex/Session.modulevalidation -package-name swift_syntax -Xcc -I/Users/admin/builder/spi-builder-workspace/.derivedData/Build/Intermediates.noindex/swift-syntax.build/Debug-watchos/SwiftSyntax.build/swift-overrides.hmap -emit-const-values -Xfrontend -const-gather-protocols-file -Xfrontend /Users/admin/builder/spi-builder-workspace/.derivedData/Build/Intermediates.noindex/swift-syntax.build/Debug-watchos/SwiftSyntax.build/Objects-normal/arm64_32/SwiftSyntax_const_extract_protocols.json -Xcc -I/Users/admin/builder/spi-builder-workspace/.dependencies/checkouts/swift-syntax/Sources/_SwiftSyntaxCShims/include -Xcc -I/Users/admin/builder/spi-builder-workspace/.derivedData/Build/Products/Debug-watchos/include -Xcc -I/Users/admin/builder/spi-builder-workspace/.derivedData/Build/Intermediates.noindex/swift-syntax.build/Debug-watchos/SwiftSyntax.build/DerivedSources-normal/arm64_32 -Xcc -I/Users/admin/builder/spi-builder-workspace/.derivedData/Build/Intermediates.noindex/swift-syntax.build/Debug-watchos/SwiftSyntax.build/DerivedSources/arm64_32 -Xcc -I/Users/admin/builder/spi-builder-workspace/.derivedData/Build/Intermediates.noindex/swift-syntax.build/Debug-watchos/SwiftSyntax.build/DerivedSources -Xcc -DSWIFT_PACKAGE -Xcc -DDEBUG\=1 -emit-objc-header -emit-objc-header-path /Users/admin/builder/spi-builder-workspace/.derivedData/Build/Intermediates.noindex/swift-syntax.build/Debug-watchos/SwiftSyntax.build/Objects-normal/arm64_32/SwiftSyntax-Swift.h -working-directory /Users/admin/builder/spi-builder-workspace/.swiftpm/xcode -experimental-emit-module-separately -disable-cmo
SwiftDriver GeneratorModels normal arm64 com.apple.xcode.tools.swift.compiler (in target 'GeneratorModels' from project 'RoundtripGenerator')
cd /Users/admin/builder/spi-builder-workspace/.swiftpm/xcode
builtin-SwiftDriver -- /Applications/Xcode-26.3.0.app/Contents/Developer/Toolchains/XcodeDefault.xctoolchain/usr/bin/swiftc -module-name GeneratorModels -Onone -enforce-exclusivity\=checked @/Users/admin/builder/spi-builder-workspace/.derivedData/Build/Intermediates.noindex/RoundtripGenerator.build/Debug-watchos/GeneratorModels.build/Objects-normal/arm64/GeneratorModels.SwiftFileList -DSWIFT_PACKAGE -DDEBUG -DSWIFT_MODULE_RESOURCE_BUNDLE_UNAVAILABLE -DXcode -enable-experimental-feature StrictConcurrency -enable-upcoming-feature MemberImportVisibility -enable-upcoming-feature ExistentialAny -plugin-path /Applications/Xcode-26.3.0.app/Contents/Developer/Toolchains/XcodeDefault.xctoolchain/usr/lib/swift/host/plugins/testing -enable-experimental-feature DebugDescriptionMacro -sdk /Applications/Xcode-26.3.0.app/Contents/Developer/Platforms/WatchOS.platform/Developer/SDKs/WatchOS26.2.sdk -target arm64-apple-watchos11.0 -g -module-cache-path /Users/admin/builder/spi-builder-workspace/.derivedData/ModuleCache.noindex -Xfrontend -serialize-debugging-options -profile-coverage-mapping -profile-generate -enable-testing -index-store-path /Users/admin/builder/spi-builder-workspace/.derivedData/Index.noindex/DataStore -Xcc -D_LIBCPP_HARDENING_MODE\=_LIBCPP_HARDENING_MODE_DEBUG -swift-version 6 -I /Users/admin/builder/spi-builder-workspace/.derivedData/Build/Products/Debug-watchos -Isystem /Applications/Xcode-26.3.0.app/Contents/Developer/Platforms/WatchOS.platform/Developer/usr/lib -F /Users/admin/builder/spi-builder-workspace/.derivedData/Build/Products/Debug-watchos/PackageFrameworks -F /Users/admin/builder/spi-builder-workspace/.derivedData/Build/Products/Debug-watchos -F /Applications/Xcode-26.3.0.app/Contents/Developer/Platforms/WatchOS.platform/Developer/Library/Frameworks -F /Applications/Xcode-26.3.0.app/Contents/Developer/Platforms/WatchOS.platform/Developer/SDKs/WatchOS26.2.sdk/Developer/Library/Frameworks -emit-localized-strings -emit-localized-strings-path /Users/admin/builder/spi-builder-workspace/.derivedData/Build/Intermediates.noindex/RoundtripGenerator.build/Debug-watchos/GeneratorModels.build/Objects-normal/arm64 -c -j10 -enable-batch-mode -incremental -Xcc -ivfsstatcache -Xcc /Users/admin/builder/spi-builder-workspace/.derivedData/SDKStatCaches.noindex/watchos26.2-23S303-dc75598d0054f22ec865fa860f139d721753b489057de6bda919edfa1c59a62b.sdkstatcache -output-file-map /Users/admin/builder/spi-builder-workspace/.derivedData/Build/Intermediates.noindex/RoundtripGenerator.build/Debug-watchos/GeneratorModels.build/Objects-normal/arm64/GeneratorModels-OutputFileMap.json -use-frontend-parseable-output -save-temps -no-color-diagnostics -explicit-module-build -module-cache-path /Users/admin/builder/spi-builder-workspace/.derivedData/Build/Intermediates.noindex/SwiftExplicitPrecompiledModules -clang-scanner-module-cache-path /Users/admin/builder/spi-builder-workspace/.derivedData/ModuleCache.noindex -sdk-module-cache-path /Users/admin/builder/spi-builder-workspace/.derivedData/ModuleCache.noindex -serialize-diagnostics -emit-dependencies -emit-module -emit-module-path /Users/admin/builder/spi-builder-workspace/.derivedData/Build/Intermediates.noindex/RoundtripGenerator.build/Debug-watchos/GeneratorModels.build/Objects-normal/arm64/GeneratorModels.swiftmodule -validate-clang-modules-once -clang-build-session-file /Users/admin/builder/spi-builder-workspace/.derivedData/ModuleCache.noindex/Session.modulevalidation -package-name spi_builder_workspace -Xcc -I/Users/admin/builder/spi-builder-workspace/.derivedData/Build/Intermediates.noindex/RoundtripGenerator.build/Debug-watchos/GeneratorModels.build/swift-overrides.hmap -emit-const-values -Xfrontend -const-gather-protocols-file -Xfrontend /Users/admin/builder/spi-builder-workspace/.derivedData/Build/Intermediates.noindex/RoundtripGenerator.build/Debug-watchos/GeneratorModels.build/Objects-normal/arm64/GeneratorModels_const_extract_protocols.json -Xcc -I/Users/admin/builder/spi-builder-workspace/.derivedData/Build/Products/Debug-watchos/include -Xcc -I/Users/admin/builder/spi-builder-workspace/.derivedData/Build/Intermediates.noindex/RoundtripGenerator.build/Debug-watchos/GeneratorModels.build/DerivedSources-normal/arm64 -Xcc -I/Users/admin/builder/spi-builder-workspace/.derivedData/Build/Intermediates.noindex/RoundtripGenerator.build/Debug-watchos/GeneratorModels.build/DerivedSources/arm64 -Xcc -I/Users/admin/builder/spi-builder-workspace/.derivedData/Build/Intermediates.noindex/RoundtripGenerator.build/Debug-watchos/GeneratorModels.build/DerivedSources -Xcc -DSWIFT_PACKAGE -Xcc -DDEBUG\=1 -emit-objc-header -emit-objc-header-path /Users/admin/builder/spi-builder-workspace/.derivedData/Build/Intermediates.noindex/RoundtripGenerator.build/Debug-watchos/GeneratorModels.build/Objects-normal/arm64/GeneratorModels-Swift.h -working-directory /Users/admin/builder/spi-builder-workspace/.swiftpm/xcode -experimental-emit-module-separately -disable-cmo
SwiftDriver GeneratorModels normal arm64_32 com.apple.xcode.tools.swift.compiler (in target 'GeneratorModels' from project 'RoundtripGenerator')
cd /Users/admin/builder/spi-builder-workspace/.swiftpm/xcode
builtin-SwiftDriver -- /Applications/Xcode-26.3.0.app/Contents/Developer/Toolchains/XcodeDefault.xctoolchain/usr/bin/swiftc -module-name GeneratorModels -Onone -enforce-exclusivity\=checked @/Users/admin/builder/spi-builder-workspace/.derivedData/Build/Intermediates.noindex/RoundtripGenerator.build/Debug-watchos/GeneratorModels.build/Objects-normal/arm64_32/GeneratorModels.SwiftFileList -DSWIFT_PACKAGE -DDEBUG -DSWIFT_MODULE_RESOURCE_BUNDLE_UNAVAILABLE -DXcode -enable-experimental-feature StrictConcurrency -enable-upcoming-feature MemberImportVisibility -enable-upcoming-feature ExistentialAny -plugin-path /Applications/Xcode-26.3.0.app/Contents/Developer/Toolchains/XcodeDefault.xctoolchain/usr/lib/swift/host/plugins/testing -enable-experimental-feature DebugDescriptionMacro -sdk /Applications/Xcode-26.3.0.app/Contents/Developer/Platforms/WatchOS.platform/Developer/SDKs/WatchOS26.2.sdk -target arm64_32-apple-watchos11.0 -g -module-cache-path /Users/admin/builder/spi-builder-workspace/.derivedData/ModuleCache.noindex -Xfrontend -serialize-debugging-options -profile-coverage-mapping -profile-generate -enable-testing -index-store-path /Users/admin/builder/spi-builder-workspace/.derivedData/Index.noindex/DataStore -Xcc -D_LIBCPP_HARDENING_MODE\=_LIBCPP_HARDENING_MODE_DEBUG -swift-version 6 -I /Users/admin/builder/spi-builder-workspace/.derivedData/Build/Products/Debug-watchos -Isystem /Applications/Xcode-26.3.0.app/Contents/Developer/Platforms/WatchOS.platform/Developer/usr/lib -F /Users/admin/builder/spi-builder-workspace/.derivedData/Build/Products/Debug-watchos/PackageFrameworks -F /Users/admin/builder/spi-builder-workspace/.derivedData/Build/Products/Debug-watchos -F /Applications/Xcode-26.3.0.app/Contents/Developer/Platforms/WatchOS.platform/Developer/Library/Frameworks -F /Applications/Xcode-26.3.0.app/Contents/Developer/Platforms/WatchOS.platform/Developer/SDKs/WatchOS26.2.sdk/Developer/Library/Frameworks -emit-localized-strings -emit-localized-strings-path /Users/admin/builder/spi-builder-workspace/.derivedData/Build/Intermediates.noindex/RoundtripGenerator.build/Debug-watchos/GeneratorModels.build/Objects-normal/arm64_32 -c -j10 -enable-batch-mode -incremental -Xcc -ivfsstatcache -Xcc /Users/admin/builder/spi-builder-workspace/.derivedData/SDKStatCaches.noindex/watchos26.2-23S303-dc75598d0054f22ec865fa860f139d721753b489057de6bda919edfa1c59a62b.sdkstatcache -output-file-map /Users/admin/builder/spi-builder-workspace/.derivedData/Build/Intermediates.noindex/RoundtripGenerator.build/Debug-watchos/GeneratorModels.build/Objects-normal/arm64_32/GeneratorModels-OutputFileMap.json -use-frontend-parseable-output -save-temps -no-color-diagnostics -explicit-module-build -module-cache-path /Users/admin/builder/spi-builder-workspace/.derivedData/Build/Intermediates.noindex/SwiftExplicitPrecompiledModules -clang-scanner-module-cache-path /Users/admin/builder/spi-builder-workspace/.derivedData/ModuleCache.noindex -sdk-module-cache-path /Users/admin/builder/spi-builder-workspace/.derivedData/ModuleCache.noindex -serialize-diagnostics -emit-dependencies -emit-module -emit-module-path /Users/admin/builder/spi-builder-workspace/.derivedData/Build/Intermediates.noindex/RoundtripGenerator.build/Debug-watchos/GeneratorModels.build/Objects-normal/arm64_32/GeneratorModels.swiftmodule -validate-clang-modules-once -clang-build-session-file /Users/admin/builder/spi-builder-workspace/.derivedData/ModuleCache.noindex/Session.modulevalidation -package-name spi_builder_workspace -Xcc -I/Users/admin/builder/spi-builder-workspace/.derivedData/Build/Intermediates.noindex/RoundtripGenerator.build/Debug-watchos/GeneratorModels.build/swift-overrides.hmap -emit-const-values -Xfrontend -const-gather-protocols-file -Xfrontend /Users/admin/builder/spi-builder-workspace/.derivedData/Build/Intermediates.noindex/RoundtripGenerator.build/Debug-watchos/GeneratorModels.build/Objects-normal/arm64_32/GeneratorModels_const_extract_protocols.json -Xcc -I/Users/admin/builder/spi-builder-workspace/.derivedData/Build/Products/Debug-watchos/include -Xcc -I/Users/admin/builder/spi-builder-workspace/.derivedData/Build/Intermediates.noindex/RoundtripGenerator.build/Debug-watchos/GeneratorModels.build/DerivedSources-normal/arm64_32 -Xcc -I/Users/admin/builder/spi-builder-workspace/.derivedData/Build/Intermediates.noindex/RoundtripGenerator.build/Debug-watchos/GeneratorModels.build/DerivedSources/arm64_32 -Xcc -I/Users/admin/builder/spi-builder-workspace/.derivedData/Build/Intermediates.noindex/RoundtripGenerator.build/Debug-watchos/GeneratorModels.build/DerivedSources -Xcc -DSWIFT_PACKAGE -Xcc -DDEBUG\=1 -emit-objc-header -emit-objc-header-path /Users/admin/builder/spi-builder-workspace/.derivedData/Build/Intermediates.noindex/RoundtripGenerator.build/Debug-watchos/GeneratorModels.build/Objects-normal/arm64_32/GeneratorModels-Swift.h -working-directory /Users/admin/builder/spi-builder-workspace/.swiftpm/xcode -experimental-emit-module-separately -disable-cmo
SwiftDriver SwiftParserDiagnostics normal armv7k com.apple.xcode.tools.swift.compiler (in target 'SwiftParserDiagnostics' from project 'swift-syntax')
cd /Users/admin/builder/spi-builder-workspace/.swiftpm/xcode
builtin-SwiftDriver -- /Applications/Xcode-26.3.0.app/Contents/Developer/Toolchains/XcodeDefault.xctoolchain/usr/bin/swiftc -module-name SwiftParserDiagnostics -Onone -enforce-exclusivity\=checked @/Users/admin/builder/spi-builder-workspace/.derivedData/Build/Intermediates.noindex/swift-syntax.build/Debug-watchos/SwiftParserDiagnostics.build/Objects-normal/armv7k/SwiftParserDiagnostics.SwiftFileList -DSWIFT_PACKAGE -DDEBUG -DSWIFT_MODULE_RESOURCE_BUNDLE_UNAVAILABLE -DXcode -plugin-path /Applications/Xcode-26.3.0.app/Contents/Developer/Toolchains/XcodeDefault.xctoolchain/usr/lib/swift/host/plugins/testing -enable-experimental-feature DebugDescriptionMacro -sdk /Applications/Xcode-26.3.0.app/Contents/Developer/Platforms/WatchOS.platform/Developer/SDKs/WatchOS26.2.sdk -target armv7k-apple-watchos6.0 -g -module-cache-path /Users/admin/builder/spi-builder-workspace/.derivedData/ModuleCache.noindex -Xfrontend -serialize-debugging-options -profile-coverage-mapping -profile-generate -enable-testing -suppress-warnings -index-store-path /Users/admin/builder/spi-builder-workspace/.derivedData/Index.noindex/DataStore -Xcc -D_LIBCPP_HARDENING_MODE\=_LIBCPP_HARDENING_MODE_DEBUG -swift-version 6 -I /Users/admin/builder/spi-builder-workspace/.derivedData/Build/Products/Debug-watchos -Isystem /Applications/Xcode-26.3.0.app/Contents/Developer/Platforms/WatchOS.platform/Developer/usr/lib -F /Users/admin/builder/spi-builder-workspace/.derivedData/Build/Products/Debug-watchos/PackageFrameworks -F /Users/admin/builder/spi-builder-workspace/.derivedData/Build/Products/Debug-watchos/PackageFrameworks -F /Users/admin/builder/spi-builder-workspace/.derivedData/Build/Products/Debug-watchos/PackageFrameworks -F /Users/admin/builder/spi-builder-workspace/.derivedData/Build/Products/Debug-watchos/PackageFrameworks -F /Users/admin/builder/spi-builder-workspace/.derivedData/Build/Products/Debug-watchos/PackageFrameworks -F /Users/admin/builder/spi-builder-workspace/.derivedData/Build/Products/Debug-watchos/PackageFrameworks -F /Users/admin/builder/spi-builder-workspace/.derivedData/Build/Products/Debug-watchos/PackageFrameworks -F /Users/admin/builder/spi-builder-workspace/.derivedData/Build/Products/Debug-watchos/PackageFrameworks -F /Users/admin/builder/spi-builder-workspace/.derivedData/Build/Products/Debug-watchos/PackageFrameworks -F /Users/admin/builder/spi-builder-workspace/.derivedData/Build/Products/Debug-watchos/PackageFrameworks -F /Users/admin/builder/spi-builder-workspace/.derivedData/Build/Products/Debug-watchos/PackageFrameworks -F /Users/admin/builder/spi-builder-workspace/.derivedData/Build/Products/Debug-watchos -F /Applications/Xcode-26.3.0.app/Contents/Developer/Platforms/WatchOS.platform/Developer/Library/Frameworks -F /Applications/Xcode-26.3.0.app/Contents/Developer/Platforms/WatchOS.platform/Developer/SDKs/WatchOS26.2.sdk/Developer/Library/Frameworks -c -j10 -enable-batch-mode -incremental -Xcc -ivfsstatcache -Xcc /Users/admin/builder/spi-builder-workspace/.derivedData/SDKStatCaches.noindex/watchos26.2-23S303-dc75598d0054f22ec865fa860f139d721753b489057de6bda919edfa1c59a62b.sdkstatcache -output-file-map /Users/admin/builder/spi-builder-workspace/.derivedData/Build/Intermediates.noindex/swift-syntax.build/Debug-watchos/SwiftParserDiagnostics.build/Objects-normal/armv7k/SwiftParserDiagnostics-OutputFileMap.json -use-frontend-parseable-output -save-temps -no-color-diagnostics -explicit-module-build -module-cache-path /Users/admin/builder/spi-builder-workspace/.derivedData/Build/Intermediates.noindex/SwiftExplicitPrecompiledModules -clang-scanner-module-cache-path /Users/admin/builder/spi-builder-workspace/.derivedData/ModuleCache.noindex -sdk-module-cache-path /Users/admin/builder/spi-builder-workspace/.derivedData/ModuleCache.noindex -serialize-diagnostics -emit-dependencies -emit-module -emit-module-path /Users/admin/builder/spi-builder-workspace/.derivedData/Build/Intermediates.noindex/swift-syntax.build/Debug-watchos/SwiftParserDiagnostics.build/Objects-normal/armv7k/SwiftParserDiagnostics.swiftmodule -validate-clang-modules-once -clang-build-session-file /Users/admin/builder/spi-builder-workspace/.derivedData/ModuleCache.noindex/Session.modulevalidation -package-name swift_syntax -Xcc -I/Users/admin/builder/spi-builder-workspace/.derivedData/Build/Intermediates.noindex/swift-syntax.build/Debug-watchos/SwiftParserDiagnostics.build/swift-overrides.hmap -emit-const-values -Xfrontend -const-gather-protocols-file -Xfrontend /Users/admin/builder/spi-builder-workspace/.derivedData/Build/Intermediates.noindex/swift-syntax.build/Debug-watchos/SwiftParserDiagnostics.build/Objects-normal/armv7k/SwiftParserDiagnostics_const_extract_protocols.json -Xcc -I/Users/admin/builder/spi-builder-workspace/.dependencies/checkouts/swift-syntax/Sources/_SwiftSyntaxCShims/include -Xcc -I/Users/admin/builder/spi-builder-workspace/.derivedData/Build/Products/Debug-watchos/include -Xcc -I/Users/admin/builder/spi-builder-workspace/.derivedData/Build/Intermediates.noindex/swift-syntax.build/Debug-watchos/SwiftParserDiagnostics.build/DerivedSources-normal/armv7k -Xcc -I/Users/admin/builder/spi-builder-workspace/.derivedData/Build/Intermediates.noindex/swift-syntax.build/Debug-watchos/SwiftParserDiagnostics.build/DerivedSources/armv7k -Xcc -I/Users/admin/builder/spi-builder-workspace/.derivedData/Build/Intermediates.noindex/swift-syntax.build/Debug-watchos/SwiftParserDiagnostics.build/DerivedSources -Xcc -DSWIFT_PACKAGE -Xcc -DDEBUG\=1 -emit-objc-header -emit-objc-header-path /Users/admin/builder/spi-builder-workspace/.derivedData/Build/Intermediates.noindex/swift-syntax.build/Debug-watchos/SwiftParserDiagnostics.build/Objects-normal/armv7k/SwiftParserDiagnostics-Swift.h -working-directory /Users/admin/builder/spi-builder-workspace/.swiftpm/xcode -experimental-emit-module-separately -disable-cmo
SwiftDriver SwiftParserDiagnostics normal arm64_32 com.apple.xcode.tools.swift.compiler (in target 'SwiftParserDiagnostics' from project 'swift-syntax')
cd /Users/admin/builder/spi-builder-workspace/.swiftpm/xcode
builtin-SwiftDriver -- /Applications/Xcode-26.3.0.app/Contents/Developer/Toolchains/XcodeDefault.xctoolchain/usr/bin/swiftc -module-name SwiftParserDiagnostics -Onone -enforce-exclusivity\=checked @/Users/admin/builder/spi-builder-workspace/.derivedData/Build/Intermediates.noindex/swift-syntax.build/Debug-watchos/SwiftParserDiagnostics.build/Objects-normal/arm64_32/SwiftParserDiagnostics.SwiftFileList -DSWIFT_PACKAGE -DDEBUG -DSWIFT_MODULE_RESOURCE_BUNDLE_UNAVAILABLE -DXcode -plugin-path /Applications/Xcode-26.3.0.app/Contents/Developer/Toolchains/XcodeDefault.xctoolchain/usr/lib/swift/host/plugins/testing -enable-experimental-feature DebugDescriptionMacro -sdk /Applications/Xcode-26.3.0.app/Contents/Developer/Platforms/WatchOS.platform/Developer/SDKs/WatchOS26.2.sdk -target arm64_32-apple-watchos6.0 -g -module-cache-path /Users/admin/builder/spi-builder-workspace/.derivedData/ModuleCache.noindex -Xfrontend -serialize-debugging-options -profile-coverage-mapping -profile-generate -enable-testing -suppress-warnings -index-store-path /Users/admin/builder/spi-builder-workspace/.derivedData/Index.noindex/DataStore -Xcc -D_LIBCPP_HARDENING_MODE\=_LIBCPP_HARDENING_MODE_DEBUG -swift-version 6 -I /Users/admin/builder/spi-builder-workspace/.derivedData/Build/Products/Debug-watchos -Isystem /Applications/Xcode-26.3.0.app/Contents/Developer/Platforms/WatchOS.platform/Developer/usr/lib -F /Users/admin/builder/spi-builder-workspace/.derivedData/Build/Products/Debug-watchos/PackageFrameworks -F /Users/admin/builder/spi-builder-workspace/.derivedData/Build/Products/Debug-watchos/PackageFrameworks -F /Users/admin/builder/spi-builder-workspace/.derivedData/Build/Products/Debug-watchos/PackageFrameworks -F /Users/admin/builder/spi-builder-workspace/.derivedData/Build/Products/Debug-watchos/PackageFrameworks -F /Users/admin/builder/spi-builder-workspace/.derivedData/Build/Products/Debug-watchos/PackageFrameworks -F /Users/admin/builder/spi-builder-workspace/.derivedData/Build/Products/Debug-watchos/PackageFrameworks -F /Users/admin/builder/spi-builder-workspace/.derivedData/Build/Products/Debug-watchos/PackageFrameworks -F /Users/admin/builder/spi-builder-workspace/.derivedData/Build/Products/Debug-watchos/PackageFrameworks -F /Users/admin/builder/spi-builder-workspace/.derivedData/Build/Products/Debug-watchos/PackageFrameworks -F /Users/admin/builder/spi-builder-workspace/.derivedData/Build/Products/Debug-watchos/PackageFrameworks -F /Users/admin/builder/spi-builder-workspace/.derivedData/Build/Products/Debug-watchos/PackageFrameworks -F /Users/admin/builder/spi-builder-workspace/.derivedData/Build/Products/Debug-watchos -F /Applications/Xcode-26.3.0.app/Contents/Developer/Platforms/WatchOS.platform/Developer/Library/Frameworks -F /Applications/Xcode-26.3.0.app/Contents/Developer/Platforms/WatchOS.platform/Developer/SDKs/WatchOS26.2.sdk/Developer/Library/Frameworks -c -j10 -enable-batch-mode -incremental -Xcc -ivfsstatcache -Xcc /Users/admin/builder/spi-builder-workspace/.derivedData/SDKStatCaches.noindex/watchos26.2-23S303-dc75598d0054f22ec865fa860f139d721753b489057de6bda919edfa1c59a62b.sdkstatcache -output-file-map /Users/admin/builder/spi-builder-workspace/.derivedData/Build/Intermediates.noindex/swift-syntax.build/Debug-watchos/SwiftParserDiagnostics.build/Objects-normal/arm64_32/SwiftParserDiagnostics-OutputFileMap.json -use-frontend-parseable-output -save-temps -no-color-diagnostics -explicit-module-build -module-cache-path /Users/admin/builder/spi-builder-workspace/.derivedData/Build/Intermediates.noindex/SwiftExplicitPrecompiledModules -clang-scanner-module-cache-path /Users/admin/builder/spi-builder-workspace/.derivedData/ModuleCache.noindex -sdk-module-cache-path /Users/admin/builder/spi-builder-workspace/.derivedData/ModuleCache.noindex -serialize-diagnostics -emit-dependencies -emit-module -emit-module-path /Users/admin/builder/spi-builder-workspace/.derivedData/Build/Intermediates.noindex/swift-syntax.build/Debug-watchos/SwiftParserDiagnostics.build/Objects-normal/arm64_32/SwiftParserDiagnostics.swiftmodule -validate-clang-modules-once -clang-build-session-file /Users/admin/builder/spi-builder-workspace/.derivedData/ModuleCache.noindex/Session.modulevalidation -package-name swift_syntax -Xcc -I/Users/admin/builder/spi-builder-workspace/.derivedData/Build/Intermediates.noindex/swift-syntax.build/Debug-watchos/SwiftParserDiagnostics.build/swift-overrides.hmap -emit-const-values -Xfrontend -const-gather-protocols-file -Xfrontend /Users/admin/builder/spi-builder-workspace/.derivedData/Build/Intermediates.noindex/swift-syntax.build/Debug-watchos/SwiftParserDiagnostics.build/Objects-normal/arm64_32/SwiftParserDiagnostics_const_extract_protocols.json -Xcc -I/Users/admin/builder/spi-builder-workspace/.dependencies/checkouts/swift-syntax/Sources/_SwiftSyntaxCShims/include -Xcc -I/Users/admin/builder/spi-builder-workspace/.derivedData/Build/Products/Debug-watchos/include -Xcc -I/Users/admin/builder/spi-builder-workspace/.derivedData/Build/Intermediates.noindex/swift-syntax.build/Debug-watchos/SwiftParserDiagnostics.build/DerivedSources-normal/arm64_32 -Xcc -I/Users/admin/builder/spi-builder-workspace/.derivedData/Build/Intermediates.noindex/swift-syntax.build/Debug-watchos/SwiftParserDiagnostics.build/DerivedSources/arm64_32 -Xcc -I/Users/admin/builder/spi-builder-workspace/.derivedData/Build/Intermediates.noindex/swift-syntax.build/Debug-watchos/SwiftParserDiagnostics.build/DerivedSources -Xcc -DSWIFT_PACKAGE -Xcc -DDEBUG\=1 -emit-objc-header -emit-objc-header-path /Users/admin/builder/spi-builder-workspace/.derivedData/Build/Intermediates.noindex/swift-syntax.build/Debug-watchos/SwiftParserDiagnostics.build/Objects-normal/arm64_32/SwiftParserDiagnostics-Swift.h -working-directory /Users/admin/builder/spi-builder-workspace/.swiftpm/xcode -experimental-emit-module-separately -disable-cmo
SwiftDriver SwiftParserDiagnostics normal arm64 com.apple.xcode.tools.swift.compiler (in target 'SwiftParserDiagnostics' from project 'swift-syntax')
cd /Users/admin/builder/spi-builder-workspace/.swiftpm/xcode
builtin-SwiftDriver -- /Applications/Xcode-26.3.0.app/Contents/Developer/Toolchains/XcodeDefault.xctoolchain/usr/bin/swiftc -module-name SwiftParserDiagnostics -Onone -enforce-exclusivity\=checked @/Users/admin/builder/spi-builder-workspace/.derivedData/Build/Intermediates.noindex/swift-syntax.build/Debug-watchos/SwiftParserDiagnostics.build/Objects-normal/arm64/SwiftParserDiagnostics.SwiftFileList -DSWIFT_PACKAGE -DDEBUG -DSWIFT_MODULE_RESOURCE_BUNDLE_UNAVAILABLE -DXcode -plugin-path /Applications/Xcode-26.3.0.app/Contents/Developer/Toolchains/XcodeDefault.xctoolchain/usr/lib/swift/host/plugins/testing -enable-experimental-feature DebugDescriptionMacro -sdk /Applications/Xcode-26.3.0.app/Contents/Developer/Platforms/WatchOS.platform/Developer/SDKs/WatchOS26.2.sdk -target arm64-apple-watchos6.0 -g -module-cache-path /Users/admin/builder/spi-builder-workspace/.derivedData/ModuleCache.noindex -Xfrontend -serialize-debugging-options -profile-coverage-mapping -profile-generate -enable-testing -suppress-warnings -index-store-path /Users/admin/builder/spi-builder-workspace/.derivedData/Index.noindex/DataStore -Xcc -D_LIBCPP_HARDENING_MODE\=_LIBCPP_HARDENING_MODE_DEBUG -swift-version 6 -I /Users/admin/builder/spi-builder-workspace/.derivedData/Build/Products/Debug-watchos -Isystem /Applications/Xcode-26.3.0.app/Contents/Developer/Platforms/WatchOS.platform/Developer/usr/lib -F /Users/admin/builder/spi-builder-workspace/.derivedData/Build/Products/Debug-watchos/PackageFrameworks -F /Users/admin/builder/spi-builder-workspace/.derivedData/Build/Products/Debug-watchos/PackageFrameworks -F /Users/admin/builder/spi-builder-workspace/.derivedData/Build/Products/Debug-watchos/PackageFrameworks -F /Users/admin/builder/spi-builder-workspace/.derivedData/Build/Products/Debug-watchos/PackageFrameworks -F /Users/admin/builder/spi-builder-workspace/.derivedData/Build/Products/Debug-watchos/PackageFrameworks -F /Users/admin/builder/spi-builder-workspace/.derivedData/Build/Products/Debug-watchos/PackageFrameworks -F /Users/admin/builder/spi-builder-workspace/.derivedData/Build/Products/Debug-watchos/PackageFrameworks -F /Users/admin/builder/spi-builder-workspace/.derivedData/Build/Products/Debug-watchos/PackageFrameworks -F /Users/admin/builder/spi-builder-workspace/.derivedData/Build/Products/Debug-watchos/PackageFrameworks -F /Users/admin/builder/spi-builder-workspace/.derivedData/Build/Products/Debug-watchos/PackageFrameworks -F /Users/admin/builder/spi-builder-workspace/.derivedData/Build/Products/Debug-watchos/PackageFrameworks -F /Users/admin/builder/spi-builder-workspace/.derivedData/Build/Products/Debug-watchos -F /Applications/Xcode-26.3.0.app/Contents/Developer/Platforms/WatchOS.platform/Developer/Library/Frameworks -F /Applications/Xcode-26.3.0.app/Contents/Developer/Platforms/WatchOS.platform/Developer/SDKs/WatchOS26.2.sdk/Developer/Library/Frameworks -c -j10 -enable-batch-mode -incremental -Xcc -ivfsstatcache -Xcc /Users/admin/builder/spi-builder-workspace/.derivedData/SDKStatCaches.noindex/watchos26.2-23S303-dc75598d0054f22ec865fa860f139d721753b489057de6bda919edfa1c59a62b.sdkstatcache -output-file-map /Users/admin/builder/spi-builder-workspace/.derivedData/Build/Intermediates.noindex/swift-syntax.build/Debug-watchos/SwiftParserDiagnostics.build/Objects-normal/arm64/SwiftParserDiagnostics-OutputFileMap.json -use-frontend-parseable-output -save-temps -no-color-diagnostics -explicit-module-build -module-cache-path /Users/admin/builder/spi-builder-workspace/.derivedData/Build/Intermediates.noindex/SwiftExplicitPrecompiledModules -clang-scanner-module-cache-path /Users/admin/builder/spi-builder-workspace/.derivedData/ModuleCache.noindex -sdk-module-cache-path /Users/admin/builder/spi-builder-workspace/.derivedData/ModuleCache.noindex -serialize-diagnostics -emit-dependencies -emit-module -emit-module-path /Users/admin/builder/spi-builder-workspace/.derivedData/Build/Intermediates.noindex/swift-syntax.build/Debug-watchos/SwiftParserDiagnostics.build/Objects-normal/arm64/SwiftParserDiagnostics.swiftmodule -validate-clang-modules-once -clang-build-session-file /Users/admin/builder/spi-builder-workspace/.derivedData/ModuleCache.noindex/Session.modulevalidation -package-name swift_syntax -Xcc -I/Users/admin/builder/spi-builder-workspace/.derivedData/Build/Intermediates.noindex/swift-syntax.build/Debug-watchos/SwiftParserDiagnostics.build/swift-overrides.hmap -emit-const-values -Xfrontend -const-gather-protocols-file -Xfrontend /Users/admin/builder/spi-builder-workspace/.derivedData/Build/Intermediates.noindex/swift-syntax.build/Debug-watchos/SwiftParserDiagnostics.build/Objects-normal/arm64/SwiftParserDiagnostics_const_extract_protocols.json -Xcc -I/Users/admin/builder/spi-builder-workspace/.dependencies/checkouts/swift-syntax/Sources/_SwiftSyntaxCShims/include -Xcc -I/Users/admin/builder/spi-builder-workspace/.derivedData/Build/Products/Debug-watchos/include -Xcc -I/Users/admin/builder/spi-builder-workspace/.derivedData/Build/Intermediates.noindex/swift-syntax.build/Debug-watchos/SwiftParserDiagnostics.build/DerivedSources-normal/arm64 -Xcc -I/Users/admin/builder/spi-builder-workspace/.derivedData/Build/Intermediates.noindex/swift-syntax.build/Debug-watchos/SwiftParserDiagnostics.build/DerivedSources/arm64 -Xcc -I/Users/admin/builder/spi-builder-workspace/.derivedData/Build/Intermediates.noindex/swift-syntax.build/Debug-watchos/SwiftParserDiagnostics.build/DerivedSources -Xcc -DSWIFT_PACKAGE -Xcc -DDEBUG\=1 -emit-objc-header -emit-objc-header-path /Users/admin/builder/spi-builder-workspace/.derivedData/Build/Intermediates.noindex/swift-syntax.build/Debug-watchos/SwiftParserDiagnostics.build/Objects-normal/arm64/SwiftParserDiagnostics-Swift.h -working-directory /Users/admin/builder/spi-builder-workspace/.swiftpm/xcode -experimental-emit-module-separately -disable-cmo
SwiftCompile normal arm64_32 Compiling\ TypeScriptApiPackageGenerator.swift /Users/admin/builder/spi-builder-workspace/Sources/TypeScriptApiGenerator/TypeScriptApiPackageGenerator.swift (in target 'TypeScriptApiGenerator' from project 'RoundtripGenerator')
SwiftCompile normal arm64_32 /Users/admin/builder/spi-builder-workspace/Sources/TypeScriptApiGenerator/TypeScriptApiPackageGenerator.swift (in target 'TypeScriptApiGenerator' from project 'RoundtripGenerator')
cd /Users/admin/builder/spi-builder-workspace/.swiftpm/xcode
SwiftEmitModule normal arm64_32 Emitting\ module\ for\ TypeScriptApiGenerator (in target 'TypeScriptApiGenerator' from project 'RoundtripGenerator')
EmitSwiftModule normal arm64_32 (in target 'TypeScriptApiGenerator' from project 'RoundtripGenerator')
cd /Users/admin/builder/spi-builder-workspace/.swiftpm/xcode
SwiftEmitModule normal arm64 Emitting\ module\ for\ TypeScriptBackendGenerator (in target 'TypeScriptBackendGenerator' from project 'RoundtripGenerator')
EmitSwiftModule normal arm64 (in target 'TypeScriptBackendGenerator' from project 'RoundtripGenerator')
cd /Users/admin/builder/spi-builder-workspace/.swiftpm/xcode
SwiftEmitModule normal arm64_32 Emitting\ module\ for\ TypeScriptBackendGenerator (in target 'TypeScriptBackendGenerator' from project 'RoundtripGenerator')
EmitSwiftModule normal arm64_32 (in target 'TypeScriptBackendGenerator' from project 'RoundtripGenerator')
cd /Users/admin/builder/spi-builder-workspace/.swiftpm/xcode
SwiftEmitModule normal arm64 Emitting\ module\ for\ TypeScriptApiGenerator (in target 'TypeScriptApiGenerator' from project 'RoundtripGenerator')
EmitSwiftModule normal arm64 (in target 'TypeScriptApiGenerator' from project 'RoundtripGenerator')
cd /Users/admin/builder/spi-builder-workspace/.swiftpm/xcode
SwiftEmitModule normal arm64_32 Emitting\ module\ for\ SwiftParserDiagnostics (in target 'SwiftParserDiagnostics' from project 'swift-syntax')
EmitSwiftModule normal arm64_32 (in target 'SwiftParserDiagnostics' from project 'swift-syntax')
cd /Users/admin/builder/spi-builder-workspace/.swiftpm/xcode
SwiftEmitModule normal armv7k Emitting\ module\ for\ SwiftParserDiagnostics (in target 'SwiftParserDiagnostics' from project 'swift-syntax')
EmitSwiftModule normal armv7k (in target 'SwiftParserDiagnostics' from project 'swift-syntax')
cd /Users/admin/builder/spi-builder-workspace/.swiftpm/xcode
SwiftEmitModule normal arm64_32 Emitting\ module\ for\ GeneratorModels (in target 'GeneratorModels' from project 'RoundtripGenerator')
EmitSwiftModule normal arm64_32 (in target 'GeneratorModels' from project 'RoundtripGenerator')
cd /Users/admin/builder/spi-builder-workspace/.swiftpm/xcode
SwiftEmitModule normal arm64 Emitting\ module\ for\ SwiftParserDiagnostics (in target 'SwiftParserDiagnostics' from project 'swift-syntax')
EmitSwiftModule normal arm64 (in target 'SwiftParserDiagnostics' from project 'swift-syntax')
cd /Users/admin/builder/spi-builder-workspace/.swiftpm/xcode
SwiftEmitModule normal arm64 Emitting\ module\ for\ GeneratorModels (in target 'GeneratorModels' from project 'RoundtripGenerator')
EmitSwiftModule normal arm64 (in target 'GeneratorModels' from project 'RoundtripGenerator')
cd /Users/admin/builder/spi-builder-workspace/.swiftpm/xcode
SwiftEmitModule normal arm64_32 Emitting\ module\ for\ SwiftSyntax (in target 'SwiftSyntax' from project 'swift-syntax')
EmitSwiftModule normal arm64_32 (in target 'SwiftSyntax' from project 'swift-syntax')
cd /Users/admin/builder/spi-builder-workspace/.swiftpm/xcode
SwiftEmitModule normal arm64 Emitting\ module\ for\ SwiftSyntax (in target 'SwiftSyntax' from project 'swift-syntax')
EmitSwiftModule normal arm64 (in target 'SwiftSyntax' from project 'swift-syntax')
cd /Users/admin/builder/spi-builder-workspace/.swiftpm/xcode
SwiftCompile normal arm64_32 Compiling\ TypeScriptBackendOperationEmitter.swift /Users/admin/builder/spi-builder-workspace/Sources/TypeScriptBackendGenerator/TypeScriptBackendOperationEmitter.swift (in target 'TypeScriptBackendGenerator' from project 'RoundtripGenerator')
SwiftCompile normal arm64_32 /Users/admin/builder/spi-builder-workspace/Sources/TypeScriptBackendGenerator/TypeScriptBackendOperationEmitter.swift (in target 'TypeScriptBackendGenerator' from project 'RoundtripGenerator')
cd /Users/admin/builder/spi-builder-workspace/.swiftpm/xcode
SwiftCompile normal arm64_32 Compiling\ TypeScriptBackendSupport.swift /Users/admin/builder/spi-builder-workspace/Sources/TypeScriptBackendGenerator/TypeScriptBackendSupport.swift (in target 'TypeScriptBackendGenerator' from project 'RoundtripGenerator')
SwiftCompile normal arm64_32 /Users/admin/builder/spi-builder-workspace/Sources/TypeScriptBackendGenerator/TypeScriptBackendSupport.swift (in target 'TypeScriptBackendGenerator' from project 'RoundtripGenerator')
cd /Users/admin/builder/spi-builder-workspace/.swiftpm/xcode
SwiftCompile normal arm64_32 Compiling\ TypeScriptBackendModelEmitter.swift /Users/admin/builder/spi-builder-workspace/Sources/TypeScriptBackendGenerator/TypeScriptBackendModelEmitter.swift (in target 'TypeScriptBackendGenerator' from project 'RoundtripGenerator')
Failed frontend command:
/Applications/Xcode-26.3.0.app/Contents/Developer/Toolchains/XcodeDefault.xctoolchain/usr/bin/swift-frontend -frontend -c /Users/admin/builder/spi-builder-workspace/Sources/TypeScriptBackendGenerator/TypeScriptBackendApiPackageGenerator.swift /Users/admin/builder/spi-builder-workspace/Sources/TypeScriptBackendGenerator/TypeScriptBackendGeneratedTextFile.swift /Users/admin/builder/spi-builder-workspace/Sources/TypeScriptBackendGenerator/TypeScriptBackendGeneratorOptions.swift /Users/admin/builder/spi-builder-workspace/Sources/TypeScriptBackendGenerator/TypeScriptBackendGeneratorTool.swift -primary-file /Users/admin/builder/spi-builder-workspace/Sources/TypeScriptBackendGenerator/TypeScriptBackendModelEmitter.swift /Users/admin/builder/spi-builder-workspace/Sources/TypeScriptBackendGenerator/TypeScriptBackendOperationEmitter.swift /Users/admin/builder/spi-builder-workspace/Sources/TypeScriptBackendGenerator/TypeScriptBackendRuntimeEmitter.swift /Users/admin/builder/spi-builder-workspace/Sources/TypeScriptBackendGenerator/TypeScriptBackendSupport.swift -emit-dependencies-path /Users/admin/builder/spi-builder-workspace/.derivedData/Build/Intermediates.noindex/RoundtripGenerator.build/Debug-watchos/TypeScriptBackendGenerator.build/Objects-normal/arm64_32/TypeScriptBackendModelEmitter.d -emit-const-values-path /Users/admin/builder/spi-builder-workspace/.derivedData/Build/Intermediates.noindex/RoundtripGenerator.build/Debug-watchos/TypeScriptBackendGenerator.build/Objects-normal/arm64_32/TypeScriptBackendModelEmitter.swiftconstvalues -emit-reference-dependencies-path /Users/admin/builder/spi-builder-workspace/.derivedData/Build/Intermediates.noindex/RoundtripGenerator.build/Debug-watchos/TypeScriptBackendGenerator.build/Objects-normal/arm64_32/TypeScriptBackendModelEmitter.swiftdeps -serialize-diagnostics-path /Users/admin/builder/spi-builder-workspace/.derivedData/Build/Intermediates.noindex/RoundtripGenerator.build/Debug-watchos/TypeScriptBackendGenerator.build/Objects-normal/arm64_32/TypeScriptBackendModelEmitter.dia -emit-localized-strings -emit-localized-strings-path /Users/admin/builder/spi-builder-workspace/.derivedData/Build/Intermediates.noindex/RoundtripGenerator.build/Debug-watchos/TypeScriptBackendGenerator.build/Objects-normal/arm64_32 -target arm64_32-apple-watchos11.0 -load-resolved-plugin /Applications/Xcode-26.3.0.app/Contents/Developer/Platforms/WatchOS.platform/Developer/usr/lib/swift/host/plugins/libFoundationMacros.dylib\#/Applications/Xcode-26.3.0.app/Contents/Developer/Platforms/WatchOS.platform/Developer/usr/bin/swift-plugin-server\#FoundationMacros -load-resolved-plugin /Applications/Xcode-26.3.0.app/Contents/Developer/Platforms/WatchOS.platform/Developer/usr/lib/swift/host/plugins/libObservationMacros.dylib\#/Applications/Xcode-26.3.0.app/Contents/Developer/Platforms/WatchOS.platform/Developer/usr/bin/swift-plugin-server\#ObservationMacros -load-resolved-plugin /Applications/Xcode-26.3.0.app/Contents/Developer/Platforms/WatchOS.platform/Developer/usr/lib/swift/host/plugins/libSwiftMacros.dylib\#/Applications/Xcode-26.3.0.app/Contents/Developer/Platforms/WatchOS.platform/Developer/usr/bin/swift-plugin-server\#SwiftMacros -disable-implicit-swift-modules -Xcc -fno-implicit-modules -Xcc -fno-implicit-module-maps -explicit-swift-module-map-file /Users/admin/builder/spi-builder-workspace/.derivedData/Build/Intermediates.noindex/RoundtripGenerator.build/Debug-watchos/TypeScriptBackendGenerator.build/Objects-normal/arm64_32/TypeScriptBackendGenerator-dependencies-2.json -enable-objc-interop -sdk /Applications/Xcode-26.3.0.app/Contents/Developer/Platforms/WatchOS.platform/Developer/SDKs/WatchOS26.2.sdk -I /Users/admin/builder/spi-builder-workspace/.derivedData/Build/Products/Debug-watchos -Isystem /Applications/Xcode-26.3.0.app/Contents/Developer/Platforms/WatchOS.platform/Developer/usr/lib -F /Users/admin/builder/spi-builder-workspace/.derivedData/Build/Products/Debug-watchos/PackageFrameworks -F /Users/admin/builder/spi-builder-workspace/.derivedData/Build/Products/Debug-watchos/PackageFrameworks -F /Users/admin/builder/spi-builder-workspace/.derivedData/Build/Products/Debug-watchos -F /Applications/Xcode-26.3.0.app/Contents/Developer/Platforms/WatchOS.platform/Developer/Library/Frameworks -F /Applications/Xcode-26.3.0.app/Contents/Developer/Platforms/WatchOS.platform/Developer/SDKs/WatchOS26.2.sdk/Developer/Library/Frameworks -no-color-diagnostics -Xcc -fno-color-diagnostics -enable-testing -g -debug-info-format\=dwarf -dwarf-version\=5 -module-cache-path /Users/admin/builder/spi-builder-workspace/.derivedData/Build/Intermediates.noindex/SwiftExplicitPrecompiledModules -profile-generate -profile-coverage-mapping -swift-version 6 -enforce-exclusivity\=checked -Onone -D SWIFT_PACKAGE -D DEBUG -D SWIFT_MODULE_RESOURCE_BUNDLE_UNAVAILABLE -D Xcode -serialize-debugging-options -const-gather-protocols-file /Users/admin/builder/spi-builder-workspace/.derivedData/Build/Intermediates.noindex/RoundtripGenerator.build/Debug-watchos/TypeScriptBackendGenerator.build/Objects-normal/arm64_32/TypeScriptBackendGenerator_const_extract_protocols.json -enable-experimental-feature StrictConcurrency -enable-upcoming-feature MemberImportVisibility -enable-upcoming-feature ExistentialAny -enable-experimental-feature DebugDescriptionMacro -empty-abi-descriptor -validate-clang-modules-once -clang-build-session-file /Users/admin/builder/spi-builder-workspace/.derivedData/ModuleCache.noindex/Session.modulevalidation -Xcc -working-directory -Xcc /Users/admin/builder/spi-builder-workspace/.swiftpm/xcode -enable-anonymous-context-mangled-names -file-compilation-dir /Users/admin/builder/spi-builder-workspace/.swiftpm/xcode -Xcc -D_LIBCPP_HARDENING_MODE\=_LIBCPP_HARDENING_MODE_DEBUG -Xcc -ivfsstatcache -Xcc /Users/admin/builder/spi-builder-workspace/.derivedData/SDKStatCaches.noindex/watchos26.2-23S303-dc75598d0054f22ec865fa860f139d721753b489057de6bda919edfa1c59a62b.sdkstatcache -Xcc -I/Users/admin/builder/spi-builder-workspace/.derivedData/Build/Intermediates.noindex/RoundtripGenerator.build/Debug-watchos/TypeScriptBackendGenerator.build/swift-overrides.hmap -Xcc -I/Users/admin/builder/spi-builder-workspace/.derivedData/Build/Products/Debug-watchos/include -Xcc -I/Users/admin/builder/spi-builder-workspace/.derivedData/Build/Intermediates.noindex/RoundtripGenerator.build/Debug-watchos/TypeScriptBackendGenerator.build/DerivedSources-normal/arm64_32 -Xcc -I/Users/admin/builder/spi-builder-workspace/.derivedData/Build/Intermediates.noindex/RoundtripGenerator.build/Debug-watchos/TypeScriptBackendGenerator.build/DerivedSources/arm64_32 -Xcc -I/Users/admin/builder/spi-builder-workspace/.derivedData/Build/Intermediates.noindex/RoundtripGenerator.build/Debug-watchos/TypeScriptBackendGenerator.build/DerivedSources -Xcc -DSWIFT_PACKAGE -Xcc -DDEBUG\=1 -no-auto-bridging-header-chaining -module-name TypeScriptBackendGenerator -package-name spi_builder_workspace -frontend-parseable-output -disable-clang-spi -target-sdk-version 26.2 -target-sdk-name watchos26.2 -clang-target arm64_32-apple-watchos26.2 -in-process-plugin-server-path /Applications/Xcode-26.3.0.app/Contents/Developer/Toolchains/XcodeDefault.xctoolchain/usr/lib/swift/host/libSwiftInProcPluginServer.dylib -o /Users/admin/builder/spi-builder-workspace/.derivedData/Build/Intermediates.noindex/RoundtripGenerator.build/Debug-watchos/TypeScriptBackendGenerator.build/Objects-normal/arm64_32/TypeScriptBackendModelEmitter.o -index-unit-output-path /RoundtripGenerator.build/Debug-watchos/TypeScriptBackendGenerator.build/Objects-normal/arm64_32/TypeScriptBackendModelEmitter.o -index-store-path /Users/admin/builder/spi-builder-workspace/.derivedData/Index.noindex/DataStore -index-system-modules
SwiftCompile normal arm64_32 /Users/admin/builder/spi-builder-workspace/Sources/TypeScriptBackendGenerator/TypeScriptBackendModelEmitter.swift (in target 'TypeScriptBackendGenerator' from project 'RoundtripGenerator')
cd /Users/admin/builder/spi-builder-workspace/.swiftpm/xcode
/Users/admin/builder/spi-builder-workspace/Sources/TypeScriptBackendGenerator/TypeScriptBackendModelEmitter.swift:180:34: error: integer literal '9007199254740991' overflows when stored into 'Int'
let maximumSafeInteger = 9_007_199_254_740_991
^
SwiftCompile normal arm64 Compiling\ TypeScriptBackendApiPackageGenerator.swift /Users/admin/builder/spi-builder-workspace/Sources/TypeScriptBackendGenerator/TypeScriptBackendApiPackageGenerator.swift (in target 'TypeScriptBackendGenerator' from project 'RoundtripGenerator')
SwiftCompile normal arm64 /Users/admin/builder/spi-builder-workspace/Sources/TypeScriptBackendGenerator/TypeScriptBackendApiPackageGenerator.swift (in target 'TypeScriptBackendGenerator' from project 'RoundtripGenerator')
cd /Users/admin/builder/spi-builder-workspace/.swiftpm/xcode
SwiftCompile normal arm64_32 Compiling\ TypeScriptBackendApiPackageGenerator.swift /Users/admin/builder/spi-builder-workspace/Sources/TypeScriptBackendGenerator/TypeScriptBackendApiPackageGenerator.swift (in target 'TypeScriptBackendGenerator' from project 'RoundtripGenerator')
SwiftCompile normal arm64_32 /Users/admin/builder/spi-builder-workspace/Sources/TypeScriptBackendGenerator/TypeScriptBackendApiPackageGenerator.swift (in target 'TypeScriptBackendGenerator' from project 'RoundtripGenerator')
cd /Users/admin/builder/spi-builder-workspace/.swiftpm/xcode
SwiftDriverJobDiscovery normal arm64_32 Emitting module for SwiftParserDiagnostics (in target 'SwiftParserDiagnostics' from project 'swift-syntax')
SwiftDriver\ Compilation\ Requirements SwiftParserDiagnostics normal arm64_32 com.apple.xcode.tools.swift.compiler (in target 'SwiftParserDiagnostics' from project 'swift-syntax')
cd /Users/admin/builder/spi-builder-workspace/.swiftpm/xcode
builtin-Swift-Compilation-Requirements -- /Applications/Xcode-26.3.0.app/Contents/Developer/Toolchains/XcodeDefault.xctoolchain/usr/bin/swiftc -module-name SwiftParserDiagnostics -Onone -enforce-exclusivity\=checked @/Users/admin/builder/spi-builder-workspace/.derivedData/Build/Intermediates.noindex/swift-syntax.build/Debug-watchos/SwiftParserDiagnostics.build/Objects-normal/arm64_32/SwiftParserDiagnostics.SwiftFileList -DSWIFT_PACKAGE -DDEBUG -DSWIFT_MODULE_RESOURCE_BUNDLE_UNAVAILABLE -DXcode -plugin-path /Applications/Xcode-26.3.0.app/Contents/Developer/Toolchains/XcodeDefault.xctoolchain/usr/lib/swift/host/plugins/testing -enable-experimental-feature DebugDescriptionMacro -sdk /Applications/Xcode-26.3.0.app/Contents/Developer/Platforms/WatchOS.platform/Developer/SDKs/WatchOS26.2.sdk -target arm64_32-apple-watchos6.0 -g -module-cache-path /Users/admin/builder/spi-builder-workspace/.derivedData/ModuleCache.noindex -Xfrontend -serialize-debugging-options -profile-coverage-mapping -profile-generate -enable-testing -suppress-warnings -index-store-path /Users/admin/builder/spi-builder-workspace/.derivedData/Index.noindex/DataStore -Xcc -D_LIBCPP_HARDENING_MODE\=_LIBCPP_HARDENING_MODE_DEBUG -swift-version 6 -I /Users/admin/builder/spi-builder-workspace/.derivedData/Build/Products/Debug-watchos -Isystem /Applications/Xcode-26.3.0.app/Contents/Developer/Platforms/WatchOS.platform/Developer/usr/lib -F /Users/admin/builder/spi-builder-workspace/.derivedData/Build/Products/Debug-watchos/PackageFrameworks -F /Users/admin/builder/spi-builder-workspace/.derivedData/Build/Products/Debug-watchos/PackageFrameworks -F /Users/admin/builder/spi-builder-workspace/.derivedData/Build/Products/Debug-watchos/PackageFrameworks -F /Users/admin/builder/spi-builder-workspace/.derivedData/Build/Products/Debug-watchos/PackageFrameworks -F /Users/admin/builder/spi-builder-workspace/.derivedData/Build/Products/Debug-watchos/PackageFrameworks -F /Users/admin/builder/spi-builder-workspace/.derivedData/Build/Products/Debug-watchos/PackageFrameworks -F /Users/admin/builder/spi-builder-workspace/.derivedData/Build/Products/Debug-watchos/PackageFrameworks -F /Users/admin/builder/spi-builder-workspace/.derivedData/Build/Products/Debug-watchos/PackageFrameworks -F /Users/admin/builder/spi-builder-workspace/.derivedData/Build/Products/Debug-watchos/PackageFrameworks -F /Users/admin/builder/spi-builder-workspace/.derivedData/Build/Products/Debug-watchos/PackageFrameworks -F /Users/admin/builder/spi-builder-workspace/.derivedData/Build/Products/Debug-watchos/PackageFrameworks -F /Users/admin/builder/spi-builder-workspace/.derivedData/Build/Products/Debug-watchos -F /Applications/Xcode-26.3.0.app/Contents/Developer/Platforms/WatchOS.platform/Developer/Library/Frameworks -F /Applications/Xcode-26.3.0.app/Contents/Developer/Platforms/WatchOS.platform/Developer/SDKs/WatchOS26.2.sdk/Developer/Library/Frameworks -c -j10 -enable-batch-mode -incremental -Xcc -ivfsstatcache -Xcc /Users/admin/builder/spi-builder-workspace/.derivedData/SDKStatCaches.noindex/watchos26.2-23S303-dc75598d0054f22ec865fa860f139d721753b489057de6bda919edfa1c59a62b.sdkstatcache -output-file-map /Users/admin/builder/spi-builder-workspace/.derivedData/Build/Intermediates.noindex/swift-syntax.build/Debug-watchos/SwiftParserDiagnostics.build/Objects-normal/arm64_32/SwiftParserDiagnostics-OutputFileMap.json -use-frontend-parseable-output -save-temps -no-color-diagnostics -explicit-module-build -module-cache-path /Users/admin/builder/spi-builder-workspace/.derivedData/Build/Intermediates.noindex/SwiftExplicitPrecompiledModules -clang-scanner-module-cache-path /Users/admin/builder/spi-builder-workspace/.derivedData/ModuleCache.noindex -sdk-module-cache-path /Users/admin/builder/spi-builder-workspace/.derivedData/ModuleCache.noindex -serialize-diagnostics -emit-dependencies -emit-module -emit-module-path /Users/admin/builder/spi-builder-workspace/.derivedData/Build/Intermediates.noindex/swift-syntax.build/Debug-watchos/SwiftParserDiagnostics.build/Objects-normal/arm64_32/SwiftParserDiagnostics.swiftmodule -validate-clang-modules-once -clang-build-session-file /Users/admin/builder/spi-builder-workspace/.derivedData/ModuleCache.noindex/Session.modulevalidation -package-name swift_syntax -Xcc -I/Users/admin/builder/spi-builder-workspace/.derivedData/Build/Intermediates.noindex/swift-syntax.build/Debug-watchos/SwiftParserDiagnostics.build/swift-overrides.hmap -emit-const-values -Xfrontend -const-gather-protocols-file -Xfrontend /Users/admin/builder/spi-builder-workspace/.derivedData/Build/Intermediates.noindex/swift-syntax.build/Debug-watchos/SwiftParserDiagnostics.build/Objects-normal/arm64_32/SwiftParserDiagnostics_const_extract_protocols.json -Xcc -I/Users/admin/builder/spi-builder-workspace/.dependencies/checkouts/swift-syntax/Sources/_SwiftSyntaxCShims/include -Xcc -I/Users/admin/builder/spi-builder-workspace/.derivedData/Build/Products/Debug-watchos/include -Xcc -I/Users/admin/builder/spi-builder-workspace/.derivedData/Build/Intermediates.noindex/swift-syntax.build/Debug-watchos/SwiftParserDiagnostics.build/DerivedSources-normal/arm64_32 -Xcc -I/Users/admin/builder/spi-builder-workspace/.derivedData/Build/Intermediates.noindex/swift-syntax.build/Debug-watchos/SwiftParserDiagnostics.build/DerivedSources/arm64_32 -Xcc -I/Users/admin/builder/spi-builder-workspace/.derivedData/Build/Intermediates.noindex/swift-syntax.build/Debug-watchos/SwiftParserDiagnostics.build/DerivedSources -Xcc -DSWIFT_PACKAGE -Xcc -DDEBUG\=1 -emit-objc-header -emit-objc-header-path /Users/admin/builder/spi-builder-workspace/.derivedData/Build/Intermediates.noindex/swift-syntax.build/Debug-watchos/SwiftParserDiagnostics.build/Objects-normal/arm64_32/SwiftParserDiagnostics-Swift.h -working-directory /Users/admin/builder/spi-builder-workspace/.swiftpm/xcode -experimental-emit-module-separately -disable-cmo
SwiftDriverJobDiscovery normal armv7k Emitting module for SwiftParserDiagnostics (in target 'SwiftParserDiagnostics' from project 'swift-syntax')
SwiftDriver\ Compilation\ Requirements SwiftParserDiagnostics normal armv7k com.apple.xcode.tools.swift.compiler (in target 'SwiftParserDiagnostics' from project 'swift-syntax')
cd /Users/admin/builder/spi-builder-workspace/.swiftpm/xcode
builtin-Swift-Compilation-Requirements -- /Applications/Xcode-26.3.0.app/Contents/Developer/Toolchains/XcodeDefault.xctoolchain/usr/bin/swiftc -module-name SwiftParserDiagnostics -Onone -enforce-exclusivity\=checked @/Users/admin/builder/spi-builder-workspace/.derivedData/Build/Intermediates.noindex/swift-syntax.build/Debug-watchos/SwiftParserDiagnostics.build/Objects-normal/armv7k/SwiftParserDiagnostics.SwiftFileList -DSWIFT_PACKAGE -DDEBUG -DSWIFT_MODULE_RESOURCE_BUNDLE_UNAVAILABLE -DXcode -plugin-path /Applications/Xcode-26.3.0.app/Contents/Developer/Toolchains/XcodeDefault.xctoolchain/usr/lib/swift/host/plugins/testing -enable-experimental-feature DebugDescriptionMacro -sdk /Applications/Xcode-26.3.0.app/Contents/Developer/Platforms/WatchOS.platform/Developer/SDKs/WatchOS26.2.sdk -target armv7k-apple-watchos6.0 -g -module-cache-path /Users/admin/builder/spi-builder-workspace/.derivedData/ModuleCache.noindex -Xfrontend -serialize-debugging-options -profile-coverage-mapping -profile-generate -enable-testing -suppress-warnings -index-store-path /Users/admin/builder/spi-builder-workspace/.derivedData/Index.noindex/DataStore -Xcc -D_LIBCPP_HARDENING_MODE\=_LIBCPP_HARDENING_MODE_DEBUG -swift-version 6 -I /Users/admin/builder/spi-builder-workspace/.derivedData/Build/Products/Debug-watchos -Isystem /Applications/Xcode-26.3.0.app/Contents/Developer/Platforms/WatchOS.platform/Developer/usr/lib -F /Users/admin/builder/spi-builder-workspace/.derivedData/Build/Products/Debug-watchos/PackageFrameworks -F /Users/admin/builder/spi-builder-workspace/.derivedData/Build/Products/Debug-watchos/PackageFrameworks -F /Users/admin/builder/spi-builder-workspace/.derivedData/Build/Products/Debug-watchos/PackageFrameworks -F /Users/admin/builder/spi-builder-workspace/.derivedData/Build/Products/Debug-watchos/PackageFrameworks -F /Users/admin/builder/spi-builder-workspace/.derivedData/Build/Products/Debug-watchos/PackageFrameworks -F /Users/admin/builder/spi-builder-workspace/.derivedData/Build/Products/Debug-watchos/PackageFrameworks -F /Users/admin/builder/spi-builder-workspace/.derivedData/Build/Products/Debug-watchos/PackageFrameworks -F /Users/admin/builder/spi-builder-workspace/.derivedData/Build/Products/Debug-watchos/PackageFrameworks -F /Users/admin/builder/spi-builder-workspace/.derivedData/Build/Products/Debug-watchos/PackageFrameworks -F /Users/admin/builder/spi-builder-workspace/.derivedData/Build/Products/Debug-watchos/PackageFrameworks -F /Users/admin/builder/spi-builder-workspace/.derivedData/Build/Products/Debug-watchos/PackageFrameworks -F /Users/admin/builder/spi-builder-workspace/.derivedData/Build/Products/Debug-watchos -F /Applications/Xcode-26.3.0.app/Contents/Developer/Platforms/WatchOS.platform/Developer/Library/Frameworks -F /Applications/Xcode-26.3.0.app/Contents/Developer/Platforms/WatchOS.platform/Developer/SDKs/WatchOS26.2.sdk/Developer/Library/Frameworks -c -j10 -enable-batch-mode -incremental -Xcc -ivfsstatcache -Xcc /Users/admin/builder/spi-builder-workspace/.derivedData/SDKStatCaches.noindex/watchos26.2-23S303-dc75598d0054f22ec865fa860f139d721753b489057de6bda919edfa1c59a62b.sdkstatcache -output-file-map /Users/admin/builder/spi-builder-workspace/.derivedData/Build/Intermediates.noindex/swift-syntax.build/Debug-watchos/SwiftParserDiagnostics.build/Objects-normal/armv7k/SwiftParserDiagnostics-OutputFileMap.json -use-frontend-parseable-output -save-temps -no-color-diagnostics -explicit-module-build -module-cache-path /Users/admin/builder/spi-builder-workspace/.derivedData/Build/Intermediates.noindex/SwiftExplicitPrecompiledModules -clang-scanner-module-cache-path /Users/admin/builder/spi-builder-workspace/.derivedData/ModuleCache.noindex -sdk-module-cache-path /Users/admin/builder/spi-builder-workspace/.derivedData/ModuleCache.noindex -serialize-diagnostics -emit-dependencies -emit-module -emit-module-path /Users/admin/builder/spi-builder-workspace/.derivedData/Build/Intermediates.noindex/swift-syntax.build/Debug-watchos/SwiftParserDiagnostics.build/Objects-normal/armv7k/SwiftParserDiagnostics.swiftmodule -validate-clang-modules-once -clang-build-session-file /Users/admin/builder/spi-builder-workspace/.derivedData/ModuleCache.noindex/Session.modulevalidation -package-name swift_syntax -Xcc -I/Users/admin/builder/spi-builder-workspace/.derivedData/Build/Intermediates.noindex/swift-syntax.build/Debug-watchos/SwiftParserDiagnostics.build/swift-overrides.hmap -emit-const-values -Xfrontend -const-gather-protocols-file -Xfrontend /Users/admin/builder/spi-builder-workspace/.derivedData/Build/Intermediates.noindex/swift-syntax.build/Debug-watchos/SwiftParserDiagnostics.build/Objects-normal/armv7k/SwiftParserDiagnostics_const_extract_protocols.json -Xcc -I/Users/admin/builder/spi-builder-workspace/.dependencies/checkouts/swift-syntax/Sources/_SwiftSyntaxCShims/include -Xcc -I/Users/admin/builder/spi-builder-workspace/.derivedData/Build/Products/Debug-watchos/include -Xcc -I/Users/admin/builder/spi-builder-workspace/.derivedData/Build/Intermediates.noindex/swift-syntax.build/Debug-watchos/SwiftParserDiagnostics.build/DerivedSources-normal/armv7k -Xcc -I/Users/admin/builder/spi-builder-workspace/.derivedData/Build/Intermediates.noindex/swift-syntax.build/Debug-watchos/SwiftParserDiagnostics.build/DerivedSources/armv7k -Xcc -I/Users/admin/builder/spi-builder-workspace/.derivedData/Build/Intermediates.noindex/swift-syntax.build/Debug-watchos/SwiftParserDiagnostics.build/DerivedSources -Xcc -DSWIFT_PACKAGE -Xcc -DDEBUG\=1 -emit-objc-header -emit-objc-header-path /Users/admin/builder/spi-builder-workspace/.derivedData/Build/Intermediates.noindex/swift-syntax.build/Debug-watchos/SwiftParserDiagnostics.build/Objects-normal/armv7k/SwiftParserDiagnostics-Swift.h -working-directory /Users/admin/builder/spi-builder-workspace/.swiftpm/xcode -experimental-emit-module-separately -disable-cmo
Copy /Users/admin/builder/spi-builder-workspace/.derivedData/Build/Products/Debug-watchos/SwiftParserDiagnostics.swiftmodule/arm64_32-apple-watchos.swiftmodule /Users/admin/builder/spi-builder-workspace/.derivedData/Build/Intermediates.noindex/swift-syntax.build/Debug-watchos/SwiftParserDiagnostics.build/Objects-normal/arm64_32/SwiftParserDiagnostics.swiftmodule (in target 'SwiftParserDiagnostics' from project 'swift-syntax')
cd /Users/admin/builder/spi-builder-workspace/.dependencies/checkouts/swift-syntax
builtin-copy -exclude .DS_Store -exclude CVS -exclude .svn -exclude .git -exclude .hg -resolve-src-symlinks -rename /Users/admin/builder/spi-builder-workspace/.derivedData/Build/Intermediates.noindex/swift-syntax.build/Debug-watchos/SwiftParserDiagnostics.build/Objects-normal/arm64_32/SwiftParserDiagnostics.swiftmodule /Users/admin/builder/spi-builder-workspace/.derivedData/Build/Products/Debug-watchos/SwiftParserDiagnostics.swiftmodule/arm64_32-apple-watchos.swiftmodule
Copy /Users/admin/builder/spi-builder-workspace/.derivedData/Build/Products/Debug-watchos/SwiftParserDiagnostics.swiftmodule/armv7k-apple-watchos.swiftmodule /Users/admin/builder/spi-builder-workspace/.derivedData/Build/Intermediates.noindex/swift-syntax.build/Debug-watchos/SwiftParserDiagnostics.build/Objects-normal/armv7k/SwiftParserDiagnostics.swiftmodule (in target 'SwiftParserDiagnostics' from project 'swift-syntax')
cd /Users/admin/builder/spi-builder-workspace/.dependencies/checkouts/swift-syntax
builtin-copy -exclude .DS_Store -exclude CVS -exclude .svn -exclude .git -exclude .hg -resolve-src-symlinks -rename /Users/admin/builder/spi-builder-workspace/.derivedData/Build/Intermediates.noindex/swift-syntax.build/Debug-watchos/SwiftParserDiagnostics.build/Objects-normal/armv7k/SwiftParserDiagnostics.swiftmodule /Users/admin/builder/spi-builder-workspace/.derivedData/Build/Products/Debug-watchos/SwiftParserDiagnostics.swiftmodule/armv7k-apple-watchos.swiftmodule
Copy /Users/admin/builder/spi-builder-workspace/.derivedData/Build/Products/Debug-watchos/SwiftParserDiagnostics.swiftmodule/armv7k-apple-watchos.swiftdoc /Users/admin/builder/spi-builder-workspace/.derivedData/Build/Intermediates.noindex/swift-syntax.build/Debug-watchos/SwiftParserDiagnostics.build/Objects-normal/armv7k/SwiftParserDiagnostics.swiftdoc (in target 'SwiftParserDiagnostics' from project 'swift-syntax')
cd /Users/admin/builder/spi-builder-workspace/.dependencies/checkouts/swift-syntax
builtin-copy -exclude .DS_Store -exclude CVS -exclude .svn -exclude .git -exclude .hg -resolve-src-symlinks -rename /Users/admin/builder/spi-builder-workspace/.derivedData/Build/Intermediates.noindex/swift-syntax.build/Debug-watchos/SwiftParserDiagnostics.build/Objects-normal/armv7k/SwiftParserDiagnostics.swiftdoc /Users/admin/builder/spi-builder-workspace/.derivedData/Build/Products/Debug-watchos/SwiftParserDiagnostics.swiftmodule/armv7k-apple-watchos.swiftdoc
Copy /Users/admin/builder/spi-builder-workspace/.derivedData/Build/Products/Debug-watchos/SwiftParserDiagnostics.swiftmodule/armv7k-apple-watchos.abi.json /Users/admin/builder/spi-builder-workspace/.derivedData/Build/Intermediates.noindex/swift-syntax.build/Debug-watchos/SwiftParserDiagnostics.build/Objects-normal/armv7k/SwiftParserDiagnostics.abi.json (in target 'SwiftParserDiagnostics' from project 'swift-syntax')
cd /Users/admin/builder/spi-builder-workspace/.dependencies/checkouts/swift-syntax
builtin-copy -exclude .DS_Store -exclude CVS -exclude .svn -exclude .git -exclude .hg -resolve-src-symlinks -rename /Users/admin/builder/spi-builder-workspace/.derivedData/Build/Intermediates.noindex/swift-syntax.build/Debug-watchos/SwiftParserDiagnostics.build/Objects-normal/armv7k/SwiftParserDiagnostics.abi.json /Users/admin/builder/spi-builder-workspace/.derivedData/Build/Products/Debug-watchos/SwiftParserDiagnostics.swiftmodule/armv7k-apple-watchos.abi.json
Copy /Users/admin/builder/spi-builder-workspace/.derivedData/Build/Products/Debug-watchos/SwiftParserDiagnostics.swiftmodule/arm64_32-apple-watchos.swiftdoc /Users/admin/builder/spi-builder-workspace/.derivedData/Build/Intermediates.noindex/swift-syntax.build/Debug-watchos/SwiftParserDiagnostics.build/Objects-normal/arm64_32/SwiftParserDiagnostics.swiftdoc (in target 'SwiftParserDiagnostics' from project 'swift-syntax')
cd /Users/admin/builder/spi-builder-workspace/.dependencies/checkouts/swift-syntax
builtin-copy -exclude .DS_Store -exclude CVS -exclude .svn -exclude .git -exclude .hg -resolve-src-symlinks -rename /Users/admin/builder/spi-builder-workspace/.derivedData/Build/Intermediates.noindex/swift-syntax.build/Debug-watchos/SwiftParserDiagnostics.build/Objects-normal/arm64_32/SwiftParserDiagnostics.swiftdoc /Users/admin/builder/spi-builder-workspace/.derivedData/Build/Products/Debug-watchos/SwiftParserDiagnostics.swiftmodule/arm64_32-apple-watchos.swiftdoc
Copy /Users/admin/builder/spi-builder-workspace/.derivedData/Build/Products/Debug-watchos/SwiftParserDiagnostics.swiftmodule/arm64_32-apple-watchos.abi.json /Users/admin/builder/spi-builder-workspace/.derivedData/Build/Intermediates.noindex/swift-syntax.build/Debug-watchos/SwiftParserDiagnostics.build/Objects-normal/arm64_32/SwiftParserDiagnostics.abi.json (in target 'SwiftParserDiagnostics' from project 'swift-syntax')
cd /Users/admin/builder/spi-builder-workspace/.dependencies/checkouts/swift-syntax
builtin-copy -exclude .DS_Store -exclude CVS -exclude .svn -exclude .git -exclude .hg -resolve-src-symlinks -rename /Users/admin/builder/spi-builder-workspace/.derivedData/Build/Intermediates.noindex/swift-syntax.build/Debug-watchos/SwiftParserDiagnostics.build/Objects-normal/arm64_32/SwiftParserDiagnostics.abi.json /Users/admin/builder/spi-builder-workspace/.derivedData/Build/Products/Debug-watchos/SwiftParserDiagnostics.swiftmodule/arm64_32-apple-watchos.abi.json
Copy /Users/admin/builder/spi-builder-workspace/.derivedData/Build/Products/Debug-watchos/SwiftParserDiagnostics.swiftmodule/Project/armv7k-apple-watchos.swiftsourceinfo /Users/admin/builder/spi-builder-workspace/.derivedData/Build/Intermediates.noindex/swift-syntax.build/Debug-watchos/SwiftParserDiagnostics.build/Objects-normal/armv7k/SwiftParserDiagnostics.swiftsourceinfo (in target 'SwiftParserDiagnostics' from project 'swift-syntax')
cd /Users/admin/builder/spi-builder-workspace/.dependencies/checkouts/swift-syntax
builtin-copy -exclude .DS_Store -exclude CVS -exclude .svn -exclude .git -exclude .hg -resolve-src-symlinks -rename /Users/admin/builder/spi-builder-workspace/.derivedData/Build/Intermediates.noindex/swift-syntax.build/Debug-watchos/SwiftParserDiagnostics.build/Objects-normal/armv7k/SwiftParserDiagnostics.swiftsourceinfo /Users/admin/builder/spi-builder-workspace/.derivedData/Build/Products/Debug-watchos/SwiftParserDiagnostics.swiftmodule/Project/armv7k-apple-watchos.swiftsourceinfo
Copy /Users/admin/builder/spi-builder-workspace/.derivedData/Build/Products/Debug-watchos/SwiftParserDiagnostics.swiftmodule/Project/arm64_32-apple-watchos.swiftsourceinfo /Users/admin/builder/spi-builder-workspace/.derivedData/Build/Intermediates.noindex/swift-syntax.build/Debug-watchos/SwiftParserDiagnostics.build/Objects-normal/arm64_32/SwiftParserDiagnostics.swiftsourceinfo (in target 'SwiftParserDiagnostics' from project 'swift-syntax')
cd /Users/admin/builder/spi-builder-workspace/.dependencies/checkouts/swift-syntax
builtin-copy -exclude .DS_Store -exclude CVS -exclude .svn -exclude .git -exclude .hg -resolve-src-symlinks -rename /Users/admin/builder/spi-builder-workspace/.derivedData/Build/Intermediates.noindex/swift-syntax.build/Debug-watchos/SwiftParserDiagnostics.build/Objects-normal/arm64_32/SwiftParserDiagnostics.swiftsourceinfo /Users/admin/builder/spi-builder-workspace/.derivedData/Build/Products/Debug-watchos/SwiftParserDiagnostics.swiftmodule/Project/arm64_32-apple-watchos.swiftsourceinfo
SwiftCompile normal arm64_32 Compiling\ TypeScriptBackendGeneratedTextFile.swift /Users/admin/builder/spi-builder-workspace/Sources/TypeScriptBackendGenerator/TypeScriptBackendGeneratedTextFile.swift (in target 'TypeScriptBackendGenerator' from project 'RoundtripGenerator')
SwiftCompile normal arm64_32 /Users/admin/builder/spi-builder-workspace/Sources/TypeScriptBackendGenerator/TypeScriptBackendGeneratedTextFile.swift (in target 'TypeScriptBackendGenerator' from project 'RoundtripGenerator')
cd /Users/admin/builder/spi-builder-workspace/.swiftpm/xcode
SwiftCompile normal arm64 Compiling\ TypeScriptBackendModelEmitter.swift /Users/admin/builder/spi-builder-workspace/Sources/TypeScriptBackendGenerator/TypeScriptBackendModelEmitter.swift (in target 'TypeScriptBackendGenerator' from project 'RoundtripGenerator')
SwiftCompile normal arm64 /Users/admin/builder/spi-builder-workspace/Sources/TypeScriptBackendGenerator/TypeScriptBackendModelEmitter.swift (in target 'TypeScriptBackendGenerator' from project 'RoundtripGenerator')
cd /Users/admin/builder/spi-builder-workspace/.swiftpm/xcode
SwiftDriverJobDiscovery normal arm64 Emitting module for SwiftParserDiagnostics (in target 'SwiftParserDiagnostics' from project 'swift-syntax')
SwiftDriver\ Compilation\ Requirements SwiftParserDiagnostics normal arm64 com.apple.xcode.tools.swift.compiler (in target 'SwiftParserDiagnostics' from project 'swift-syntax')
cd /Users/admin/builder/spi-builder-workspace/.swiftpm/xcode
builtin-Swift-Compilation-Requirements -- /Applications/Xcode-26.3.0.app/Contents/Developer/Toolchains/XcodeDefault.xctoolchain/usr/bin/swiftc -module-name SwiftParserDiagnostics -Onone -enforce-exclusivity\=checked @/Users/admin/builder/spi-builder-workspace/.derivedData/Build/Intermediates.noindex/swift-syntax.build/Debug-watchos/SwiftParserDiagnostics.build/Objects-normal/arm64/SwiftParserDiagnostics.SwiftFileList -DSWIFT_PACKAGE -DDEBUG -DSWIFT_MODULE_RESOURCE_BUNDLE_UNAVAILABLE -DXcode -plugin-path /Applications/Xcode-26.3.0.app/Contents/Developer/Toolchains/XcodeDefault.xctoolchain/usr/lib/swift/host/plugins/testing -enable-experimental-feature DebugDescriptionMacro -sdk /Applications/Xcode-26.3.0.app/Contents/Developer/Platforms/WatchOS.platform/Developer/SDKs/WatchOS26.2.sdk -target arm64-apple-watchos6.0 -g -module-cache-path /Users/admin/builder/spi-builder-workspace/.derivedData/ModuleCache.noindex -Xfrontend -serialize-debugging-options -profile-coverage-mapping -profile-generate -enable-testing -suppress-warnings -index-store-path /Users/admin/builder/spi-builder-workspace/.derivedData/Index.noindex/DataStore -Xcc -D_LIBCPP_HARDENING_MODE\=_LIBCPP_HARDENING_MODE_DEBUG -swift-version 6 -I /Users/admin/builder/spi-builder-workspace/.derivedData/Build/Products/Debug-watchos -Isystem /Applications/Xcode-26.3.0.app/Contents/Developer/Platforms/WatchOS.platform/Developer/usr/lib -F /Users/admin/builder/spi-builder-workspace/.derivedData/Build/Products/Debug-watchos/PackageFrameworks -F /Users/admin/builder/spi-builder-workspace/.derivedData/Build/Products/Debug-watchos/PackageFrameworks -F /Users/admin/builder/spi-builder-workspace/.derivedData/Build/Products/Debug-watchos/PackageFrameworks -F /Users/admin/builder/spi-builder-workspace/.derivedData/Build/Products/Debug-watchos/PackageFrameworks -F /Users/admin/builder/spi-builder-workspace/.derivedData/Build/Products/Debug-watchos/PackageFrameworks -F /Users/admin/builder/spi-builder-workspace/.derivedData/Build/Products/Debug-watchos/PackageFrameworks -F /Users/admin/builder/spi-builder-workspace/.derivedData/Build/Products/Debug-watchos/PackageFrameworks -F /Users/admin/builder/spi-builder-workspace/.derivedData/Build/Products/Debug-watchos/PackageFrameworks -F /Users/admin/builder/spi-builder-workspace/.derivedData/Build/Products/Debug-watchos/PackageFrameworks -F /Users/admin/builder/spi-builder-workspace/.derivedData/Build/Products/Debug-watchos/PackageFrameworks -F /Users/admin/builder/spi-builder-workspace/.derivedData/Build/Products/Debug-watchos/PackageFrameworks -F /Users/admin/builder/spi-builder-workspace/.derivedData/Build/Products/Debug-watchos -F /Applications/Xcode-26.3.0.app/Contents/Developer/Platforms/WatchOS.platform/Developer/Library/Frameworks -F /Applications/Xcode-26.3.0.app/Contents/Developer/Platforms/WatchOS.platform/Developer/SDKs/WatchOS26.2.sdk/Developer/Library/Frameworks -c -j10 -enable-batch-mode -incremental -Xcc -ivfsstatcache -Xcc /Users/admin/builder/spi-builder-workspace/.derivedData/SDKStatCaches.noindex/watchos26.2-23S303-dc75598d0054f22ec865fa860f139d721753b489057de6bda919edfa1c59a62b.sdkstatcache -output-file-map /Users/admin/builder/spi-builder-workspace/.derivedData/Build/Intermediates.noindex/swift-syntax.build/Debug-watchos/SwiftParserDiagnostics.build/Objects-normal/arm64/SwiftParserDiagnostics-OutputFileMap.json -use-frontend-parseable-output -save-temps -no-color-diagnostics -explicit-module-build -module-cache-path /Users/admin/builder/spi-builder-workspace/.derivedData/Build/Intermediates.noindex/SwiftExplicitPrecompiledModules -clang-scanner-module-cache-path /Users/admin/builder/spi-builder-workspace/.derivedData/ModuleCache.noindex -sdk-module-cache-path /Users/admin/builder/spi-builder-workspace/.derivedData/ModuleCache.noindex -serialize-diagnostics -emit-dependencies -emit-module -emit-module-path /Users/admin/builder/spi-builder-workspace/.derivedData/Build/Intermediates.noindex/swift-syntax.build/Debug-watchos/SwiftParserDiagnostics.build/Objects-normal/arm64/SwiftParserDiagnostics.swiftmodule -validate-clang-modules-once -clang-build-session-file /Users/admin/builder/spi-builder-workspace/.derivedData/ModuleCache.noindex/Session.modulevalidation -package-name swift_syntax -Xcc -I/Users/admin/builder/spi-builder-workspace/.derivedData/Build/Intermediates.noindex/swift-syntax.build/Debug-watchos/SwiftParserDiagnostics.build/swift-overrides.hmap -emit-const-values -Xfrontend -const-gather-protocols-file -Xfrontend /Users/admin/builder/spi-builder-workspace/.derivedData/Build/Intermediates.noindex/swift-syntax.build/Debug-watchos/SwiftParserDiagnostics.build/Objects-normal/arm64/SwiftParserDiagnostics_const_extract_protocols.json -Xcc -I/Users/admin/builder/spi-builder-workspace/.dependencies/checkouts/swift-syntax/Sources/_SwiftSyntaxCShims/include -Xcc -I/Users/admin/builder/spi-builder-workspace/.derivedData/Build/Products/Debug-watchos/include -Xcc -I/Users/admin/builder/spi-builder-workspace/.derivedData/Build/Intermediates.noindex/swift-syntax.build/Debug-watchos/SwiftParserDiagnostics.build/DerivedSources-normal/arm64 -Xcc -I/Users/admin/builder/spi-builder-workspace/.derivedData/Build/Intermediates.noindex/swift-syntax.build/Debug-watchos/SwiftParserDiagnostics.build/DerivedSources/arm64 -Xcc -I/Users/admin/builder/spi-builder-workspace/.derivedData/Build/Intermediates.noindex/swift-syntax.build/Debug-watchos/SwiftParserDiagnostics.build/DerivedSources -Xcc -DSWIFT_PACKAGE -Xcc -DDEBUG\=1 -emit-objc-header -emit-objc-header-path /Users/admin/builder/spi-builder-workspace/.derivedData/Build/Intermediates.noindex/swift-syntax.build/Debug-watchos/SwiftParserDiagnostics.build/Objects-normal/arm64/SwiftParserDiagnostics-Swift.h -working-directory /Users/admin/builder/spi-builder-workspace/.swiftpm/xcode -experimental-emit-module-separately -disable-cmo
SwiftDriverJobDiscovery normal arm64_32 Compiling TypeScriptBackendGeneratedTextFile.swift (in target 'TypeScriptBackendGenerator' from project 'RoundtripGenerator')
SwiftCompile normal arm64 Compiling\ TypeScriptBackendOperationEmitter.swift /Users/admin/builder/spi-builder-workspace/Sources/TypeScriptBackendGenerator/TypeScriptBackendOperationEmitter.swift (in target 'TypeScriptBackendGenerator' from project 'RoundtripGenerator')
SwiftCompile normal arm64 /Users/admin/builder/spi-builder-workspace/Sources/TypeScriptBackendGenerator/TypeScriptBackendOperationEmitter.swift (in target 'TypeScriptBackendGenerator' from project 'RoundtripGenerator')
cd /Users/admin/builder/spi-builder-workspace/.swiftpm/xcode
SwiftMergeGeneratedHeaders /Users/admin/builder/spi-builder-workspace/.derivedData/Build/Intermediates.noindex/GeneratedModuleMaps-watchos/SwiftParserDiagnostics-Swift.h /Users/admin/builder/spi-builder-workspace/.derivedData/Build/Intermediates.noindex/swift-syntax.build/Debug-watchos/SwiftParserDiagnostics.build/Objects-normal/arm64/SwiftParserDiagnostics-Swift.h /Users/admin/builder/spi-builder-workspace/.derivedData/Build/Intermediates.noindex/swift-syntax.build/Debug-watchos/SwiftParserDiagnostics.build/Objects-normal/arm64_32/SwiftParserDiagnostics-Swift.h /Users/admin/builder/spi-builder-workspace/.derivedData/Build/Intermediates.noindex/swift-syntax.build/Debug-watchos/SwiftParserDiagnostics.build/Objects-normal/armv7k/SwiftParserDiagnostics-Swift.h (in target 'SwiftParserDiagnostics' from project 'swift-syntax')
cd /Users/admin/builder/spi-builder-workspace/.dependencies/checkouts/swift-syntax
builtin-swiftHeaderTool -arch arm64 /Users/admin/builder/spi-builder-workspace/.derivedData/Build/Intermediates.noindex/swift-syntax.build/Debug-watchos/SwiftParserDiagnostics.build/Objects-normal/arm64/SwiftParserDiagnostics-Swift.h -arch arm64_32 /Users/admin/builder/spi-builder-workspace/.derivedData/Build/Intermediates.noindex/swift-syntax.build/Debug-watchos/SwiftParserDiagnostics.build/Objects-normal/arm64_32/SwiftParserDiagnostics-Swift.h -arch armv7k /Users/admin/builder/spi-builder-workspace/.derivedData/Build/Intermediates.noindex/swift-syntax.build/Debug-watchos/SwiftParserDiagnostics.build/Objects-normal/armv7k/SwiftParserDiagnostics-Swift.h -o /Users/admin/builder/spi-builder-workspace/.derivedData/Build/Intermediates.noindex/GeneratedModuleMaps-watchos/SwiftParserDiagnostics-Swift.h
SwiftDriverJobDiscovery normal arm64_32 Compiling TypeScriptApiPackageGenerator.swift (in target 'TypeScriptApiGenerator' from project 'RoundtripGenerator')
Copy /Users/admin/builder/spi-builder-workspace/.derivedData/Build/Products/Debug-watchos/SwiftParserDiagnostics.swiftmodule/arm64-apple-watchos.swiftmodule /Users/admin/builder/spi-builder-workspace/.derivedData/Build/Intermediates.noindex/swift-syntax.build/Debug-watchos/SwiftParserDiagnostics.build/Objects-normal/arm64/SwiftParserDiagnostics.swiftmodule (in target 'SwiftParserDiagnostics' from project 'swift-syntax')
cd /Users/admin/builder/spi-builder-workspace/.dependencies/checkouts/swift-syntax
builtin-copy -exclude .DS_Store -exclude CVS -exclude .svn -exclude .git -exclude .hg -resolve-src-symlinks -rename /Users/admin/builder/spi-builder-workspace/.derivedData/Build/Intermediates.noindex/swift-syntax.build/Debug-watchos/SwiftParserDiagnostics.build/Objects-normal/arm64/SwiftParserDiagnostics.swiftmodule /Users/admin/builder/spi-builder-workspace/.derivedData/Build/Products/Debug-watchos/SwiftParserDiagnostics.swiftmodule/arm64-apple-watchos.swiftmodule
Copy /Users/admin/builder/spi-builder-workspace/.derivedData/Build/Products/Debug-watchos/SwiftParserDiagnostics.swiftmodule/arm64-apple-watchos.swiftdoc /Users/admin/builder/spi-builder-workspace/.derivedData/Build/Intermediates.noindex/swift-syntax.build/Debug-watchos/SwiftParserDiagnostics.build/Objects-normal/arm64/SwiftParserDiagnostics.swiftdoc (in target 'SwiftParserDiagnostics' from project 'swift-syntax')
cd /Users/admin/builder/spi-builder-workspace/.dependencies/checkouts/swift-syntax
builtin-copy -exclude .DS_Store -exclude CVS -exclude .svn -exclude .git -exclude .hg -resolve-src-symlinks -rename /Users/admin/builder/spi-builder-workspace/.derivedData/Build/Intermediates.noindex/swift-syntax.build/Debug-watchos/SwiftParserDiagnostics.build/Objects-normal/arm64/SwiftParserDiagnostics.swiftdoc /Users/admin/builder/spi-builder-workspace/.derivedData/Build/Products/Debug-watchos/SwiftParserDiagnostics.swiftmodule/arm64-apple-watchos.swiftdoc
Copy /Users/admin/builder/spi-builder-workspace/.derivedData/Build/Products/Debug-watchos/SwiftParserDiagnostics.swiftmodule/arm64-apple-watchos.abi.json /Users/admin/builder/spi-builder-workspace/.derivedData/Build/Intermediates.noindex/swift-syntax.build/Debug-watchos/SwiftParserDiagnostics.build/Objects-normal/arm64/SwiftParserDiagnostics.abi.json (in target 'SwiftParserDiagnostics' from project 'swift-syntax')
cd /Users/admin/builder/spi-builder-workspace/.dependencies/checkouts/swift-syntax
builtin-copy -exclude .DS_Store -exclude CVS -exclude .svn -exclude .git -exclude .hg -resolve-src-symlinks -rename /Users/admin/builder/spi-builder-workspace/.derivedData/Build/Intermediates.noindex/swift-syntax.build/Debug-watchos/SwiftParserDiagnostics.build/Objects-normal/arm64/SwiftParserDiagnostics.abi.json /Users/admin/builder/spi-builder-workspace/.derivedData/Build/Products/Debug-watchos/SwiftParserDiagnostics.swiftmodule/arm64-apple-watchos.abi.json
Copy /Users/admin/builder/spi-builder-workspace/.derivedData/Build/Products/Debug-watchos/SwiftParserDiagnostics.swiftmodule/Project/arm64-apple-watchos.swiftsourceinfo /Users/admin/builder/spi-builder-workspace/.derivedData/Build/Intermediates.noindex/swift-syntax.build/Debug-watchos/SwiftParserDiagnostics.build/Objects-normal/arm64/SwiftParserDiagnostics.swiftsourceinfo (in target 'SwiftParserDiagnostics' from project 'swift-syntax')
cd /Users/admin/builder/spi-builder-workspace/.dependencies/checkouts/swift-syntax
builtin-copy -exclude .DS_Store -exclude CVS -exclude .svn -exclude .git -exclude .hg -resolve-src-symlinks -rename /Users/admin/builder/spi-builder-workspace/.derivedData/Build/Intermediates.noindex/swift-syntax.build/Debug-watchos/SwiftParserDiagnostics.build/Objects-normal/arm64/SwiftParserDiagnostics.swiftsourceinfo /Users/admin/builder/spi-builder-workspace/.derivedData/Build/Products/Debug-watchos/SwiftParserDiagnostics.swiftmodule/Project/arm64-apple-watchos.swiftsourceinfo
SwiftDriverJobDiscovery normal arm64_32 Compiling TypeScriptBackendSupport.swift (in target 'TypeScriptBackendGenerator' from project 'RoundtripGenerator')
SwiftCompile normal arm64_32 Compiling\ TypeScriptBackendGeneratorOptions.swift /Users/admin/builder/spi-builder-workspace/Sources/TypeScriptBackendGenerator/TypeScriptBackendGeneratorOptions.swift (in target 'TypeScriptBackendGenerator' from project 'RoundtripGenerator')
SwiftCompile normal arm64_32 /Users/admin/builder/spi-builder-workspace/Sources/TypeScriptBackendGenerator/TypeScriptBackendGeneratorOptions.swift (in target 'TypeScriptBackendGenerator' from project 'RoundtripGenerator')
cd /Users/admin/builder/spi-builder-workspace/.swiftpm/xcode
SwiftCompile normal arm64_32 Compiling\ TypeScriptBackendGeneratorTool.swift /Users/admin/builder/spi-builder-workspace/Sources/TypeScriptBackendGenerator/TypeScriptBackendGeneratorTool.swift (in target 'TypeScriptBackendGenerator' from project 'RoundtripGenerator')
SwiftCompile normal arm64_32 /Users/admin/builder/spi-builder-workspace/Sources/TypeScriptBackendGenerator/TypeScriptBackendGeneratorTool.swift (in target 'TypeScriptBackendGenerator' from project 'RoundtripGenerator')
cd /Users/admin/builder/spi-builder-workspace/.swiftpm/xcode
SwiftCompile normal arm64_32 Compiling\ TypeScriptBackendRuntimeEmitter.swift /Users/admin/builder/spi-builder-workspace/Sources/TypeScriptBackendGenerator/TypeScriptBackendRuntimeEmitter.swift (in target 'TypeScriptBackendGenerator' from project 'RoundtripGenerator')
SwiftDriverJobDiscovery normal arm64_32 Compiling TypeScriptBackendGeneratorTool.swift (in target 'TypeScriptBackendGenerator' from project 'RoundtripGenerator')
SwiftCompile normal arm64 Compiling\ TypeScriptBackendSupport.swift /Users/admin/builder/spi-builder-workspace/Sources/TypeScriptBackendGenerator/TypeScriptBackendSupport.swift (in target 'TypeScriptBackendGenerator' from project 'RoundtripGenerator')
2026-09-29 11:41:54.604 xcodebuild[1692:10206] [MT] IDERunDestination: Supported platforms for the buildables in the current scheme is empty.
** BUILD FAILED **
The following build commands failed:
SwiftCompile normal arm64_32 Compiling\ TypeScriptBackendModelEmitter.swift /Users/admin/builder/spi-builder-workspace/Sources/TypeScriptBackendGenerator/TypeScriptBackendModelEmitter.swift (in target 'TypeScriptBackendGenerator' from project 'RoundtripGenerator')
SwiftCompile normal arm64_32 /Users/admin/builder/spi-builder-workspace/Sources/TypeScriptBackendGenerator/TypeScriptBackendModelEmitter.swift (in target 'TypeScriptBackendGenerator' from project 'RoundtripGenerator')
Building workspace spi-builder-workspace with scheme RoundtripGenerator-Package
(3 failures)
BUILD FAILURE 6.2 watchOS