The Swift Package Index logo.Swift Package Index

Build Information

Failed to build SequreSDK, reference 3.0.1 (e58241), with Swift 6.1 for macOS (Xcode) using Xcode 16.3 on 29 Sep 2026 22:30:53 UTC.

Build Command

env DEVELOPER_DIR=/Applications/Xcode-16.3.0.app xcrun xcodebuild -IDEClonedSourcePackagesDirPathOverride=$PWD/.dependencies -skipMacroValidation -skipPackagePluginValidation -derivedDataPath $PWD/.derivedData build -scheme SequreSDK -destination platform=macOS,arch=arm64

Build Log

========================================
RunAll
========================================
Builder version: 5.1.0
Interrupt handler set up.
========================================
Checkout
========================================
Clone URL: https://github.com/qtrust-id/SeQure-iOS-SDK.git
Reference: 3.0.1
Initialized empty Git repository in /Users/admin/builder/spi-builder-workspace/.git/
From https://github.com/qtrust-id/SeQure-iOS-SDK
 * tag               3.0.1      -> FETCH_HEAD
HEAD is now at e582412 chore: update SequreSDK binary to version 3.0.1
Cloned https://github.com/qtrust-id/SeQure-iOS-SDK.git
Revision (git rev-parse @):
e582412b95c6807a21198c0d6a70a7ad902357c7
SPI manifest file found: $PWD/.spi.yml
SUCCESS checkout https://github.com/qtrust-id/SeQure-iOS-SDK.git at 3.0.1
========================================
Build
========================================
Selected platform:         macosXcodebuild
Swift version:             6.1
Building package at path:  $PWD
https://github.com/qtrust-id/SeQure-iOS-SDK.git
https://github.com/qtrust-id/SeQure-iOS-SDK.git
{
  "dependencies" : [
  ],
  "manifest_display_name" : "SequreSDK",
  "name" : "SequreSDK",
  "path" : "/Users/admin/builder/spi-builder-workspace",
  "platforms" : [
    {
      "name" : "ios",
      "version" : "15.0"
    }
  ],
  "products" : [
    {
      "name" : "SequreSDK",
      "targets" : [
        "SequreSDK"
      ],
      "type" : {
        "library" : [
          "automatic"
        ]
      }
    }
  ],
  "swift_languages_versions" : [
    "5"
  ],
  "targets" : [
    {
      "c99name" : "SequreSDK",
      "module_type" : "BinaryTarget",
      "name" : "SequreSDK",
      "path" : "remote/archive/SequreSDK.xcframework.zip",
      "product_memberships" : [
        "SequreSDK"
      ],
      "sources" : [
      ],
      "type" : "binary"
    }
  ],
  "tools_version" : "5.9"
}
Command line invocation:
    /Applications/Xcode-16.3.0.app/Contents/Developer/usr/bin/xcodebuild -IDEClonedSourcePackagesDirPathOverride=/Users/admin/builder/spi-builder-workspace/.dependencies -resolvePackageDependencies
Resolve Package Graph
Resolve Package Graph
Resolve Package Graph
Resolved source packages:
  SequreSDK: /Users/admin/builder/spi-builder-workspace
resolved source packages: SequreSDK
{
  "dependencies" : [
  ],
  "manifest_display_name" : "SequreSDK",
  "name" : "SequreSDK",
  "path" : "/Users/admin/builder/spi-builder-workspace",
  "platforms" : [
    {
      "name" : "ios",
      "version" : "15.0"
    }
  ],
  "products" : [
    {
      "name" : "SequreSDK",
      "targets" : [
        "SequreSDK"
      ],
      "type" : {
        "library" : [
          "automatic"
        ]
      }
    }
  ],
  "swift_languages_versions" : [
    "5"
  ],
  "targets" : [
    {
      "c99name" : "SequreSDK",
      "module_type" : "BinaryTarget",
      "name" : "SequreSDK",
      "path" : "remote/archive/SequreSDK.xcframework.zip",
      "product_memberships" : [
        "SequreSDK"
      ],
      "sources" : [
      ],
      "type" : "binary"
    }
  ],
  "tools_version" : "5.9"
}
{
  "workspace" : {
    "name" : "spi-builder-workspace",
    "schemes" : [
      "SequreSDK"
    ]
  }
}
Running build ...
env DEVELOPER_DIR=/Applications/Xcode-16.3.0.app xcrun xcodebuild -IDEClonedSourcePackagesDirPathOverride=$PWD/.dependencies -skipMacroValidation -skipPackagePluginValidation -derivedDataPath $PWD/.derivedData build -scheme SequreSDK -destination platform=macOS,arch=arm64 OTHER_SWIFT_FLAGS=-stats-output-dir .stats -strict-concurrency=complete -enable-upcoming-feature StrictConcurrency -enable-upcoming-feature DisableOutwardActorInference -enable-upcoming-feature GlobalActorIsolatedTypesUsability -enable-upcoming-feature InferSendableFromCaptures
Command line invocation:
    /Applications/Xcode-16.3.0.app/Contents/Developer/usr/bin/xcodebuild -IDEClonedSourcePackagesDirPathOverride=/Users/admin/builder/spi-builder-workspace/.dependencies -skipMacroValidation -skipPackagePluginValidation -derivedDataPath /Users/admin/builder/spi-builder-workspace/.derivedData build -scheme SequreSDK -destination platform=macOS,arch=arm64 "OTHER_SWIFT_FLAGS=-stats-output-dir .stats -strict-concurrency=complete -enable-upcoming-feature StrictConcurrency -enable-upcoming-feature DisableOutwardActorInference -enable-upcoming-feature GlobalActorIsolatedTypesUsability -enable-upcoming-feature InferSendableFromCaptures"
Build settings from command line:
    OTHER_SWIFT_FLAGS = -stats-output-dir .stats -strict-concurrency=complete -enable-upcoming-feature StrictConcurrency -enable-upcoming-feature DisableOutwardActorInference -enable-upcoming-feature GlobalActorIsolatedTypesUsability -enable-upcoming-feature InferSendableFromCaptures
Resolve Package Graph
Resolved source packages:
  SequreSDK: /Users/admin/builder/spi-builder-workspace
ComputePackagePrebuildTargetDependencyGraph
Prepare packages
CreateBuildRequest
SendProjectDescription
CreateBuildOperation
ComputeTargetDependencyGraph
note: Building targets in dependency order
note: Target dependency graph (1 target)
    Target 'SequreSDK' in project 'SequreSDK' (no dependencies)
GatherProvisioningInputs
CreateBuildDescription
ExecuteExternalTool /Applications/Xcode-16.3.0.app/Contents/Developer/Toolchains/XcodeDefault.xctoolchain/usr/bin/clang -v -E -dM -isysroot /Applications/Xcode-16.3.0.app/Contents/Developer/Platforms/MacOSX.platform/Developer/SDKs/MacOSX15.4.sdk -x c -c /dev/null
Build description signature: 150e3f451574cdb2cb85e16866bced69
Build description path: /Users/admin/builder/spi-builder-workspace/.derivedData/Build/Intermediates.noindex/XCBuildData/150e3f451574cdb2cb85e16866bced69.xcbuilddata
/Users/admin/builder/spi-builder-workspace/.dependencies/artifacts/spi-builder-workspace/SequreSDK/SequreSDK.xcframework:1:1: error: While building for macOS, no library for this platform was found in '/Users/admin/builder/spi-builder-workspace/.dependencies/artifacts/spi-builder-workspace/SequreSDK/SequreSDK.xcframework'. (in target 'SequreSDK' from project 'SequreSDK')
--- xcodebuild: WARNING: Using the first of multiple matching destinations:
{ platform:macOS, arch:arm64, id:44315381751978e0fd49a84a741c23c28b0a7242, name:My Mac }
{ platform:macOS, arch:arm64, variant:Mac Catalyst, id:44315381751978e0fd49a84a741c23c28b0a7242, name:My Mac }
{ platform:macOS, arch:arm64, variant:DriverKit, id:44315381751978e0fd49a84a741c23c28b0a7242, name:My Mac }
{ platform:macOS, arch:arm64, variant:Designed for [iPad,iPhone], id:44315381751978e0fd49a84a741c23c28b0a7242, name:My Mac }
** BUILD FAILED **
The following build commands failed:
	Building workspace spi-builder-workspace with scheme SequreSDK
(1 failure)
Command line invocation:
    /Applications/Xcode-16.3.0.app/Contents/Developer/usr/bin/xcodebuild -IDEClonedSourcePackagesDirPathOverride=/Users/admin/builder/spi-builder-workspace/.dependencies -resolvePackageDependencies
Resolve Package Graph
Resolved source packages:
  SequreSDK: /Users/admin/builder/spi-builder-workspace
resolved source packages: SequreSDK
{
  "dependencies" : [
  ],
  "manifest_display_name" : "SequreSDK",
  "name" : "SequreSDK",
  "path" : "/Users/admin/builder/spi-builder-workspace",
  "platforms" : [
    {
      "name" : "ios",
      "version" : "15.0"
    }
  ],
  "products" : [
    {
      "name" : "SequreSDK",
      "targets" : [
        "SequreSDK"
      ],
      "type" : {
        "library" : [
          "automatic"
        ]
      }
    }
  ],
  "swift_languages_versions" : [
    "5"
  ],
  "targets" : [
    {
      "c99name" : "SequreSDK",
      "module_type" : "BinaryTarget",
      "name" : "SequreSDK",
      "path" : "remote/archive/SequreSDK.xcframework.zip",
      "product_memberships" : [
        "SequreSDK"
      ],
      "sources" : [
      ],
      "type" : "binary"
    }
  ],
  "tools_version" : "5.9"
}
{
  "workspace" : {
    "name" : "spi-builder-workspace",
    "schemes" : [
      "SequreSDK"
    ]
  }
}
Running build ...
env DEVELOPER_DIR=/Applications/Xcode-16.3.0.app xcrun xcodebuild -IDEClonedSourcePackagesDirPathOverride=$PWD/.dependencies -skipMacroValidation -skipPackagePluginValidation -derivedDataPath $PWD/.derivedData build -scheme SequreSDK -destination platform=macOS,arch=arm64
Command line invocation:
    /Applications/Xcode-16.3.0.app/Contents/Developer/usr/bin/xcodebuild -IDEClonedSourcePackagesDirPathOverride=/Users/admin/builder/spi-builder-workspace/.dependencies -skipMacroValidation -skipPackagePluginValidation -derivedDataPath /Users/admin/builder/spi-builder-workspace/.derivedData build -scheme SequreSDK -destination platform=macOS,arch=arm64
Resolve Package Graph
Resolved source packages:
  SequreSDK: /Users/admin/builder/spi-builder-workspace
ComputePackagePrebuildTargetDependencyGraph
Prepare packages
CreateBuildRequest
SendProjectDescription
CreateBuildOperation
ComputeTargetDependencyGraph
note: Building targets in dependency order
note: Target dependency graph (1 target)
    Target 'SequreSDK' in project 'SequreSDK' (no dependencies)
GatherProvisioningInputs
CreateBuildDescription
ExecuteExternalTool /Applications/Xcode-16.3.0.app/Contents/Developer/Toolchains/XcodeDefault.xctoolchain/usr/bin/clang -v -E -dM -isysroot /Applications/Xcode-16.3.0.app/Contents/Developer/Platforms/MacOSX.platform/Developer/SDKs/MacOSX15.4.sdk -x c -c /dev/null
Build description signature: b6d0035279e45b00ef06a55b80d80e06
Build description path: /Users/admin/builder/spi-builder-workspace/.derivedData/Build/Intermediates.noindex/XCBuildData/b6d0035279e45b00ef06a55b80d80e06.xcbuilddata
/Users/admin/builder/spi-builder-workspace/.dependencies/artifacts/spi-builder-workspace/SequreSDK/SequreSDK.xcframework:1:1: error: While building for macOS, no library for this platform was found in '/Users/admin/builder/spi-builder-workspace/.dependencies/artifacts/spi-builder-workspace/SequreSDK/SequreSDK.xcframework'. (in target 'SequreSDK' from project 'SequreSDK')
--- xcodebuild: WARNING: Using the first of multiple matching destinations:
{ platform:macOS, arch:arm64, id:44315381751978e0fd49a84a741c23c28b0a7242, name:My Mac }
{ platform:macOS, arch:arm64, variant:Mac Catalyst, id:44315381751978e0fd49a84a741c23c28b0a7242, name:My Mac }
{ platform:macOS, arch:arm64, variant:DriverKit, id:44315381751978e0fd49a84a741c23c28b0a7242, name:My Mac }
{ platform:macOS, arch:arm64, variant:Designed for [iPad,iPhone], id:44315381751978e0fd49a84a741c23c28b0a7242, name:My Mac }
** BUILD FAILED **
The following build commands failed:
	Building workspace spi-builder-workspace with scheme SequreSDK
(1 failure)
BUILD FAILURE 6.1 macosXcodebuild