Build Information
Failed to build MockNetworking, reference main (fbbd85), with Swift 6.4 for tvOS using Xcode 27.0 on 21 Sep 2026 06:19:33 UTC.
Build Command
env DEVELOPER_DIR=/Applications/Xcode-27.0.0-Release.Candidate.app xcrun xcodebuild -IDEClonedSourcePackagesDirPathOverride=$PWD/.dependencies -skipMacroValidation -skipPackagePluginValidation -derivedDataPath $PWD/.derivedData build -scheme MockNetworking -destination generic/platform=tvOSBuild Log
========================================
RunAll
========================================
Builder version: 5.1.0
Interrupt handler set up.
========================================
Checkout
========================================
Clone URL: https://github.com/Machx/MockNetworking.git
Reference: main
Initialized empty Git repository in /Users/admin/builder/spi-builder-workspace/.git/
From https://github.com/Machx/MockNetworking
* branch main -> FETCH_HEAD
* [new branch] main -> origin/main
HEAD is now at fbbd858 resolve update
Cloned https://github.com/Machx/MockNetworking.git
Revision (git rev-parse @):
fbbd858fe3b5d291b1bdb8f8dd49acee414466c9
SUCCESS checkout https://github.com/Machx/MockNetworking.git at main
========================================
Build
========================================
Selected platform: tvOS
Swift version: 6.4
Building package at path: $PWD
https://github.com/Machx/MockNetworking.git
Command line invocation:
/Applications/Xcode-27.0.0-Release.Candidate.app/Contents/Developer/usr/bin/xcodebuild -IDEClonedSourcePackagesDirPathOverride=/Users/admin/builder/spi-builder-workspace/.dependencies -resolvePackageDependencies
Resolve Package Graph
Fetching from https://github.com/Machx/Konkyo.git
Creating working copy of package ‘Konkyo’
Checking out 0.5.2 of package ‘Konkyo’
Resolve Package Graph
Resolved source packages:
MockNetworking: /Users/admin/builder/spi-builder-workspace
Konkyo: https://github.com/Machx/Konkyo.git @ 0.5.2
resolved source packages: MockNetworking, Konkyo
2026-09-21 02:18:47.177 xcodebuild[529:3027] [MT] IDERunDestination: Supported platforms for the buildables in the current scheme is empty.
{
"dependencies" : [
{
"identity" : "konkyo",
"requirement" : {
"exact" : [
"0.5.2"
]
},
"type" : "sourceControl",
"url" : "https://github.com/Machx/Konkyo.git"
}
],
"manifest_display_name" : "MockNetworking",
"name" : "MockNetworking",
"path" : "/Users/admin/builder/spi-builder-workspace",
"platforms" : [
{
"name" : "macos",
"version" : "15.0"
},
{
"name" : "ios",
"version" : "18.0"
}
],
"products" : [
{
"name" : "MockNetworking",
"targets" : [
"MockNetworking"
],
"type" : {
"library" : [
"automatic"
]
}
}
],
"targets" : [
{
"c99name" : "MockNetworkingTests",
"module_type" : "SwiftTarget",
"name" : "MockNetworkingTests",
"path" : "Tests/MockNetworkingTests",
"sources" : [
"MockNetworkingTests.swift"
],
"target_dependencies" : [
"MockNetworking"
],
"type" : "test"
},
{
"c99name" : "MockNetworking",
"module_type" : "SwiftTarget",
"name" : "MockNetworking",
"path" : "Sources/MockNetworking",
"product_dependencies" : [
"Konkyo"
],
"product_memberships" : [
"MockNetworking"
],
"sources" : [
"Extensions/Dictionary.swift",
"Extensions/HTTPURLResponse.swift",
"Extensions/URLSession.swift",
"MockPropertyResponse.swift",
"MockResponseStore.swift",
"MockURLProtocol.swift"
],
"type" : "library"
}
],
"tools_version" : "6.0"
}
{
"workspace" : {
"name" : "MockNetworking",
"schemes" : [
"MockNetworking"
]
}
}
2026-09-21 02:19:19.040 xcodebuild[663:4007] [MT] IDERunDestination: Supported platforms for the buildables in the current scheme is empty.
Running build ...
env DEVELOPER_DIR=/Applications/Xcode-27.0.0-Release.Candidate.app xcrun xcodebuild -IDEClonedSourcePackagesDirPathOverride=$PWD/.dependencies -skipMacroValidation -skipPackagePluginValidation -derivedDataPath $PWD/.derivedData build -scheme MockNetworking -destination generic/platform=tvOS
Command line invocation:
/Applications/Xcode-27.0.0-Release.Candidate.app/Contents/Developer/usr/bin/xcodebuild -IDEClonedSourcePackagesDirPathOverride=/Users/admin/builder/spi-builder-workspace/.dependencies -skipMacroValidation -skipPackagePluginValidation -derivedDataPath /Users/admin/builder/spi-builder-workspace/.derivedData build -scheme MockNetworking -destination generic/platform=tvOS
Resolve Package Graph
Resolve Package Graph
Resolved source packages:
Konkyo: https://github.com/Machx/Konkyo.git @ 0.5.2
MockNetworking: /Users/admin/builder/spi-builder-workspace
ComputePackagePrebuildTargetDependencyGraph
Prepare packages
CreateBuildRequest
SendProjectDescription
CreateBuildOperation
ComputeTargetDependencyGraph
note: Building targets in dependency order
note: Target dependency graph (4 targets)
Target 'MockNetworking-product' in project 'MockNetworking'
➜ Explicit dependency on target 'MockNetworking' in project 'MockNetworking'
➜ Explicit dependency on target 'Konkyo-product' in project 'Konkyo'
Target 'MockNetworking' in project 'MockNetworking'
➜ Explicit dependency on target 'Konkyo-product' in project 'Konkyo'
Target 'Konkyo-product' in project 'Konkyo'
➜ Explicit dependency on target 'Konkyo' in project 'Konkyo'
Target 'Konkyo' in project 'Konkyo' (no dependencies)
GatherProvisioningInputs
CreateBuildDescription
ExecuteExternalTool /Applications/Xcode-27.0.0-Release.Candidate.app/Contents/Developer/Toolchains/XcodeDefault.xctoolchain/usr/bin/clang -v -E -dM -isysroot /Applications/Xcode-27.0.0-Release.Candidate.app/Contents/Developer/Platforms/AppleTVOS.platform/Developer/SDKs/AppleTVOS27.0.sdk -x c -c /dev/null
ExecuteExternalTool /Applications/Xcode-27.0.0-Release.Candidate.app/Contents/Developer/Toolchains/XcodeDefault.xctoolchain/usr/bin/swiftc --version
ExecuteExternalTool /Applications/Xcode-27.0.0-Release.Candidate.app/Contents/Developer/Toolchains/XcodeDefault.xctoolchain/usr/bin/ld -version_details
Build description signature: 94f81fee5914d8199844f92ffd672e63
Build description path: /Users/admin/builder/spi-builder-workspace/.derivedData/Build/Intermediates.noindex/XCBuildData/94f81fee5914d8199844f92ffd672e63.xcbuilddata
CreateBuildDirectory /Users/admin/builder/spi-builder-workspace/.derivedData/SDKExplicitPrecompiledModules
cd /Users/admin/builder/spi-builder-workspace/.swiftpm/xcode
builtin-create-build-directory /Users/admin/builder/spi-builder-workspace/.derivedData/SDKExplicitPrecompiledModules
CreateBuildDirectory /Users/admin/builder/spi-builder-workspace/.derivedData/ModuleCache.noindex
cd /Users/admin/builder/spi-builder-workspace/.swiftpm/xcode
builtin-create-build-directory /Users/admin/builder/spi-builder-workspace/.derivedData/ModuleCache.noindex
CreateBuildDirectory /Users/admin/builder/spi-builder-workspace/.derivedData/CompilationCache.noindex
cd /Users/admin/builder/spi-builder-workspace/.swiftpm/xcode
builtin-create-build-directory /Users/admin/builder/spi-builder-workspace/.derivedData/CompilationCache.noindex
ClangStatCache /Applications/Xcode-27.0.0-Release.Candidate.app/Contents/Developer/Toolchains/XcodeDefault.xctoolchain/usr/bin/clang-stat-cache /Applications/Xcode-27.0.0-Release.Candidate.app/Contents/Developer/Platforms/AppleTVOS.platform/Developer/SDKs/AppleTVOS27.0.sdk /Users/admin/builder/spi-builder-workspace/.derivedData/SDKStatCaches.noindex/appletvos27.0-24J360-e829b21a6f8c9b70876ba0858053c044b32bfd8d43560033f8d89884cdb90028.sdkstatcache
cd /Users/admin/builder/spi-builder-workspace/.swiftpm/xcode
/Applications/Xcode-27.0.0-Release.Candidate.app/Contents/Developer/Toolchains/XcodeDefault.xctoolchain/usr/bin/clang-stat-cache /Applications/Xcode-27.0.0-Release.Candidate.app/Contents/Developer/Platforms/AppleTVOS.platform/Developer/SDKs/AppleTVOS27.0.sdk -o /Users/admin/builder/spi-builder-workspace/.derivedData/SDKStatCaches.noindex/appletvos27.0-24J360-e829b21a6f8c9b70876ba0858053c044b32bfd8d43560033f8d89884cdb90028.sdkstatcache
CreateBuildDirectory /Users/admin/builder/spi-builder-workspace/.derivedData/Build/Products
cd /Users/admin/builder/spi-builder-workspace/.swiftpm/xcode
builtin-create-build-directory /Users/admin/builder/spi-builder-workspace/.derivedData/Build/Products
CreateBuildDirectory /Users/admin/builder/spi-builder-workspace/.derivedData/Build/Intermediates.noindex
cd /Users/admin/builder/spi-builder-workspace/.swiftpm/xcode
builtin-create-build-directory /Users/admin/builder/spi-builder-workspace/.derivedData/Build/Intermediates.noindex
CreateBuildDirectory /Users/admin/builder/spi-builder-workspace/.derivedData/Build/Products/Debug-appletvos
cd /Users/admin/builder/spi-builder-workspace/.swiftpm/xcode
builtin-create-build-directory /Users/admin/builder/spi-builder-workspace/.derivedData/Build/Products/Debug-appletvos
CreateBuildDirectory /Users/admin/builder/spi-builder-workspace/.derivedData/Build/Intermediates.noindex/SwiftExplicitPrecompiledModules
cd /Users/admin/builder/spi-builder-workspace/.swiftpm/xcode
builtin-create-build-directory /Users/admin/builder/spi-builder-workspace/.derivedData/Build/Intermediates.noindex/SwiftExplicitPrecompiledModules
CreateBuildDirectory /Users/admin/builder/spi-builder-workspace/.derivedData/Build/Intermediates.noindex/PrecompiledHeaders
cd /Users/admin/builder/spi-builder-workspace/.swiftpm/xcode
builtin-create-build-directory /Users/admin/builder/spi-builder-workspace/.derivedData/Build/Intermediates.noindex/PrecompiledHeaders
CreateBuildDirectory /Users/admin/builder/spi-builder-workspace/.derivedData/Build/Intermediates.noindex/ExplicitPrecompiledModules
cd /Users/admin/builder/spi-builder-workspace/.swiftpm/xcode
builtin-create-build-directory /Users/admin/builder/spi-builder-workspace/.derivedData/Build/Intermediates.noindex/ExplicitPrecompiledModules
CreateBuildDirectory /Users/admin/builder/spi-builder-workspace/.derivedData/Build/Intermediates.noindex/EagerLinkingTBDs/Debug-appletvos
cd /Users/admin/builder/spi-builder-workspace/.swiftpm/xcode
builtin-create-build-directory /Users/admin/builder/spi-builder-workspace/.derivedData/Build/Intermediates.noindex/EagerLinkingTBDs/Debug-appletvos
CreateBuildDirectory /Users/admin/builder/spi-builder-workspace/.derivedData/Build/Products/Debug-appletvos/PackageFrameworks
cd /Users/admin/builder/spi-builder-workspace/.swiftpm/xcode
builtin-create-build-directory /Users/admin/builder/spi-builder-workspace/.derivedData/Build/Products/Debug-appletvos/PackageFrameworks
WriteAuxiliaryFile /Users/admin/builder/spi-builder-workspace/.derivedData/Build/Intermediates.noindex/MockNetworking.build/Debug-appletvos/MockNetworking-t.build/MockNetworking.DependencyMetadataFileList (in target 'MockNetworking' from project 'MockNetworking')
cd /Users/admin/builder/spi-builder-workspace
write-file /Users/admin/builder/spi-builder-workspace/.derivedData/Build/Intermediates.noindex/MockNetworking.build/Debug-appletvos/MockNetworking-t.build/MockNetworking.DependencyMetadataFileList
WriteAuxiliaryFile /Users/admin/builder/spi-builder-workspace/.derivedData/Build/Intermediates.noindex/MockNetworking.build/Debug-appletvos/MockNetworking-t.build/MockNetworking.modulemap (in target 'MockNetworking' from project 'MockNetworking')
cd /Users/admin/builder/spi-builder-workspace
write-file /Users/admin/builder/spi-builder-workspace/.derivedData/Build/Intermediates.noindex/MockNetworking.build/Debug-appletvos/MockNetworking-t.build/MockNetworking.modulemap
WriteAuxiliaryFile /Users/admin/builder/spi-builder-workspace/.derivedData/Build/Intermediates.noindex/MockNetworking.build/Debug-appletvos/MockNetworking-t.build/MockNetworking.DependencyStaticMetadataFileList (in target 'MockNetworking' from project 'MockNetworking')
cd /Users/admin/builder/spi-builder-workspace
write-file /Users/admin/builder/spi-builder-workspace/.derivedData/Build/Intermediates.noindex/MockNetworking.build/Debug-appletvos/MockNetworking-t.build/MockNetworking.DependencyStaticMetadataFileList
WriteAuxiliaryFile /Users/admin/builder/spi-builder-workspace/.derivedData/Build/Intermediates.noindex/Konkyo.build/Debug-appletvos/Konkyo-t.build/Konkyo.modulemap (in target 'Konkyo' from project 'Konkyo')
cd /Users/admin/builder/spi-builder-workspace/.dependencies/checkouts/Konkyo
write-file /Users/admin/builder/spi-builder-workspace/.derivedData/Build/Intermediates.noindex/Konkyo.build/Debug-appletvos/Konkyo-t.build/Konkyo.modulemap
WriteAuxiliaryFile /Users/admin/builder/spi-builder-workspace/.derivedData/Build/Intermediates.noindex/MockNetworking.build/Debug-appletvos/MockNetworking-t.build/Objects-normal/arm64/MockNetworking.SwiftConstValuesFileList (in target 'MockNetworking' from project 'MockNetworking')
cd /Users/admin/builder/spi-builder-workspace
write-file /Users/admin/builder/spi-builder-workspace/.derivedData/Build/Intermediates.noindex/MockNetworking.build/Debug-appletvos/MockNetworking-t.build/Objects-normal/arm64/MockNetworking.SwiftConstValuesFileList
WriteAuxiliaryFile /Users/admin/builder/spi-builder-workspace/.derivedData/Build/Intermediates.noindex/MockNetworking.build/Debug-appletvos/MockNetworking-t.build/Objects-normal/arm64/MockNetworking.SwiftFileList (in target 'MockNetworking' from project 'MockNetworking')
cd /Users/admin/builder/spi-builder-workspace
write-file /Users/admin/builder/spi-builder-workspace/.derivedData/Build/Intermediates.noindex/MockNetworking.build/Debug-appletvos/MockNetworking-t.build/Objects-normal/arm64/MockNetworking.SwiftFileList
WriteAuxiliaryFile /Users/admin/builder/spi-builder-workspace/.derivedData/Build/Intermediates.noindex/MockNetworking.build/Debug-appletvos/MockNetworking-t.build/Objects-normal/arm64/MockNetworking.LinkFileList (in target 'MockNetworking' from project 'MockNetworking')
cd /Users/admin/builder/spi-builder-workspace
write-file /Users/admin/builder/spi-builder-workspace/.derivedData/Build/Intermediates.noindex/MockNetworking.build/Debug-appletvos/MockNetworking-t.build/Objects-normal/arm64/MockNetworking.LinkFileList
WriteAuxiliaryFile /Users/admin/builder/spi-builder-workspace/.derivedData/Build/Intermediates.noindex/MockNetworking.build/Debug-appletvos/MockNetworking-t.build/Objects-normal/arm64/MockNetworking_const_extract_protocols.json (in target 'MockNetworking' from project 'MockNetworking')
cd /Users/admin/builder/spi-builder-workspace
write-file /Users/admin/builder/spi-builder-workspace/.derivedData/Build/Intermediates.noindex/MockNetworking.build/Debug-appletvos/MockNetworking-t.build/Objects-normal/arm64/MockNetworking_const_extract_protocols.json
WriteAuxiliaryFile /Users/admin/builder/spi-builder-workspace/.derivedData/Build/Intermediates.noindex/MockNetworking.build/Debug-appletvos/MockNetworking-t.build/Objects-normal/arm64/MockNetworking-OutputFileMap.json (in target 'MockNetworking' from project 'MockNetworking')
cd /Users/admin/builder/spi-builder-workspace
write-file /Users/admin/builder/spi-builder-workspace/.derivedData/Build/Intermediates.noindex/MockNetworking.build/Debug-appletvos/MockNetworking-t.build/Objects-normal/arm64/MockNetworking-OutputFileMap.json
WriteAuxiliaryFile /Users/admin/builder/spi-builder-workspace/.derivedData/Build/Intermediates.noindex/Konkyo.build/Debug-appletvos/Konkyo-t.build/Objects-normal/arm64/Konkyo.SwiftFileList (in target 'Konkyo' from project 'Konkyo')
cd /Users/admin/builder/spi-builder-workspace/.dependencies/checkouts/Konkyo
write-file /Users/admin/builder/spi-builder-workspace/.derivedData/Build/Intermediates.noindex/Konkyo.build/Debug-appletvos/Konkyo-t.build/Objects-normal/arm64/Konkyo.SwiftFileList
WriteAuxiliaryFile /Users/admin/builder/spi-builder-workspace/.derivedData/Build/Intermediates.noindex/Konkyo.build/Debug-appletvos/Konkyo-t.build/Objects-normal/arm64/Konkyo_const_extract_protocols.json (in target 'Konkyo' from project 'Konkyo')
cd /Users/admin/builder/spi-builder-workspace/.dependencies/checkouts/Konkyo
write-file /Users/admin/builder/spi-builder-workspace/.derivedData/Build/Intermediates.noindex/Konkyo.build/Debug-appletvos/Konkyo-t.build/Objects-normal/arm64/Konkyo_const_extract_protocols.json
WriteAuxiliaryFile /Users/admin/builder/spi-builder-workspace/.derivedData/Build/Intermediates.noindex/Konkyo.build/Debug-appletvos/Konkyo-t.build/Objects-normal/arm64/Konkyo.SwiftConstValuesFileList (in target 'Konkyo' from project 'Konkyo')
cd /Users/admin/builder/spi-builder-workspace/.dependencies/checkouts/Konkyo
write-file /Users/admin/builder/spi-builder-workspace/.derivedData/Build/Intermediates.noindex/Konkyo.build/Debug-appletvos/Konkyo-t.build/Objects-normal/arm64/Konkyo.SwiftConstValuesFileList
Copy /Users/admin/builder/spi-builder-workspace/.derivedData/Build/Intermediates.noindex/GeneratedModuleMaps-appletvos/MockNetworking.modulemap /Users/admin/builder/spi-builder-workspace/.derivedData/Build/Intermediates.noindex/MockNetworking.build/Debug-appletvos/MockNetworking-t.build/MockNetworking.modulemap (in target 'MockNetworking' from project 'MockNetworking')
cd /Users/admin/builder/spi-builder-workspace
builtin-copy -exclude .DS_Store -exclude CVS -exclude .svn -exclude .git -exclude .hg -resolve-src-symlinks /Users/admin/builder/spi-builder-workspace/.derivedData/Build/Intermediates.noindex/MockNetworking.build/Debug-appletvos/MockNetworking-t.build/MockNetworking.modulemap /Users/admin/builder/spi-builder-workspace/.derivedData/Build/Intermediates.noindex/GeneratedModuleMaps-appletvos
WriteAuxiliaryFile /Users/admin/builder/spi-builder-workspace/.derivedData/Build/Intermediates.noindex/Konkyo.build/Debug-appletvos/Konkyo-t.build/Objects-normal/arm64/Konkyo.LinkFileList (in target 'Konkyo' from project 'Konkyo')
cd /Users/admin/builder/spi-builder-workspace/.dependencies/checkouts/Konkyo
write-file /Users/admin/builder/spi-builder-workspace/.derivedData/Build/Intermediates.noindex/Konkyo.build/Debug-appletvos/Konkyo-t.build/Objects-normal/arm64/Konkyo.LinkFileList
WriteAuxiliaryFile /Users/admin/builder/spi-builder-workspace/.derivedData/Build/Intermediates.noindex/Konkyo.build/Debug-appletvos/Konkyo-t.build/Objects-normal/arm64/Konkyo-OutputFileMap.json (in target 'Konkyo' from project 'Konkyo')
cd /Users/admin/builder/spi-builder-workspace/.dependencies/checkouts/Konkyo
write-file /Users/admin/builder/spi-builder-workspace/.derivedData/Build/Intermediates.noindex/Konkyo.build/Debug-appletvos/Konkyo-t.build/Objects-normal/arm64/Konkyo-OutputFileMap.json
WriteAuxiliaryFile /Users/admin/builder/spi-builder-workspace/.derivedData/Build/Intermediates.noindex/Konkyo.build/Debug-appletvos/Konkyo-t.build/Konkyo.DependencyStaticMetadataFileList (in target 'Konkyo' from project 'Konkyo')
cd /Users/admin/builder/spi-builder-workspace/.dependencies/checkouts/Konkyo
write-file /Users/admin/builder/spi-builder-workspace/.derivedData/Build/Intermediates.noindex/Konkyo.build/Debug-appletvos/Konkyo-t.build/Konkyo.DependencyStaticMetadataFileList
WriteAuxiliaryFile /Users/admin/builder/spi-builder-workspace/.derivedData/Build/Intermediates.noindex/Konkyo.build/Debug-appletvos/Konkyo-t.build/Konkyo.DependencyMetadataFileList (in target 'Konkyo' from project 'Konkyo')
cd /Users/admin/builder/spi-builder-workspace/.dependencies/checkouts/Konkyo
write-file /Users/admin/builder/spi-builder-workspace/.derivedData/Build/Intermediates.noindex/Konkyo.build/Debug-appletvos/Konkyo-t.build/Konkyo.DependencyMetadataFileList
Copy /Users/admin/builder/spi-builder-workspace/.derivedData/Build/Intermediates.noindex/GeneratedModuleMaps-appletvos/Konkyo.modulemap /Users/admin/builder/spi-builder-workspace/.derivedData/Build/Intermediates.noindex/Konkyo.build/Debug-appletvos/Konkyo-t.build/Konkyo.modulemap (in target 'Konkyo' from project 'Konkyo')
cd /Users/admin/builder/spi-builder-workspace/.dependencies/checkouts/Konkyo
builtin-copy -exclude .DS_Store -exclude CVS -exclude .svn -exclude .git -exclude .hg -resolve-src-symlinks /Users/admin/builder/spi-builder-workspace/.derivedData/Build/Intermediates.noindex/Konkyo.build/Debug-appletvos/Konkyo-t.build/Konkyo.modulemap /Users/admin/builder/spi-builder-workspace/.derivedData/Build/Intermediates.noindex/GeneratedModuleMaps-appletvos
SwiftDriver Konkyo normal arm64 com.apple.xcode.tools.swift.compiler (in target 'Konkyo' from project 'Konkyo')
cd /Users/admin/builder/spi-builder-workspace/.swiftpm/xcode
builtin-SwiftDriver -- /Applications/Xcode-27.0.0-Release.Candidate.app/Contents/Developer/Toolchains/XcodeDefault.xctoolchain/usr/bin/swiftc -parse-as-library -module-name Konkyo -Onone @/Users/admin/builder/spi-builder-workspace/.derivedData/Build/Intermediates.noindex/Konkyo.build/Debug-appletvos/Konkyo-t.build/Objects-normal/arm64/Konkyo.SwiftFileList -DSWIFT_PACKAGE -DDEBUG -DSWIFT_MODULE_RESOURCE_BUNDLE_UNAVAILABLE -DXcode -plugin-path /Applications/Xcode-27.0.0-Release.Candidate.app/Contents/Developer/Toolchains/XcodeDefault.xctoolchain/usr/lib/swift/host/plugins/testing -enable-experimental-feature DebugDescriptionMacro -sdk /Applications/Xcode-27.0.0-Release.Candidate.app/Contents/Developer/Platforms/AppleTVOS.platform/Developer/SDKs/AppleTVOS27.0.sdk -target arm64-apple-tvos18.0 -g -module-cache-path /Users/admin/builder/spi-builder-workspace/.derivedData/ModuleCache.noindex -Xfrontend -serialize-debugging-options -profile-coverage-mapping -profile-generate -enable-testing -suppress-warnings -index-store-path /Users/admin/builder/spi-builder-workspace/.derivedData/Index.noindex/DataStore -Xcc -D_LIBCPP_HARDENING_MODE\=_LIBCPP_HARDENING_MODE_DEBUG -swift-version 6 -I /Users/admin/builder/spi-builder-workspace/.derivedData/Build/Products/Debug-appletvos -Isystem /Applications/Xcode-27.0.0-Release.Candidate.app/Contents/Developer/Platforms/AppleTVOS.platform/Developer/usr/lib -F /Users/admin/builder/spi-builder-workspace/.derivedData/Build/Products/Debug-appletvos -F /Applications/Xcode-27.0.0-Release.Candidate.app/Contents/Developer/Platforms/AppleTVOS.platform/Developer/Library/Frameworks -F /Applications/Xcode-27.0.0-Release.Candidate.app/Contents/Developer/Platforms/AppleTVOS.platform/Developer/SDKs/AppleTVOS27.0.sdk/Developer/Library/Frameworks -c -j10 -enable-batch-mode -incremental -Xcc -ivfsstatcache -Xcc /Users/admin/builder/spi-builder-workspace/.derivedData/SDKStatCaches.noindex/appletvos27.0-24J360-e829b21a6f8c9b70876ba0858053c044b32bfd8d43560033f8d89884cdb90028.sdkstatcache -output-file-map /Users/admin/builder/spi-builder-workspace/.derivedData/Build/Intermediates.noindex/Konkyo.build/Debug-appletvos/Konkyo-t.build/Objects-normal/arm64/Konkyo-OutputFileMap.json -save-temps -no-color-diagnostics -explicit-module-build -module-cache-path /Users/admin/builder/spi-builder-workspace/.derivedData/Build/Intermediates.noindex/SwiftExplicitPrecompiledModules -clang-scanner-module-cache-path /Users/admin/builder/spi-builder-workspace/.derivedData/ModuleCache.noindex -sdk-module-cache-path /Users/admin/builder/spi-builder-workspace/.derivedData/SDKExplicitPrecompiledModules -emit-dependencies -emit-module -emit-module-path /Users/admin/builder/spi-builder-workspace/.derivedData/Build/Intermediates.noindex/Konkyo.build/Debug-appletvos/Konkyo-t.build/Objects-normal/arm64/Konkyo.swiftmodule -serialize-diagnostics -dependency-scan-serialize-diagnostics-path /Users/admin/builder/spi-builder-workspace/.derivedData/Build/Intermediates.noindex/Konkyo.build/Debug-appletvos/Konkyo-t.build/Objects-normal/arm64/Konkyo-dependency-scan.dia -user-module-version 0.5.2 -validate-clang-modules-once -clang-build-session-file /Users/admin/builder/spi-builder-workspace/.derivedData/ModuleCache.noindex/Session.modulevalidation -Xcc -fmodules-prune-interval\=86400 -Xcc -fmodules-prune-after\=345600 -package-name konkyo -emit-const-values -const-gather-protocols-list /Users/admin/builder/spi-builder-workspace/.derivedData/Build/Intermediates.noindex/Konkyo.build/Debug-appletvos/Konkyo-t.build/Objects-normal/arm64/Konkyo_const_extract_protocols.json -Xcc -I/Users/admin/builder/spi-builder-workspace/.derivedData/Build/Products/Debug-appletvos/include -Xcc -I/Users/admin/builder/spi-builder-workspace/.derivedData/Build/Intermediates.noindex/Konkyo.build/Debug-appletvos/Konkyo-t.build/DerivedSources-normal/arm64 -Xcc -I/Users/admin/builder/spi-builder-workspace/.derivedData/Build/Intermediates.noindex/Konkyo.build/Debug-appletvos/Konkyo-t.build/DerivedSources/arm64 -Xcc -I/Users/admin/builder/spi-builder-workspace/.derivedData/Build/Intermediates.noindex/Konkyo.build/Debug-appletvos/Konkyo-t.build/DerivedSources -Xcc -DSWIFT_PACKAGE -Xcc -DDEBUG\=1 -emit-objc-header -emit-objc-header-path /Users/admin/builder/spi-builder-workspace/.derivedData/Build/Intermediates.noindex/Konkyo.build/Debug-appletvos/Konkyo-t.build/Objects-normal/arm64/Konkyo-Swift.h -working-directory /Users/admin/builder/spi-builder-workspace/.swiftpm/xcode -experimental-emit-module-separately -disable-cmo
SwiftExplicitDependencyGeneratePcm arm64 /Users/admin/builder/spi-builder-workspace/.derivedData/SDKExplicitPrecompiledModules/DeveloperToolsSupport-CJV8SY9BXJUTONPFWMLQEGTXA.pcm
SwiftExplicitDependencyGeneratePcm arm64 /Users/admin/builder/spi-builder-workspace/.derivedData/SDKExplicitPrecompiledModules/_Builtin_stddef-1MAO6P3OSQFGZFQEPM31XXNSS.pcm
SwiftExplicitDependencyGeneratePcm arm64 /Users/admin/builder/spi-builder-workspace/.derivedData/SDKExplicitPrecompiledModules/ptrcheck-BA65H1NXYZJ0BLLWO9HZOAZ6Y.pcm
SwiftExplicitDependencyGeneratePcm arm64 /Users/admin/builder/spi-builder-workspace/.derivedData/SDKExplicitPrecompiledModules/ptrauth-EMKXYE8GN9BK4M3ODSTVDUJU2.pcm
SwiftExplicitDependencyGeneratePcm arm64 /Users/admin/builder/spi-builder-workspace/.derivedData/SDKExplicitPrecompiledModules/_SwiftConcurrencyShims-3HZGHPZQL3GY71QUHDRB0P39S.pcm
SwiftExplicitDependencyGeneratePcm arm64 /Users/admin/builder/spi-builder-workspace/.derivedData/SDKExplicitPrecompiledModules/_Builtin_float-3RF4B70MBHPP952AX3GNZ8W3H.pcm
SwiftExplicitDependencyGeneratePcm arm64 /Users/admin/builder/spi-builder-workspace/.derivedData/SDKExplicitPrecompiledModules/SwiftShims-73G9EXEO9PVWB6PL1BR4TAJ0B.pcm
SwiftExplicitDependencyGeneratePcm arm64 /Users/admin/builder/spi-builder-workspace/.derivedData/SDKExplicitPrecompiledModules/_Builtin_stdbool-4UUPXTY52W6RPSB0N2WGGLTJT.pcm
SwiftExplicitDependencyGeneratePcm arm64 /Users/admin/builder/spi-builder-workspace/.derivedData/SDKExplicitPrecompiledModules/_AvailabilityInternal-99L1JVU5TYE8S0FGGB7E09QQS.pcm
SwiftExplicitDependencyGeneratePcm arm64 /Users/admin/builder/spi-builder-workspace/.derivedData/SDKExplicitPrecompiledModules/_Builtin_stdarg-719DH4G2R3NRP3HRX5HE8WX08.pcm
SwiftExplicitDependencyGeneratePcm arm64 /Users/admin/builder/spi-builder-workspace/.derivedData/SDKExplicitPrecompiledModules/_DarwinFoundation1-90NUFDXQ765U5FR62173FT21A.pcm
SwiftExplicitDependencyGeneratePcm arm64 /Users/admin/builder/spi-builder-workspace/.derivedData/SDKExplicitPrecompiledModules/_DarwinFoundation2-EPKSYG5WMVE7WSPFQB4C0UC59.pcm
SwiftExplicitDependencyGeneratePcm arm64 /Users/admin/builder/spi-builder-workspace/.derivedData/SDKExplicitPrecompiledModules/_Builtin_limits-3JICJWOCEYXXXNXAMEJBF6UQN.pcm
SwiftExplicitDependencyGeneratePcm arm64 /Users/admin/builder/spi-builder-workspace/.derivedData/SDKExplicitPrecompiledModules/string_h-B6D36UOVIZC2Y0YE3KEZLZAP6.pcm
SwiftExplicitDependencyGeneratePcm arm64 /Users/admin/builder/spi-builder-workspace/.derivedData/SDKExplicitPrecompiledModules/_Builtin_tgmath-320K271Z6IM134IWIB7S3LTD.pcm
SwiftExplicitDependencyGeneratePcm arm64 /Users/admin/builder/spi-builder-workspace/.derivedData/SDKExplicitPrecompiledModules/sys_types-CATSGLJDZ8UZUMKHO6M4I4PJT.pcm
SwiftExplicitDependencyGeneratePcm arm64 /Users/admin/builder/spi-builder-workspace/.derivedData/SDKExplicitPrecompiledModules/_Builtin_stdint-A8OKY0NXO26BZ4GWYKP79TKL9.pcm
SwiftExplicitDependencyGeneratePcm arm64 /Users/admin/builder/spi-builder-workspace/.derivedData/SDKExplicitPrecompiledModules/_DarwinFoundation3-63L5I5VCGX6CLI6HI7OWUXJN6.pcm
SwiftExplicitDependencyGeneratePcm arm64 /Users/admin/builder/spi-builder-workspace/.derivedData/SDKExplicitPrecompiledModules/_Builtin_intrinsics-AQDFY8KQQX9Z38C6EI15S53EQ.pcm
SwiftExplicitDependencyGeneratePcm arm64 /Users/admin/builder/spi-builder-workspace/.derivedData/SDKExplicitPrecompiledModules/_Builtin_stdatomic-71DQV8BR56LNANL900GGEC9KO.pcm
SwiftExplicitDependencyGeneratePcm arm64 /Users/admin/builder/spi-builder-workspace/.derivedData/SDKExplicitPrecompiledModules/_Builtin_inttypes-80RS02PM2X81SP8N0Q7X05540.pcm
SwiftExplicitDependencyGeneratePcm arm64 /Users/admin/builder/spi-builder-workspace/.derivedData/SDKExplicitPrecompiledModules/Darwin-1VTILT8KA42CNDAUB0H1FM7MC.pcm
SwiftExplicitDependencyGeneratePcm arm64 /Users/admin/builder/spi-builder-workspace/.derivedData/SDKExplicitPrecompiledModules/simd-D50CDGAQRFNF5E2BA2UWCCHLJ.pcm
SwiftExplicitDependencyGeneratePcm arm64 /Users/admin/builder/spi-builder-workspace/.derivedData/SDKExplicitPrecompiledModules/ObjectiveC-CC0BYHG21IQMMT48PGDNSK7G6.pcm
SwiftExplicitDependencyGeneratePcm arm64 /Users/admin/builder/spi-builder-workspace/.derivedData/SDKExplicitPrecompiledModules/MachO-A5KLTMTLJD1DPHEYPZHUSRJ4O.pcm
SwiftExplicitDependencyGeneratePcm arm64 /Users/admin/builder/spi-builder-workspace/.derivedData/SDKExplicitPrecompiledModules/os_object-1TJLDNS7X3UT7Y5TM4QQ2RN6G.pcm
SwiftExplicitDependencyGeneratePcm arm64 /Users/admin/builder/spi-builder-workspace/.derivedData/SDKExplicitPrecompiledModules/os_workgroup-E61GF9E8FAHZGKXVOV9QHUD27.pcm
SwiftExplicitDependencyGeneratePcm arm64 /Users/admin/builder/spi-builder-workspace/.derivedData/SDKExplicitPrecompiledModules/Dispatch-F564M6B2H1RRD83XZ8EBWFSHE.pcm
SwiftExplicitDependencyGeneratePcm arm64 /Users/admin/builder/spi-builder-workspace/.derivedData/SDKExplicitPrecompiledModules/Spatial-2KZFBWN278VTZL619Y96SAJC9.pcm
SwiftExplicitDependencyGeneratePcm arm64 /Users/admin/builder/spi-builder-workspace/.derivedData/SDKExplicitPrecompiledModules/CoreFoundation-A4LOYEEJIFQKOPZRDOG9M3N2K.pcm
SwiftExplicitDependencyGeneratePcm arm64 /Users/admin/builder/spi-builder-workspace/.derivedData/SDKExplicitPrecompiledModules/XPC-2WVXL0UION0MYZOZAJZC6DUXD.pcm
SwiftExplicitDependencyGeneratePcm arm64 /Users/admin/builder/spi-builder-workspace/.derivedData/SDKExplicitPrecompiledModules/os-4NLIUP5HHN7FW5ML70YLEU8QE.pcm
SwiftExplicitDependencyGeneratePcm arm64 /Users/admin/builder/spi-builder-workspace/.derivedData/SDKExplicitPrecompiledModules/CFNetwork-8S7XZ5SI3TWM2JOZPDZPRY8W9.pcm
SwiftExplicitDependencyGeneratePcm arm64 /Users/admin/builder/spi-builder-workspace/.derivedData/SDKExplicitPrecompiledModules/CoreAudioTypes-3D575H9KXE9GWSK6ZWEWBV9TM.pcm
SwiftExplicitDependencyGeneratePcm arm64 /Users/admin/builder/spi-builder-workspace/.derivedData/SDKExplicitPrecompiledModules/Security-6KU6X9W8QDIJW83JUF0DRES83.pcm
SwiftExplicitDependencyGeneratePcm arm64 /Users/admin/builder/spi-builder-workspace/.derivedData/SDKExplicitPrecompiledModules/CoreGraphics-D8Y0X4J52BHG7HHUQLTX6SXE1.pcm
SwiftExplicitDependencyGeneratePcm arm64 /Users/admin/builder/spi-builder-workspace/.derivedData/SDKExplicitPrecompiledModules/CoreAudio-46JNU59TK6U76A9ILN06CT9NS.pcm
SwiftExplicitDependencyGeneratePcm arm64 /Users/admin/builder/spi-builder-workspace/.derivedData/SDKExplicitPrecompiledModules/Foundation-1AS5K10MY6XENLLR2NDUCKYTM.pcm
SwiftExplicitDependencyGeneratePcm arm64 /Users/admin/builder/spi-builder-workspace/.derivedData/SDKExplicitPrecompiledModules/ImageIO-48DA7ET77Q34HPZP9CPHI9VS4.pcm
SwiftExplicitDependencyGeneratePcm arm64 /Users/admin/builder/spi-builder-workspace/.derivedData/SDKExplicitPrecompiledModules/CoreText-E0GG8D3D527TJX7D2QEHFQLM2.pcm
SwiftExplicitDependencyGeneratePcm arm64 /Users/admin/builder/spi-builder-workspace/.derivedData/SDKExplicitPrecompiledModules/CoreTransferable-84B3V3M9DHRIQERK179SSQO5U.pcm
SwiftExplicitDependencyGeneratePcm arm64 /Users/admin/builder/spi-builder-workspace/.derivedData/SDKExplicitPrecompiledModules/OSLog-1UX1YGRJSIOEO9YC3MNFFD818.pcm
SwiftExplicitDependencyGeneratePcm arm64 /Users/admin/builder/spi-builder-workspace/.derivedData/SDKExplicitPrecompiledModules/_LocationEssentials-2OY9351FRBO717MIULOKMYA9E.pcm
SwiftExplicitDependencyGeneratePcm arm64 /Users/admin/builder/spi-builder-workspace/.derivedData/SDKExplicitPrecompiledModules/DataDetection-9IX0C1MAX33MS6TCZDSNKXEO8.pcm
SwiftExplicitDependencyGeneratePcm arm64 /Users/admin/builder/spi-builder-workspace/.derivedData/SDKExplicitPrecompiledModules/UIUtilities-9NQVCWATNLLVY125LB74695HY.pcm
SwiftExplicitDependencyGeneratePcm arm64 /Users/admin/builder/spi-builder-workspace/.derivedData/SDKExplicitPrecompiledModules/IOSurface-DEQULTJ8SC21O986FDCNTM8FX.pcm
SwiftExplicitDependencyGeneratePcm arm64 /Users/admin/builder/spi-builder-workspace/.derivedData/SDKExplicitPrecompiledModules/CoreData-3R0N6HKKQMVS32U7KOKR14383.pcm
SwiftExplicitDependencyGeneratePcm arm64 /Users/admin/builder/spi-builder-workspace/.derivedData/SDKExplicitPrecompiledModules/Symbols-9TNA7JIKOEYVTYC7A16HCS4Z8.pcm
SwiftExplicitDependencyGeneratePcm arm64 /Users/admin/builder/spi-builder-workspace/.derivedData/SDKExplicitPrecompiledModules/UniformTypeIdentifiers-DQ77M7R0D7VCBK0YUO3VHCRB1.pcm
SwiftExplicitDependencyGeneratePcm arm64 /Users/admin/builder/spi-builder-workspace/.derivedData/SDKExplicitPrecompiledModules/UserNotifications-AKH3GC0FQWUK55FNTW4WEMFQE.pcm
SwiftExplicitDependencyGeneratePcm arm64 /Users/admin/builder/spi-builder-workspace/.derivedData/SDKExplicitPrecompiledModules/Accessibility-EAPB6A95K5V0S27QNKR6ATG7F.pcm
SwiftExplicitDependencyGeneratePcm arm64 /Users/admin/builder/spi-builder-workspace/.derivedData/SDKExplicitPrecompiledModules/CoreLocation-6939X9DMB2SA43P0TYB7Z14Z5.pcm
SwiftExplicitDependencyGeneratePcm arm64 /Users/admin/builder/spi-builder-workspace/.derivedData/SDKExplicitPrecompiledModules/Metal-52GB3RCZ6A2WEZ7RWCXV2WL0N.pcm
SwiftExplicitDependencyGeneratePcm arm64 /Users/admin/builder/spi-builder-workspace/.derivedData/SDKExplicitPrecompiledModules/OpenGLES-6Y33D4DDPO1R82EJXT1SIGNPS.pcm
SwiftExplicitDependencyGeneratePcm arm64 /Users/admin/builder/spi-builder-workspace/.derivedData/SDKExplicitPrecompiledModules/CoreVideo-5G4VAY32QMJB00PUALI6188LK.pcm
SwiftExplicitDependencyGeneratePcm arm64 /Users/admin/builder/spi-builder-workspace/.derivedData/SDKExplicitPrecompiledModules/CoreMedia-43BPYBY7ZACBDCUTAJXJFLTBP.pcm
SwiftExplicitDependencyGeneratePcm arm64 /Users/admin/builder/spi-builder-workspace/.derivedData/SDKExplicitPrecompiledModules/CoreImage-ATUQ374FIDJPA1DF5BLR644CG.pcm
SwiftExplicitDependencyGeneratePcm arm64 /Users/admin/builder/spi-builder-workspace/.derivedData/SDKExplicitPrecompiledModules/QuartzCore-DSNZZA81DYNK4OK1ANRR6HM7G.pcm
SwiftExplicitDependencyGeneratePcm arm64 /Users/admin/builder/spi-builder-workspace/.derivedData/SDKExplicitPrecompiledModules/SwiftUICore-7SJQ9GB90ACGZV5NB09LFJIRX.pcm
SwiftExplicitDependencyGeneratePcm arm64 /Users/admin/builder/spi-builder-workspace/.derivedData/SDKExplicitPrecompiledModules/UIKit-42T2ZGON9LDZUXRIAUKELQ554.pcm
SwiftExplicitDependencyGeneratePcm arm64 /Users/admin/builder/spi-builder-workspace/.derivedData/SDKExplicitPrecompiledModules/SwiftUI-B634212FU5XQXG1OEBY2WYYH3.pcm
SwiftCompile normal arm64 Compiling\ Condition.swift /Users/admin/builder/spi-builder-workspace/.dependencies/checkouts/Konkyo/Sources/Konkyo/Threading/Condition.swift (in target 'Konkyo' from project 'Konkyo')
SwiftCompile normal arm64 /Users/admin/builder/spi-builder-workspace/.dependencies/checkouts/Konkyo/Sources/Konkyo/Threading/Condition.swift (in target 'Konkyo' from project 'Konkyo')
cd /Users/admin/builder/spi-builder-workspace/.swiftpm/xcode
builtin-SwiftPerFileCompile Condition.swift
SwiftEmitModule normal arm64 Emitting\ module\ for\ Konkyo (in target 'Konkyo' from project 'Konkyo')
SwiftCompile normal arm64 (in target 'Konkyo' from project 'Konkyo')
cd /Users/admin/builder/spi-builder-workspace/.swiftpm/xcode
SwiftCompile normal arm64 Compiling\ AsynchronousOperationBase.swift /Users/admin/builder/spi-builder-workspace/.dependencies/checkouts/Konkyo/Sources/Konkyo/Threading/AsynchronousOperationBase.swift (in target 'Konkyo' from project 'Konkyo')
SwiftCompile normal arm64 /Users/admin/builder/spi-builder-workspace/.dependencies/checkouts/Konkyo/Sources/Konkyo/Threading/AsynchronousOperationBase.swift (in target 'Konkyo' from project 'Konkyo')
cd /Users/admin/builder/spi-builder-workspace/.swiftpm/xcode
builtin-SwiftPerFileCompile AsynchronousOperationBase.swift
SwiftCompile normal arm64 Compiling\ Mutex.swift /Users/admin/builder/spi-builder-workspace/.dependencies/checkouts/Konkyo/Sources/Konkyo/Threading/Mutex.swift (in target 'Konkyo' from project 'Konkyo')
SwiftCompile normal arm64 /Users/admin/builder/spi-builder-workspace/.dependencies/checkouts/Konkyo/Sources/Konkyo/Threading/Mutex.swift (in target 'Konkyo' from project 'Konkyo')
cd /Users/admin/builder/spi-builder-workspace/.swiftpm/xcode
builtin-SwiftPerFileCompile Mutex.swift
SwiftCompile normal arm64 Compiling\ Atomic.swift /Users/admin/builder/spi-builder-workspace/.dependencies/checkouts/Konkyo/Sources/Konkyo/Threading/Atomic.swift (in target 'Konkyo' from project 'Konkyo')
SwiftCompile normal arm64 /Users/admin/builder/spi-builder-workspace/.dependencies/checkouts/Konkyo/Sources/Konkyo/Threading/Atomic.swift (in target 'Konkyo' from project 'Konkyo')
cd /Users/admin/builder/spi-builder-workspace/.swiftpm/xcode
builtin-SwiftPerFileCompile Atomic.swift
SwiftCompile normal arm64 Compiling\ ViewExtension.swift,\ CPUInfo.swift /Users/admin/builder/spi-builder-workspace/.dependencies/checkouts/Konkyo/Sources/Konkyo/SwiftUI/ViewExtension.swift /Users/admin/builder/spi-builder-workspace/.dependencies/checkouts/Konkyo/Sources/Konkyo/System\ Info/CPUInfo.swift (in target 'Konkyo' from project 'Konkyo')
SwiftCompile normal arm64 /Users/admin/builder/spi-builder-workspace/.dependencies/checkouts/Konkyo/Sources/Konkyo/SwiftUI/ViewExtension.swift (in target 'Konkyo' from project 'Konkyo')
cd /Users/admin/builder/spi-builder-workspace/.swiftpm/xcode
builtin-SwiftPerFileCompile ViewExtension.swift
SwiftCompile normal arm64 /Users/admin/builder/spi-builder-workspace/.dependencies/checkouts/Konkyo/Sources/Konkyo/System\ Info/CPUInfo.swift (in target 'Konkyo' from project 'Konkyo')
cd /Users/admin/builder/spi-builder-workspace/.swiftpm/xcode
builtin-SwiftPerFileCompile CPUInfo.swift
SwiftCompile normal arm64 Compiling\ LoggingExtensions.swift,\ ViewModel.swift /Users/admin/builder/spi-builder-workspace/.dependencies/checkouts/Konkyo/Sources/Konkyo/Logging/LoggingExtensions.swift /Users/admin/builder/spi-builder-workspace/.dependencies/checkouts/Konkyo/Sources/Konkyo/MVVM/ViewModel.swift (in target 'Konkyo' from project 'Konkyo')
SwiftCompile normal arm64 /Users/admin/builder/spi-builder-workspace/.dependencies/checkouts/Konkyo/Sources/Konkyo/Logging/LoggingExtensions.swift (in target 'Konkyo' from project 'Konkyo')
cd /Users/admin/builder/spi-builder-workspace/.swiftpm/xcode
builtin-SwiftPerFileCompile LoggingExtensions.swift
SwiftCompile normal arm64 /Users/admin/builder/spi-builder-workspace/.dependencies/checkouts/Konkyo/Sources/Konkyo/MVVM/ViewModel.swift (in target 'Konkyo' from project 'Konkyo')
cd /Users/admin/builder/spi-builder-workspace/.swiftpm/xcode
builtin-SwiftPerFileCompile ViewModel.swift
SwiftCompile normal arm64 Compiling\ NetworkingExtensions.swift,\ Settings.swift /Users/admin/builder/spi-builder-workspace/.dependencies/checkouts/Konkyo/Sources/Konkyo/Networking/NetworkingExtensions.swift /Users/admin/builder/spi-builder-workspace/.dependencies/checkouts/Konkyo/Sources/Konkyo/PropertyWrappers/Settings.swift (in target 'Konkyo' from project 'Konkyo')
SwiftCompile normal arm64 /Users/admin/builder/spi-builder-workspace/.dependencies/checkouts/Konkyo/Sources/Konkyo/Networking/NetworkingExtensions.swift (in target 'Konkyo' from project 'Konkyo')
cd /Users/admin/builder/spi-builder-workspace/.swiftpm/xcode
builtin-SwiftPerFileCompile NetworkingExtensions.swift
SwiftCompile normal arm64 /Users/admin/builder/spi-builder-workspace/.dependencies/checkouts/Konkyo/Sources/Konkyo/PropertyWrappers/Settings.swift (in target 'Konkyo' from project 'Konkyo')
cd /Users/admin/builder/spi-builder-workspace/.swiftpm/xcode
builtin-SwiftPerFileCompile Settings.swift
SwiftCompile normal arm64 Compiling\ NSLockExtensions.swift,\ UIApplicationExtensions.swift /Users/admin/builder/spi-builder-workspace/.dependencies/checkouts/Konkyo/Sources/Konkyo/Extensions/NSLockExtensions.swift /Users/admin/builder/spi-builder-workspace/.dependencies/checkouts/Konkyo/Sources/Konkyo/Extensions/UIApplicationExtensions.swift (in target 'Konkyo' from project 'Konkyo')
/Users/admin/builder/spi-builder-workspace/.dependencies/checkouts/Konkyo/Sources/Konkyo/Extensions/UIApplicationExtensions.swift:28:16: error: reference to member 'keyWindow' cannot be resolved without a contextual type
26 | .compactMap({ $0 as? UIWindowScene })
27 | .first?.windows
28 | .compactMap(\.keyWindow)
| `- error: reference to member 'keyWindow' cannot be resolved without a contextual type
29 | .first
30 | }
Failed frontend command:
SwiftCompile normal arm64 /Users/admin/builder/spi-builder-workspace/.dependencies/checkouts/Konkyo/Sources/Konkyo/Extensions/NSLockExtensions.swift (in target 'Konkyo' from project 'Konkyo')
cd /Users/admin/builder/spi-builder-workspace/.swiftpm/xcode
builtin-SwiftPerFileCompile NSLockExtensions.swift
SwiftCompile normal arm64 /Users/admin/builder/spi-builder-workspace/.dependencies/checkouts/Konkyo/Sources/Konkyo/Extensions/UIApplicationExtensions.swift (in target 'Konkyo' from project 'Konkyo')
cd /Users/admin/builder/spi-builder-workspace/.swiftpm/xcode
builtin-SwiftPerFileCompile UIApplicationExtensions.swift
/Applications/Xcode-27.0.0-Release.Candidate.app/Contents/Developer/Toolchains/XcodeDefault.xctoolchain/usr/bin/swift-frontend -frontend -c /Users/admin/builder/spi-builder-workspace/.dependencies/checkouts/Konkyo/Sources/Konkyo/Data\ Structures/RollingDictionary.swift /Users/admin/builder/spi-builder-workspace/.dependencies/checkouts/Konkyo/Sources/Konkyo/Debouncer.swift -primary-file /Users/admin/builder/spi-builder-workspace/.dependencies/checkouts/Konkyo/Sources/Konkyo/Extensions/NSLockExtensions.swift -primary-file /Users/admin/builder/spi-builder-workspace/.dependencies/checkouts/Konkyo/Sources/Konkyo/Extensions/UIApplicationExtensions.swift /Users/admin/builder/spi-builder-workspace/.dependencies/checkouts/Konkyo/Sources/Konkyo/Initialization.swift /Users/admin/builder/spi-builder-workspace/.dependencies/checkouts/Konkyo/Sources/Konkyo/Logging/Log.swift /Users/admin/builder/spi-builder-workspace/.dependencies/checkouts/Konkyo/Sources/Konkyo/Logging/LoggingExtensions.swift /Users/admin/builder/spi-builder-workspace/.dependencies/checkouts/Konkyo/Sources/Konkyo/MVVM/ViewModel.swift /Users/admin/builder/spi-builder-workspace/.dependencies/checkouts/Konkyo/Sources/Konkyo/Networking/NetworkingExtensions.swift /Users/admin/builder/spi-builder-workspace/.dependencies/checkouts/Konkyo/Sources/Konkyo/PropertyWrappers/Settings.swift /Users/admin/builder/spi-builder-workspace/.dependencies/checkouts/Konkyo/Sources/Konkyo/SwiftUI/ViewExtension.swift /Users/admin/builder/spi-builder-workspace/.dependencies/checkouts/Konkyo/Sources/Konkyo/System\ Info/CPUInfo.swift /Users/admin/builder/spi-builder-workspace/.dependencies/checkouts/Konkyo/Sources/Konkyo/Threading/AsynchronousOperationBase.swift /Users/admin/builder/spi-builder-workspace/.dependencies/checkouts/Konkyo/Sources/Konkyo/Threading/Atomic.swift /Users/admin/builder/spi-builder-workspace/.dependencies/checkouts/Konkyo/Sources/Konkyo/Threading/Condition.swift /Users/admin/builder/spi-builder-workspace/.dependencies/checkouts/Konkyo/Sources/Konkyo/Threading/Mutex.swift -emit-dependencies-path /Users/admin/builder/spi-builder-workspace/.derivedData/Build/Intermediates.noindex/Konkyo.build/Debug-appletvos/Konkyo-t.build/Objects-normal/arm64/NSLockExtensions.d -emit-const-values-path /Users/admin/builder/spi-builder-workspace/.derivedData/Build/Intermediates.noindex/Konkyo.build/Debug-appletvos/Konkyo-t.build/Objects-normal/arm64/NSLockExtensions.swiftconstvalues -emit-reference-dependencies-path /Users/admin/builder/spi-builder-workspace/.derivedData/Build/Intermediates.noindex/Konkyo.build/Debug-appletvos/Konkyo-t.build/Objects-normal/arm64/NSLockExtensions.swiftdeps -serialize-diagnostics-path /Users/admin/builder/spi-builder-workspace/.derivedData/Build/Intermediates.noindex/Konkyo.build/Debug-appletvos/Konkyo-t.build/Objects-normal/arm64/NSLockExtensions.dia -emit-dependencies-path /Users/admin/builder/spi-builder-workspace/.derivedData/Build/Intermediates.noindex/Konkyo.build/Debug-appletvos/Konkyo-t.build/Objects-normal/arm64/UIApplicationExtensions.d -emit-const-values-path /Users/admin/builder/spi-builder-workspace/.derivedData/Build/Intermediates.noindex/Konkyo.build/Debug-appletvos/Konkyo-t.build/Objects-normal/arm64/UIApplicationExtensions.swiftconstvalues -emit-reference-dependencies-path /Users/admin/builder/spi-builder-workspace/.derivedData/Build/Intermediates.noindex/Konkyo.build/Debug-appletvos/Konkyo-t.build/Objects-normal/arm64/UIApplicationExtensions.swiftdeps -serialize-diagnostics-path /Users/admin/builder/spi-builder-workspace/.derivedData/Build/Intermediates.noindex/Konkyo.build/Debug-appletvos/Konkyo-t.build/Objects-normal/arm64/UIApplicationExtensions.dia -target arm64-apple-tvos18.0 -module-can-import-version UIKit 9127.0.84.1 9127.0.84 -disable-cross-import-overlay-search -swift-module-cross-import Darwin /Applications/Xcode-27.0.0-Release.Candidate.app/Contents/Developer/Platforms/AppleTVOS.platform/Developer/SDKs/AppleTVOS.sdk/usr/include/Darwin.swiftcrossimport/xlocale.swiftoverlay -load-resolved-plugin /Applications/Xcode-27.0.0-Release.Candidate.app/Contents/Developer/Platforms/AppleTVOS.platform/Developer/usr/lib/swift/host/plugins/libFoundationMacros.dylib\#/Applications/Xcode-27.0.0-Release.Candidate.app/Contents/Developer/Platforms/AppleTVOS.platform/Developer/usr/bin/swift-plugin-server\#FoundationMacros -load-resolved-plugin /Applications/Xcode-27.0.0-Release.Candidate.app/Contents/Developer/Platforms/AppleTVOS.platform/Developer/usr/lib/swift/host/plugins/libObservationMacros.dylib\#/Applications/Xcode-27.0.0-Release.Candidate.app/Contents/Developer/Platforms/AppleTVOS.platform/Developer/usr/bin/swift-plugin-server\#ObservationMacros -load-resolved-plugin /Applications/Xcode-27.0.0-Release.Candidate.app/Contents/Developer/Platforms/AppleTVOS.platform/Developer/usr/lib/swift/host/plugins/libPreviewsMacros.dylib\#/Applications/Xcode-27.0.0-Release.Candidate.app/Contents/Developer/Platforms/AppleTVOS.platform/Developer/usr/bin/swift-plugin-server\#PreviewsMacros -load-resolved-plugin /Applications/Xcode-27.0.0-Release.Candidate.app/Contents/Developer/Platforms/AppleTVOS.platform/Developer/usr/lib/swift/host/plugins/libSwiftMacros.dylib\#/Applications/Xcode-27.0.0-Release.Candidate.app/Contents/Developer/Platforms/AppleTVOS.platform/Developer/usr/bin/swift-plugin-server\#SwiftMacros -load-resolved-plugin /Applications/Xcode-27.0.0-Release.Candidate.app/Contents/Developer/Platforms/AppleTVOS.platform/Developer/usr/lib/swift/host/plugins/libSwiftUIMacros.dylib\#/Applications/Xcode-27.0.0-Release.Candidate.app/Contents/Developer/Platforms/AppleTVOS.platform/Developer/usr/bin/swift-plugin-server\#SwiftUIMacros -disable-implicit-swift-modules -Xcc -fno-implicit-modules -Xcc -fno-implicit-module-maps -explicit-swift-module-map-file /Users/admin/builder/spi-builder-workspace/.derivedData/Build/Intermediates.noindex/Konkyo.build/Debug-appletvos/Konkyo-t.build/Objects-normal/arm64/Konkyo-dependencies-1.json -Xllvm -aarch64-use-tbi -enable-objc-interop -stack-check -sdk /Applications/Xcode-27.0.0-Release.Candidate.app/Contents/Developer/Platforms/AppleTVOS.platform/Developer/SDKs/AppleTVOS27.0.sdk -I /Users/admin/builder/spi-builder-workspace/.derivedData/Build/Products/Debug-appletvos -Isystem /Applications/Xcode-27.0.0-Release.Candidate.app/Contents/Developer/Platforms/AppleTVOS.platform/Developer/usr/lib -F /Users/admin/builder/spi-builder-workspace/.derivedData/Build/Products/Debug-appletvos -F /Applications/Xcode-27.0.0-Release.Candidate.app/Contents/Developer/Platforms/AppleTVOS.platform/Developer/Library/Frameworks -F /Applications/Xcode-27.0.0-Release.Candidate.app/Contents/Developer/Platforms/AppleTVOS.platform/Developer/SDKs/AppleTVOS27.0.sdk/Developer/Library/Frameworks -module-cache-path /Users/admin/builder/spi-builder-workspace/.derivedData/Build/Intermediates.noindex/SwiftExplicitPrecompiledModules -no-color-diagnostics -Xcc -fno-color-diagnostics -enable-testing -g -debug-info-format\=dwarf -dwarf-version\=5 -suppress-warnings -profile-generate -profile-coverage-mapping -swift-version 6 -Onone -D SWIFT_PACKAGE -D DEBUG -D SWIFT_MODULE_RESOURCE_BUNDLE_UNAVAILABLE -D Xcode -serialize-debugging-options -enable-experimental-feature DebugDescriptionMacro -empty-abi-descriptor -user-module-version 0.5.2 -validate-clang-modules-once -clang-build-session-file /Users/admin/builder/spi-builder-workspace/.derivedData/ModuleCache.noindex/Session.modulevalidation -Xcc -working-directory -Xcc /Users/admin/builder/spi-builder-workspace/.swiftpm/xcode -enable-anonymous-context-mangled-names -file-compilation-dir /Users/admin/builder/spi-builder-workspace/.swiftpm/xcode -Xcc -D_LIBCPP_HARDENING_MODE\=_LIBCPP_HARDENING_MODE_DEBUG -Xcc -ivfsstatcache -Xcc /Users/admin/builder/spi-builder-workspace/.derivedData/SDKStatCaches.noindex/appletvos27.0-24J360-e829b21a6f8c9b70876ba0858053c044b32bfd8d43560033f8d89884cdb90028.sdkstatcache -Xcc -fmodules-prune-interval\=86400 -Xcc -fmodules-prune-after\=345600 -Xcc -I/Users/admin/builder/spi-builder-workspace/.derivedData/Build/Products/Debug-appletvos/include -Xcc -I/Users/admin/builder/spi-builder-workspace/.derivedData/Build/Intermediates.noindex/Konkyo.build/Debug-appletvos/Konkyo-t.build/DerivedSources-normal/arm64 -Xcc -I/Users/admin/builder/spi-builder-workspace/.derivedData/Build/Intermediates.noindex/Konkyo.build/Debug-appletvos/Konkyo-t.build/DerivedSources/arm64 -Xcc -I/Users/admin/builder/spi-builder-workspace/.derivedData/Build/Intermediates.noindex/Konkyo.build/Debug-appletvos/Konkyo-t.build/DerivedSources -Xcc -DSWIFT_PACKAGE -Xcc -DDEBUG\=1 -no-auto-bridging-header-chaining -module-name Konkyo -package-name konkyo -const-gather-protocols-file /Users/admin/builder/spi-builder-workspace/.derivedData/Build/Intermediates.noindex/Konkyo.build/Debug-appletvos/Konkyo-t.build/Objects-normal/arm64/Konkyo_const_extract_protocols.json -disable-clang-spi -clang-target arm64-apple-tvos27.0 -target-sdk-version 27.0 -target-sdk-name appletvos27.0 -in-process-plugin-server-path /Applications/Xcode-27.0.0-Release.Candidate.app/Contents/Developer/Toolchains/XcodeDefault.xctoolchain/usr/lib/swift/host/libSwiftInProcPluginServer.dylib -parse-as-library -o /Users/admin/builder/spi-builder-workspace/.derivedData/Build/Intermediates.noindex/Konkyo.build/Debug-appletvos/Konkyo-t.build/Objects-normal/arm64/NSLockExtensions.o -o /Users/admin/builder/spi-builder-workspace/.derivedData/Build/Intermediates.noindex/Konkyo.build/Debug-appletvos/Konkyo-t.build/Objects-normal/arm64/UIApplicationExtensions.o -debug-module-path /Users/admin/builder/spi-builder-workspace/.derivedData/Build/Intermediates.noindex/Konkyo.build/Debug-appletvos/Konkyo-t.build/Objects-normal/arm64/Konkyo.swiftmodule -index-unit-output-path /Konkyo.build/Debug-appletvos/Konkyo-t.build/Objects-normal/arm64/NSLockExtensions.o -index-unit-output-path /Konkyo.build/Debug-appletvos/Konkyo-t.build/Objects-normal/arm64/UIApplicationExtensions.o -index-store-path /Users/admin/builder/spi-builder-workspace/.derivedData/Index.noindex/DataStore -index-system-modules
SwiftCompile normal arm64 Compiling\ Initialization.swift,\ Log.swift /Users/admin/builder/spi-builder-workspace/.dependencies/checkouts/Konkyo/Sources/Konkyo/Initialization.swift /Users/admin/builder/spi-builder-workspace/.dependencies/checkouts/Konkyo/Sources/Konkyo/Logging/Log.swift (in target 'Konkyo' from project 'Konkyo')
SwiftCompile normal arm64 /Users/admin/builder/spi-builder-workspace/.dependencies/checkouts/Konkyo/Sources/Konkyo/Initialization.swift (in target 'Konkyo' from project 'Konkyo')
cd /Users/admin/builder/spi-builder-workspace/.swiftpm/xcode
builtin-SwiftPerFileCompile Initialization.swift
SwiftCompile normal arm64 /Users/admin/builder/spi-builder-workspace/.dependencies/checkouts/Konkyo/Sources/Konkyo/Logging/Log.swift (in target 'Konkyo' from project 'Konkyo')
cd /Users/admin/builder/spi-builder-workspace/.swiftpm/xcode
builtin-SwiftPerFileCompile Log.swift
SwiftCompile normal arm64 Compiling\ RollingDictionary.swift,\ Debouncer.swift /Users/admin/builder/spi-builder-workspace/.dependencies/checkouts/Konkyo/Sources/Konkyo/Data\ Structures/RollingDictionary.swift /Users/admin/builder/spi-builder-workspace/.dependencies/checkouts/Konkyo/Sources/Konkyo/Debouncer.swift (in target 'Konkyo' from project 'Konkyo')
SwiftCompile normal arm64 /Users/admin/builder/spi-builder-workspace/.dependencies/checkouts/Konkyo/Sources/Konkyo/Data\ Structures/RollingDictionary.swift (in target 'Konkyo' from project 'Konkyo')
cd /Users/admin/builder/spi-builder-workspace/.swiftpm/xcode
builtin-SwiftPerFileCompile RollingDictionary.swift
SwiftCompile normal arm64 /Users/admin/builder/spi-builder-workspace/.dependencies/checkouts/Konkyo/Sources/Konkyo/Debouncer.swift (in target 'Konkyo' from project 'Konkyo')
cd /Users/admin/builder/spi-builder-workspace/.swiftpm/xcode
builtin-SwiftPerFileCompile Debouncer.swift
SwiftDriverJobDiscovery normal arm64 Emitting module for Konkyo (in target 'Konkyo' from project 'Konkyo')
SwiftDriver\ Compilation\ Requirements Konkyo normal arm64 com.apple.xcode.tools.swift.compiler (in target 'Konkyo' from project 'Konkyo')
cd /Users/admin/builder/spi-builder-workspace/.swiftpm/xcode
builtin-Swift-Compilation-Requirements -- /Applications/Xcode-27.0.0-Release.Candidate.app/Contents/Developer/Toolchains/XcodeDefault.xctoolchain/usr/bin/swiftc -parse-as-library -module-name Konkyo -Onone @/Users/admin/builder/spi-builder-workspace/.derivedData/Build/Intermediates.noindex/Konkyo.build/Debug-appletvos/Konkyo-t.build/Objects-normal/arm64/Konkyo.SwiftFileList -DSWIFT_PACKAGE -DDEBUG -DSWIFT_MODULE_RESOURCE_BUNDLE_UNAVAILABLE -DXcode -plugin-path /Applications/Xcode-27.0.0-Release.Candidate.app/Contents/Developer/Toolchains/XcodeDefault.xctoolchain/usr/lib/swift/host/plugins/testing -enable-experimental-feature DebugDescriptionMacro -sdk /Applications/Xcode-27.0.0-Release.Candidate.app/Contents/Developer/Platforms/AppleTVOS.platform/Developer/SDKs/AppleTVOS27.0.sdk -target arm64-apple-tvos18.0 -g -module-cache-path /Users/admin/builder/spi-builder-workspace/.derivedData/ModuleCache.noindex -Xfrontend -serialize-debugging-options -profile-coverage-mapping -profile-generate -enable-testing -suppress-warnings -index-store-path /Users/admin/builder/spi-builder-workspace/.derivedData/Index.noindex/DataStore -Xcc -D_LIBCPP_HARDENING_MODE\=_LIBCPP_HARDENING_MODE_DEBUG -swift-version 6 -I /Users/admin/builder/spi-builder-workspace/.derivedData/Build/Products/Debug-appletvos -Isystem /Applications/Xcode-27.0.0-Release.Candidate.app/Contents/Developer/Platforms/AppleTVOS.platform/Developer/usr/lib -F /Users/admin/builder/spi-builder-workspace/.derivedData/Build/Products/Debug-appletvos -F /Applications/Xcode-27.0.0-Release.Candidate.app/Contents/Developer/Platforms/AppleTVOS.platform/Developer/Library/Frameworks -F /Applications/Xcode-27.0.0-Release.Candidate.app/Contents/Developer/Platforms/AppleTVOS.platform/Developer/SDKs/AppleTVOS27.0.sdk/Developer/Library/Frameworks -c -j10 -enable-batch-mode -incremental -Xcc -ivfsstatcache -Xcc /Users/admin/builder/spi-builder-workspace/.derivedData/SDKStatCaches.noindex/appletvos27.0-24J360-e829b21a6f8c9b70876ba0858053c044b32bfd8d43560033f8d89884cdb90028.sdkstatcache -output-file-map /Users/admin/builder/spi-builder-workspace/.derivedData/Build/Intermediates.noindex/Konkyo.build/Debug-appletvos/Konkyo-t.build/Objects-normal/arm64/Konkyo-OutputFileMap.json -save-temps -no-color-diagnostics -explicit-module-build -module-cache-path /Users/admin/builder/spi-builder-workspace/.derivedData/Build/Intermediates.noindex/SwiftExplicitPrecompiledModules -clang-scanner-module-cache-path /Users/admin/builder/spi-builder-workspace/.derivedData/ModuleCache.noindex -sdk-module-cache-path /Users/admin/builder/spi-builder-workspace/.derivedData/SDKExplicitPrecompiledModules -emit-dependencies -emit-module -emit-module-path /Users/admin/builder/spi-builder-workspace/.derivedData/Build/Intermediates.noindex/Konkyo.build/Debug-appletvos/Konkyo-t.build/Objects-normal/arm64/Konkyo.swiftmodule -serialize-diagnostics -dependency-scan-serialize-diagnostics-path /Users/admin/builder/spi-builder-workspace/.derivedData/Build/Intermediates.noindex/Konkyo.build/Debug-appletvos/Konkyo-t.build/Objects-normal/arm64/Konkyo-dependency-scan.dia -user-module-version 0.5.2 -validate-clang-modules-once -clang-build-session-file /Users/admin/builder/spi-builder-workspace/.derivedData/ModuleCache.noindex/Session.modulevalidation -Xcc -fmodules-prune-interval\=86400 -Xcc -fmodules-prune-after\=345600 -package-name konkyo -emit-const-values -const-gather-protocols-list /Users/admin/builder/spi-builder-workspace/.derivedData/Build/Intermediates.noindex/Konkyo.build/Debug-appletvos/Konkyo-t.build/Objects-normal/arm64/Konkyo_const_extract_protocols.json -Xcc -I/Users/admin/builder/spi-builder-workspace/.derivedData/Build/Products/Debug-appletvos/include -Xcc -I/Users/admin/builder/spi-builder-workspace/.derivedData/Build/Intermediates.noindex/Konkyo.build/Debug-appletvos/Konkyo-t.build/DerivedSources-normal/arm64 -Xcc -I/Users/admin/builder/spi-builder-workspace/.derivedData/Build/Intermediates.noindex/Konkyo.build/Debug-appletvos/Konkyo-t.build/DerivedSources/arm64 -Xcc -I/Users/admin/builder/spi-builder-workspace/.derivedData/Build/Intermediates.noindex/Konkyo.build/Debug-appletvos/Konkyo-t.build/DerivedSources -Xcc -DSWIFT_PACKAGE -Xcc -DDEBUG\=1 -emit-objc-header -emit-objc-header-path /Users/admin/builder/spi-builder-workspace/.derivedData/Build/Intermediates.noindex/Konkyo.build/Debug-appletvos/Konkyo-t.build/Objects-normal/arm64/Konkyo-Swift.h -working-directory /Users/admin/builder/spi-builder-workspace/.swiftpm/xcode -experimental-emit-module-separately -disable-cmo
SwiftDriverJobDiscovery normal arm64 Compiling Mutex.swift (in target 'Konkyo' from project 'Konkyo')
SwiftMergeGeneratedHeaders /Users/admin/builder/spi-builder-workspace/.derivedData/Build/Intermediates.noindex/GeneratedModuleMaps-appletvos/Konkyo-Swift.h /Users/admin/builder/spi-builder-workspace/.derivedData/Build/Intermediates.noindex/Konkyo.build/Debug-appletvos/Konkyo-t.build/Objects-normal/arm64/Konkyo-Swift.h (in target 'Konkyo' from project 'Konkyo')
cd /Users/admin/builder/spi-builder-workspace/.dependencies/checkouts/Konkyo
builtin-swiftHeaderTool -arch arm64 /Users/admin/builder/spi-builder-workspace/.derivedData/Build/Intermediates.noindex/Konkyo.build/Debug-appletvos/Konkyo-t.build/Objects-normal/arm64/Konkyo-Swift.h -o /Users/admin/builder/spi-builder-workspace/.derivedData/Build/Intermediates.noindex/GeneratedModuleMaps-appletvos/Konkyo-Swift.h
Copy /Users/admin/builder/spi-builder-workspace/.derivedData/Build/Products/Debug-appletvos/Konkyo.swiftmodule/arm64-apple-tvos.swiftmodule /Users/admin/builder/spi-builder-workspace/.derivedData/Build/Intermediates.noindex/Konkyo.build/Debug-appletvos/Konkyo-t.build/Objects-normal/arm64/Konkyo.swiftmodule (in target 'Konkyo' from project 'Konkyo')
cd /Users/admin/builder/spi-builder-workspace/.dependencies/checkouts/Konkyo
builtin-copy -exclude .DS_Store -exclude CVS -exclude .svn -exclude .git -exclude .hg -resolve-src-symlinks -rename /Users/admin/builder/spi-builder-workspace/.derivedData/Build/Intermediates.noindex/Konkyo.build/Debug-appletvos/Konkyo-t.build/Objects-normal/arm64/Konkyo.swiftmodule /Users/admin/builder/spi-builder-workspace/.derivedData/Build/Products/Debug-appletvos/Konkyo.swiftmodule/arm64-apple-tvos.swiftmodule
Copy /Users/admin/builder/spi-builder-workspace/.derivedData/Build/Products/Debug-appletvos/Konkyo.swiftmodule/arm64-apple-tvos.swiftdoc /Users/admin/builder/spi-builder-workspace/.derivedData/Build/Intermediates.noindex/Konkyo.build/Debug-appletvos/Konkyo-t.build/Objects-normal/arm64/Konkyo.swiftdoc (in target 'Konkyo' from project 'Konkyo')
cd /Users/admin/builder/spi-builder-workspace/.dependencies/checkouts/Konkyo
builtin-copy -exclude .DS_Store -exclude CVS -exclude .svn -exclude .git -exclude .hg -resolve-src-symlinks -rename /Users/admin/builder/spi-builder-workspace/.derivedData/Build/Intermediates.noindex/Konkyo.build/Debug-appletvos/Konkyo-t.build/Objects-normal/arm64/Konkyo.swiftdoc /Users/admin/builder/spi-builder-workspace/.derivedData/Build/Products/Debug-appletvos/Konkyo.swiftmodule/arm64-apple-tvos.swiftdoc
Copy /Users/admin/builder/spi-builder-workspace/.derivedData/Build/Products/Debug-appletvos/Konkyo.swiftmodule/arm64-apple-tvos.abi.json /Users/admin/builder/spi-builder-workspace/.derivedData/Build/Intermediates.noindex/Konkyo.build/Debug-appletvos/Konkyo-t.build/Objects-normal/arm64/Konkyo.abi.json (in target 'Konkyo' from project 'Konkyo')
cd /Users/admin/builder/spi-builder-workspace/.dependencies/checkouts/Konkyo
builtin-copy -exclude .DS_Store -exclude CVS -exclude .svn -exclude .git -exclude .hg -resolve-src-symlinks -rename /Users/admin/builder/spi-builder-workspace/.derivedData/Build/Intermediates.noindex/Konkyo.build/Debug-appletvos/Konkyo-t.build/Objects-normal/arm64/Konkyo.abi.json /Users/admin/builder/spi-builder-workspace/.derivedData/Build/Products/Debug-appletvos/Konkyo.swiftmodule/arm64-apple-tvos.abi.json
Copy /Users/admin/builder/spi-builder-workspace/.derivedData/Build/Products/Debug-appletvos/Konkyo.swiftmodule/Project/arm64-apple-tvos.swiftsourceinfo /Users/admin/builder/spi-builder-workspace/.derivedData/Build/Intermediates.noindex/Konkyo.build/Debug-appletvos/Konkyo-t.build/Objects-normal/arm64/Konkyo.swiftsourceinfo (in target 'Konkyo' from project 'Konkyo')
cd /Users/admin/builder/spi-builder-workspace/.dependencies/checkouts/Konkyo
builtin-copy -exclude .DS_Store -exclude CVS -exclude .svn -exclude .git -exclude .hg -resolve-src-symlinks -rename /Users/admin/builder/spi-builder-workspace/.derivedData/Build/Intermediates.noindex/Konkyo.build/Debug-appletvos/Konkyo-t.build/Objects-normal/arm64/Konkyo.swiftsourceinfo /Users/admin/builder/spi-builder-workspace/.derivedData/Build/Products/Debug-appletvos/Konkyo.swiftmodule/Project/arm64-apple-tvos.swiftsourceinfo
SwiftDriver MockNetworking normal arm64 com.apple.xcode.tools.swift.compiler (in target 'MockNetworking' from project 'MockNetworking')
cd /Users/admin/builder/spi-builder-workspace/.swiftpm/xcode
builtin-SwiftDriver -- /Applications/Xcode-27.0.0-Release.Candidate.app/Contents/Developer/Toolchains/XcodeDefault.xctoolchain/usr/bin/swiftc -parse-as-library -module-name MockNetworking -Onone @/Users/admin/builder/spi-builder-workspace/.derivedData/Build/Intermediates.noindex/MockNetworking.build/Debug-appletvos/MockNetworking-t.build/Objects-normal/arm64/MockNetworking.SwiftFileList -DSWIFT_PACKAGE -DDEBUG -DSWIFT_MODULE_RESOURCE_BUNDLE_UNAVAILABLE -DXcode -plugin-path /Applications/Xcode-27.0.0-Release.Candidate.app/Contents/Developer/Toolchains/XcodeDefault.xctoolchain/usr/lib/swift/host/plugins/testing -enable-experimental-feature DebugDescriptionMacro -sdk /Applications/Xcode-27.0.0-Release.Candidate.app/Contents/Developer/Platforms/AppleTVOS.platform/Developer/SDKs/AppleTVOS27.0.sdk -target arm64-apple-tvos18.0 -g -module-cache-path /Users/admin/builder/spi-builder-workspace/.derivedData/ModuleCache.noindex -Xfrontend -serialize-debugging-options -profile-coverage-mapping -profile-generate -enable-testing -index-store-path /Users/admin/builder/spi-builder-workspace/.derivedData/Index.noindex/DataStore -Xcc -D_LIBCPP_HARDENING_MODE\=_LIBCPP_HARDENING_MODE_DEBUG -swift-version 6 -I /Users/admin/builder/spi-builder-workspace/.derivedData/Build/Products/Debug-appletvos -Isystem /Applications/Xcode-27.0.0-Release.Candidate.app/Contents/Developer/Platforms/AppleTVOS.platform/Developer/usr/lib -F /Users/admin/builder/spi-builder-workspace/.derivedData/Build/Products/Debug-appletvos/PackageFrameworks -F /Users/admin/builder/spi-builder-workspace/.derivedData/Build/Products/Debug-appletvos -F /Applications/Xcode-27.0.0-Release.Candidate.app/Contents/Developer/Platforms/AppleTVOS.platform/Developer/Library/Frameworks -F /Applications/Xcode-27.0.0-Release.Candidate.app/Contents/Developer/Platforms/AppleTVOS.platform/Developer/SDKs/AppleTVOS27.0.sdk/Developer/Library/Frameworks -c -j10 -enable-batch-mode -incremental -Xcc -ivfsstatcache -Xcc /Users/admin/builder/spi-builder-workspace/.derivedData/SDKStatCaches.noindex/appletvos27.0-24J360-e829b21a6f8c9b70876ba0858053c044b32bfd8d43560033f8d89884cdb90028.sdkstatcache -output-file-map /Users/admin/builder/spi-builder-workspace/.derivedData/Build/Intermediates.noindex/MockNetworking.build/Debug-appletvos/MockNetworking-t.build/Objects-normal/arm64/MockNetworking-OutputFileMap.json -save-temps -no-color-diagnostics -explicit-module-build -module-cache-path /Users/admin/builder/spi-builder-workspace/.derivedData/Build/Intermediates.noindex/SwiftExplicitPrecompiledModules -clang-scanner-module-cache-path /Users/admin/builder/spi-builder-workspace/.derivedData/ModuleCache.noindex -sdk-module-cache-path /Users/admin/builder/spi-builder-workspace/.derivedData/SDKExplicitPrecompiledModules -emit-dependencies -emit-module -emit-module-path /Users/admin/builder/spi-builder-workspace/.derivedData/Build/Intermediates.noindex/MockNetworking.build/Debug-appletvos/MockNetworking-t.build/Objects-normal/arm64/MockNetworking.swiftmodule -serialize-diagnostics -dependency-scan-serialize-diagnostics-path /Users/admin/builder/spi-builder-workspace/.derivedData/Build/Intermediates.noindex/MockNetworking.build/Debug-appletvos/MockNetworking-t.build/Objects-normal/arm64/MockNetworking-dependency-scan.dia -validate-clang-modules-once -clang-build-session-file /Users/admin/builder/spi-builder-workspace/.derivedData/ModuleCache.noindex/Session.modulevalidation -Xcc -fmodules-prune-interval\=86400 -Xcc -fmodules-prune-after\=345600 -package-name spi_builder_workspace -emit-const-values -const-gather-protocols-list /Users/admin/builder/spi-builder-workspace/.derivedData/Build/Intermediates.noindex/MockNetworking.build/Debug-appletvos/MockNetworking-t.build/Objects-normal/arm64/MockNetworking_const_extract_protocols.json -Xcc -I/Users/admin/builder/spi-builder-workspace/.derivedData/Build/Products/Debug-appletvos/include -Xcc -I/Users/admin/builder/spi-builder-workspace/.derivedData/Build/Intermediates.noindex/MockNetworking.build/Debug-appletvos/MockNetworking-t.build/DerivedSources-normal/arm64 -Xcc -I/Users/admin/builder/spi-builder-workspace/.derivedData/Build/Intermediates.noindex/MockNetworking.build/Debug-appletvos/MockNetworking-t.build/DerivedSources/arm64 -Xcc -I/Users/admin/builder/spi-builder-workspace/.derivedData/Build/Intermediates.noindex/MockNetworking.build/Debug-appletvos/MockNetworking-t.build/DerivedSources -Xcc -DSWIFT_PACKAGE -Xcc -DDEBUG\=1 -emit-objc-header -emit-objc-header-path /Users/admin/builder/spi-builder-workspace/.derivedData/Build/Intermediates.noindex/MockNetworking.build/Debug-appletvos/MockNetworking-t.build/Objects-normal/arm64/MockNetworking-Swift.h -working-directory /Users/admin/builder/spi-builder-workspace/.swiftpm/xcode -experimental-emit-module-separately -disable-cmo
SwiftDriverJobDiscovery normal arm64 Compiling RollingDictionary.swift, Debouncer.swift (in target 'Konkyo' from project 'Konkyo')
SwiftDriverJobDiscovery normal arm64 Compiling NetworkingExtensions.swift, Settings.swift (in target 'Konkyo' from project 'Konkyo')
SwiftDriverJobDiscovery normal arm64 Compiling LoggingExtensions.swift, ViewModel.swift (in target 'Konkyo' from project 'Konkyo')
SwiftDriverJobDiscovery normal arm64 Compiling AsynchronousOperationBase.swift (in target 'Konkyo' from project 'Konkyo')
SwiftDriverJobDiscovery normal arm64 Compiling Atomic.swift (in target 'Konkyo' from project 'Konkyo')
SwiftDriverJobDiscovery normal arm64 Compiling Condition.swift (in target 'Konkyo' from project 'Konkyo')
SwiftCompile normal arm64 Compiling\ HTTPURLResponse.swift /Users/admin/builder/spi-builder-workspace/Sources/MockNetworking/Extensions/HTTPURLResponse.swift (in target 'MockNetworking' from project 'MockNetworking')
SwiftCompile normal arm64 /Users/admin/builder/spi-builder-workspace/Sources/MockNetworking/Extensions/HTTPURLResponse.swift (in target 'MockNetworking' from project 'MockNetworking')
cd /Users/admin/builder/spi-builder-workspace/.swiftpm/xcode
builtin-SwiftPerFileCompile HTTPURLResponse.swift
SwiftCompile normal arm64 Compiling\ MockPropertyResponse.swift /Users/admin/builder/spi-builder-workspace/Sources/MockNetworking/MockPropertyResponse.swift (in target 'MockNetworking' from project 'MockNetworking')
SwiftCompile normal arm64 /Users/admin/builder/spi-builder-workspace/Sources/MockNetworking/MockPropertyResponse.swift (in target 'MockNetworking' from project 'MockNetworking')
cd /Users/admin/builder/spi-builder-workspace/.swiftpm/xcode
builtin-SwiftPerFileCompile MockPropertyResponse.swift
SwiftCompile normal arm64 Compiling\ MockURLProtocol.swift /Users/admin/builder/spi-builder-workspace/Sources/MockNetworking/MockURLProtocol.swift (in target 'MockNetworking' from project 'MockNetworking')
SwiftCompile normal arm64 /Users/admin/builder/spi-builder-workspace/Sources/MockNetworking/MockURLProtocol.swift (in target 'MockNetworking' from project 'MockNetworking')
cd /Users/admin/builder/spi-builder-workspace/.swiftpm/xcode
builtin-SwiftPerFileCompile MockURLProtocol.swift
SwiftCompile normal arm64 Compiling\ URLSession.swift /Users/admin/builder/spi-builder-workspace/Sources/MockNetworking/Extensions/URLSession.swift (in target 'MockNetworking' from project 'MockNetworking')
SwiftCompile normal arm64 /Users/admin/builder/spi-builder-workspace/Sources/MockNetworking/Extensions/URLSession.swift (in target 'MockNetworking' from project 'MockNetworking')
cd /Users/admin/builder/spi-builder-workspace/.swiftpm/xcode
builtin-SwiftPerFileCompile URLSession.swift
SwiftCompile normal arm64 Compiling\ MockResponseStore.swift /Users/admin/builder/spi-builder-workspace/Sources/MockNetworking/MockResponseStore.swift (in target 'MockNetworking' from project 'MockNetworking')
SwiftCompile normal arm64 /Users/admin/builder/spi-builder-workspace/Sources/MockNetworking/MockResponseStore.swift (in target 'MockNetworking' from project 'MockNetworking')
cd /Users/admin/builder/spi-builder-workspace/.swiftpm/xcode
builtin-SwiftPerFileCompile MockResponseStore.swift
SwiftEmitModule normal arm64 Emitting\ module\ for\ MockNetworking (in target 'MockNetworking' from project 'MockNetworking')
SwiftCompile normal arm64 (in target 'MockNetworking' from project 'MockNetworking')
cd /Users/admin/builder/spi-builder-workspace/.swiftpm/xcode
SwiftCompile normal arm64 Compiling\ Dictionary.swift /Users/admin/builder/spi-builder-workspace/Sources/MockNetworking/Extensions/Dictionary.swift (in target 'MockNetworking' from project 'MockNetworking')
SwiftCompile normal arm64 /Users/admin/builder/spi-builder-workspace/Sources/MockNetworking/Extensions/Dictionary.swift (in target 'MockNetworking' from project 'MockNetworking')
cd /Users/admin/builder/spi-builder-workspace/.swiftpm/xcode
builtin-SwiftPerFileCompile Dictionary.swift
SwiftDriverJobDiscovery normal arm64 Compiling Initialization.swift, Log.swift (in target 'Konkyo' from project 'Konkyo')
SwiftDriverJobDiscovery normal arm64 Compiling Dictionary.swift (in target 'MockNetworking' from project 'MockNetworking')
SwiftDriverJobDiscovery normal arm64 Compiling URLSession.swift (in target 'MockNetworking' from project 'MockNetworking')
SwiftDriverJobDiscovery normal arm64 Compiling MockPropertyResponse.swift (in target 'MockNetworking' from project 'MockNetworking')
SwiftDriverJobDiscovery normal arm64 Compiling MockResponseStore.swift (in target 'MockNetworking' from project 'MockNetworking')
SwiftDriverJobDiscovery normal arm64 Emitting module for MockNetworking (in target 'MockNetworking' from project 'MockNetworking')
SwiftDriver\ Compilation\ Requirements MockNetworking normal arm64 com.apple.xcode.tools.swift.compiler (in target 'MockNetworking' from project 'MockNetworking')
cd /Users/admin/builder/spi-builder-workspace/.swiftpm/xcode
builtin-Swift-Compilation-Requirements -- /Applications/Xcode-27.0.0-Release.Candidate.app/Contents/Developer/Toolchains/XcodeDefault.xctoolchain/usr/bin/swiftc -parse-as-library -module-name MockNetworking -Onone @/Users/admin/builder/spi-builder-workspace/.derivedData/Build/Intermediates.noindex/MockNetworking.build/Debug-appletvos/MockNetworking-t.build/Objects-normal/arm64/MockNetworking.SwiftFileList -DSWIFT_PACKAGE -DDEBUG -DSWIFT_MODULE_RESOURCE_BUNDLE_UNAVAILABLE -DXcode -plugin-path /Applications/Xcode-27.0.0-Release.Candidate.app/Contents/Developer/Toolchains/XcodeDefault.xctoolchain/usr/lib/swift/host/plugins/testing -enable-experimental-feature DebugDescriptionMacro -sdk /Applications/Xcode-27.0.0-Release.Candidate.app/Contents/Developer/Platforms/AppleTVOS.platform/Developer/SDKs/AppleTVOS27.0.sdk -target arm64-apple-tvos18.0 -g -module-cache-path /Users/admin/builder/spi-builder-workspace/.derivedData/ModuleCache.noindex -Xfrontend -serialize-debugging-options -profile-coverage-mapping -profile-generate -enable-testing -index-store-path /Users/admin/builder/spi-builder-workspace/.derivedData/Index.noindex/DataStore -Xcc -D_LIBCPP_HARDENING_MODE\=_LIBCPP_HARDENING_MODE_DEBUG -swift-version 6 -I /Users/admin/builder/spi-builder-workspace/.derivedData/Build/Products/Debug-appletvos -Isystem /Applications/Xcode-27.0.0-Release.Candidate.app/Contents/Developer/Platforms/AppleTVOS.platform/Developer/usr/lib -F /Users/admin/builder/spi-builder-workspace/.derivedData/Build/Products/Debug-appletvos/PackageFrameworks -F /Users/admin/builder/spi-builder-workspace/.derivedData/Build/Products/Debug-appletvos -F /Applications/Xcode-27.0.0-Release.Candidate.app/Contents/Developer/Platforms/AppleTVOS.platform/Developer/Library/Frameworks -F /Applications/Xcode-27.0.0-Release.Candidate.app/Contents/Developer/Platforms/AppleTVOS.platform/Developer/SDKs/AppleTVOS27.0.sdk/Developer/Library/Frameworks -c -j10 -enable-batch-mode -incremental -Xcc -ivfsstatcache -Xcc /Users/admin/builder/spi-builder-workspace/.derivedData/SDKStatCaches.noindex/appletvos27.0-24J360-e829b21a6f8c9b70876ba0858053c044b32bfd8d43560033f8d89884cdb90028.sdkstatcache -output-file-map /Users/admin/builder/spi-builder-workspace/.derivedData/Build/Intermediates.noindex/MockNetworking.build/Debug-appletvos/MockNetworking-t.build/Objects-normal/arm64/MockNetworking-OutputFileMap.json -save-temps -no-color-diagnostics -explicit-module-build -module-cache-path /Users/admin/builder/spi-builder-workspace/.derivedData/Build/Intermediates.noindex/SwiftExplicitPrecompiledModules -clang-scanner-module-cache-path /Users/admin/builder/spi-builder-workspace/.derivedData/ModuleCache.noindex -sdk-module-cache-path /Users/admin/builder/spi-builder-workspace/.derivedData/SDKExplicitPrecompiledModules -emit-dependencies -emit-module -emit-module-path /Users/admin/builder/spi-builder-workspace/.derivedData/Build/Intermediates.noindex/MockNetworking.build/Debug-appletvos/MockNetworking-t.build/Objects-normal/arm64/MockNetworking.swiftmodule -serialize-diagnostics -dependency-scan-serialize-diagnostics-path /Users/admin/builder/spi-builder-workspace/.derivedData/Build/Intermediates.noindex/MockNetworking.build/Debug-appletvos/MockNetworking-t.build/Objects-normal/arm64/MockNetworking-dependency-scan.dia -validate-clang-modules-once -clang-build-session-file /Users/admin/builder/spi-builder-workspace/.derivedData/ModuleCache.noindex/Session.modulevalidation -Xcc -fmodules-prune-interval\=86400 -Xcc -fmodules-prune-after\=345600 -package-name spi_builder_workspace -emit-const-values -const-gather-protocols-list /Users/admin/builder/spi-builder-workspace/.derivedData/Build/Intermediates.noindex/MockNetworking.build/Debug-appletvos/MockNetworking-t.build/Objects-normal/arm64/MockNetworking_const_extract_protocols.json -Xcc -I/Users/admin/builder/spi-builder-workspace/.derivedData/Build/Products/Debug-appletvos/include -Xcc -I/Users/admin/builder/spi-builder-workspace/.derivedData/Build/Intermediates.noindex/MockNetworking.build/Debug-appletvos/MockNetworking-t.build/DerivedSources-normal/arm64 -Xcc -I/Users/admin/builder/spi-builder-workspace/.derivedData/Build/Intermediates.noindex/MockNetworking.build/Debug-appletvos/MockNetworking-t.build/DerivedSources/arm64 -Xcc -I/Users/admin/builder/spi-builder-workspace/.derivedData/Build/Intermediates.noindex/MockNetworking.build/Debug-appletvos/MockNetworking-t.build/DerivedSources -Xcc -DSWIFT_PACKAGE -Xcc -DDEBUG\=1 -emit-objc-header -emit-objc-header-path /Users/admin/builder/spi-builder-workspace/.derivedData/Build/Intermediates.noindex/MockNetworking.build/Debug-appletvos/MockNetworking-t.build/Objects-normal/arm64/MockNetworking-Swift.h -working-directory /Users/admin/builder/spi-builder-workspace/.swiftpm/xcode -experimental-emit-module-separately -disable-cmo
SwiftMergeGeneratedHeaders /Users/admin/builder/spi-builder-workspace/.derivedData/Build/Intermediates.noindex/GeneratedModuleMaps-appletvos/MockNetworking-Swift.h /Users/admin/builder/spi-builder-workspace/.derivedData/Build/Intermediates.noindex/MockNetworking.build/Debug-appletvos/MockNetworking-t.build/Objects-normal/arm64/MockNetworking-Swift.h (in target 'MockNetworking' from project 'MockNetworking')
cd /Users/admin/builder/spi-builder-workspace
builtin-swiftHeaderTool -arch arm64 /Users/admin/builder/spi-builder-workspace/.derivedData/Build/Intermediates.noindex/MockNetworking.build/Debug-appletvos/MockNetworking-t.build/Objects-normal/arm64/MockNetworking-Swift.h -o /Users/admin/builder/spi-builder-workspace/.derivedData/Build/Intermediates.noindex/GeneratedModuleMaps-appletvos/MockNetworking-Swift.h
Copy /Users/admin/builder/spi-builder-workspace/.derivedData/Build/Products/Debug-appletvos/MockNetworking.swiftmodule/arm64-apple-tvos.abi.json /Users/admin/builder/spi-builder-workspace/.derivedData/Build/Intermediates.noindex/MockNetworking.build/Debug-appletvos/MockNetworking-t.build/Objects-normal/arm64/MockNetworking.abi.json (in target 'MockNetworking' from project 'MockNetworking')
cd /Users/admin/builder/spi-builder-workspace
builtin-copy -exclude .DS_Store -exclude CVS -exclude .svn -exclude .git -exclude .hg -resolve-src-symlinks -rename /Users/admin/builder/spi-builder-workspace/.derivedData/Build/Intermediates.noindex/MockNetworking.build/Debug-appletvos/MockNetworking-t.build/Objects-normal/arm64/MockNetworking.abi.json /Users/admin/builder/spi-builder-workspace/.derivedData/Build/Products/Debug-appletvos/MockNetworking.swiftmodule/arm64-apple-tvos.abi.json
Copy /Users/admin/builder/spi-builder-workspace/.derivedData/Build/Products/Debug-appletvos/MockNetworking.swiftmodule/arm64-apple-tvos.swiftmodule /Users/admin/builder/spi-builder-workspace/.derivedData/Build/Intermediates.noindex/MockNetworking.build/Debug-appletvos/MockNetworking-t.build/Objects-normal/arm64/MockNetworking.swiftmodule (in target 'MockNetworking' from project 'MockNetworking')
cd /Users/admin/builder/spi-builder-workspace
builtin-copy -exclude .DS_Store -exclude CVS -exclude .svn -exclude .git -exclude .hg -resolve-src-symlinks -rename /Users/admin/builder/spi-builder-workspace/.derivedData/Build/Intermediates.noindex/MockNetworking.build/Debug-appletvos/MockNetworking-t.build/Objects-normal/arm64/MockNetworking.swiftmodule /Users/admin/builder/spi-builder-workspace/.derivedData/Build/Products/Debug-appletvos/MockNetworking.swiftmodule/arm64-apple-tvos.swiftmodule
Copy /Users/admin/builder/spi-builder-workspace/.derivedData/Build/Products/Debug-appletvos/MockNetworking.swiftmodule/arm64-apple-tvos.swiftdoc /Users/admin/builder/spi-builder-workspace/.derivedData/Build/Intermediates.noindex/MockNetworking.build/Debug-appletvos/MockNetworking-t.build/Objects-normal/arm64/MockNetworking.swiftdoc (in target 'MockNetworking' from project 'MockNetworking')
cd /Users/admin/builder/spi-builder-workspace
builtin-copy -exclude .DS_Store -exclude CVS -exclude .svn -exclude .git -exclude .hg -resolve-src-symlinks -rename /Users/admin/builder/spi-builder-workspace/.derivedData/Build/Intermediates.noindex/MockNetworking.build/Debug-appletvos/MockNetworking-t.build/Objects-normal/arm64/MockNetworking.swiftdoc /Users/admin/builder/spi-builder-workspace/.derivedData/Build/Products/Debug-appletvos/MockNetworking.swiftmodule/arm64-apple-tvos.swiftdoc
Copy /Users/admin/builder/spi-builder-workspace/.derivedData/Build/Products/Debug-appletvos/MockNetworking.swiftmodule/Project/arm64-apple-tvos.swiftsourceinfo /Users/admin/builder/spi-builder-workspace/.derivedData/Build/Intermediates.noindex/MockNetworking.build/Debug-appletvos/MockNetworking-t.build/Objects-normal/arm64/MockNetworking.swiftsourceinfo (in target 'MockNetworking' from project 'MockNetworking')
cd /Users/admin/builder/spi-builder-workspace
builtin-copy -exclude .DS_Store -exclude CVS -exclude .svn -exclude .git -exclude .hg -resolve-src-symlinks -rename /Users/admin/builder/spi-builder-workspace/.derivedData/Build/Intermediates.noindex/MockNetworking.build/Debug-appletvos/MockNetworking-t.build/Objects-normal/arm64/MockNetworking.swiftsourceinfo /Users/admin/builder/spi-builder-workspace/.derivedData/Build/Products/Debug-appletvos/MockNetworking.swiftmodule/Project/arm64-apple-tvos.swiftsourceinfo
SwiftDriverJobDiscovery normal arm64 Compiling HTTPURLResponse.swift (in target 'MockNetworking' from project 'MockNetworking')
SwiftDriverJobDiscovery normal arm64 Compiling MockURLProtocol.swift (in target 'MockNetworking' from project 'MockNetworking')
SwiftDriver\ Compilation MockNetworking normal arm64 com.apple.xcode.tools.swift.compiler (in target 'MockNetworking' from project 'MockNetworking')
cd /Users/admin/builder/spi-builder-workspace/.swiftpm/xcode
builtin-Swift-Compilation -- /Applications/Xcode-27.0.0-Release.Candidate.app/Contents/Developer/Toolchains/XcodeDefault.xctoolchain/usr/bin/swiftc -parse-as-library -module-name MockNetworking -Onone @/Users/admin/builder/spi-builder-workspace/.derivedData/Build/Intermediates.noindex/MockNetworking.build/Debug-appletvos/MockNetworking-t.build/Objects-normal/arm64/MockNetworking.SwiftFileList -DSWIFT_PACKAGE -DDEBUG -DSWIFT_MODULE_RESOURCE_BUNDLE_UNAVAILABLE -DXcode -plugin-path /Applications/Xcode-27.0.0-Release.Candidate.app/Contents/Developer/Toolchains/XcodeDefault.xctoolchain/usr/lib/swift/host/plugins/testing -enable-experimental-feature DebugDescriptionMacro -sdk /Applications/Xcode-27.0.0-Release.Candidate.app/Contents/Developer/Platforms/AppleTVOS.platform/Developer/SDKs/AppleTVOS27.0.sdk -target arm64-apple-tvos18.0 -g -module-cache-path /Users/admin/builder/spi-builder-workspace/.derivedData/ModuleCache.noindex -Xfrontend -serialize-debugging-options -profile-coverage-mapping -profile-generate -enable-testing -index-store-path /Users/admin/builder/spi-builder-workspace/.derivedData/Index.noindex/DataStore -Xcc -D_LIBCPP_HARDENING_MODE\=_LIBCPP_HARDENING_MODE_DEBUG -swift-version 6 -I /Users/admin/builder/spi-builder-workspace/.derivedData/Build/Products/Debug-appletvos -Isystem /Applications/Xcode-27.0.0-Release.Candidate.app/Contents/Developer/Platforms/AppleTVOS.platform/Developer/usr/lib -F /Users/admin/builder/spi-builder-workspace/.derivedData/Build/Products/Debug-appletvos/PackageFrameworks -F /Users/admin/builder/spi-builder-workspace/.derivedData/Build/Products/Debug-appletvos -F /Applications/Xcode-27.0.0-Release.Candidate.app/Contents/Developer/Platforms/AppleTVOS.platform/Developer/Library/Frameworks -F /Applications/Xcode-27.0.0-Release.Candidate.app/Contents/Developer/Platforms/AppleTVOS.platform/Developer/SDKs/AppleTVOS27.0.sdk/Developer/Library/Frameworks -c -j10 -enable-batch-mode -incremental -Xcc -ivfsstatcache -Xcc /Users/admin/builder/spi-builder-workspace/.derivedData/SDKStatCaches.noindex/appletvos27.0-24J360-e829b21a6f8c9b70876ba0858053c044b32bfd8d43560033f8d89884cdb90028.sdkstatcache -output-file-map /Users/admin/builder/spi-builder-workspace/.derivedData/Build/Intermediates.noindex/MockNetworking.build/Debug-appletvos/MockNetworking-t.build/Objects-normal/arm64/MockNetworking-OutputFileMap.json -save-temps -no-color-diagnostics -explicit-module-build -module-cache-path /Users/admin/builder/spi-builder-workspace/.derivedData/Build/Intermediates.noindex/SwiftExplicitPrecompiledModules -clang-scanner-module-cache-path /Users/admin/builder/spi-builder-workspace/.derivedData/ModuleCache.noindex -sdk-module-cache-path /Users/admin/builder/spi-builder-workspace/.derivedData/SDKExplicitPrecompiledModules -emit-dependencies -emit-module -emit-module-path /Users/admin/builder/spi-builder-workspace/.derivedData/Build/Intermediates.noindex/MockNetworking.build/Debug-appletvos/MockNetworking-t.build/Objects-normal/arm64/MockNetworking.swiftmodule -serialize-diagnostics -dependency-scan-serialize-diagnostics-path /Users/admin/builder/spi-builder-workspace/.derivedData/Build/Intermediates.noindex/MockNetworking.build/Debug-appletvos/MockNetworking-t.build/Objects-normal/arm64/MockNetworking-dependency-scan.dia -validate-clang-modules-once -clang-build-session-file /Users/admin/builder/spi-builder-workspace/.derivedData/ModuleCache.noindex/Session.modulevalidation -Xcc -fmodules-prune-interval\=86400 -Xcc -fmodules-prune-after\=345600 -package-name spi_builder_workspace -emit-const-values -const-gather-protocols-list /Users/admin/builder/spi-builder-workspace/.derivedData/Build/Intermediates.noindex/MockNetworking.build/Debug-appletvos/MockNetworking-t.build/Objects-normal/arm64/MockNetworking_const_extract_protocols.json -Xcc -I/Users/admin/builder/spi-builder-workspace/.derivedData/Build/Products/Debug-appletvos/include -Xcc -I/Users/admin/builder/spi-builder-workspace/.derivedData/Build/Intermediates.noindex/MockNetworking.build/Debug-appletvos/MockNetworking-t.build/DerivedSources-normal/arm64 -Xcc -I/Users/admin/builder/spi-builder-workspace/.derivedData/Build/Intermediates.noindex/MockNetworking.build/Debug-appletvos/MockNetworking-t.build/DerivedSources/arm64 -Xcc -I/Users/admin/builder/spi-builder-workspace/.derivedData/Build/Intermediates.noindex/MockNetworking.build/Debug-appletvos/MockNetworking-t.build/DerivedSources -Xcc -DSWIFT_PACKAGE -Xcc -DDEBUG\=1 -emit-objc-header -emit-objc-header-path /Users/admin/builder/spi-builder-workspace/.derivedData/Build/Intermediates.noindex/MockNetworking.build/Debug-appletvos/MockNetworking-t.build/Objects-normal/arm64/MockNetworking-Swift.h -working-directory /Users/admin/builder/spi-builder-workspace/.swiftpm/xcode -experimental-emit-module-separately -disable-cmo
SwiftDriverJobDiscovery normal arm64 Compiling ViewExtension.swift, CPUInfo.swift (in target 'Konkyo' from project 'Konkyo')
PruneExplicitPrecompiledModules /Users/admin/builder/spi-builder-workspace/.derivedData/Build/Intermediates.noindex/SwiftExplicitPrecompiledModules
PruneExplicitPrecompiledModules /Users/admin/builder/spi-builder-workspace/.derivedData/SDKExplicitPrecompiledModules
PruneExplicitPrecompiledModules /Users/admin/builder/spi-builder-workspace/.derivedData/Build/Intermediates.noindex/ExplicitPrecompiledModules
2026-09-21 02:19:21.361 xcodebuild[664:4053] [MT] IDERunDestination: Supported platforms for the buildables in the current scheme is empty.
** BUILD FAILED **
The following build commands failed:
SwiftCompile normal arm64 /Users/admin/builder/spi-builder-workspace/.dependencies/checkouts/Konkyo/Sources/Konkyo/Extensions/UIApplicationExtensions.swift (in target 'Konkyo' from project 'Konkyo')
SwiftCompile normal arm64 Compiling\ NSLockExtensions.swift,\ UIApplicationExtensions.swift /Users/admin/builder/spi-builder-workspace/.dependencies/checkouts/Konkyo/Sources/Konkyo/Extensions/NSLockExtensions.swift /Users/admin/builder/spi-builder-workspace/.dependencies/checkouts/Konkyo/Sources/Konkyo/Extensions/UIApplicationExtensions.swift (in target 'Konkyo' from project 'Konkyo')
Building workspace MockNetworking with scheme MockNetworking
(3 failures)
Command line invocation:
/Applications/Xcode-27.0.0-Release.Candidate.app/Contents/Developer/usr/bin/xcodebuild -IDEClonedSourcePackagesDirPathOverride=/Users/admin/builder/spi-builder-workspace/.dependencies -resolvePackageDependencies
Resolve Package Graph
Resolved source packages:
MockNetworking: /Users/admin/builder/spi-builder-workspace
Konkyo: https://github.com/Machx/Konkyo.git @ 0.5.2
resolved source packages: MockNetworking, Konkyo
2026-09-21 02:19:29.601 xcodebuild[788:4728] [MT] IDERunDestination: Supported platforms for the buildables in the current scheme is empty.
{
"dependencies" : [
{
"identity" : "konkyo",
"requirement" : {
"exact" : [
"0.5.2"
]
},
"type" : "sourceControl",
"url" : "https://github.com/Machx/Konkyo.git"
}
],
"manifest_display_name" : "MockNetworking",
"name" : "MockNetworking",
"path" : "/Users/admin/builder/spi-builder-workspace",
"platforms" : [
{
"name" : "macos",
"version" : "15.0"
},
{
"name" : "ios",
"version" : "18.0"
}
],
"products" : [
{
"name" : "MockNetworking",
"targets" : [
"MockNetworking"
],
"type" : {
"library" : [
"automatic"
]
}
}
],
"targets" : [
{
"c99name" : "MockNetworkingTests",
"module_type" : "SwiftTarget",
"name" : "MockNetworkingTests",
"path" : "Tests/MockNetworkingTests",
"sources" : [
"MockNetworkingTests.swift"
],
"target_dependencies" : [
"MockNetworking"
],
"type" : "test"
},
{
"c99name" : "MockNetworking",
"module_type" : "SwiftTarget",
"name" : "MockNetworking",
"path" : "Sources/MockNetworking",
"product_dependencies" : [
"Konkyo"
],
"product_memberships" : [
"MockNetworking"
],
"sources" : [
"Extensions/Dictionary.swift",
"Extensions/HTTPURLResponse.swift",
"Extensions/URLSession.swift",
"MockPropertyResponse.swift",
"MockResponseStore.swift",
"MockURLProtocol.swift"
],
"type" : "library"
}
],
"tools_version" : "6.0"
}
{
"workspace" : {
"name" : "MockNetworking",
"schemes" : [
"MockNetworking"
]
}
}
2026-09-21 02:19:30.886 xcodebuild[796:4801] [MT] IDERunDestination: Supported platforms for the buildables in the current scheme is empty.
Running build ...
env DEVELOPER_DIR=/Applications/Xcode-27.0.0-Release.Candidate.app xcrun xcodebuild -IDEClonedSourcePackagesDirPathOverride=$PWD/.dependencies -skipMacroValidation -skipPackagePluginValidation -derivedDataPath $PWD/.derivedData build -scheme MockNetworking -destination generic/platform=tvOS
Command line invocation:
/Applications/Xcode-27.0.0-Release.Candidate.app/Contents/Developer/usr/bin/xcodebuild -IDEClonedSourcePackagesDirPathOverride=/Users/admin/builder/spi-builder-workspace/.dependencies -skipMacroValidation -skipPackagePluginValidation -derivedDataPath /Users/admin/builder/spi-builder-workspace/.derivedData build -scheme MockNetworking -destination generic/platform=tvOS
Resolve Package Graph
Resolved source packages:
MockNetworking: /Users/admin/builder/spi-builder-workspace
Konkyo: https://github.com/Machx/Konkyo.git @ 0.5.2
ComputePackagePrebuildTargetDependencyGraph
Prepare packages
CreateBuildRequest
SendProjectDescription
CreateBuildOperation
ComputeTargetDependencyGraph
note: Building targets in dependency order
note: Target dependency graph (4 targets)
Target 'MockNetworking-product' in project 'MockNetworking'
➜ Explicit dependency on target 'MockNetworking' in project 'MockNetworking'
➜ Explicit dependency on target 'Konkyo-product' in project 'Konkyo'
Target 'MockNetworking' in project 'MockNetworking'
➜ Explicit dependency on target 'Konkyo-product' in project 'Konkyo'
Target 'Konkyo-product' in project 'Konkyo'
➜ Explicit dependency on target 'Konkyo' in project 'Konkyo'
Target 'Konkyo' in project 'Konkyo' (no dependencies)
GatherProvisioningInputs
CreateBuildDescription
ClangStatCache /Applications/Xcode-27.0.0-Release.Candidate.app/Contents/Developer/Toolchains/XcodeDefault.xctoolchain/usr/bin/clang-stat-cache /Applications/Xcode-27.0.0-Release.Candidate.app/Contents/Developer/Platforms/AppleTVOS.platform/Developer/SDKs/AppleTVOS27.0.sdk /Users/admin/builder/spi-builder-workspace/.derivedData/SDKStatCaches.noindex/appletvos27.0-24J360-e829b21a6f8c9b70876ba0858053c044b32bfd8d43560033f8d89884cdb90028.sdkstatcache
cd /Users/admin/builder/spi-builder-workspace/.swiftpm/xcode
/Applications/Xcode-27.0.0-Release.Candidate.app/Contents/Developer/Toolchains/XcodeDefault.xctoolchain/usr/bin/clang-stat-cache /Applications/Xcode-27.0.0-Release.Candidate.app/Contents/Developer/Platforms/AppleTVOS.platform/Developer/SDKs/AppleTVOS27.0.sdk -o /Users/admin/builder/spi-builder-workspace/.derivedData/SDKStatCaches.noindex/appletvos27.0-24J360-e829b21a6f8c9b70876ba0858053c044b32bfd8d43560033f8d89884cdb90028.sdkstatcache
SwiftDriver Konkyo normal arm64 com.apple.xcode.tools.swift.compiler (in target 'Konkyo' from project 'Konkyo')
cd /Users/admin/builder/spi-builder-workspace/.swiftpm/xcode
builtin-SwiftDriver -- /Applications/Xcode-27.0.0-Release.Candidate.app/Contents/Developer/Toolchains/XcodeDefault.xctoolchain/usr/bin/swiftc -parse-as-library -module-name Konkyo -Onone @/Users/admin/builder/spi-builder-workspace/.derivedData/Build/Intermediates.noindex/Konkyo.build/Debug-appletvos/Konkyo-t.build/Objects-normal/arm64/Konkyo.SwiftFileList -DSWIFT_PACKAGE -DDEBUG -DSWIFT_MODULE_RESOURCE_BUNDLE_UNAVAILABLE -DXcode -plugin-path /Applications/Xcode-27.0.0-Release.Candidate.app/Contents/Developer/Toolchains/XcodeDefault.xctoolchain/usr/lib/swift/host/plugins/testing -enable-experimental-feature DebugDescriptionMacro -sdk /Applications/Xcode-27.0.0-Release.Candidate.app/Contents/Developer/Platforms/AppleTVOS.platform/Developer/SDKs/AppleTVOS27.0.sdk -target arm64-apple-tvos18.0 -g -module-cache-path /Users/admin/builder/spi-builder-workspace/.derivedData/ModuleCache.noindex -Xfrontend -serialize-debugging-options -profile-coverage-mapping -profile-generate -enable-testing -suppress-warnings -index-store-path /Users/admin/builder/spi-builder-workspace/.derivedData/Index.noindex/DataStore -Xcc -D_LIBCPP_HARDENING_MODE\=_LIBCPP_HARDENING_MODE_DEBUG -swift-version 6 -I /Users/admin/builder/spi-builder-workspace/.derivedData/Build/Products/Debug-appletvos -Isystem /Applications/Xcode-27.0.0-Release.Candidate.app/Contents/Developer/Platforms/AppleTVOS.platform/Developer/usr/lib -F /Users/admin/builder/spi-builder-workspace/.derivedData/Build/Products/Debug-appletvos -F /Applications/Xcode-27.0.0-Release.Candidate.app/Contents/Developer/Platforms/AppleTVOS.platform/Developer/Library/Frameworks -F /Applications/Xcode-27.0.0-Release.Candidate.app/Contents/Developer/Platforms/AppleTVOS.platform/Developer/SDKs/AppleTVOS27.0.sdk/Developer/Library/Frameworks -c -j10 -enable-batch-mode -incremental -Xcc -ivfsstatcache -Xcc /Users/admin/builder/spi-builder-workspace/.derivedData/SDKStatCaches.noindex/appletvos27.0-24J360-e829b21a6f8c9b70876ba0858053c044b32bfd8d43560033f8d89884cdb90028.sdkstatcache -output-file-map /Users/admin/builder/spi-builder-workspace/.derivedData/Build/Intermediates.noindex/Konkyo.build/Debug-appletvos/Konkyo-t.build/Objects-normal/arm64/Konkyo-OutputFileMap.json -save-temps -no-color-diagnostics -explicit-module-build -module-cache-path /Users/admin/builder/spi-builder-workspace/.derivedData/Build/Intermediates.noindex/SwiftExplicitPrecompiledModules -clang-scanner-module-cache-path /Users/admin/builder/spi-builder-workspace/.derivedData/ModuleCache.noindex -sdk-module-cache-path /Users/admin/builder/spi-builder-workspace/.derivedData/SDKExplicitPrecompiledModules -emit-dependencies -emit-module -emit-module-path /Users/admin/builder/spi-builder-workspace/.derivedData/Build/Intermediates.noindex/Konkyo.build/Debug-appletvos/Konkyo-t.build/Objects-normal/arm64/Konkyo.swiftmodule -serialize-diagnostics -dependency-scan-serialize-diagnostics-path /Users/admin/builder/spi-builder-workspace/.derivedData/Build/Intermediates.noindex/Konkyo.build/Debug-appletvos/Konkyo-t.build/Objects-normal/arm64/Konkyo-dependency-scan.dia -user-module-version 0.5.2 -validate-clang-modules-once -clang-build-session-file /Users/admin/builder/spi-builder-workspace/.derivedData/ModuleCache.noindex/Session.modulevalidation -Xcc -fmodules-prune-interval\=86400 -Xcc -fmodules-prune-after\=345600 -package-name konkyo -emit-const-values -const-gather-protocols-list /Users/admin/builder/spi-builder-workspace/.derivedData/Build/Intermediates.noindex/Konkyo.build/Debug-appletvos/Konkyo-t.build/Objects-normal/arm64/Konkyo_const_extract_protocols.json -Xcc -I/Users/admin/builder/spi-builder-workspace/.derivedData/Build/Products/Debug-appletvos/include -Xcc -I/Users/admin/builder/spi-builder-workspace/.derivedData/Build/Intermediates.noindex/Konkyo.build/Debug-appletvos/Konkyo-t.build/DerivedSources-normal/arm64 -Xcc -I/Users/admin/builder/spi-builder-workspace/.derivedData/Build/Intermediates.noindex/Konkyo.build/Debug-appletvos/Konkyo-t.build/DerivedSources/arm64 -Xcc -I/Users/admin/builder/spi-builder-workspace/.derivedData/Build/Intermediates.noindex/Konkyo.build/Debug-appletvos/Konkyo-t.build/DerivedSources -Xcc -DSWIFT_PACKAGE -Xcc -DDEBUG\=1 -emit-objc-header -emit-objc-header-path /Users/admin/builder/spi-builder-workspace/.derivedData/Build/Intermediates.noindex/Konkyo.build/Debug-appletvos/Konkyo-t.build/Objects-normal/arm64/Konkyo-Swift.h -working-directory /Users/admin/builder/spi-builder-workspace/.swiftpm/xcode -experimental-emit-module-separately -disable-cmo
SwiftCompile normal arm64 Compiling\ NSLockExtensions.swift /Users/admin/builder/spi-builder-workspace/.dependencies/checkouts/Konkyo/Sources/Konkyo/Extensions/NSLockExtensions.swift (in target 'Konkyo' from project 'Konkyo')
SwiftCompile normal arm64 /Users/admin/builder/spi-builder-workspace/.dependencies/checkouts/Konkyo/Sources/Konkyo/Extensions/NSLockExtensions.swift (in target 'Konkyo' from project 'Konkyo')
cd /Users/admin/builder/spi-builder-workspace/.swiftpm/xcode
builtin-SwiftPerFileCompile NSLockExtensions.swift
SwiftEmitModule normal arm64 Emitting\ module\ for\ Konkyo (in target 'Konkyo' from project 'Konkyo')
SwiftCompile normal arm64 (in target 'Konkyo' from project 'Konkyo')
cd /Users/admin/builder/spi-builder-workspace/.swiftpm/xcode
SwiftCompile normal arm64 Compiling\ UIApplicationExtensions.swift /Users/admin/builder/spi-builder-workspace/.dependencies/checkouts/Konkyo/Sources/Konkyo/Extensions/UIApplicationExtensions.swift (in target 'Konkyo' from project 'Konkyo')
/Users/admin/builder/spi-builder-workspace/.dependencies/checkouts/Konkyo/Sources/Konkyo/Extensions/UIApplicationExtensions.swift:28:16: error: reference to member 'keyWindow' cannot be resolved without a contextual type
26 | .compactMap({ $0 as? UIWindowScene })
27 | .first?.windows
28 | .compactMap(\.keyWindow)
| `- error: reference to member 'keyWindow' cannot be resolved without a contextual type
29 | .first
30 | }
Failed frontend command:
/Applications/Xcode-27.0.0-Release.Candidate.app/Contents/Developer/Toolchains/XcodeDefault.xctoolchain/usr/bin/swift-frontend -frontend -c /Users/admin/builder/spi-builder-workspace/.dependencies/checkouts/Konkyo/Sources/Konkyo/Data\ Structures/RollingDictionary.swift /Users/admin/builder/spi-builder-workspace/.dependencies/checkouts/Konkyo/Sources/Konkyo/Debouncer.swift /Users/admin/builder/spi-builder-workspace/.dependencies/checkouts/Konkyo/Sources/Konkyo/Extensions/NSLockExtensions.swift -primary-file /Users/admin/builder/spi-builder-workspace/.dependencies/checkouts/Konkyo/Sources/Konkyo/Extensions/UIApplicationExtensions.swift /Users/admin/builder/spi-builder-workspace/.dependencies/checkouts/Konkyo/Sources/Konkyo/Initialization.swift /Users/admin/builder/spi-builder-workspace/.dependencies/checkouts/Konkyo/Sources/Konkyo/Logging/Log.swift /Users/admin/builder/spi-builder-workspace/.dependencies/checkouts/Konkyo/Sources/Konkyo/Logging/LoggingExtensions.swift /Users/admin/builder/spi-builder-workspace/.dependencies/checkouts/Konkyo/Sources/Konkyo/MVVM/ViewModel.swift /Users/admin/builder/spi-builder-workspace/.dependencies/checkouts/Konkyo/Sources/Konkyo/Networking/NetworkingExtensions.swift /Users/admin/builder/spi-builder-workspace/.dependencies/checkouts/Konkyo/Sources/Konkyo/PropertyWrappers/Settings.swift /Users/admin/builder/spi-builder-workspace/.dependencies/checkouts/Konkyo/Sources/Konkyo/SwiftUI/ViewExtension.swift /Users/admin/builder/spi-builder-workspace/.dependencies/checkouts/Konkyo/Sources/Konkyo/System\ Info/CPUInfo.swift /Users/admin/builder/spi-builder-workspace/.dependencies/checkouts/Konkyo/Sources/Konkyo/Threading/AsynchronousOperationBase.swift /Users/admin/builder/spi-builder-workspace/.dependencies/checkouts/Konkyo/Sources/Konkyo/Threading/Atomic.swift /Users/admin/builder/spi-builder-workspace/.dependencies/checkouts/Konkyo/Sources/Konkyo/Threading/Condition.swift /Users/admin/builder/spi-builder-workspace/.dependencies/checkouts/Konkyo/Sources/Konkyo/Threading/Mutex.swift -emit-dependencies-path /Users/admin/builder/spi-builder-workspace/.derivedData/Build/Intermediates.noindex/Konkyo.build/Debug-appletvos/Konkyo-t.build/Objects-normal/arm64/UIApplicationExtensions.d -emit-const-values-path /Users/admin/builder/spi-builder-workspace/.derivedData/Build/Intermediates.noindex/Konkyo.build/Debug-appletvos/Konkyo-t.build/Objects-normal/arm64/UIApplicationExtensions.swiftconstvalues -emit-reference-dependencies-path /Users/admin/builder/spi-builder-workspace/.derivedData/Build/Intermediates.noindex/Konkyo.build/Debug-appletvos/Konkyo-t.build/Objects-normal/arm64/UIApplicationExtensions.swiftdeps -serialize-diagnostics-path /Users/admin/builder/spi-builder-workspace/.derivedData/Build/Intermediates.noindex/Konkyo.build/Debug-appletvos/Konkyo-t.build/Objects-normal/arm64/UIApplicationExtensions.dia -target arm64-apple-tvos18.0 -module-can-import-version UIKit 9127.0.84.1 9127.0.84 -disable-cross-import-overlay-search -swift-module-cross-import Darwin /Applications/Xcode-27.0.0-Release.Candidate.app/Contents/Developer/Platforms/AppleTVOS.platform/Developer/SDKs/AppleTVOS.sdk/usr/include/Darwin.swiftcrossimport/xlocale.swiftoverlay -load-resolved-plugin /Applications/Xcode-27.0.0-Release.Candidate.app/Contents/Developer/Platforms/AppleTVOS.platform/Developer/usr/lib/swift/host/plugins/libFoundationMacros.dylib\#/Applications/Xcode-27.0.0-Release.Candidate.app/Contents/Developer/Platforms/AppleTVOS.platform/Developer/usr/bin/swift-plugin-server\#FoundationMacros -load-resolved-plugin /Applications/Xcode-27.0.0-Release.Candidate.app/Contents/Developer/Platforms/AppleTVOS.platform/Developer/usr/lib/swift/host/plugins/libObservationMacros.dylib\#/Applications/Xcode-27.0.0-Release.Candidate.app/Contents/Developer/Platforms/AppleTVOS.platform/Developer/usr/bin/swift-plugin-server\#ObservationMacros -load-resolved-plugin /Applications/Xcode-27.0.0-Release.Candidate.app/Contents/Developer/Platforms/AppleTVOS.platform/Developer/usr/lib/swift/host/plugins/libPreviewsMacros.dylib\#/Applications/Xcode-27.0.0-Release.Candidate.app/Contents/Developer/Platforms/AppleTVOS.platform/Developer/usr/bin/swift-plugin-server\#PreviewsMacros -load-resolved-plugin /Applications/Xcode-27.0.0-Release.Candidate.app/Contents/Developer/Platforms/AppleTVOS.platform/Developer/usr/lib/swift/host/plugins/libSwiftMacros.dylib\#/Applications/Xcode-27.0.0-Release.Candidate.app/Contents/Developer/Platforms/AppleTVOS.platform/Developer/usr/bin/swift-plugin-server\#SwiftMacros -load-resolved-plugin /Applications/Xcode-27.0.0-Release.Candidate.app/Contents/Developer/Platforms/AppleTVOS.platform/Developer/usr/lib/swift/host/plugins/libSwiftUIMacros.dylib\#/Applications/Xcode-27.0.0-Release.Candidate.app/Contents/Developer/Platforms/AppleTVOS.platform/Developer/usr/bin/swift-plugin-server\#SwiftUIMacros -disable-implicit-swift-modules -Xcc -fno-implicit-modules -Xcc -fno-implicit-module-maps -explicit-swift-module-map-file /Users/admin/builder/spi-builder-workspace/.derivedData/Build/Intermediates.noindex/Konkyo.build/Debug-appletvos/Konkyo-t.build/Objects-normal/arm64/Konkyo-dependencies-1.json -Xllvm -aarch64-use-tbi -enable-objc-interop -stack-check -sdk /Applications/Xcode-27.0.0-Release.Candidate.app/Contents/Developer/Platforms/AppleTVOS.platform/Developer/SDKs/AppleTVOS27.0.sdk -I /Users/admin/builder/spi-builder-workspace/.derivedData/Build/Products/Debug-appletvos -Isystem /Applications/Xcode-27.0.0-Release.Candidate.app/Contents/Developer/Platforms/AppleTVOS.platform/Developer/usr/lib -F /Users/admin/builder/spi-builder-workspace/.derivedData/Build/Products/Debug-appletvos -F /Applications/Xcode-27.0.0-Release.Candidate.app/Contents/Developer/Platforms/AppleTVOS.platform/Developer/Library/Frameworks -F /Applications/Xcode-27.0.0-Release.Candidate.app/Contents/Developer/Platforms/AppleTVOS.platform/Developer/SDKs/AppleTVOS27.0.sdk/Developer/Library/Frameworks -module-cache-path /Users/admin/builder/spi-builder-workspace/.derivedData/Build/Intermediates.noindex/SwiftExplicitPrecompiledModules -no-color-diagnostics -Xcc -fno-color-diagnostics -enable-testing -g -debug-info-format\=dwarf -dwarf-version\=5 -suppress-warnings -profile-generate -profile-coverage-mapping -swift-version 6 -Onone -D SWIFT_PACKAGE -D DEBUG -D SWIFT_MODULE_RESOURCE_BUNDLE_UNAVAILABLE -D Xcode -serialize-debugging-options -enable-experimental-feature DebugDescriptionMacro -empty-abi-descriptor -user-module-version 0.5.2 -validate-clang-modules-once -clang-build-session-file /Users/admin/builder/spi-builder-workspace/.derivedData/ModuleCache.noindex/Session.modulevalidation -Xcc -working-directory -Xcc /Users/admin/builder/spi-builder-workspace/.swiftpm/xcode -enable-anonymous-context-mangled-names -file-compilation-dir /Users/admin/builder/spi-builder-workspace/.swiftpm/xcode -Xcc -D_LIBCPP_HARDENING_MODE\=_LIBCPP_HARDENING_MODE_DEBUG -Xcc -ivfsstatcache -Xcc /Users/admin/builder/spi-builder-workspace/.derivedData/SDKStatCaches.noindex/appletvos27.0-24J360-e829b21a6f8c9b70876ba0858053c044b32bfd8d43560033f8d89884cdb90028.sdkstatcache -Xcc -fmodules-prune-interval\=86400 -Xcc -fmodules-prune-after\=345600 -Xcc -I/Users/admin/builder/spi-builder-workspace/.derivedData/Build/Products/Debug-appletvos/include -Xcc -I/Users/admin/builder/spi-builder-workspace/.derivedData/Build/Intermediates.noindex/Konkyo.build/Debug-appletvos/Konkyo-t.build/DerivedSources-normal/arm64 -Xcc -I/Users/admin/builder/spi-builder-workspace/.derivedData/Build/Intermediates.noindex/Konkyo.build/Debug-appletvos/Konkyo-t.build/DerivedSources/arm64 -Xcc -I/Users/admin/builder/spi-builder-workspace/.derivedData/Build/Intermediates.noindex/Konkyo.build/Debug-appletvos/Konkyo-t.build/DerivedSources -Xcc -DSWIFT_PACKAGE -Xcc -DDEBUG\=1 -no-auto-bridging-header-chaining -module-name Konkyo -package-name konkyo -const-gather-protocols-file /Users/admin/builder/spi-builder-workspace/.derivedData/Build/Intermediates.noindex/Konkyo.build/Debug-appletvos/Konkyo-t.build/Objects-normal/arm64/Konkyo_const_extract_protocols.json -disable-clang-spi -clang-target arm64-apple-tvos27.0 -target-sdk-version 27.0 -target-sdk-name appletvos27.0 -in-process-plugin-server-path /Applications/Xcode-27.0.0-Release.Candidate.app/Contents/Developer/Toolchains/XcodeDefault.xctoolchain/usr/lib/swift/host/libSwiftInProcPluginServer.dylib -parse-as-library -o /Users/admin/builder/spi-builder-workspace/.derivedData/Build/Intermediates.noindex/Konkyo.build/Debug-appletvos/Konkyo-t.build/Objects-normal/arm64/UIApplicationExtensions.o -debug-module-path /Users/admin/builder/spi-builder-workspace/.derivedData/Build/Intermediates.noindex/Konkyo.build/Debug-appletvos/Konkyo-t.build/Objects-normal/arm64/Konkyo.swiftmodule -index-unit-output-path /Konkyo.build/Debug-appletvos/Konkyo-t.build/Objects-normal/arm64/UIApplicationExtensions.o -index-store-path /Users/admin/builder/spi-builder-workspace/.derivedData/Index.noindex/DataStore -index-system-modules
SwiftCompile normal arm64 /Users/admin/builder/spi-builder-workspace/.dependencies/checkouts/Konkyo/Sources/Konkyo/Extensions/UIApplicationExtensions.swift (in target 'Konkyo' from project 'Konkyo')
cd /Users/admin/builder/spi-builder-workspace/.swiftpm/xcode
builtin-SwiftPerFileCompile UIApplicationExtensions.swift
SwiftDriverJobDiscovery normal arm64 Compiling NSLockExtensions.swift (in target 'Konkyo' from project 'Konkyo')
PruneExplicitPrecompiledModules /Users/admin/builder/spi-builder-workspace/.derivedData/SDKExplicitPrecompiledModules
PruneExplicitPrecompiledModules /Users/admin/builder/spi-builder-workspace/.derivedData/Build/Intermediates.noindex/ExplicitPrecompiledModules
PruneExplicitPrecompiledModules /Users/admin/builder/spi-builder-workspace/.derivedData/Build/Intermediates.noindex/SwiftExplicitPrecompiledModules
2026-09-21 02:19:31.899 xcodebuild[797:4825] [MT] IDERunDestination: Supported platforms for the buildables in the current scheme is empty.
** BUILD FAILED **
The following build commands failed:
SwiftCompile normal arm64 Compiling\ UIApplicationExtensions.swift /Users/admin/builder/spi-builder-workspace/.dependencies/checkouts/Konkyo/Sources/Konkyo/Extensions/UIApplicationExtensions.swift (in target 'Konkyo' from project 'Konkyo')
SwiftCompile normal arm64 /Users/admin/builder/spi-builder-workspace/.dependencies/checkouts/Konkyo/Sources/Konkyo/Extensions/UIApplicationExtensions.swift (in target 'Konkyo' from project 'Konkyo')
Building workspace MockNetworking with scheme MockNetworking
(3 failures)
BUILD FAILURE 6.4 tvOS