Build Information
Failed to build ObjCDump, reference 0.8.101 (641d25), with Swift 6.3 for Wasm on 16 Aug 2026 10:30:46 UTC.
Build Command
bash -c docker run --pull=always --rm -v "checkouts-53886769-0":/host -w "$PWD" -e JAVA_HOME="/root/.sdkman/candidates/java/current" -e SPI_BUILD="1" -e SPI_PROCESSING="1" registry.gitlab.com/saguaro1/spi-images:wasm-6.3-latest swift build --swift-sdk swift-6.3.2-RELEASE_wasm 2>&1Build Log
========================================
RunAll
========================================
Builder version: 5.0.1
Interrupt handler set up.
========================================
Checkout
========================================
Clone URL: https://github.com/MxIris-Reverse-Engineering/swift-objc-dump.git
Reference: 0.8.101
Initialized empty Git repository in /host/spi-builder-workspace/.git/
hint: Using 'master' as the name for the initial branch. This default branch name
hint: is subject to change. To configure the initial branch name to use in all
hint: of your new repositories, which will suppress this warning, call:
hint:
hint: git config --global init.defaultBranch <name>
hint:
hint: Names commonly chosen instead of 'master' are 'main', 'trunk' and
hint: 'development'. The just-created branch can be renamed via this command:
hint:
hint: git branch -m <name>
From https://github.com/MxIris-Reverse-Engineering/swift-objc-dump
* tag 0.8.101 -> FETCH_HEAD
HEAD is now at 641d257 chore: add local dependency helper boilerplate
Cloned https://github.com/MxIris-Reverse-Engineering/swift-objc-dump.git
Revision (git rev-parse @):
641d257d60385b231a608ab8c4ecdf31348c779e
SUCCESS checkout https://github.com/MxIris-Reverse-Engineering/swift-objc-dump.git at 0.8.101
========================================
Build
========================================
Selected platform: wasm
Swift version: 6.3
Building package at path: $PWD
https://github.com/MxIris-Reverse-Engineering/swift-objc-dump.git
Running build ...
bash -c docker run --pull=always --rm -v "checkouts-53886769-0":/host -w "$PWD" -e JAVA_HOME="/root/.sdkman/candidates/java/current" -e SPI_BUILD="1" -e SPI_PROCESSING="1" registry.gitlab.com/saguaro1/spi-images:wasm-6.3-latest swift build --swift-sdk swift-6.3.2-RELEASE_wasm 2>&1
wasm-6.3-latest: Pulling from saguaro1/spi-images
Digest: sha256:e92e38b97676c18adb57b57429ddfb766786102cb50cb918e0d9e8055d05b35d
Status: Image is up to date for registry.gitlab.com/saguaro1/spi-images:wasm-6.3-latest
Fetching https://github.com/Mx-Iris/FrameworkToolbox
[1/1452] Fetching frameworktoolbox
Fetched https://github.com/Mx-Iris/FrameworkToolbox from cache (0.53s)
Computing version for https://github.com/Mx-Iris/FrameworkToolbox
Computed https://github.com/Mx-Iris/FrameworkToolbox at 0.9.0 (0.71s)
Fetching https://github.com/swiftlang/swift-syntax.git
[1/76472] Fetching swift-syntax
Fetched https://github.com/swiftlang/swift-syntax.git from cache (2.71s)
Computing version for https://github.com/swiftlang/swift-syntax.git
Computed https://github.com/swiftlang/swift-syntax.git at 603.0.2 (3.67s)
Creating working copy for https://github.com/Mx-Iris/FrameworkToolbox
Working copy of https://github.com/Mx-Iris/FrameworkToolbox resolved at 0.9.0
Creating working copy for https://github.com/swiftlang/swift-syntax.git
Working copy of https://github.com/swiftlang/swift-syntax.git resolved at 603.0.2
Downloading package prebuilt https://download.swift.org/prebuilts/swift-syntax/603.0.2/swift-6.3.2-RELEASE-ubuntu_jammy_x86_64-MacroSupport.tar.gz
Downloaded https://download.swift.org/prebuilts/swift-syntax/603.0.2/swift-6.3.2-RELEASE-ubuntu_jammy_x86_64-MacroSupport.tar.gz (0.20s)
Building for debugging...
[0/20] Write sources
[9/20] Write swift-version-24593BA9C3E375BF.txt
[11/26] Emitting module MacroToolbox
[12/26] Compiling MacroToolbox LockMacroProtocol.swift
[13/26] Compiling MacroToolbox LockPropertyParser.swift
[14/27] Emitting module FrameworkToolboxMacros
[15/27] Compiling FrameworkToolboxMacros FrameworkToolboxMacroPlugin.swift
[16/27] Compiling FrameworkToolboxMacros FrameworkToolboxCompatibleMacro.swift
[18/28] Wrapping AST for MacroToolbox for debugging
[19/30] Wrapping AST for FrameworkToolboxMacros for debugging
[20/35] Write Objects.LinkFileList
[22/56] Compiling SwiftStdlibToolboxMacros VariableDeclSyntax+Extensions.swift
[23/56] Compiling SwiftStdlibToolboxMacros SimpleFixItMessage.swift
[24/56] Compiling SwiftStdlibToolboxMacros TypeDeclSyntax+Extensions.swift
[25/56] Compiling SwiftStdlibToolboxMacros TypeSyntax+Extensions.swift
[26/58] Compiling FoundationToolboxMacros MainPlugin.swift
[27/58] Compiling FoundationToolboxMacros OSAllocatedUnfairLockMacro.swift
[28/59] Compiling FoundationToolboxMacros URLMacro.swift
[29/59] Compiling FoundationToolboxMacros SelectorMacro.swift
[30/59] Compiling SwiftStdlibToolboxMacros AddAsyncAllMembersMacro.swift
[31/59] Compiling SwiftStdlibToolboxMacros AddAsyncMacro.swift
[32/59] Compiling SwiftStdlibToolboxMacros AddAsyncMacroCore.swift
[33/59] Emitting module SwiftStdlibToolboxMacros
[34/59] Compiling SwiftStdlibToolboxMacros MainPlugin.swift
[35/59] Compiling SwiftStdlibToolboxMacros MutexMacro.swift
[36/59] Compiling FoundationToolboxMacros LogMacro.swift
[37/59] Emitting module FoundationToolboxMacros
[38/59] Compiling FoundationToolboxMacros LoggableMacro.swift
[39/59] Compiling FoundationToolboxMacros KeychainMacro.swift
[40/59] Compiling FoundationToolboxMacros UserDefaultMacro.swift
[40/60] Linking FrameworkToolboxMacros-tool
[42/63] Wrapping AST for FoundationToolboxMacros for debugging
[44/63] Compiling SwiftStdlibToolboxMacros AvailableMacro.swift
[45/63] Compiling SwiftStdlibToolboxMacros CaseCheckableMacro.swift
[46/63] Compiling SwiftStdlibToolboxMacros DyldInterposeMacro.swift
[47/63] Compiling SwiftStdlibToolboxMacros Closure.swift
[48/63] Compiling SwiftStdlibToolboxMacros EquatableIgnoredMacro.swift
[49/63] Compiling SwiftStdlibToolboxMacros EquatableIgnoredUnsafeClosureMacro.swift
[49/63] Write Objects.LinkFileList
[51/63] Compiling SwiftStdlibToolboxMacros EquatableMacro.swift
[52/63] Compiling SwiftStdlibToolboxMacros IdentifierTypeSyntax+Extensions.swift
[53/63] Compiling SwiftStdlibToolboxMacros MemberTypeSyntax+Extensions.swift
[54/63] Compiling SwiftStdlibToolboxMacros AddCompletionHandlerMacro.swift
[55/63] Compiling SwiftStdlibToolboxMacros AssociatedValueMacro.swift
[56/63] Compiling SwiftStdlibToolboxMacros AsyncBridgingSupport.swift
[57/64] Wrapping AST for SwiftStdlibToolboxMacros for debugging
[58/64] Write Objects.LinkFileList
[59/64] Linking FoundationToolboxMacros-tool
[60/64] Linking SwiftStdlibToolboxMacros-tool
[62/64] Compiling FrameworkToolbox AccessLevel.swift
[63/64] Compiling FrameworkToolbox FrameworkToolbox.swift
[64/64] Emitting module FrameworkToolbox
[66/88] Compiling SwiftStdlibToolbox DyldInterposeMacro.swift
[67/88] Compiling SwiftStdlibToolbox Equatable.swift
[68/88] Compiling SwiftStdlibToolbox MutexMacro.swift
[69/91] Compiling SwiftStdlibToolbox AssociatedValueMacro.swift
[70/91] Compiling SwiftStdlibToolbox AvailableMacro.swift
[71/91] Compiling SwiftStdlibToolbox CaseCheckableMacro.swift
[72/91] Compiling SwiftStdlibToolbox OptionalProtocol.swift
/host/spi-builder-workspace/.build/checkouts/FrameworkToolbox/Sources/SwiftStdlibToolbox/Extensions/Pointers+.swift:7:11: error: cannot find type 'AutoreleasingUnsafeMutablePointer' in scope
5 | extension UnsafePointer: FrameworkToolboxCompatible, FrameworkToolboxDynamicMemberLookup {}
6 | extension UnsafeMutablePointer: FrameworkToolboxCompatible, FrameworkToolboxDynamicMemberLookup {}
7 | extension AutoreleasingUnsafeMutablePointer: FrameworkToolboxCompatible, FrameworkToolboxDynamicMemberLookup {}
| `- error: cannot find type 'AutoreleasingUnsafeMutablePointer' in scope
8 | extension OpaquePointer: FrameworkToolboxCompatible, FrameworkToolboxDynamicMemberLookup {}
9 |
[73/91] Compiling SwiftStdlibToolbox Pointers+.swift
/host/spi-builder-workspace/.build/checkouts/FrameworkToolbox/Sources/SwiftStdlibToolbox/Extensions/Pointers+.swift:7:11: error: cannot find type 'AutoreleasingUnsafeMutablePointer' in scope
5 | extension UnsafePointer: FrameworkToolboxCompatible, FrameworkToolboxDynamicMemberLookup {}
6 | extension UnsafeMutablePointer: FrameworkToolboxCompatible, FrameworkToolboxDynamicMemberLookup {}
7 | extension AutoreleasingUnsafeMutablePointer: FrameworkToolboxCompatible, FrameworkToolboxDynamicMemberLookup {}
| `- error: cannot find type 'AutoreleasingUnsafeMutablePointer' in scope
8 | extension OpaquePointer: FrameworkToolboxCompatible, FrameworkToolboxDynamicMemberLookup {}
9 |
[74/91] Compiling SwiftStdlibToolbox Sequence+.swift
/host/spi-builder-workspace/.build/checkouts/FrameworkToolbox/Sources/SwiftStdlibToolbox/Extensions/Pointers+.swift:7:11: error: cannot find type 'AutoreleasingUnsafeMutablePointer' in scope
5 | extension UnsafePointer: FrameworkToolboxCompatible, FrameworkToolboxDynamicMemberLookup {}
6 | extension UnsafeMutablePointer: FrameworkToolboxCompatible, FrameworkToolboxDynamicMemberLookup {}
7 | extension AutoreleasingUnsafeMutablePointer: FrameworkToolboxCompatible, FrameworkToolboxDynamicMemberLookup {}
| `- error: cannot find type 'AutoreleasingUnsafeMutablePointer' in scope
8 | extension OpaquePointer: FrameworkToolboxCompatible, FrameworkToolboxDynamicMemberLookup {}
9 |
[75/91] Compiling SwiftStdlibToolbox ArrayBuilder.swift
[76/91] Compiling SwiftStdlibToolbox ComparableBuildable.swift
[77/91] Compiling SwiftStdlibToolbox DictionaryBuilder.swift
[78/91] Compiling SwiftStdlibToolbox AsyncExtensions.swift
[79/91] Compiling SwiftStdlibToolbox BitPattern.swift
[80/91] Compiling SwiftStdlibToolbox Collection+.swift
[81/91] Compiling SwiftStdlibToolbox Comparable+.swift
error: emit-module command failed with exit code 1 (use -v to see invocation)
[82/91] Emitting module SwiftStdlibToolbox
/host/spi-builder-workspace/.build/checkouts/FrameworkToolbox/Sources/SwiftStdlibToolbox/Extensions/Pointers+.swift:7:11: error: cannot find type 'AutoreleasingUnsafeMutablePointer' in scope
5 | extension UnsafePointer: FrameworkToolboxCompatible, FrameworkToolboxDynamicMemberLookup {}
6 | extension UnsafeMutablePointer: FrameworkToolboxCompatible, FrameworkToolboxDynamicMemberLookup {}
7 | extension AutoreleasingUnsafeMutablePointer: FrameworkToolboxCompatible, FrameworkToolboxDynamicMemberLookup {}
| `- error: cannot find type 'AutoreleasingUnsafeMutablePointer' in scope
8 | extension OpaquePointer: FrameworkToolboxCompatible, FrameworkToolboxDynamicMemberLookup {}
9 |
[83/91] Compiling SwiftStdlibToolbox Mutex.swift
[84/91] Compiling SwiftStdlibToolbox RangeRepresentable.swift
[85/91] Compiling SwiftStdlibToolbox StringBuilder.swift
[86/91] Compiling SwiftStdlibToolbox FrameworkToolboxCompatible+Stdlib.swift
[87/91] Compiling SwiftStdlibToolbox KeyPath+.swift
[88/91] Compiling SwiftStdlibToolbox Number+.swift
[89/91] Compiling SwiftStdlibToolbox AccessLevel.swift
[90/91] Compiling SwiftStdlibToolbox WeakBox.swift
[91/91] Compiling SwiftStdlibToolbox AddAsyncMacros.swift
BUILD FAILURE 6.3 wasm