The Swift Package Index logo.Swift Package Index

Build Information

Failed to build Noted with Swift 5.9 for Linux.

Build Command

docker run --rm -v "checkouts-4609320-1":/host -w "/host/spi-builder-workspace" registry.gitlab.com/finestructure/spi-images:basic-5.9-latest swift build 2>&1

Build Log

========================================
RunAll
========================================
Builder version: 4.19.0
Interrupt handler set up.
========================================
Checkout
========================================
Clone URL: https://github.com/nodes-ios/noted.git
Reference: 2.2.1
Cloned https://github.com/nodes-ios/noted.git into spi-builder-workspace
SUCCESS checkout https://github.com/nodes-ios/noted.git at 2.2.1
========================================
Build
========================================
Selected platform:         linux
Swift version:             5.9
Building package at path:  spi-builder-workspace
Running build ...
docker run --rm -v "checkouts-4609320-1":/host -w "/host/spi-builder-workspace" registry.gitlab.com/finestructure/spi-images:basic-5.9-latest swift build 2>&1
Building for debugging...
[1/5] Compiling Noted Noted.swift
/host/spi-builder-workspace/Sources/Noted/Noted.swift:15:31: error: cannot find 'NSHashTable' in scope
    internal var _observers = NSHashTable<AnyObject>(options: .weakMemory)
                              ^~~~~~~~~~~
/host/spi-builder-workspace/Sources/Noted/Noted.swift:15:64: error: cannot infer contextual base in reference to member 'weakMemory'
    internal var _observers = NSHashTable<AnyObject>(options: .weakMemory)
                                                              ~^~~~~~~~~~
[2/5] Compiling Noted NoteObserver.swift
[3/5] Compiling Noted NoteFilter.swift
error: emit-module command failed with exit code 1 (use -v to see invocation)
[4/5] Compiling Noted NoteType.swift
[5/5] Emitting module Noted
/host/spi-builder-workspace/Sources/Noted/Noted.swift:15:31: error: cannot find 'NSHashTable' in scope
    internal var _observers = NSHashTable<AnyObject>(options: .weakMemory)
                              ^~~~~~~~~~~
/host/spi-builder-workspace/Sources/Noted/Noted.swift:15:64: error: cannot infer contextual base in reference to member 'weakMemory'
    internal var _observers = NSHashTable<AnyObject>(options: .weakMemory)
                                                              ~^~~~~~~~~~
error: fatalError
BUILD FAILURE 5.9 linux

Build Machine: Linux 2