The Swift Package Index logo.Swift Package Index

Build Information

Failed to build SwiftCoreSymbolication, reference 0.1.0 (8f27ec), with Swift 6.4 for macOS (Xcode) using Xcode 27.0 on 18 Sep 2026 00:17:16 UTC.

Build Command

No build command. This typically means the build failed at an early stage where we determine the build command.

Build Log

========================================
RunAll
========================================
Builder version: 5.1.0
Interrupt handler set up.
========================================
Checkout
========================================
Clone URL: https://github.com/ChimeHQ/SwiftCoreSymbolication.git
Reference: 0.1.0
Initialized empty Git repository in /Users/admin/builder/spi-builder-workspace/.git/
From https://github.com/ChimeHQ/SwiftCoreSymbolication
 * tag               0.1.0      -> FETCH_HEAD
HEAD is now at 8f27ecd SourceInfo and Symbol
Cloned https://github.com/ChimeHQ/SwiftCoreSymbolication.git
Revision (git rev-parse @):
8f27ecdf91262125efb0acb43d2e69a5cdd3c680
SUCCESS checkout https://github.com/ChimeHQ/SwiftCoreSymbolication.git at 0.1.0
========================================
Build
========================================
Selected platform:         macosXcodebuild
Swift version:             6.4
Building package at path:  $PWD
https://github.com/ChimeHQ/SwiftCoreSymbolication.git
Command line invocation:
    /Applications/Xcode-27.0.0-Release.Candidate.app/Contents/Developer/usr/bin/xcodebuild -IDEClonedSourcePackagesDirPathOverride=/Users/admin/builder/spi-builder-workspace/.dependencies -resolvePackageDependencies
Resolve Package Graph
Fetching from https://github.com/stacksift/CoreSymbolication
Creating working copy of package ‘CoreSymbolication’
Checking out 0.2.0 of package ‘CoreSymbolication’
multiple packages ('coresymbolication', 'spi-builder-workspace') declare targets with a conflicting name: 'SwiftCoreSymbolication’; target names need to be unique across the package graphResolve Package Graph
multiple packages ('coresymbolication', 'spi-builder-workspace') declare targets with a conflicting name: 'SwiftCoreSymbolication’; target names need to be unique across the package graph
Resolved source packages:
  spi-builder-workspace: (null)
2026-09-17 20:17:15.052 xcodebuild[529:3036] Writing error result bundle to /var/folders/xq/y_g06wb113726d38xsyx71_h0000gn/T/ResultBundle_2026-17-09_20-17-0015.xcresult
xcodebuild: error: Could not resolve package dependencies:
  multiple packages ('coresymbolication', 'spi-builder-workspace') declare targets with a conflicting name: 'SwiftCoreSymbolication’; target names need to be unique across the package graph
Command line invocation:
    /Applications/Xcode-27.0.0-Release.Candidate.app/Contents/Developer/usr/bin/xcodebuild -IDEClonedSourcePackagesDirPathOverride=/Users/admin/builder/spi-builder-workspace/.dependencies -resolvePackageDependencies
Resolve Package Graph
multiple packages ('coresymbolication', 'spi-builder-workspace') declare targets with a conflicting name: 'SwiftCoreSymbolication’; target names need to be unique across the package graph
Resolved source packages:
  spi-builder-workspace: (null)
2026-09-17 20:17:16.116 xcodebuild[636:3865] Writing error result bundle to /var/folders/xq/y_g06wb113726d38xsyx71_h0000gn/T/ResultBundle_2026-17-09_20-17-0016.xcresult
xcodebuild: error: Could not resolve package dependencies:
  multiple packages ('coresymbolication', 'spi-builder-workspace') declare targets with a conflicting name: 'SwiftCoreSymbolication’; target names need to be unique across the package graph
BUILD FAILURE 6.4 macosXcodebuild