Build Information
Failed to build OMSDK_Appodeal, reference 1.6.3 (4bf273), with Swift 6.1 for visionOS using Xcode 16.3 on 28 Jun 2026 06:19:19 UTC.
Build Command
env DEVELOPER_DIR=/Applications/Xcode-16.3.0.app xcrun xcodebuild -IDEClonedSourcePackagesDirPathOverride=$PWD/.dependencies -skipMacroValidation -skipPackagePluginValidation -derivedDataPath $PWD/.derivedData build -scheme OMSDK_Appodeal -destination generic/platform=xrOSBuild Log
========================================
RunAll
========================================
Builder version: undefined version: run 'make version' to update
Interrupt handler set up.
========================================
Checkout
========================================
Clone URL: https://github.com/bidmachine/OMSDK-Appodeal-iOS-Package.git
Reference: 1.6.3
Initialized empty Git repository in /Users/admin/builder/spi-builder-workspace/.git/
From https://github.com/bidmachine/OMSDK-Appodeal-iOS-Package
* tag 1.6.3 -> FETCH_HEAD
HEAD is now at 4bf273b Update to 1.6.3
Cloned https://github.com/bidmachine/OMSDK-Appodeal-iOS-Package.git
Revision (git rev-parse @):
4bf273b11b7e54055272330ee2a2329b0f1d19e9
SUCCESS checkout https://github.com/bidmachine/OMSDK-Appodeal-iOS-Package.git at 1.6.3
========================================
Build
========================================
Selected platform: visionOS
Swift version: 6.1
Building package at path: $PWD
https://github.com/bidmachine/OMSDK-Appodeal-iOS-Package.git
https://github.com/bidmachine/OMSDK-Appodeal-iOS-Package.git
{
"dependencies" : [
],
"manifest_display_name" : "OMSDK_Appodeal",
"name" : "OMSDK_Appodeal",
"path" : "/Users/admin/builder/spi-builder-workspace",
"platforms" : [
{
"name" : "ios",
"version" : "12.0"
}
],
"products" : [
{
"name" : "OMSDK_Appodeal",
"targets" : [
"OMSDK_Appodeal"
],
"type" : {
"library" : [
"automatic"
]
}
}
],
"targets" : [
{
"c99name" : "OMSDK_Appodeal",
"module_type" : "BinaryTarget",
"name" : "OMSDK_Appodeal",
"path" : "remote/archive/OMSDK_Appodeal.xcframework.zip",
"product_memberships" : [
"OMSDK_Appodeal"
],
"sources" : [
],
"type" : "binary"
}
],
"tools_version" : "5.7"
}
Command line invocation:
/Applications/Xcode-16.3.0.app/Contents/Developer/usr/bin/xcodebuild -IDEClonedSourcePackagesDirPathOverride=/Users/admin/builder/spi-builder-workspace/.dependencies -resolvePackageDependencies
Resolve Package Graph
Resolve Package Graph
Resolved source packages:
OMSDK_Appodeal: /Users/admin/builder/spi-builder-workspace
resolved source packages: OMSDK_Appodeal
{
"dependencies" : [
],
"manifest_display_name" : "OMSDK_Appodeal",
"name" : "OMSDK_Appodeal",
"path" : "/Users/admin/builder/spi-builder-workspace",
"platforms" : [
{
"name" : "ios",
"version" : "12.0"
}
],
"products" : [
{
"name" : "OMSDK_Appodeal",
"targets" : [
"OMSDK_Appodeal"
],
"type" : {
"library" : [
"automatic"
]
}
}
],
"targets" : [
{
"c99name" : "OMSDK_Appodeal",
"module_type" : "BinaryTarget",
"name" : "OMSDK_Appodeal",
"path" : "remote/archive/OMSDK_Appodeal.xcframework.zip",
"product_memberships" : [
"OMSDK_Appodeal"
],
"sources" : [
],
"type" : "binary"
}
],
"tools_version" : "5.7"
}
{
"workspace" : {
"name" : "spi-builder-workspace",
"schemes" : [
"OMSDK_Appodeal"
]
}
}
Running build ...
env DEVELOPER_DIR=/Applications/Xcode-16.3.0.app xcrun xcodebuild -IDEClonedSourcePackagesDirPathOverride=$PWD/.dependencies -skipMacroValidation -skipPackagePluginValidation -derivedDataPath $PWD/.derivedData build -scheme OMSDK_Appodeal -destination generic/platform=xrOS OTHER_SWIFT_FLAGS=-stats-output-dir .stats -strict-concurrency=complete -enable-upcoming-feature StrictConcurrency -enable-upcoming-feature DisableOutwardActorInference -enable-upcoming-feature GlobalActorIsolatedTypesUsability -enable-upcoming-feature InferSendableFromCaptures
Command line invocation:
/Applications/Xcode-16.3.0.app/Contents/Developer/usr/bin/xcodebuild -IDEClonedSourcePackagesDirPathOverride=/Users/admin/builder/spi-builder-workspace/.dependencies -skipMacroValidation -skipPackagePluginValidation -derivedDataPath /Users/admin/builder/spi-builder-workspace/.derivedData build -scheme OMSDK_Appodeal -destination generic/platform=xrOS "OTHER_SWIFT_FLAGS=-stats-output-dir .stats -strict-concurrency=complete -enable-upcoming-feature StrictConcurrency -enable-upcoming-feature DisableOutwardActorInference -enable-upcoming-feature GlobalActorIsolatedTypesUsability -enable-upcoming-feature InferSendableFromCaptures"
Build settings from command line:
OTHER_SWIFT_FLAGS = -stats-output-dir .stats -strict-concurrency=complete -enable-upcoming-feature StrictConcurrency -enable-upcoming-feature DisableOutwardActorInference -enable-upcoming-feature GlobalActorIsolatedTypesUsability -enable-upcoming-feature InferSendableFromCaptures
Resolve Package Graph
Resolved source packages:
OMSDK_Appodeal: /Users/admin/builder/spi-builder-workspace
ComputePackagePrebuildTargetDependencyGraph
Prepare packages
CreateBuildRequest
SendProjectDescription
CreateBuildOperation
ComputeTargetDependencyGraph
note: Building targets in dependency order
note: Target dependency graph (1 target)
Target 'OMSDK_Appodeal' in project 'OMSDK_Appodeal' (no dependencies)
GatherProvisioningInputs
CreateBuildDescription
ExecuteExternalTool /Applications/Xcode-16.3.0.app/Contents/Developer/Toolchains/XcodeDefault.xctoolchain/usr/bin/clang -v -E -dM -isysroot /Applications/Xcode-16.3.0.app/Contents/Developer/Platforms/XROS.platform/Developer/SDKs/XROS2.4.sdk -x c -c /dev/null
Build description signature: 4c24e955be39637c997aba161e7968d9
Build description path: /Users/admin/builder/spi-builder-workspace/.derivedData/Build/Intermediates.noindex/XCBuildData/4c24e955be39637c997aba161e7968d9.xcbuilddata
/Users/admin/builder/spi-builder-workspace/.dependencies/artifacts/spi-builder-workspace/OMSDK_Appodeal/OMSDK_Appodeal.xcframework:1:1: error: While building for visionOS, no library for this platform was found in '/Users/admin/builder/spi-builder-workspace/.dependencies/artifacts/spi-builder-workspace/OMSDK_Appodeal/OMSDK_Appodeal.xcframework'. (in target 'OMSDK_Appodeal' from project 'OMSDK_Appodeal')
** BUILD FAILED **
The following build commands failed:
Building workspace spi-builder-workspace with scheme OMSDK_Appodeal
(1 failure)
Command line invocation:
/Applications/Xcode-16.3.0.app/Contents/Developer/usr/bin/xcodebuild -IDEClonedSourcePackagesDirPathOverride=/Users/admin/builder/spi-builder-workspace/.dependencies -resolvePackageDependencies
Resolve Package Graph
Resolved source packages:
OMSDK_Appodeal: /Users/admin/builder/spi-builder-workspace
resolved source packages: OMSDK_Appodeal
{
"dependencies" : [
],
"manifest_display_name" : "OMSDK_Appodeal",
"name" : "OMSDK_Appodeal",
"path" : "/Users/admin/builder/spi-builder-workspace",
"platforms" : [
{
"name" : "ios",
"version" : "12.0"
}
],
"products" : [
{
"name" : "OMSDK_Appodeal",
"targets" : [
"OMSDK_Appodeal"
],
"type" : {
"library" : [
"automatic"
]
}
}
],
"targets" : [
{
"c99name" : "OMSDK_Appodeal",
"module_type" : "BinaryTarget",
"name" : "OMSDK_Appodeal",
"path" : "remote/archive/OMSDK_Appodeal.xcframework.zip",
"product_memberships" : [
"OMSDK_Appodeal"
],
"sources" : [
],
"type" : "binary"
}
],
"tools_version" : "5.7"
}
{
"workspace" : {
"name" : "spi-builder-workspace",
"schemes" : [
"OMSDK_Appodeal"
]
}
}
Running build ...
env DEVELOPER_DIR=/Applications/Xcode-16.3.0.app xcrun xcodebuild -IDEClonedSourcePackagesDirPathOverride=$PWD/.dependencies -skipMacroValidation -skipPackagePluginValidation -derivedDataPath $PWD/.derivedData build -scheme OMSDK_Appodeal -destination generic/platform=xrOS
Command line invocation:
/Applications/Xcode-16.3.0.app/Contents/Developer/usr/bin/xcodebuild -IDEClonedSourcePackagesDirPathOverride=/Users/admin/builder/spi-builder-workspace/.dependencies -skipMacroValidation -skipPackagePluginValidation -derivedDataPath /Users/admin/builder/spi-builder-workspace/.derivedData build -scheme OMSDK_Appodeal -destination generic/platform=xrOS
Resolve Package Graph
Resolved source packages:
OMSDK_Appodeal: /Users/admin/builder/spi-builder-workspace
ComputePackagePrebuildTargetDependencyGraph
Prepare packages
CreateBuildRequest
SendProjectDescription
CreateBuildOperation
ComputeTargetDependencyGraph
note: Building targets in dependency order
note: Target dependency graph (1 target)
Target 'OMSDK_Appodeal' in project 'OMSDK_Appodeal' (no dependencies)
GatherProvisioningInputs
CreateBuildDescription
ExecuteExternalTool /Applications/Xcode-16.3.0.app/Contents/Developer/Toolchains/XcodeDefault.xctoolchain/usr/bin/clang -v -E -dM -isysroot /Applications/Xcode-16.3.0.app/Contents/Developer/Platforms/XROS.platform/Developer/SDKs/XROS2.4.sdk -x c -c /dev/null
Build description signature: 0e6fcf3403ede921e8782c6aef9f438a
Build description path: /Users/admin/builder/spi-builder-workspace/.derivedData/Build/Intermediates.noindex/XCBuildData/0e6fcf3403ede921e8782c6aef9f438a.xcbuilddata
/Users/admin/builder/spi-builder-workspace/.dependencies/artifacts/spi-builder-workspace/OMSDK_Appodeal/OMSDK_Appodeal.xcframework:1:1: error: While building for visionOS, no library for this platform was found in '/Users/admin/builder/spi-builder-workspace/.dependencies/artifacts/spi-builder-workspace/OMSDK_Appodeal/OMSDK_Appodeal.xcframework'. (in target 'OMSDK_Appodeal' from project 'OMSDK_Appodeal')
** BUILD FAILED **
The following build commands failed:
Building workspace spi-builder-workspace with scheme OMSDK_Appodeal
(1 failure)
BUILD FAILURE 6.1 visionOS