The Swift Package Index logo.Swift Package Index

Build Information

Failed to build Swiftest, reference 1.2.7 (129a5d), with Swift 6.4 for Wasm on 22 Sep 2026 06:10:51 UTC.

Build Command

bash -c docker run --pull=always --rm -v "checkouts-54344845-0":/host -w "$PWD" -e JAVA_HOME="/root/.sdkman/candidates/java/current" -e SPI_BUILD="1" -e SPI_PROCESSING="1" registry.gitlab.com/saguaro1/spi-images:wasm-6.4-latest swift build --swift-sdk swift-6.4.x-DEVELOPMENT-SNAPSHOT-2026-09-04-a_wasm 2>&1

Build Log

========================================
RunAll
========================================
Builder version: 5.1.0
Interrupt handler set up.
========================================
Checkout
========================================
Clone URL: https://github.com/Appsaurus/Swiftest.git
Reference: 1.2.7
Initialized empty Git repository in /host/spi-builder-workspace/.git/
hint: Using 'master' as the name for the initial branch. This default branch name
hint: is subject to change. To configure the initial branch name to use in all
hint: of your new repositories, which will suppress this warning, call:
hint:
hint: 	git config --global init.defaultBranch <name>
hint:
hint: Names commonly chosen instead of 'master' are 'main', 'trunk' and
hint: 'development'. The just-created branch can be renamed via this command:
hint:
hint: 	git branch -m <name>
From https://github.com/Appsaurus/Swiftest
 * tag               1.2.7      -> FETCH_HEAD
HEAD is now at 129a5d4 Fixing broken URL string extensions. Refactored and removed a couple types that were causing occasional compiler crashes.
Cloned https://github.com/Appsaurus/Swiftest.git
Revision (git rev-parse @):
129a5d49fcc740ddf7c737e0d1370756011258d2
SUCCESS checkout https://github.com/Appsaurus/Swiftest.git at 1.2.7
========================================
Build
========================================
Selected platform:         wasm
Swift version:             6.4
Building package at path:  $PWD
https://github.com/Appsaurus/Swiftest.git
Running build ...
bash -c docker run --pull=always --rm -v "checkouts-54344845-0":/host -w "$PWD" -e JAVA_HOME="/root/.sdkman/candidates/java/current" -e SPI_BUILD="1" -e SPI_PROCESSING="1" registry.gitlab.com/saguaro1/spi-images:wasm-6.4-latest swift build --swift-sdk swift-6.4.x-DEVELOPMENT-SNAPSHOT-2026-09-04-a_wasm 2>&1
wasm-6.4-latest: Pulling from saguaro1/spi-images
Digest: sha256:4328fdb43c680d205c1d6761b1e3267aa38277eefdda9ddfb17b6a0f1a77857a
Status: Image is up to date for registry.gitlab.com/saguaro1/spi-images:wasm-6.4-latest
Fetching https://github.com/Appsaurus/SwiftTestUtils
[1/150] Fetching swifttestutils
Fetched https://github.com/Appsaurus/SwiftTestUtils (0.46s)
Computing version for https://github.com/Appsaurus/SwiftTestUtils
Computed https://github.com/Appsaurus/SwiftTestUtils at 1.0.1 (1.50s)
Creating working copy for https://github.com/Appsaurus/SwiftTestUtils
Working copy of https://github.com/Appsaurus/SwiftTestUtils resolved at 1.0.1
warning: 'spi-builder-workspace': found 1 file(s) which are unhandled; explicitly declare them as resources or exclude from the target
    /host/spi-builder-workspace/Tests/SwiftestTests/Resources/test.json
Building for debugging...
[Planning deferred tasks]
[18 / 26] Swiftest
error: SwiftCompile normal wasm32 failed with a nonzero exit code. Command line:     cd /host

[27 / 35] Swiftest
/root/.swiftpm/swift-sdks/swift-6.4.x-DEVELOPMENT-SNAPSHOT-2026-09-04-a_wasm.artifactbundle/swift-6.4.x-DEVELOPMENT-SNAPSHOT-2026-09-04-a_wasm/wasm32-unknown-wasip1/swift.xctoolchain/usr/lib/swift_static/CoreFoundation/CoreFoundation.h:28:10: note: while building module 'wasi_emulated_signal' imported from /root/.swiftpm/swift-sdks/swift-6.4.x-DEVELOPMENT-SNAPSHOT-2026-09-04-a_wasm.artifactbundle/swift-6.4.x-DEVELOPMENT-SNAPSHOT-2026-09-04-a_wasm/wasm32-unknown-wasip1/swift.xctoolchain/usr/lib/swift_static/CoreFoundation/CoreFoundation.h:28:
 26 | #include <setjmp.h>
 27 | #endif
 28 | #include <signal.h>
    |          `- note: while building module 'wasi_emulated_signal' imported from /root/.swiftpm/swift-sdks/swift-6.4.x-DEVELOPMENT-SNAPSHOT-2026-09-04-a_wasm.artifactbundle/swift-6.4.x-DEVELOPMENT-SNAPSHOT-2026-09-04-a_wasm/wasm32-unknown-wasip1/swift.xctoolchain/usr/lib/swift_static/CoreFoundation/CoreFoundation.h:28:
 29 | #include <stddef.h>
 30 | #include <stdio.h>
<module-includes>:1:10: note: in file included from <module-includes>:1:
1 | #include "signal.h"
  |          `- note: in file included from <module-includes>:1:
2 |
/root/.swiftpm/swift-sdks/swift-6.4.x-DEVELOPMENT-SNAPSHOT-2026-09-04-a_wasm.artifactbundle/swift-6.4.x-DEVELOPMENT-SNAPSHOT-2026-09-04-a_wasm/wasm32-unknown-wasip1/WASI.sdk/include/wasm32-wasip1/signal.h:2:2: error: "wasm lacks signal support; to enable minimal signal emulation, compile with -D_WASI_EMULATED_SIGNAL and link with -lwasi-emulated-signal"
  1 | #ifndef _WASI_EMULATED_SIGNAL
  2 | #error "wasm lacks signal support; to enable minimal signal emulation, \
    |  `- error: "wasm lacks signal support; to enable minimal signal emulation, compile with -D_WASI_EMULATED_SIGNAL and link with -lwasi-emulated-signal"
  3 | compile with -D_WASI_EMULATED_SIGNAL and link with -lwasi-emulated-signal"
  4 | #else
<module-includes>:1:10: note: in file included from <module-includes>:1:
1 | #include "CoreFoundation.h"
  |          `- note: in file included from <module-includes>:1:
2 |
/root/.swiftpm/swift-sdks/swift-6.4.x-DEVELOPMENT-SNAPSHOT-2026-09-04-a_wasm.artifactbundle/swift-6.4.x-DEVELOPMENT-SNAPSHOT-2026-09-04-a_wasm/wasm32-unknown-wasip1/swift.xctoolchain/usr/lib/swift_static/CoreFoundation/CoreFoundation.h:28:10: error: could not build module 'wasi_emulated_signal'
 26 | #include <setjmp.h>
 27 | #endif
 28 | #include <signal.h>
    |          `- error: could not build module 'wasi_emulated_signal'
 29 | #include <stddef.h>
 30 | #include <stdio.h>
/root/.swiftpm/swift-sdks/swift-6.4.x-DEVELOPMENT-SNAPSHOT-2026-09-04-a_wasm.artifactbundle/swift-6.4.x-DEVELOPMENT-SNAPSHOT-2026-09-04-a_wasm/wasm32-unknown-wasip1/swift.xctoolchain/usr/lib/swift_static/CoreFoundation/ForSwiftFoundationOnly.h:86:10: note: while building module 'wasi_emulated_mman' imported from /root/.swiftpm/swift-sdks/swift-6.4.x-DEVELOPMENT-SNAPSHOT-2026-09-04-a_wasm.artifactbundle/swift-6.4.x-DEVELOPMENT-SNAPSHOT-2026-09-04-a_wasm/wasm32-unknown-wasip1/swift.xctoolchain/usr/lib/swift_static/CoreFoundation/ForSwiftFoundationOnly.h:86:
 84 | #undef _WASI_EMULATED_MMAN
 85 | #define _WASI_EMULATED_MMAN
 86 | #include <sys/mman.h>
    |          `- note: while building module 'wasi_emulated_mman' imported from /root/.swiftpm/swift-sdks/swift-6.4.x-DEVELOPMENT-SNAPSHOT-2026-09-04-a_wasm.artifactbundle/swift-6.4.x-DEVELOPMENT-SNAPSHOT-2026-09-04-a_wasm/wasm32-unknown-wasip1/swift.xctoolchain/usr/lib/swift_static/CoreFoundation/ForSwiftFoundationOnly.h:86:
 87 | #elif TARGET_OS_LINUX
 88 | #include <errno.h>
<module-includes>:1:10: note: in file included from <module-includes>:1:
1 | #include "sys/mman.h"
  |          `- note: in file included from <module-includes>:1:
2 |
/root/.swiftpm/swift-sdks/swift-6.4.x-DEVELOPMENT-SNAPSHOT-2026-09-04-a_wasm.artifactbundle/swift-6.4.x-DEVELOPMENT-SNAPSHOT-2026-09-04-a_wasm/wasm32-unknown-wasip1/WASI.sdk/include/wasm32-wasip1/sys/mman.h:2:2: error: "WASI lacks a true mmap; to enable minimal mmap emulation, compile with -D_WASI_EMULATED_MMAN and link with -lwasi-emulated-mman"
  1 | #ifndef _WASI_EMULATED_MMAN
  2 | #error "WASI lacks a true mmap; to enable minimal mmap emulation, \
    |  `- error: "WASI lacks a true mmap; to enable minimal mmap emulation, compile with -D_WASI_EMULATED_MMAN and link with -lwasi-emulated-mman"
  3 | compile with -D_WASI_EMULATED_MMAN and link with -lwasi-emulated-mman"
  4 | #else
/host/spi-builder-workspace/Sources/Swiftest/Foundation/Extensions/String/String+FullRange.swift:19:8: error: could not build C module 'CoreFoundation'
17 |
18 | #if canImport(CoreFoundation)
19 | import CoreFoundation
   |        `- error: could not build C module 'CoreFoundation'
20 |
21 | extension String {
Failed frontend command:
/usr/bin/swift-frontend -frontend -emit-module -experimental-skip-non-inlinable-function-bodies-without-types /host/spi-builder-workspace/Sources/Swiftest/Classes/Errors.swift /host/spi-builder-workspace/Sources/Swiftest/Classes/Event.swift /host/spi-builder-workspace/Sources/Swiftest/Classes/Paginator.swift /host/spi-builder-workspace/Sources/Swiftest/Classes/Poller.swift /host/spi-builder-workspace/Sources/Swiftest/Classes/WeakReference.swift /host/spi-builder-workspace/Sources/Swiftest/CoreGraphics/CGPoint+Arithmetic.swift /host/spi-builder-workspace/Sources/Swiftest/CoreGraphics/CGRect+Initializers.swift /host/spi-builder-workspace/Sources/Swiftest/CoreGraphics/CGSize+Arithmetic.swift /host/spi-builder-workspace/Sources/Swiftest/CoreGraphics/CGSize+Initializers.swift /host/spi-builder-workspace/Sources/Swiftest/CoreGraphics/Protocols/CGRect+Framed.swift /host/spi-builder-workspace/Sources/Swiftest/CoreGraphics/Protocols/CGSize+Framed.swift /host/spi-builder-workspace/Sources/Swiftest/CoreGraphics/Protocols/CGSize+Sized.swift /host/spi-builder-workspace/Sources/Swiftest/CoreGraphics/Protocols/Framed.swift /host/spi-builder-workspace/Sources/Swiftest/CoreGraphics/Protocols/Sized.swift /host/spi-builder-workspace/Sources/Swiftest/Foundation/ClassNameReflectable.swift /host/spi-builder-workspace/Sources/Swiftest/Foundation/Extensions/AttributedString/NSAttributedString+.swift /host/spi-builder-workspace/Sources/Swiftest/Foundation/Extensions/AttributedString/NSMutableAttributedString+.swift /host/spi-builder-workspace/Sources/Swiftest/Foundation/Extensions/Calendar+NumberOfDaysInMonth.swift /host/spi-builder-workspace/Sources/Swiftest/Foundation/Extensions/CharacterSet+.swift /host/spi-builder-workspace/Sources/Swiftest/Foundation/Extensions/Collection/BidirectionalCollection+MatrixIndexPathLookup.swift /host/spi-builder-workspace/Sources/Swiftest/Foundation/Extensions/Collection/Collection+ParallelIteration.swift /host/spi-builder-workspace/Sources/Swiftest/Foundation/Extensions/Data+.swift /host/spi-builder-workspace/Sources/Swiftest/Foundation/Extensions/Date+.swift /host/spi-builder-workspace/Sources/Swiftest/Foundation/Extensions/Dispatch/DispatchQueue+Safe.swift /host/spi-builder-workspace/Sources/Swiftest/Foundation/Extensions/Error+NetworkChecks.swift /host/spi-builder-workspace/Sources/Swiftest/Foundation/Extensions/FileManager+.swift /host/spi-builder-workspace/Sources/Swiftest/Foundation/Extensions/Int+LocalizedDecimals.swift /host/spi-builder-workspace/Sources/Swiftest/Foundation/Extensions/Locale+.swift /host/spi-builder-workspace/Sources/Swiftest/Foundation/Extensions/NSPredicate+.swift /host/spi-builder-workspace/Sources/Swiftest/Foundation/Extensions/NotificationCenter+.swift /host/spi-builder-workspace/Sources/Swiftest/Foundation/Extensions/String/String+Aggregate.swift /host/spi-builder-workspace/Sources/Swiftest/Foundation/Extensions/String/String+Base64.swift /host/spi-builder-workspace/Sources/Swiftest/Foundation/Extensions/String/String+CharacterSet.swift /host/spi-builder-workspace/Sources/Swiftest/Foundation/Extensions/String/String+Cleaning.swift /host/spi-builder-workspace/Sources/Swiftest/Foundation/Extensions/String/String+ContentParsing.swift /host/spi-builder-workspace/Sources/Swiftest/Foundation/Extensions/String/String+DataDetection.swift /host/spi-builder-workspace/Sources/Swiftest/Foundation/Extensions/String/String+Date.swift /host/spi-builder-workspace/Sources/Swiftest/Foundation/Extensions/String/String+DecodeEmoji.swift /host/spi-builder-workspace/Sources/Swiftest/Foundation/Extensions/String/String+Foundation+ContentAnalysis.swift /host/spi-builder-workspace/Sources/Swiftest/Foundation/Extensions/String/String+FullRange.swift /host/spi-builder-workspace/Sources/Swiftest/Foundation/Extensions/String/String+Localized.swift /host/spi-builder-workspace/Sources/Swiftest/Foundation/Extensions/String/String+PathComponents.swift /host/spi-builder-workspace/Sources/Swiftest/Foundation/Extensions/String/String+URL.swift /host/spi-builder-workspace/Sources/Swiftest/Foundation/Extensions/URL/URL+.swift /host/spi-builder-workspace/Sources/Swiftest/Foundation/Extensions/URL/URL+ExpressibleByStringLiteral.swift /host/spi-builder-workspace/Sources/Swiftest/Foundation/Extensions/URL/URLRequest+.swift /host/spi-builder-workspace/Sources/Swiftest/Foundation/Extensions/UserDefaults+.swift /host/spi-builder-workspace/Sources/Swiftest/Foundation/KeyValueReadable.swift /host/spi-builder-workspace/Sources/Swiftest/Foundation/PropertyReflectable.swift /host/spi-builder-workspace/Sources/Swiftest/Protocols/Conversions/BoolConvertible.swift /host/spi-builder-workspace/Sources/Swiftest/Protocols/Conversions/CGFloatConvertible.swift /host/spi-builder-workspace/Sources/Swiftest/Protocols/Conversions/DoubleConvertible.swift /host/spi-builder-workspace/Sources/Swiftest/Protocols/Conversions/FloatConvertible.swift /host/spi-builder-workspace/Sources/Swiftest/Protocols/Conversions/IntConvertible.swift /host/spi-builder-workspace/Sources/Swiftest/Protocols/Conversions/RangeConvertible.swift /host/spi-builder-workspace/Sources/Swiftest/Protocols/Conversions/StringConvertible.swift /host/spi-builder-workspace/Sources/Swiftest/Protocols/Identifiable.swift /host/spi-builder-workspace/Sources/Swiftest/Protocols/Initialization/DefaultMutable.swift /host/spi-builder-workspace/Sources/Swiftest/Protocols/Initialization/Defaultable.swift /host/spi-builder-workspace/Sources/Swiftest/Protocols/Initialization/EmptyInitializable.swift /host/spi-builder-workspace/Sources/Swiftest/Protocols/Mockable.swift /host/spi-builder-workspace/Sources/Swiftest/Protocols/ObjectDisplayable.swift /host/spi-builder-workspace/Sources/Swiftest/Protocols/OptionalProtocol.swift /host/spi-builder-workspace/Sources/Swiftest/Protocols/RangeRandomizable.swift /host/spi-builder-workspace/Sources/Swiftest/Protocols/Then.swift /host/spi-builder-workspace/Sources/Swiftest/QuartzCore/CALayer+.swift /host/spi-builder-workspace/Sources/Swiftest/SwiftStdlib/Extensions/BinaryFloatingPoint+Rounding.swift /host/spi-builder-workspace/Sources/Swiftest/SwiftStdlib/Extensions/Character+.swift /host/spi-builder-workspace/Sources/Swiftest/SwiftStdlib/Extensions/Collection/ClosedRange+Wrapping.swift /host/spi-builder-workspace/Sources/Swiftest/SwiftStdlib/Extensions/Collection/Collection+.swift /host/spi-builder-workspace/Sources/Swiftest/SwiftStdlib/Extensions/Collection/Collection+Filtering.swift /host/spi-builder-workspace/Sources/Swiftest/SwiftStdlib/Extensions/Collection/Collection+Indices.swift /host/spi-builder-workspace/Sources/Swiftest/SwiftStdlib/Extensions/Collection/Collection+Lookup.swift /host/spi-builder-workspace/Sources/Swiftest/SwiftStdlib/Extensions/Collection/Collection+Matrix.swift /host/spi-builder-workspace/Sources/Swiftest/SwiftStdlib/Extensions/Collection/Collection+Partitioning.swift /host/spi-builder-workspace/Sources/Swiftest/SwiftStdlib/Extensions/Collection/Collection+ReverseLookup.swift /host/spi-builder-workspace/Sources/Swiftest/SwiftStdlib/Extensions/Collection/RangeReplaceableCollection+Affix.swift /host/spi-builder-workspace/Sources/Swiftest/SwiftStdlib/Extensions/Collection/RangeReplaceableCollection+Deduplication.swift /host/spi-builder-workspace/Sources/Swiftest/SwiftStdlib/Extensions/Collection/RangeReplaceableCollection+Queue.swift /host/spi-builder-workspace/Sources/Swiftest/SwiftStdlib/Extensions/Collection/RangeReplaceableCollection+RemovingInstances.swift /host/spi-builder-workspace/Sources/Swiftest/SwiftStdlib/Extensions/Collection/RangeReplaceableCollection+Repeat.swift /host/spi-builder-workspace/Sources/Swiftest/SwiftStdlib/Extensions/Collection/RangeReplaceableCollection+Rotate.swift /host/spi-builder-workspace/Sources/Swiftest/SwiftStdlib/Extensions/Collection/RangeReplaceableCollection+Stack.swift /host/spi-builder-workspace/Sources/Swiftest/SwiftStdlib/Extensions/Comparable/Comparable+Clamped.swift /host/spi-builder-workspace/Sources/Swiftest/SwiftStdlib/Extensions/Comparable/Comparable+Optionals.swift /host/spi-builder-workspace/Sources/Swiftest/SwiftStdlib/Extensions/Comparable/Comparable+Range.swift /host/spi-builder-workspace/Sources/Swiftest/SwiftStdlib/Extensions/Dictionary/Dictionary+.swift /host/spi-builder-workspace/Sources/Swiftest/SwiftStdlib/Extensions/Dictionary/Dictionary+Arithmetic.swift /host/spi-builder-workspace/Sources/Swiftest/SwiftStdlib/Extensions/Dictionary/Dictionary+DynamicLookup.swift /host/spi-builder-workspace/Sources/Swiftest/SwiftStdlib/Extensions/Dictionary/Dictionary+EnumKeyLookup.swift /host/spi-builder-workspace/Sources/Swiftest/SwiftStdlib/Extensions/Dictionary/Dictionary+Merging.swift /host/spi-builder-workspace/Sources/Swiftest/SwiftStdlib/Extensions/Equatable+.swift /host/spi-builder-workspace/Sources/Swiftest/SwiftStdlib/Extensions/FloatingPoint+.swift /host/spi-builder-workspace/Sources/Swiftest/SwiftStdlib/Extensions/Int/Int+.swift /host/spi-builder-workspace/Sources/Swiftest/SwiftStdlib/Extensions/Int/Int+Loop.swift /host/spi-builder-workspace/Sources/Swiftest/SwiftStdlib/Extensions/Int/Int+WrappedToRange.swift /host/spi-builder-workspace/Sources/Swiftest/SwiftStdlib/Extensions/Optional/Optional+.swift /host/spi-builder-workspace/Sources/Swiftest/SwiftStdlib/Extensions/Optional/Optional+EmptyCollections.swift /host/spi-builder-workspace/Sources/Swiftest/SwiftStdlib/Extensions/Sequence/Sequence+Aggregate.swift /host/spi-builder-workspace/Sources/Swiftest/SwiftStdlib/Extensions/Sequence/Sequence+BooleanTests.swift /host/spi-builder-workspace/Sources/Swiftest/SwiftStdlib/Extensions/Sequence/Sequence+Grouping.swift /host/spi-builder-workspace/Sources/Swiftest/SwiftStdlib/Extensions/Sequence/Sequence+Indexing.swift /host/spi-builder-workspace/Sources/Swiftest/SwiftStdlib/Extensions/Sequence/Sequence+Iterating.swift /host/spi-builder-workspace/Sources/Swiftest/SwiftStdlib/Extensions/Sequence/Sequence+KeyPathSorting.swift /host/spi-builder-workspace/Sources/Swiftest/SwiftStdlib/Extensions/Sequence/Sequence+KeyPathValues.swift /host/spi-builder-workspace/Sources/Swiftest/SwiftStdlib/Extensions/Sequence/Sequence+Search.swift /host/spi-builder-workspace/Sources/Swiftest/SwiftStdlib/Extensions/Sequence/Sequence+Transformed.swift /host/spi-builder-workspace/Sources/Swiftest/SwiftStdlib/Extensions/Set+ContentAnalysis.swift /host/spi-builder-workspace/Sources/Swiftest/SwiftStdlib/Extensions/SignedInteger+.swift /host/spi-builder-workspace/Sources/Swiftest/SwiftStdlib/Extensions/SignedNumeric+.swift /host/spi-builder-workspace/Sources/Swiftest/SwiftStdlib/Extensions/String/String+.swift /host/spi-builder-workspace/Sources/Swiftest/SwiftStdlib/Extensions/String/String+Affix.swift /host/spi-builder-workspace/Sources/Swiftest/SwiftStdlib/Extensions/String/String+BooleanTests.swift /host/spi-builder-workspace/Sources/Swiftest/SwiftStdlib/Extensions/String/String+Case.swift /host/spi-builder-workspace/Sources/Swiftest/SwiftStdlib/Extensions/String/String+Characters.swift /host/spi-builder-workspace/Sources/Swiftest/SwiftStdlib/Extensions/String/String+Repeat.swift /host/spi-builder-workspace/Sources/Swiftest/SwiftStdlib/Extensions/String/String+SafeLookup.swift /host/spi-builder-workspace/Sources/Swiftest/SwiftStdlib/Extensions/String/String+Slicing.swift /host/spi-builder-workspace/Sources/Swiftest/SwiftStdlib/Extensions/String/String+Transformations.swift /host/spi-builder-workspace/Sources/Swiftest/SwiftStdlib/Extensions/String/String+Truncating.swift /host/spi-builder-workspace/Sources/Swiftest/SwiftStdlib/Extensions/StringProtocol+LongestCommonSuffix.swift /host/spi-builder-workspace/Sources/Swiftest/SwiftStdlib/KeyPaths/KeyPathFilter.swift /host/spi-builder-workspace/Sources/Swiftest/SwiftStdlib/KeyPaths/KeyPathValuePair/KeyPathBuildable.swift /host/spi-builder-workspace/Sources/Swiftest/SwiftStdlib/KeyPaths/KeyPathValuePair/KeyPathValueMapOperator.swift /host/spi-builder-workspace/Sources/Swiftest/SwiftStdlib/KeyPaths/KeyPathValuePair/KeyPathValuePair.swift /host/spi-builder-workspace/Sources/Swiftest/SwiftStdlib/KeyPaths/KeyPathValuePair/KeyPathValuePairAssignable.swift /host/spi-builder-workspace/Sources/Swiftest/SwiftStdlib/KeyPaths/KeyPathValuePair/KeyPathValuePairInitializable.swift /host/spi-builder-workspace/Sources/Swiftest/SwiftStdlib/Operators/ArithmeticOperators/ExponentiationOperator.swift /host/spi-builder-workspace/Sources/Swiftest/SwiftStdlib/Operators/ArithmeticOperators/PlusMinusOperator.swift /host/spi-builder-workspace/Sources/Swiftest/SwiftStdlib/Operators/ArithmeticOperators/SquareRootOperator.swift /host/spi-builder-workspace/Sources/Swiftest/SwiftStdlib/Operators/FunctionChainOperator.swift /host/spi-builder-workspace/Sources/Swiftest/SwiftStdlib/Operators/MapOperator/MapOperator.swift /host/spi-builder-workspace/Sources/Swiftest/SwiftStdlib/Operators/OptionalAssignmentOperators.swift /host/spi-builder-workspace/Sources/Swiftest/SwiftStdlib/Operators/TransformOperator/TransformErrorOperator.swift /host/spi-builder-workspace/Sources/Swiftest/SwiftStdlib/Operators/TransformOperator/TransformKeyPathToFunctionOperator.swift /host/spi-builder-workspace/Sources/Swiftest/Types/Pairs.swift /host/spi-builder-workspace/Sources/Swiftest/Types/Typealiases.swift /host/spi-builder-workspace/Sources/Swiftest/Utils/DebugUtils.swift /host/spi-builder-workspace/Sources/Swiftest/Utils/GlobalFunctions.swift /host/spi-builder-workspace/Sources/Swiftest/Utils/Logger.swift /host/spi-builder-workspace/Sources/Swiftest/Utils/ReadWriteLock.swift /host/spi-builder-workspace/Sources/Swiftest/Utils/StringUtils.swift /host/spi-builder-workspace/Sources/Swiftest/Utils/ThreadingUtils.swift -target wasm32-unknown-wasip1 -disable-objc-interop -sdk /root/.swiftpm/swift-sdks/swift-6.4.x-DEVELOPMENT-SNAPSHOT-2026-09-04-a_wasm.artifactbundle/swift-6.4.x-DEVELOPMENT-SNAPSHOT-2026-09-04-a_wasm/wasm32-unknown-wasip1/WASI.sdk -sysroot /root/.swiftpm/swift-sdks/swift-6.4.x-DEVELOPMENT-SNAPSHOT-2026-09-04-a_wasm.artifactbundle/swift-6.4.x-DEVELOPMENT-SNAPSHOT-2026-09-04-a_wasm/wasm32-unknown-wasip1/WASI.sdk -I /host/spi-builder-workspace/.build/out/Products/Debug-webassembly-wasm32 -module-cache-path /host/spi-builder-workspace/.build/out/ModuleCache.noindex -color-diagnostics -Xcc -fcolor-diagnostics -enable-testing -g -debug-info-format\=dwarf -dwarf-version\=4 -swift-version 5 -Onone -D SWIFT_PACKAGE -D DEBUG -D SWIFT_MODULE_RESOURCE_BUNDLE_UNAVAILABLE -D Xcode -serialize-debugging-options -enable-experimental-feature DebugDescriptionMacro -empty-abi-descriptor -external-plugin-path /usr/lib/swift/host/plugins/testing\#/usr/bin/swift-plugin-server -validate-clang-modules-once -clang-build-session-file /host/spi-builder-workspace/.build/out/ModuleCache.noindex/Session.modulevalidation -Xcc -working-directory -Xcc /host -resource-dir /root/.swiftpm/swift-sdks/swift-6.4.x-DEVELOPMENT-SNAPSHOT-2026-09-04-a_wasm.artifactbundle/swift-6.4.x-DEVELOPMENT-SNAPSHOT-2026-09-04-a_wasm/wasm32-unknown-wasip1/swift.xctoolchain/usr/lib/swift_static -use-static-resource-dir -enable-anonymous-context-mangled-names -file-compilation-dir /host -Xcc -resource-dir -Xcc /root/.swiftpm/swift-sdks/swift-6.4.x-DEVELOPMENT-SNAPSHOT-2026-09-04-a_wasm.artifactbundle/swift-6.4.x-DEVELOPMENT-SNAPSHOT-2026-09-04-a_wasm/wasm32-unknown-wasip1/swift.xctoolchain/usr/lib/swift_static/clang -Xcc -D_LIBCPP_HARDENING_MODE\=_LIBCPP_HARDENING_MODE_DEBUG -Xcc -fmodules-prune-interval\=86400 -Xcc -fmodules-prune-after\=345600 -Xcc -I/host/spi-builder-workspace/.build/out/Products/Debug-webassembly-wasm32/include -Xcc -I/host/spi-builder-workspace/.build/out/Intermediates.noindex/Swiftest.build/Debug-webassembly-wasm32/Swiftest-t.build/DerivedSources-normal/wasm32 -Xcc -I/host/spi-builder-workspace/.build/out/Intermediates.noindex/Swiftest.build/Debug-webassembly-wasm32/Swiftest-t.build/DerivedSources/wasm32 -Xcc -I/host/spi-builder-workspace/.build/out/Intermediates.noindex/Swiftest.build/Debug-webassembly-wasm32/Swiftest-t.build/DerivedSources -Xcc -DSWIFT_PACKAGE -Xcc -DDEBUG\=1 -no-auto-bridging-header-chaining -module-name Swiftest -const-gather-protocols-file /host/spi-builder-workspace/.build/out/Intermediates.noindex/Swiftest.build/Debug-webassembly-wasm32/Swiftest-t.build/Objects-normal/wasm32/Swiftest_const_extract_protocols.json -in-process-plugin-server-path /usr/lib/swift/host/libSwiftInProcPluginServer.so -plugin-path /usr/lib/swift/host/plugins -plugin-path /usr/local/lib/swift/host/plugins -emit-module-doc-path /host/spi-builder-workspace/.build/out/Intermediates.noindex/Swiftest.build/Debug-webassembly-wasm32/Swiftest-t.build/Objects-normal/wasm32/Modules/Swiftest.swiftdoc -emit-module-source-info-path /host/spi-builder-workspace/.build/out/Intermediates.noindex/Swiftest.build/Debug-webassembly-wasm32/Swiftest-t.build/Objects-normal/wasm32/Modules/Swiftest.swiftsourceinfo -emit-objc-header-path /host/spi-builder-workspace/.build/out/Intermediates.noindex/Swiftest.build/Debug-webassembly-wasm32/Swiftest-t.build/Objects-normal/wasm32/Swiftest-Swift.h -serialize-diagnostics-path /host/spi-builder-workspace/.build/out/Intermediates.noindex/Swiftest.build/Debug-webassembly-wasm32/Swiftest-t.build/Objects-normal/wasm32/Swiftest-primary-emit-module.dia -emit-dependencies-path /host/spi-builder-workspace/.build/out/Intermediates.noindex/Swiftest.build/Debug-webassembly-wasm32/Swiftest-t.build/Objects-normal/wasm32/Swiftest-primary-emit-module.d -parse-as-library -o /host/spi-builder-workspace/.build/out/Intermediates.noindex/Swiftest.build/Debug-webassembly-wasm32/Swiftest-t.build/Objects-normal/wasm32/Modules/Swiftest.swiftmodule
error: Build failed
BUILD FAILURE 6.4 wasm