Build Information
Failed to build SurrealDB, reference v1.0.0-alpha.2 (12d748), with Swift 6.1 for Wasm on 7 Sep 2026 21:36:17 UTC.
Build Command
bash -c docker run --pull=always --rm -v "checkouts-53886770-0":/host -w "$PWD" -e JAVA_HOME="/root/.sdkman/candidates/java/current" -e SPI_BUILD="1" -e SPI_PROCESSING="1" registry.gitlab.com/saguaro1/spi-images:wasm-6.1-latest swift build --swift-sdk wasm32-unknown-wasi 2>&1Build Log
========================================
RunAll
========================================
Builder version: 5.0.2
Interrupt handler set up.
========================================
Checkout
========================================
Clone URL: https://github.com/surrealdb/surrealdb.swift.git
Reference: v1.0.0-alpha.2
Initialized empty Git repository in /host/spi-builder-workspace/.git/
hint: Using 'master' as the name for the initial branch. This default branch name
hint: is subject to change. To configure the initial branch name to use in all
hint: of your new repositories, which will suppress this warning, call:
hint:
hint: git config --global init.defaultBranch <name>
hint:
hint: Names commonly chosen instead of 'master' are 'main', 'trunk' and
hint: 'development'. The just-created branch can be renamed via this command:
hint:
hint: git branch -m <name>
From https://github.com/surrealdb/surrealdb.swift
* tag v1.0.0-alpha.2 -> FETCH_HEAD
HEAD is now at 12d7480 chore: rename the `Spectron` module to `AgentMemory` (#8)
Cloned https://github.com/surrealdb/surrealdb.swift.git
Revision (git rev-parse @):
12d7480075dbfaf512146692d6960dad16c411e9
SUCCESS checkout https://github.com/surrealdb/surrealdb.swift.git at v1.0.0-alpha.2
========================================
Build
========================================
Selected platform: wasm
Swift version: 6.1
Building package at path: $PWD
https://github.com/surrealdb/surrealdb.swift.git
https://github.com/surrealdb/surrealdb.swift.git
WARNING: environment variable SUPPRESS_SWIFT_6_FLAGS is not set
Running build ...
bash -c docker run --pull=always --rm -v "checkouts-53886770-0":/host -w "$PWD" -e JAVA_HOME="/root/.sdkman/candidates/java/current" -e SPI_BUILD="1" -e SPI_PROCESSING="1" registry.gitlab.com/saguaro1/spi-images:wasm-6.1-latest swift build --swift-sdk wasm32-unknown-wasi -Xswiftc -Xfrontend -Xswiftc -stats-output-dir -Xswiftc -Xfrontend -Xswiftc .stats -Xswiftc -strict-concurrency=complete -Xswiftc -enable-upcoming-feature -Xswiftc StrictConcurrency -Xswiftc -enable-upcoming-feature -Xswiftc DisableOutwardActorInference -Xswiftc -enable-upcoming-feature -Xswiftc GlobalActorIsolatedTypesUsability -Xswiftc -enable-upcoming-feature -Xswiftc InferSendableFromCaptures 2>&1
wasm-6.1-latest: Pulling from saguaro1/spi-images
Digest: sha256:290f441d1f5b7bf0dbbe61e8b7514208804cdcb507d57b3c762463ad036298f7
Status: Image is up to date for registry.gitlab.com/saguaro1/spi-images:wasm-6.1-latest
Fetching https://github.com/outfoxx/PotentCodables.git
Fetching https://github.com/swiftlang/swift-syntax.git
[1/79651] Fetching swift-syntax
[52571/193598] Fetching swift-syntax, potentcodables
Fetched https://github.com/swiftlang/swift-syntax.git from cache (3.58s)
Fetched https://github.com/outfoxx/PotentCodables.git from cache (3.59s)
Computing version for https://github.com/swiftlang/swift-syntax.git
Computed https://github.com/swiftlang/swift-syntax.git at 601.0.1 (4.59s)
Computing version for https://github.com/outfoxx/PotentCodables.git
Computed https://github.com/outfoxx/PotentCodables.git at 3.5.3 (0.25s)
Fetching https://github.com/SusanDoggie/Float16.git
Fetching https://github.com/apple/swift-collections.git
Fetching https://github.com/sharplet/Regex.git
Fetching https://github.com/attaswift/BigInt.git
[1/1254] Fetching regex
[817/6193] Fetching regex, bigint
[2398/6503] Fetching regex, bigint, float16
[6103/33639] Fetching regex, bigint, float16, swift-collections
Fetched https://github.com/attaswift/BigInt.git from cache (0.60s)
[4729/28700] Fetching regex, float16, swift-collections
Fetched https://github.com/SusanDoggie/Float16.git from cache (1.04s)
Fetched https://github.com/sharplet/Regex.git from cache (1.05s)
Fetched https://github.com/apple/swift-collections.git from cache (1.05s)
Computing version for https://github.com/sharplet/Regex.git
Computed https://github.com/sharplet/Regex.git at 2.1.1 (1.96s)
Computing version for https://github.com/SusanDoggie/Float16.git
Computed https://github.com/SusanDoggie/Float16.git at 1.1.1 (0.24s)
Fetching https://github.com/apple/swift-numerics
[1/6592] Fetching swift-numerics
Fetched https://github.com/apple/swift-numerics from cache (0.57s)
Computing version for https://github.com/attaswift/BigInt.git
Computed https://github.com/attaswift/BigInt.git at 5.7.0 (0.78s)
Computing version for https://github.com/apple/swift-numerics
Computed https://github.com/apple/swift-numerics at 1.1.1 (0.20s)
Computing version for https://github.com/apple/swift-collections.git
Computed https://github.com/apple/swift-collections.git at 1.6.0 (0.31s)
Creating working copy for https://github.com/swiftlang/swift-syntax.git
Working copy of https://github.com/swiftlang/swift-syntax.git resolved at 601.0.1
Creating working copy for https://github.com/SusanDoggie/Float16.git
Working copy of https://github.com/SusanDoggie/Float16.git resolved at 1.1.1
Creating working copy for https://github.com/apple/swift-collections.git
Working copy of https://github.com/apple/swift-collections.git resolved at 1.6.0
Creating working copy for https://github.com/apple/swift-numerics
Working copy of https://github.com/apple/swift-numerics resolved at 1.1.1
Creating working copy for https://github.com/attaswift/BigInt.git
Working copy of https://github.com/attaswift/BigInt.git resolved at 5.7.0
Creating working copy for https://github.com/sharplet/Regex.git
Working copy of https://github.com/sharplet/Regex.git resolved at 2.1.1
Creating working copy for https://github.com/outfoxx/PotentCodables.git
Working copy of https://github.com/outfoxx/PotentCodables.git resolved at 3.5.3
Building for debugging...
[0/123] Write sources
[34/123] Compiling _SwiftSyntaxCShims dummy.c
[35/123] Copying PotentCodables.docc
[36/123] Compiling _NumericsShims _NumericsShims.c
[37/123] Compiling fy-ctype.c
[38/123] Compiling fy-blob.c
[39/123] Compiling fy-utf8.c
[40/123] Compiling fy-utils.c
[41/123] Compiling fy-types.c
[42/123] Compiling xxhash.c
[43/123] Compiling fy-path.c
[44/123] Compiling fy-input.c
[45/123] Compiling fy-token.c
[46/123] Compiling fy-event.c
[47/123] Compiling fy-dump.c
[48/123] Compiling fy-docstate.c
[49/123] Compiling fy-walk.c
[50/123] Compiling fy-docbuilder.c
[51/123] Compiling fy-emit.c
[52/123] Write sources
[55/123] Compiling fy-composer.c
[56/123] Write sources
[58/123] Compiling CFloat16 float16.c
[58/123] Write sources
[66/123] Copying PotentCodables.docc
[66/123] Write sources
[74/123] Compiling fy-diag.c
[75/123] Compiling fy-accel.c
/host/spi-builder-workspace/.build/checkouts/PotentCodables/Sources/Cfyaml/src/util/fy-utils.c:18:10: fatal error: 'termios.h' file not found
18 | #include <termios.h>
| ^~~~~~~~~~~
1 error generated.
[76/123] Compiling fy-utils.c
[76/123] Compiling fy-parse.c
[76/123] Compiling fy-doc.c
[76/123] Compiling xxhash.c
[76/123] Compiling fy-utf8.c
[76/123] Compiling fy-atom.c
[76/123] Compiling fy-ctype.c
[76/123] Write swift-version-24593BA9C3E375BF.txt
Running build ...
bash -c docker run --pull=always --rm -v "checkouts-53886770-0":/host -w "$PWD" -e JAVA_HOME="/root/.sdkman/candidates/java/current" -e SPI_BUILD="1" -e SPI_PROCESSING="1" registry.gitlab.com/saguaro1/spi-images:wasm-6.1-latest swift build --swift-sdk wasm32-unknown-wasi 2>&1
wasm-6.1-latest: Pulling from saguaro1/spi-images
Digest: sha256:290f441d1f5b7bf0dbbe61e8b7514208804cdcb507d57b3c762463ad036298f7
Status: Image is up to date for registry.gitlab.com/saguaro1/spi-images:wasm-6.1-latest
[0/1] Planning build
Building for debugging...
In file included from /host/spi-builder-workspace/.build/checkouts/PotentCodables/Sources/Cfyaml/src/util/fy-ctype.c:16:
In file included from /host/spi-builder-workspace/.build/checkouts/PotentCodables/Sources/Cfyaml/src/util/fy-ctype.h:20:
In file included from /host/spi-builder-workspace/.build/checkouts/PotentCodables/Sources/Cfyaml/src/util/fy-utf8.h:20:
/host/spi-builder-workspace/.build/checkouts/PotentCodables/Sources/Cfyaml/src/util/fy-utils.h:19:10: fatal error: 'termios.h' file not found
19 | #include <termios.h>
| ^~~~~~~~~~~
1 error generated.
[0/47] Compiling fy-ctype.c
In file included from /host/spi-builder-workspace/.build/checkouts/PotentCodables/Sources/Cfyaml/src/util/fy-utf8.c:16:
In file included from /host/spi-builder-workspace/.build/checkouts/PotentCodables/Sources/Cfyaml/src/util/fy-utf8.h:20:
/host/spi-builder-workspace/.build/checkouts/PotentCodables/Sources/Cfyaml/src/util/fy-utils.h:19:10: fatal error: 'termios.h' file not found
19 | #include <termios.h>
| ^~~~~~~~~~~
1 error generated.
[0/47] Compiling fy-utf8.c
[0/47] Compiling fy-atom.c
/host/spi-builder-workspace/.build/checkouts/PotentCodables/Sources/Cfyaml/src/util/fy-utils.c:18:10: fatal error: 'termios.h' file not found
18 | #include <termios.h>
| ^~~~~~~~~~~
[0/47] Compiling fy-utils.c
[0/47] Compiling fy-doc.c
[0/47] Compiling xxhash.c
[0/47] Compiling fy-parse.c
[0/47] Write swift-version-24593BA9C3E375BF.txt
BUILD FAILURE 6.1 wasm