The Swift Package Index logo.Swift Package Index

Build Information

Failed to build APWebAuthentication, reference 3.0.0 (119024), with Swift 6.4 for Linux on 13 Oct 2026 08:21:11 UTC.

Build Command

bash -c docker run --pull=always --rm -v "checkouts-53886768-0":/host -w "$PWD" -e JAVA_HOME="/root/.sdkman/candidates/java/current" -e SPI_BUILD="1" -e SPI_PROCESSING="1" registry.gitlab.com/saguaro1/spi-images:basic-6.4-latest swift build --triple x86_64-unknown-linux-gnu 2>&1

Build Log

========================================
RunAll
========================================
Builder version: 5.1.2
Interrupt handler set up.
========================================
Checkout
========================================
Clone URL: https://github.com/aporat/APWebAuthentication.git
Reference: 3.0.0
Initialized empty Git repository in /host/spi-builder-workspace/.git/
hint: Using 'master' as the name for the initial branch. This default branch name
hint: is subject to change. To configure the initial branch name to use in all
hint: of your new repositories, which will suppress this warning, call:
hint:
hint: 	git config --global init.defaultBranch <name>
hint:
hint: Names commonly chosen instead of 'master' are 'main', 'trunk' and
hint: 'development'. The just-created branch can be renamed via this command:
hint:
hint: 	git branch -m <name>
From https://github.com/aporat/APWebAuthentication
 * tag               3.0.0      -> FETCH_HEAD
HEAD is now at 1190243 Merge pull request #24 from aporat/chore/useragent-2.0
Cloned https://github.com/aporat/APWebAuthentication.git
Revision (git rev-parse @):
1190243251f69c51a43d0e670694d5eba63598f5
SUCCESS checkout https://github.com/aporat/APWebAuthentication.git at 3.0.0
========================================
Build
========================================
Selected platform:         linux
Swift version:             6.4
Building package at path:  $PWD
https://github.com/aporat/APWebAuthentication.git
Running build ...
bash -c docker run --pull=always --rm -v "checkouts-53886768-0":/host -w "$PWD" -e JAVA_HOME="/root/.sdkman/candidates/java/current" -e SPI_BUILD="1" -e SPI_PROCESSING="1" registry.gitlab.com/saguaro1/spi-images:basic-6.4-latest swift build --triple x86_64-unknown-linux-gnu 2>&1
basic-6.4-latest: Pulling from saguaro1/spi-images
Digest: sha256:cb09f0c0d537a8668f02529c380785d189fc75032d54572211355a09e050e122
Status: Image is up to date for registry.gitlab.com/saguaro1/spi-images:basic-6.4-latest
Fetching https://github.com/SnapKit/SnapKit.git
Fetching https://github.com/JonasGessner/JGProgressHUD.git
Fetching https://github.com/aporat/APUserAgentGenerator.git
Fetching https://github.com/SwifterSwift/SwifterSwift.git
Fetching https://github.com/kishikawakatsumi/KeychainAccess.git
Fetching https://github.com/SwiftyJSON/SwiftyJSON.git
[1/4295] Fetching snapkit
[1161/8683] Fetching snapkit, keychainaccess
[1820/14986] Fetching snapkit, keychainaccess, swiftyjson
[3128/16579] Fetching snapkit, keychainaccess, swiftyjson, jgprogresshud
Fetched https://github.com/SnapKit/SnapKit.git (0.49s)
[9138/12284] Fetching keychainaccess, swiftyjson, jgprogresshud
Fetching https://github.com/Alamofire/Alamofire.git
[10537/12790] Fetching keychainaccess, swiftyjson, jgprogresshud, apuseragentgenerator
Fetched https://github.com/aporat/APUserAgentGenerator.git (0.64s)
Fetching https://github.com/rhodgkins/SwiftHTTPStatusCodes.git
[11217/12284] Fetching keychainaccess, swiftyjson, jgprogresshud
[11696/42169] Fetching keychainaccess, swiftyjson, jgprogresshud, swifterswift
[21550/43099] Fetching keychainaccess, swiftyjson, jgprogresshud, swifterswift, swifthttpstatuscodes
[22904/76098] Fetching keychainaccess, swiftyjson, jgprogresshud, swifterswift, swifthttpstatuscodes, alamofire
Fetched https://github.com/rhodgkins/SwiftHTTPStatusCodes.git (0.39s)
[35452/75168] Fetching keychainaccess, swiftyjson, jgprogresshud, swifterswift, alamofire
Fetched https://github.com/SwiftyJSON/SwiftyJSON.git (1.40s)
[43456/68865] Fetching keychainaccess, jgprogresshud, swifterswift, alamofire
Fetched https://github.com/kishikawakatsumi/KeychainAccess.git (1.40s)
Fetched https://github.com/JonasGessner/JGProgressHUD.git (1.41s)
Fetched https://github.com/SwifterSwift/SwifterSwift.git (1.41s)
[7920/32999] Fetching alamofire
Fetched https://github.com/Alamofire/Alamofire.git (2.76s)
Computing version for https://github.com/aporat/APUserAgentGenerator.git
Computed https://github.com/aporat/APUserAgentGenerator.git at 2.0.0 (3.40s)
Computing version for https://github.com/SwifterSwift/SwifterSwift.git
warning: 'swifterswift': /Package.swift:11:19: warning: 'v4' is deprecated: watchOS 9.0 is the oldest supported version [#DeprecatedDeclaration]
 9 |         .iOS(.v12),
10 |         .tvOS(.v12),
11 |         .watchOS(.v4),
   |                   `- warning: 'v4' is deprecated: watchOS 9.0 is the oldest supported version [#DeprecatedDeclaration]
12 |         .macOS(.v10_13)
13 |     ],
[#DeprecatedDeclaration]: <https://docs.swift.org/compiler/documentation/diagnostics/deprecated-declaration>
Computed https://github.com/SwifterSwift/SwifterSwift.git at 8.0.0 (0.14s)
Computing version for https://github.com/SnapKit/SnapKit.git
Computed https://github.com/SnapKit/SnapKit.git at 6.0.0 (0.13s)
Computing version for https://github.com/kishikawakatsumi/KeychainAccess.git
Computed https://github.com/kishikawakatsumi/KeychainAccess.git at 4.2.2 (0.88s)
Computing version for https://github.com/SwiftyJSON/SwiftyJSON.git
Computed https://github.com/SwiftyJSON/SwiftyJSON.git at 5.0.2 (0.17s)
Computing version for https://github.com/rhodgkins/SwiftHTTPStatusCodes.git
Computed https://github.com/rhodgkins/SwiftHTTPStatusCodes.git at 3.3.2 (0.87s)
Computing version for https://github.com/Alamofire/Alamofire.git
Computed https://github.com/Alamofire/Alamofire.git at 5.12.2 (0.14s)
Computing version for https://github.com/JonasGessner/JGProgressHUD.git
Computed https://github.com/JonasGessner/JGProgressHUD.git at 2.2.0 (0.17s)
Creating working copy for https://github.com/rhodgkins/SwiftHTTPStatusCodes.git
Working copy of https://github.com/rhodgkins/SwiftHTTPStatusCodes.git resolved at 3.3.2
Creating working copy for https://github.com/SnapKit/SnapKit.git
Working copy of https://github.com/SnapKit/SnapKit.git resolved at 6.0.0
Creating working copy for https://github.com/Alamofire/Alamofire.git
Working copy of https://github.com/Alamofire/Alamofire.git resolved at 5.12.2
Creating working copy for https://github.com/kishikawakatsumi/KeychainAccess.git
Working copy of https://github.com/kishikawakatsumi/KeychainAccess.git resolved at 4.2.2
Creating working copy for https://github.com/SwiftyJSON/SwiftyJSON.git
Working copy of https://github.com/SwiftyJSON/SwiftyJSON.git resolved at 5.0.2
Creating working copy for https://github.com/JonasGessner/JGProgressHUD.git
Working copy of https://github.com/JonasGessner/JGProgressHUD.git resolved at 2.2.0
Creating working copy for https://github.com/aporat/APUserAgentGenerator.git
Working copy of https://github.com/aporat/APUserAgentGenerator.git resolved at 2.0.0
Creating working copy for https://github.com/SwifterSwift/SwifterSwift.git
Working copy of https://github.com/SwifterSwift/SwifterSwift.git resolved at 8.0.0
warning: 'swifterswift': /host/spi-builder-workspace/.build/checkouts/SwifterSwift/Package.swift:11:19: warning: 'v4' is deprecated: watchOS 9.0 is the oldest supported version [#DeprecatedDeclaration]
 9 |         .iOS(.v12),
10 |         .tvOS(.v12),
11 |         .watchOS(.v4),
   |                   `- warning: 'v4' is deprecated: watchOS 9.0 is the oldest supported version [#DeprecatedDeclaration]
12 |         .macOS(.v10_13)
13 |     ],
[#DeprecatedDeclaration]: <https://docs.swift.org/compiler/documentation/diagnostics/deprecated-declaration>
Building for debugging...
[Computing dependencies]
[Pre-planning 1 / 452]
[Planning deferred tasks]
[85 / 164]
In file included from /host/spi-builder-workspace/.build/checkouts/JGProgressHUD/JGProgressHUD/JGProgressHUD/JGProgressHUDPieIndicatorView.m:9:
In file included from /host/spi-builder-workspace/.build/checkouts/JGProgressHUD/JGProgressHUD/JGProgressHUD/include/JGProgressHUDPieIndicatorView.h:11:
/host/spi-builder-workspace/.build/checkouts/JGProgressHUD/JGProgressHUD/JGProgressHUD/include/JGProgressHUDIndicatorView.h:9:9: fatal error: 'Foundation/Foundation.h' file not found
    9 | #import <Foundation/Foundation.h>
      |         ^~~~~~~~~~~~~~~~~~~~~~~~~
1 error generated.
error: CompileC /host/spi-builder-workspace/.build/out/Intermediates.noindex/JGProgressHUD.build/Debug-linux-x86_64/JGProgressHUD-t.build/Objects-normal/x86_64/JGProgressHUDPieIndicatorView.o /host/spi-builder-workspace/.build/checkouts/JGProgressHUD/JGProgressHUD/JGProgressHUD/JGProgressHUDPieIndicatorView.m normal x86_64 objective-c com.apple.compilers.llvm.clang.1_0.compiler failed with a nonzero exit code. Command line:     cd /host

    Using response file: /host/spi-builder-workspace/.build/out/Intermediates.noindex/JGProgressHUD.build/Debug-linux-x86_64/JGProgressHUD-t.build/Objects-normal/x86_64/6f95552a3397ee1cec971b90cf334075d5f321c3a3b0689ad55c3d1e24702600-common-args.resp

    /usr/bin/clang -x objective-c -target x86_64-unknown-linux-gnu -fmessage-length\=0 -fdiagnostics-show-note-include-stack -fmacro-backtrace-limit\=0 -fcolor-diagnostics -Wno-trigraphs -Wno-missing-field-initializers -Wno-missing-prototypes -Wno-return-type -Wno-implicit-atomic-properties -Wno-objc-interface-ivars -Wno-arc-repeated-use-of-weak -Wno-missing-braces -Wparentheses -Wswitch -Wno-unused-function -Wno-unused-label -Wno-unused-parameter -Wno-unused-variable -Wunused-value -Wno-empty-body -Wno-uninitialized -Wno-unknown-pragmas -w -Wno-shadow -Wno-four-char-constants -Wno-conversion -Wno-constant-conversion -Wno-int-conversion -Wno-bool-conversion -Wno-enum-conversion -Wno-float-conversion -Wno-non-literal-null-conversion -Wno-objc-literal-conversion -Wno-shorten-64-to-32 -Wpointer-sign -Wno-newline-eof -Wno-selector -Wno-strict-selector-match -Wno-undeclared-selector -Wno-deprecated-implementations -Wno-implicit-fallthrough -fstrict-aliasing -Wprotocol -Wdeprecated-declarations -Wno-sign-conversion -Wno-infinite-recursion -Wno-comma -Wno-block-capture-autoreleasing -Wno-strict-prototypes -Wno-semicolon-before-method-body --sysroot / @/host/spi-builder-workspace/.build/out/Intermediates.noindex/JGProgressHUD.build/Debug-linux-x86_64/JGProgressHUD-t.build/Objects-normal/x86_64/6f95552a3397ee1cec971b90cf334075d5f321c3a3b0689ad55c3d1e24702600-common-args.resp -MMD -MT dependencies -MF /host/spi-builder-workspace/.build/out/Intermediates.noindex/JGProgressHUD.build/Debug-linux-x86_64/JGProgressHUD-t.build/Objects-normal/x86_64/JGProgressHUDPieIndicatorView.d --serialize-diagnostics /host/spi-builder-workspace/.build/out/Intermediates.noindex/JGProgressHUD.build/Debug-linux-x86_64/JGProgressHUD-t.build/Objects-normal/x86_64/JGProgressHUDPieIndicatorView.dia -c /host/spi-builder-workspace/.build/checkouts/JGProgressHUD/JGProgressHUD/JGProgressHUD/JGProgressHUDPieIndicatorView.m -o /host/spi-builder-workspace/.build/out/Intermediates.noindex/JGProgressHUD.build/Debug-linux-x86_64/JGProgressHUD-t.build/Objects-normal/x86_64/JGProgressHUDPieIndicatorView.o
In file included from /host/spi-builder-workspace/.build/checkouts/JGProgressHUD/JGProgressHUD/JGProgressHUD/JGProgressHUDShadow.m:9:
/host/spi-builder-workspace/.build/checkouts/JGProgressHUD/JGProgressHUD/JGProgressHUD/include/JGProgressHUDShadow.h:9:9: fatal error: 'UIKit/UIKit.h' file not found
    9 | #import <UIKit/UIKit.h>
      |         ^~~~~~~~~~~~~~~
1 error generated.
error: CompileC /host/spi-builder-workspace/.build/out/Intermediates.noindex/JGProgressHUD.build/Debug-linux-x86_64/JGProgressHUD-t.build/Objects-normal/x86_64/JGProgressHUDShadow.o /host/spi-builder-workspace/.build/checkouts/JGProgressHUD/JGProgressHUD/JGProgressHUD/JGProgressHUDShadow.m normal x86_64 objective-c com.apple.compilers.llvm.clang.1_0.compiler failed with a nonzero exit code. Command line:     cd /host

    Using response file: /host/spi-builder-workspace/.build/out/Intermediates.noindex/JGProgressHUD.build/Debug-linux-x86_64/JGProgressHUD-t.build/Objects-normal/x86_64/6f95552a3397ee1cec971b90cf334075d5f321c3a3b0689ad55c3d1e24702600-common-args.resp

    /usr/bin/clang -x objective-c -target x86_64-unknown-linux-gnu -fmessage-length\=0 -fdiagnostics-show-note-include-stack -fmacro-backtrace-limit\=0 -fcolor-diagnostics -Wno-trigraphs -Wno-missing-field-initializers -Wno-missing-prototypes -Wno-return-type -Wno-implicit-atomic-properties -Wno-objc-interface-ivars -Wno-arc-repeated-use-of-weak -Wno-missing-braces -Wparentheses -Wswitch -Wno-unused-function -Wno-unused-label -Wno-unused-parameter -Wno-unused-variable -Wunused-value -Wno-empty-body -Wno-uninitialized -Wno-unknown-pragmas -w -Wno-shadow -Wno-four-char-constants -Wno-conversion -Wno-constant-conversion -Wno-int-conversion -Wno-bool-conversion -Wno-enum-conversion -Wno-float-conversion -Wno-non-literal-null-conversion -Wno-objc-literal-conversion -Wno-shorten-64-to-32 -Wpointer-sign -Wno-newline-eof -Wno-selector -Wno-strict-selector-match -Wno-undeclared-selector -Wno-deprecated-implementations -Wno-implicit-fallthrough -fstrict-aliasing -Wprotocol -Wdeprecated-declarations -Wno-sign-conversion -Wno-infinite-recursion -Wno-comma -Wno-block-capture-autoreleasing -Wno-strict-prototypes -Wno-semicolon-before-method-body --sysroot / @/host/spi-builder-workspace/.build/out/Intermediates.noindex/JGProgressHUD.build/Debug-linux-x86_64/JGProgressHUD-t.build/Objects-normal/x86_64/6f95552a3397ee1cec971b90cf334075d5f321c3a3b0689ad55c3d1e24702600-common-args.resp -MMD -MT dependencies -MF /host/spi-builder-workspace/.build/out/Intermediates.noindex/JGProgressHUD.build/Debug-linux-x86_64/JGProgressHUD-t.build/Objects-normal/x86_64/JGProgressHUDShadow.d --serialize-diagnostics /host/spi-builder-workspace/.build/out/Intermediates.noindex/JGProgressHUD.build/Debug-linux-x86_64/JGProgressHUD-t.build/Objects-normal/x86_64/JGProgressHUDShadow.dia -c /host/spi-builder-workspace/.build/checkouts/JGProgressHUD/JGProgressHUD/JGProgressHUD/JGProgressHUDShadow.m -o /host/spi-builder-workspace/.build/out/Intermediates.noindex/JGProgressHUD.build/Debug-linux-x86_64/JGProgressHUD-t.build/Objects-normal/x86_64/JGProgressHUDShadow.o
In file included from /host/spi-builder-workspace/.build/checkouts/JGProgressHUD/JGProgressHUD/JGProgressHUD/JGProgressHUDRingIndicatorView.m:9:
In file included from /host/spi-builder-workspace/.build/checkouts/JGProgressHUD/JGProgressHUD/JGProgressHUD/include/JGProgressHUDRingIndicatorView.h:11:
/host/spi-builder-workspace/.build/checkouts/JGProgressHUD/JGProgressHUD/JGProgressHUD/include/JGProgressHUDIndicatorView.h:9:9: fatal error: 'Foundation/Foundation.h' file not found
    9 | #import <Foundation/Foundation.h>
      |         ^~~~~~~~~~~~~~~~~~~~~~~~~
1 error generated.
error: CompileC /host/spi-builder-workspace/.build/out/Intermediates.noindex/JGProgressHUD.build/Debug-linux-x86_64/JGProgressHUD-t.build/Objects-normal/x86_64/JGProgressHUDRingIndicatorView.o /host/spi-builder-workspace/.build/checkouts/JGProgressHUD/JGProgressHUD/JGProgressHUD/JGProgressHUDRingIndicatorView.m normal x86_64 objective-c com.apple.compilers.llvm.clang.1_0.compiler failed with a nonzero exit code. Command line:     cd /host

    Using response file: /host/spi-builder-workspace/.build/out/Intermediates.noindex/JGProgressHUD.build/Debug-linux-x86_64/JGProgressHUD-t.build/Objects-normal/x86_64/6f95552a3397ee1cec971b90cf334075d5f321c3a3b0689ad55c3d1e24702600-common-args.resp

    /usr/bin/clang -x objective-c -target x86_64-unknown-linux-gnu -fmessage-length\=0 -fdiagnostics-show-note-include-stack -fmacro-backtrace-limit\=0 -fcolor-diagnostics -Wno-trigraphs -Wno-missing-field-initializers -Wno-missing-prototypes -Wno-return-type -Wno-implicit-atomic-properties -Wno-objc-interface-ivars -Wno-arc-repeated-use-of-weak -Wno-missing-braces -Wparentheses -Wswitch -Wno-unused-function -Wno-unused-label -Wno-unused-parameter -Wno-unused-variable -Wunused-value -Wno-empty-body -Wno-uninitialized -Wno-unknown-pragmas -w -Wno-shadow -Wno-four-char-constants -Wno-conversion -Wno-constant-conversion -Wno-int-conversion -Wno-bool-conversion -Wno-enum-conversion -Wno-float-conversion -Wno-non-literal-null-conversion -Wno-objc-literal-conversion -Wno-shorten-64-to-32 -Wpointer-sign -Wno-newline-eof -Wno-selector -Wno-strict-selector-match -Wno-undeclared-selector -Wno-deprecated-implementations -Wno-implicit-fallthrough -fstrict-aliasing -Wprotocol -Wdeprecated-declarations -Wno-sign-conversion -Wno-infinite-recursion -Wno-comma -Wno-block-capture-autoreleasing -Wno-strict-prototypes -Wno-semicolon-before-method-body --sysroot / @/host/spi-builder-workspace/.build/out/Intermediates.noindex/JGProgressHUD.build/Debug-linux-x86_64/JGProgressHUD-t.build/Objects-normal/x86_64/6f95552a3397ee1cec971b90cf334075d5f321c3a3b0689ad55c3d1e24702600-common-args.resp -MMD -MT dependencies -MF /host/spi-builder-workspace/.build/out/Intermediates.noindex/JGProgressHUD.build/Debug-linux-x86_64/JGProgressHUD-t.build/Objects-normal/x86_64/JGProgressHUDRingIndicatorView.d --serialize-diagnostics /host/spi-builder-workspace/.build/out/Intermediates.noindex/JGProgressHUD.build/Debug-linux-x86_64/JGProgressHUD-t.build/Objects-normal/x86_64/JGProgressHUDRingIndicatorView.dia -c /host/spi-builder-workspace/.build/checkouts/JGProgressHUD/JGProgressHUD/JGProgressHUD/JGProgressHUDRingIndicatorView.m -o /host/spi-builder-workspace/.build/out/Intermediates.noindex/JGProgressHUD.build/Debug-linux-x86_64/JGProgressHUD-t.build/Objects-normal/x86_64/JGProgressHUDRingIndicatorView.o
In file included from /host/spi-builder-workspace/.build/checkouts/JGProgressHUD/JGProgressHUD/JGProgressHUD/JGProgressHUDIndicatorView.m:9:
/host/spi-builder-workspace/.build/checkouts/JGProgressHUD/JGProgressHUD/JGProgressHUD/include/JGProgressHUDIndicatorView.h:9:9: fatal error: 'Foundation/Foundation.h' file not found
    9 | #import <Foundation/Foundation.h>
      |         ^~~~~~~~~~~~~~~~~~~~~~~~~
1 error generated.
error: CompileC /host/spi-builder-workspace/.build/out/Intermediates.noindex/JGProgressHUD.build/Debug-linux-x86_64/JGProgressHUD-t.build/Objects-normal/x86_64/JGProgressHUDIndicatorView.o /host/spi-builder-workspace/.build/checkouts/JGProgressHUD/JGProgressHUD/JGProgressHUD/JGProgressHUDIndicatorView.m normal x86_64 objective-c com.apple.compilers.llvm.clang.1_0.compiler failed with a nonzero exit code. Command line:     cd /host

    Using response file: /host/spi-builder-workspace/.build/out/Intermediates.noindex/JGProgressHUD.build/Debug-linux-x86_64/JGProgressHUD-t.build/Objects-normal/x86_64/6f95552a3397ee1cec971b90cf334075d5f321c3a3b0689ad55c3d1e24702600-common-args.resp

    /usr/bin/clang -x objective-c -target x86_64-unknown-linux-gnu -fmessage-length\=0 -fdiagnostics-show-note-include-stack -fmacro-backtrace-limit\=0 -fcolor-diagnostics -Wno-trigraphs -Wno-missing-field-initializers -Wno-missing-prototypes -Wno-return-type -Wno-implicit-atomic-properties -Wno-objc-interface-ivars -Wno-arc-repeated-use-of-weak -Wno-missing-braces -Wparentheses -Wswitch -Wno-unused-function -Wno-unused-label -Wno-unused-parameter -Wno-unused-variable -Wunused-value -Wno-empty-body -Wno-uninitialized -Wno-unknown-pragmas -w -Wno-shadow -Wno-four-char-constants -Wno-conversion -Wno-constant-conversion -Wno-int-conversion -Wno-bool-conversion -Wno-enum-conversion -Wno-float-conversion -Wno-non-literal-null-conversion -Wno-objc-literal-conversion -Wno-shorten-64-to-32 -Wpointer-sign -Wno-newline-eof -Wno-selector -Wno-strict-selector-match -Wno-undeclared-selector -Wno-deprecated-implementations -Wno-implicit-fallthrough -fstrict-aliasing -Wprotocol -Wdeprecated-declarations -Wno-sign-conversion -Wno-infinite-recursion -Wno-comma -Wno-block-capture-autoreleasing -Wno-strict-prototypes -Wno-semicolon-before-method-body --sysroot / @/host/spi-builder-workspace/.build/out/Intermediates.noindex/JGProgressHUD.build/Debug-linux-x86_64/JGProgressHUD-t.build/Objects-normal/x86_64/6f95552a3397ee1cec971b90cf334075d5f321c3a3b0689ad55c3d1e24702600-common-args.resp -MMD -MT dependencies -MF /host/spi-builder-workspace/.build/out/Intermediates.noindex/JGProgressHUD.build/Debug-linux-x86_64/JGProgressHUD-t.build/Objects-normal/x86_64/JGProgressHUDIndicatorView.d --serialize-diagnostics /host/spi-builder-workspace/.build/out/Intermediates.noindex/JGProgressHUD.build/Debug-linux-x86_64/JGProgressHUD-t.build/Objects-normal/x86_64/JGProgressHUDIndicatorView.dia -c /host/spi-builder-workspace/.build/checkouts/JGProgressHUD/JGProgressHUD/JGProgressHUD/JGProgressHUDIndicatorView.m -o /host/spi-builder-workspace/.build/out/Intermediates.noindex/JGProgressHUD.build/Debug-linux-x86_64/JGProgressHUD-t.build/Objects-normal/x86_64/JGProgressHUDIndicatorView.o
In file included from /host/spi-builder-workspace/.build/checkouts/JGProgressHUD/JGProgressHUD/JGProgressHUD/JGProgressHUDSuccessIndicatorView.m:9:
In file included from /host/spi-builder-workspace/.build/checkouts/JGProgressHUD/JGProgressHUD/JGProgressHUD/include/JGProgressHUDSuccessIndicatorView.h:11:
In file included from /host/spi-builder-workspace/.build/checkouts/JGProgressHUD/JGProgressHUD/JGProgressHUD/include/JGProgressHUDImageIndicatorView.h:11:
/host/spi-builder-workspace/.build/checkouts/JGProgressHUD/JGProgressHUD/JGProgressHUD/include/JGProgressHUDIndicatorView.h:9:9: fatal error: 'Foundation/Foundation.h' file not found
    9 | #import <Foundation/Foundation.h>
      |         ^~~~~~~~~~~~~~~~~~~~~~~~~
1 error generated.
error: CompileC /host/spi-builder-workspace/.build/out/Intermediates.noindex/JGProgressHUD.build/Debug-linux-x86_64/JGProgressHUD-t.build/Objects-normal/x86_64/JGProgressHUDSuccessIndicatorView.o /host/spi-builder-workspace/.build/checkouts/JGProgressHUD/JGProgressHUD/JGProgressHUD/JGProgressHUDSuccessIndicatorView.m normal x86_64 objective-c com.apple.compilers.llvm.clang.1_0.compiler failed with a nonzero exit code. Command line:     cd /host

    Using response file: /host/spi-builder-workspace/.build/out/Intermediates.noindex/JGProgressHUD.build/Debug-linux-x86_64/JGProgressHUD-t.build/Objects-normal/x86_64/6f95552a3397ee1cec971b90cf334075d5f321c3a3b0689ad55c3d1e24702600-common-args.resp

    /usr/bin/clang -x objective-c -target x86_64-unknown-linux-gnu -fmessage-length\=0 -fdiagnostics-show-note-include-stack -fmacro-backtrace-limit\=0 -fcolor-diagnostics -Wno-trigraphs -Wno-missing-field-initializers -Wno-missing-prototypes -Wno-return-type -Wno-implicit-atomic-properties -Wno-objc-interface-ivars -Wno-arc-repeated-use-of-weak -Wno-missing-braces -Wparentheses -Wswitch -Wno-unused-function -Wno-unused-label -Wno-unused-parameter -Wno-unused-variable -Wunused-value -Wno-empty-body -Wno-uninitialized -Wno-unknown-pragmas -w -Wno-shadow -Wno-four-char-constants -Wno-conversion -Wno-constant-conversion -Wno-int-conversion -Wno-bool-conversion -Wno-enum-conversion -Wno-float-conversion -Wno-non-literal-null-conversion -Wno-objc-literal-conversion -Wno-shorten-64-to-32 -Wpointer-sign -Wno-newline-eof -Wno-selector -Wno-strict-selector-match -Wno-undeclared-selector -Wno-deprecated-implementations -Wno-implicit-fallthrough -fstrict-aliasing -Wprotocol -Wdeprecated-declarations -Wno-sign-conversion -Wno-infinite-recursion -Wno-comma -Wno-block-capture-autoreleasing -Wno-strict-prototypes -Wno-semicolon-before-method-body --sysroot / @/host/spi-builder-workspace/.build/out/Intermediates.noindex/JGProgressHUD.build/Debug-linux-x86_64/JGProgressHUD-t.build/Objects-normal/x86_64/6f95552a3397ee1cec971b90cf334075d5f321c3a3b0689ad55c3d1e24702600-common-args.resp -MMD -MT dependencies -MF /host/spi-builder-workspace/.build/out/Intermediates.noindex/JGProgressHUD.build/Debug-linux-x86_64/JGProgressHUD-t.build/Objects-normal/x86_64/JGProgressHUDSuccessIndicatorView.d --serialize-diagnostics /host/spi-builder-workspace/.build/out/Intermediates.noindex/JGProgressHUD.build/Debug-linux-x86_64/JGProgressHUD-t.build/Objects-normal/x86_64/JGProgressHUDSuccessIndicatorView.dia -c /host/spi-builder-workspace/.build/checkouts/JGProgressHUD/JGProgressHUD/JGProgressHUD/JGProgressHUDSuccessIndicatorView.m -o /host/spi-builder-workspace/.build/out/Intermediates.noindex/JGProgressHUD.build/Debug-linux-x86_64/JGProgressHUD-t.build/Objects-normal/x86_64/JGProgressHUDSuccessIndicatorView.o
error: Build failed
BUILD FAILURE 6.4 linux