The Swift Package Index logo.Swift Package Index

Build Information

Failed to build LazyState, reference 1.0.0 (7cad85), with Swift 6.4 for Linux on 18 Sep 2026 22:34:25 UTC.

Build Command

bash -c docker run --pull=always --rm -v "checkouts-54344843-1":/host -w "$PWD" -e JAVA_HOME="/root/.sdkman/candidates/java/current" -e SPI_BUILD="1" -e SPI_PROCESSING="1" registry.gitlab.com/saguaro1/spi-images:basic-6.4-latest swift build --triple x86_64-unknown-linux-gnu 2>&1

Build Log

========================================
RunAll
========================================
Builder version: 5.1.0
Interrupt handler set up.
========================================
Checkout
========================================
Clone URL: https://github.com/pointfreeco/swiftui-lazy-state.git
Reference: 1.0.0
Initialized empty Git repository in /host/spi-builder-workspace/.git/
hint: Using 'master' as the name for the initial branch. This default branch name
hint: is subject to change. To configure the initial branch name to use in all
hint: of your new repositories, which will suppress this warning, call:
hint:
hint: 	git config --global init.defaultBranch <name>
hint:
hint: Names commonly chosen instead of 'master' are 'main', 'trunk' and
hint: 'development'. The just-created branch can be renamed via this command:
hint:
hint: 	git branch -m <name>
From https://github.com/pointfreeco/swiftui-lazy-state
 * tag               1.0.0      -> FETCH_HEAD
HEAD is now at 7cad85d Add CI/Slack badges
Cloned https://github.com/pointfreeco/swiftui-lazy-state.git
Revision (git rev-parse @):
7cad85dca592cd605f15db2279cdb9efe96aea50
SPI manifest file found: $PWD/.spi.yml
SUCCESS checkout https://github.com/pointfreeco/swiftui-lazy-state.git at 1.0.0
========================================
Build
========================================
Selected platform:         linux
Swift version:             6.4
Building package at path:  $PWD
https://github.com/pointfreeco/swiftui-lazy-state.git
Running build ...
bash -c docker run --pull=always --rm -v "checkouts-54344843-1":/host -w "$PWD" -e JAVA_HOME="/root/.sdkman/candidates/java/current" -e SPI_BUILD="1" -e SPI_PROCESSING="1" registry.gitlab.com/saguaro1/spi-images:basic-6.4-latest swift build --triple x86_64-unknown-linux-gnu 2>&1
basic-6.4-latest: Pulling from saguaro1/spi-images
Digest: sha256:c77fcce225e223ac0fafed844619173fc6de8d62dd560eeb28db3182af6a282b
Status: Image is up to date for registry.gitlab.com/saguaro1/spi-images:basic-6.4-latest
Fetching https://github.com/pointfreeco/swift-macro-testing
Fetching https://github.com/swiftlang/swift-syntax
Fetching https://github.com/swiftlang/swift-docc-plugin
[1/1002] Fetching swift-macro-testing
[1003/3347] Fetching swift-macro-testing, swift-docc-plugin
Fetched https://github.com/pointfreeco/swift-macro-testing (0.47s)
[188/2345] Fetching swift-docc-plugin
Fetched https://github.com/swiftlang/swift-docc-plugin (0.57s)
[1/79973] Fetching swift-syntax
Fetched https://github.com/swiftlang/swift-syntax (2.89s)
Computing version for https://github.com/pointfreeco/swift-macro-testing
Computed https://github.com/pointfreeco/swift-macro-testing at 0.7.0 (3.06s)
Fetching https://github.com/pointfreeco/swift-snapshot-testing
[1/16416] Fetching swift-snapshot-testing
Fetched https://github.com/pointfreeco/swift-snapshot-testing (2.10s)
Computing version for https://github.com/swiftlang/swift-syntax
Computed https://github.com/swiftlang/swift-syntax at 604.0.0 (3.28s)
Computing version for https://github.com/swiftlang/swift-docc-plugin
Computed https://github.com/swiftlang/swift-docc-plugin at 1.5.0 (0.19s)
Fetching https://github.com/swiftlang/swift-docc-symbolkit
[1/3823] Fetching swift-docc-symbolkit
Fetched https://github.com/swiftlang/swift-docc-symbolkit (0.54s)
Computing version for https://github.com/swiftlang/swift-docc-symbolkit
Computed https://github.com/swiftlang/swift-docc-symbolkit at 1.0.0 (0.76s)
Computing version for https://github.com/pointfreeco/swift-snapshot-testing
Computed https://github.com/pointfreeco/swift-snapshot-testing at 1.19.5 (0.16s)
Fetching https://github.com/pointfreeco/swift-custom-dump
[1/5655] Fetching swift-custom-dump
Fetched https://github.com/pointfreeco/swift-custom-dump (0.50s)
Computing version for https://github.com/pointfreeco/swift-custom-dump
Computed https://github.com/pointfreeco/swift-custom-dump at 1.7.3 (0.68s)
Fetching https://github.com/pointfreeco/swift-issue-reporting
[1/6136] Fetching swift-issue-reporting
Fetched https://github.com/pointfreeco/swift-issue-reporting (0.73s)
Computing version for https://github.com/pointfreeco/swift-issue-reporting
Computed https://github.com/pointfreeco/swift-issue-reporting at 2.1.0 (1.83s)
Creating working copy for https://github.com/swiftlang/swift-syntax
Working copy of https://github.com/swiftlang/swift-syntax resolved at 604.0.0
Creating working copy for https://github.com/pointfreeco/swift-custom-dump
Working copy of https://github.com/pointfreeco/swift-custom-dump resolved at 1.7.3
Creating working copy for https://github.com/pointfreeco/swift-macro-testing
Working copy of https://github.com/pointfreeco/swift-macro-testing resolved at 0.7.0
Creating working copy for https://github.com/pointfreeco/swift-issue-reporting
Working copy of https://github.com/pointfreeco/swift-issue-reporting resolved at 2.1.0
Creating working copy for https://github.com/pointfreeco/swift-snapshot-testing
Working copy of https://github.com/pointfreeco/swift-snapshot-testing resolved at 1.19.5
Creating working copy for https://github.com/swiftlang/swift-docc-symbolkit
Working copy of https://github.com/swiftlang/swift-docc-symbolkit resolved at 1.0.0
Creating working copy for https://github.com/swiftlang/swift-docc-plugin
Working copy of https://github.com/swiftlang/swift-docc-plugin resolved at 1.5.0
Building for debugging...
[Computing dependencies]
[Provisioning 26 / 29]
[Pre-planning 1 / 681]
[Planning deferred tasks]
[152 / 306] SwiftSyntax510
[193 / 307]
[195 / 316] SwiftSyntax
[198 / 319] SwiftSyntax602
[210 / 320] SwiftSyntax510
[213 / 322] SwiftSyntax604
[219 / 323] SwiftSyntax600
[222 / 323] SwiftSyntax509
[223 / 323] SwiftSyntax509
[223 / 323] SwiftSyntax
[235 / 351] SwiftDiagnostics
[237 / 351] SwiftBasicFormat
[249 / 351] SwiftParser
[250 / 351] SwiftParser
[256 / 351] SwiftParser
[257 / 351] SwiftParser
[259 / 351] SwiftParser
[261 / 351] SwiftDiagnostics
[262 / 351] SwiftOperators
[264 / 351] SwiftDiagnostics-product
[267 / 351] SwiftBasicFormat
[269 / 351] SwiftBasicFormat
[272 / 352]
[277 / 362] SwiftParserDiagnostics
[279 / 364] SwiftParser
[281 / 364] SwiftParserDiagnostics
[283 / 364] SwiftParserDiagnostics
[285 / 364] SwiftParserDiagnostics
[295 / 374] SwiftOperators
[295 / 374] SwiftParserDiagnostics
[296 / 374] SwiftOperators
[299 / 374] SwiftOperators
[307 / 374] SwiftOperators
[310 / 384] SwiftOperators
[312 / 384] SwiftSyntaxBuilder
[312 / 385] SwiftSyntaxBuilder
[314 / 385] SwiftSyntaxBuilder
[321 / 385] SwiftSyntaxBuilder
[324 / 386] SwiftSyntaxBuilder-product
[329 / 396] SwiftIfConfig
[331 / 396] SwiftIfConfig
[333 / 396] SwiftIfConfig
[335 / 396] SwiftIfConfig
[344 / 406] SwiftSyntaxMacros
[348 / 407] SwiftSyntaxMacros
[355 / 407] SwiftSyntaxMacros
[357 / 407] SwiftSyntaxMacros-product
[363 / 417] SwiftSyntaxMacroExpansion
[367 / 419] SwiftSyntaxMacros
[370 / 419] SwiftSyntaxMacroExpansion
[382 / 429] SwiftCompilerPluginMessageHandling
[384 / 429] SwiftCompilerPluginMessageHandling
[385 / 429] SwiftCompilerPluginMessageHandling
[387 / 429] SwiftCompilerPluginMessageHandling
[388 / 429] SwiftCompilerPluginMessageHandling
[395 / 432] SwiftCompilerPlugin
[396 / 432] SwiftCompilerPlugin
[400 / 433] SwiftCompilerPlugin
[402 / 433] SwiftSyntaxMacroExpansion
[404 / 434] SwiftCompilerPluginMessageHandling
[406 / 435] SwiftSyntax
[409 / 436] SwiftSyntax
[416 / 436] SwiftIfConfig
[425 / 437] LazyStateMacros
[430 / 441] LazyStateMacros
[434 / 442] LazyStateMacros
error: SwiftCompile normal x86_64 failed with a nonzero exit code. Command line:     cd /host

/host/spi-builder-workspace/Sources/LazyState/LazyState.swift:1:8: error: no such module 'SwiftUI'
 1 | import SwiftUI
   |        `- error: no such module 'SwiftUI'
 2 |
 3 | /// Declares a view property whose value is lazily created by SwiftUI.
Failed frontend command:
/usr/bin/swift-frontend -frontend -emit-module -experimental-skip-non-inlinable-function-bodies-without-types /host/spi-builder-workspace/Sources/LazyState/LazyState.swift -target x86_64-unknown-linux-gnu -disable-objc-interop -I /host/spi-builder-workspace/.build/out/Products/Debug-linux-x86_64 -module-cache-path /host/spi-builder-workspace/.build/out/ModuleCache.noindex -color-diagnostics -Xcc -fcolor-diagnostics -enable-testing -g -debug-info-format\=dwarf -dwarf-version\=4 -swift-version 6 -Onone -D SWIFT_PACKAGE -D DEBUG -D SWIFT_MODULE_RESOURCE_BUNDLE_UNAVAILABLE -D Xcode -serialize-debugging-options -load-plugin-executable /host/spi-builder-workspace/.build/out/Products/Debug-linux-x86_64/LazyStateMacros\#LazyStateMacros -enable-upcoming-feature ExistentialAny -enable-upcoming-feature ImmutableWeakCaptures -enable-upcoming-feature InferIsolatedConformances -enable-upcoming-feature InternalImportsByDefault -enable-upcoming-feature MemberImportVisibility -enable-upcoming-feature NonisolatedNonsendingByDefault -enable-experimental-feature DebugDescriptionMacro -empty-abi-descriptor -external-plugin-path /usr/lib/swift/host/plugins/testing\#/usr/bin/swift-plugin-server -validate-clang-modules-once -clang-build-session-file /host/spi-builder-workspace/.build/out/ModuleCache.noindex/Session.modulevalidation -Xcc -working-directory -Xcc /host -enable-anonymous-context-mangled-names -file-compilation-dir /host -Xcc -fno-omit-frame-pointer -Xcc -D_LIBCPP_HARDENING_MODE\=_LIBCPP_HARDENING_MODE_DEBUG -Xcc -fmodules-prune-interval\=86400 -Xcc -fmodules-prune-after\=345600 -Xcc -I/host/spi-builder-workspace/.build/out/Products/Debug-linux-x86_64/include -Xcc -I/host/spi-builder-workspace/.build/out/Intermediates.noindex/LazyState.build/Debug-linux-x86_64/LazyState-t.build/DerivedSources-normal/x86_64 -Xcc -I/host/spi-builder-workspace/.build/out/Intermediates.noindex/LazyState.build/Debug-linux-x86_64/LazyState-t.build/DerivedSources/x86_64 -Xcc -I/host/spi-builder-workspace/.build/out/Intermediates.noindex/LazyState.build/Debug-linux-x86_64/LazyState-t.build/DerivedSources -Xcc -DSWIFT_PACKAGE -Xcc -DDEBUG\=1 -no-auto-bridging-header-chaining -module-name LazyState -package-name spi_builder_workspace -const-gather-protocols-file /host/spi-builder-workspace/.build/out/Intermediates.noindex/LazyState.build/Debug-linux-x86_64/LazyState-t.build/Objects-normal/x86_64/LazyState_const_extract_protocols.json -in-process-plugin-server-path /usr/lib/swift/host/libSwiftInProcPluginServer.so -plugin-path /usr/lib/swift/host/plugins -plugin-path /usr/local/lib/swift/host/plugins -emit-module-doc-path /host/spi-builder-workspace/.build/out/Intermediates.noindex/LazyState.build/Debug-linux-x86_64/LazyState-t.build/Objects-normal/x86_64/Modules/LazyState.swiftdoc -emit-module-source-info-path /host/spi-builder-workspace/.build/out/Intermediates.noindex/LazyState.build/Debug-linux-x86_64/LazyState-t.build/Objects-normal/x86_64/Modules/LazyState.swiftsourceinfo -emit-objc-header-path /host/spi-builder-workspace/.build/out/Intermediates.noindex/LazyState.build/Debug-linux-x86_64/LazyState-t.build/Objects-normal/x86_64/LazyState-Swift.h -serialize-diagnostics-path /host/spi-builder-workspace/.build/out/Intermediates.noindex/LazyState.build/Debug-linux-x86_64/LazyState-t.build/Objects-normal/x86_64/LazyState-primary-emit-module.dia -emit-dependencies-path /host/spi-builder-workspace/.build/out/Intermediates.noindex/LazyState.build/Debug-linux-x86_64/LazyState-t.build/Objects-normal/x86_64/LazyState-primary-emit-module.d -parse-as-library -o /host/spi-builder-workspace/.build/out/Intermediates.noindex/LazyState.build/Debug-linux-x86_64/LazyState-t.build/Objects-normal/x86_64/Modules/LazyState.swiftmodule
error: SwiftCompile normal x86_64 /host/spi-builder-workspace/Sources/LazyState/LazyState.swift failed with a nonzero exit code. Command line:     cd /host
    builtin-SwiftPerFileCompile LazyState.swift
/host/spi-builder-workspace/Sources/LazyState/LazyState.swift:1:8: error: no such module 'SwiftUI'
 1 | import SwiftUI
   |        `- error: no such module 'SwiftUI'
 2 |
 3 | /// Declares a view property whose value is lazily created by SwiftUI.
Failed frontend command:
/usr/bin/swift-frontend -frontend -c -primary-file /host/spi-builder-workspace/Sources/LazyState/LazyState.swift -emit-dependencies-path /host/spi-builder-workspace/.build/out/Intermediates.noindex/LazyState.build/Debug-linux-x86_64/LazyState-t.build/Objects-normal/x86_64/LazyState.d -emit-const-values-path /host/spi-builder-workspace/.build/out/Intermediates.noindex/LazyState.build/Debug-linux-x86_64/LazyState-t.build/Objects-normal/x86_64/LazyState.swiftconstvalues -emit-reference-dependencies-path /host/spi-builder-workspace/.build/out/Intermediates.noindex/LazyState.build/Debug-linux-x86_64/LazyState-t.build/Objects-normal/x86_64/LazyState.swiftdeps -serialize-diagnostics-path /host/spi-builder-workspace/.build/out/Intermediates.noindex/LazyState.build/Debug-linux-x86_64/LazyState-t.build/Objects-normal/x86_64/LazyState.dia -target x86_64-unknown-linux-gnu -disable-objc-interop -I /host/spi-builder-workspace/.build/out/Products/Debug-linux-x86_64 -module-cache-path /host/spi-builder-workspace/.build/out/ModuleCache.noindex -color-diagnostics -Xcc -fcolor-diagnostics -enable-testing -g -debug-info-format\=dwarf -dwarf-version\=4 -swift-version 6 -Onone -D SWIFT_PACKAGE -D DEBUG -D SWIFT_MODULE_RESOURCE_BUNDLE_UNAVAILABLE -D Xcode -serialize-debugging-options -load-plugin-executable /host/spi-builder-workspace/.build/out/Products/Debug-linux-x86_64/LazyStateMacros\#LazyStateMacros -enable-upcoming-feature ExistentialAny -enable-upcoming-feature ImmutableWeakCaptures -enable-upcoming-feature InferIsolatedConformances -enable-upcoming-feature InternalImportsByDefault -enable-upcoming-feature MemberImportVisibility -enable-upcoming-feature NonisolatedNonsendingByDefault -enable-experimental-feature DebugDescriptionMacro -empty-abi-descriptor -external-plugin-path /usr/lib/swift/host/plugins/testing\#/usr/bin/swift-plugin-server -validate-clang-modules-once -clang-build-session-file /host/spi-builder-workspace/.build/out/ModuleCache.noindex/Session.modulevalidation -Xcc -working-directory -Xcc /host -enable-anonymous-context-mangled-names -file-compilation-dir /host -Xcc -fno-omit-frame-pointer -Xcc -D_LIBCPP_HARDENING_MODE\=_LIBCPP_HARDENING_MODE_DEBUG -Xcc -fmodules-prune-interval\=86400 -Xcc -fmodules-prune-after\=345600 -Xcc -I/host/spi-builder-workspace/.build/out/Products/Debug-linux-x86_64/include -Xcc -I/host/spi-builder-workspace/.build/out/Intermediates.noindex/LazyState.build/Debug-linux-x86_64/LazyState-t.build/DerivedSources-normal/x86_64 -Xcc -I/host/spi-builder-workspace/.build/out/Intermediates.noindex/LazyState.build/Debug-linux-x86_64/LazyState-t.build/DerivedSources/x86_64 -Xcc -I/host/spi-builder-workspace/.build/out/Intermediates.noindex/LazyState.build/Debug-linux-x86_64/LazyState-t.build/DerivedSources -Xcc -DSWIFT_PACKAGE -Xcc -DDEBUG\=1 -no-auto-bridging-header-chaining -module-name LazyState -package-name spi_builder_workspace -const-gather-protocols-file /host/spi-builder-workspace/.build/out/Intermediates.noindex/LazyState.build/Debug-linux-x86_64/LazyState-t.build/Objects-normal/x86_64/LazyState_const_extract_protocols.json -in-process-plugin-server-path /usr/lib/swift/host/libSwiftInProcPluginServer.so -plugin-path /usr/lib/swift/host/plugins -plugin-path /usr/local/lib/swift/host/plugins -parse-as-library -o /host/spi-builder-workspace/.build/out/Intermediates.noindex/LazyState.build/Debug-linux-x86_64/LazyState-t.build/Objects-normal/x86_64/LazyState.o -index-unit-output-path /LazyState.build/Debug-linux-x86_64/LazyState-t.build/Objects-normal/x86_64/LazyState.o -index-store-path /host/spi-builder-workspace/.build/out -index-system-modules
error: Build failed
BUILD FAILURE 6.4 linux