The Swift Package Index logo.Swift Package Index

Build Information

Failed to build PINRemoteImage, reference 3.0.4 (37022d), with Swift 6.4 for watchOS using Xcode 27.0 on 20 Sep 2026 17:46:03 UTC.

Build Command

env DEVELOPER_DIR=/Applications/Xcode-27.0.0-Release.Candidate.app xcrun xcodebuild -IDEClonedSourcePackagesDirPathOverride=$PWD/.dependencies -skipMacroValidation -skipPackagePluginValidation -derivedDataPath $PWD/.derivedData build -scheme PINRemoteImage -destination generic/platform=watchOS

Build Log

========================================
RunAll
========================================
Builder version: 5.1.0
Interrupt handler set up.
========================================
Checkout
========================================
Clone URL: https://github.com/pinterest/PINRemoteImage.git
Reference: 3.0.4
Initialized empty Git repository in /Users/admin/builder/spi-builder-workspace/.git/
From https://github.com/pinterest/PINRemoteImage
 * tag               3.0.4      -> FETCH_HEAD
HEAD is now at 37022d0 [AUTO] Update CHANGELOG.md and bump for patch update.
Cloned https://github.com/pinterest/PINRemoteImage.git
Revision (git rev-parse @):
37022d0fb9359ce33fa06028d03382c8b9957c62
SUCCESS checkout https://github.com/pinterest/PINRemoteImage.git at 3.0.4
========================================
Build
========================================
Selected platform:         watchOS
Swift version:             6.4
Building package at path:  $PWD
https://github.com/pinterest/PINRemoteImage.git
Command line invocation:
    /Applications/Xcode-27.0.0-Release.Candidate.app/Contents/Developer/usr/bin/xcodebuild -IDEClonedSourcePackagesDirPathOverride=/Users/admin/builder/spi-builder-workspace/.dependencies -resolvePackageDependencies
resolved source packages:
{
  "dependencies" : [
    {
      "identity" : "pincache",
      "requirement" : {
        "range" : [
          {
            "lower_bound" : "3.0.4",
            "upper_bound" : "4.0.0"
          }
        ]
      },
      "type" : "sourceControl",
      "url" : "https://github.com/pinterest/PINCache.git"
    }
  ],
  "manifest_display_name" : "PINRemoteImage",
  "name" : "PINRemoteImage",
  "path" : "/Users/admin/builder/spi-builder-workspace",
  "platforms" : [
    {
      "name" : "ios",
      "version" : "14.0"
    },
    {
      "name" : "macos",
      "version" : "11.0"
    },
    {
      "name" : "tvos",
      "version" : "14.0"
    }
  ],
  "products" : [
    {
      "name" : "PINRemoteImage",
      "targets" : [
        "PINRemoteImage"
      ],
      "type" : {
        "library" : [
          "static"
        ]
      }
    }
  ],
  "targets" : [
    {
      "c99name" : "PINRemoteImage",
      "module_type" : "ClangTarget",
      "name" : "PINRemoteImage",
      "path" : "Source/Classes",
      "product_dependencies" : [
        "PINCache"
      ],
      "product_memberships" : [
        "PINRemoteImage"
      ],
      "sources" : [
        "AnimatedImages/PINAPNGAnimatedImage.m",
        "AnimatedImages/PINAnimatedImage.m",
        "AnimatedImages/PINAnimatedImageView.m",
        "AnimatedImages/PINCachedAnimatedImage.m",
        "AnimatedImages/PINGIFAnimatedImage.m",
        "AnimatedImages/PINWebPAnimatedImage.m",
        "Categories/NSData+ImageDetectors.m",
        "Categories/NSHTTPURLResponse+MaxAge.m",
        "Categories/PINImage+DecodedImage.m",
        "Categories/PINImage+ScaledImage.m",
        "ImageCategories/PINAnimatedImageView+PINRemoteImage.m",
        "ImageCategories/PINButton+PINRemoteImage.m",
        "ImageCategories/PINImageView+PINRemoteImage.m",
        "PINAlternateRepresentationProvider.m",
        "PINCache/PINCache+PINRemoteImageCaching.m",
        "PINDisplayLink.m",
        "PINProgressiveImage.m",
        "PINRemoteImageBasicCache.m",
        "PINRemoteImageCallbacks.m",
        "PINRemoteImageCategoryManager.m",
        "PINRemoteImageDownloadQueue.m",
        "PINRemoteImageDownloadTask.m",
        "PINRemoteImageManager.m",
        "PINRemoteImageManagerConfiguration.m",
        "PINRemoteImageManagerResult.m",
        "PINRemoteImageMemoryContainer.m",
        "PINRemoteImageProcessorTask.m",
        "PINRemoteImageTask.m",
        "PINRemoteLock.m",
        "PINRemoteWeakProxy.m",
        "PINRequestRetryStrategy.m",
        "PINResume.m",
        "PINSpeedRecorder.m",
        "PINURLSessionManager.m"
      ],
      "type" : "library"
    }
  ],
  "tools_version" : "5.9"
}
{
  "project" : {
    "configurations" : [
      "Debug",
      "Release"
    ],
    "name" : "PINRemoteImage",
    "schemes" : [
      "PINRemoteImage",
      "PINRemoteImage-tvOS"
    ],
    "targets" : [
      "PINRemoteImage",
      "PINRemoteImageTests",
      "PINRemoteImage-tvOS",
      "PINRemoteImage-tvOSTests"
    ]
  }
}
{
  "workspace" : {
    "name" : "PINRemoteImage",
    "schemes" : [
      "PINRemoteImage"
    ]
  }
}
2026-09-20 13:45:54.030 xcodebuild[620:3819] [MT] IDERunDestination: Supported platforms for the buildables in the current scheme is empty.
Running build ...
env DEVELOPER_DIR=/Applications/Xcode-27.0.0-Release.Candidate.app xcrun xcodebuild -IDEClonedSourcePackagesDirPathOverride=$PWD/.dependencies -skipMacroValidation -skipPackagePluginValidation -derivedDataPath $PWD/.derivedData build -scheme PINRemoteImage -destination generic/platform=watchOS
Command line invocation:
    /Applications/Xcode-27.0.0-Release.Candidate.app/Contents/Developer/usr/bin/xcodebuild -IDEClonedSourcePackagesDirPathOverride=/Users/admin/builder/spi-builder-workspace/.dependencies -skipMacroValidation -skipPackagePluginValidation -derivedDataPath /Users/admin/builder/spi-builder-workspace/.derivedData build -scheme PINRemoteImage -destination generic/platform=watchOS
Resolve Package Graph
Resolve Package Graph
Resolved source packages:
  PINRemoteImage: /Users/admin/builder/spi-builder-workspace
  PINCache: https://github.com/pinterest/PINCache.git @ 3.0.4
  PINOperation: https://github.com/pinterest/PINOperation.git @ 1.2.3
ComputePackagePrebuildTargetDependencyGraph
Prepare packages
CreateBuildRequest
SendProjectDescription
CreateBuildOperation
ComputeTargetDependencyGraph
note: Building targets in dependency order
note: Target dependency graph (8 targets)
    Target 'PINRemoteImage-product' in project 'PINRemoteImage'
        ➜ Explicit dependency on target 'PINRemoteImage' in project 'PINRemoteImage'
        ➜ Explicit dependency on target 'PINCache-product' in project 'PINCache'
    Target 'PINRemoteImage' in project 'PINRemoteImage'
        ➜ Explicit dependency on target 'PINCache-product' in project 'PINCache'
    Target 'PINCache-product' in project 'PINCache'
        ➜ Explicit dependency on target 'PINCache' in project 'PINCache'
        ➜ Explicit dependency on target 'PINCache_PINCache' in project 'PINCache'
        ➜ Explicit dependency on target 'PINOperation-product' in project 'PINOperation'
    Target 'PINCache' in project 'PINCache'
        ➜ Explicit dependency on target 'PINCache_PINCache' in project 'PINCache'
        ➜ Explicit dependency on target 'PINOperation-product' in project 'PINOperation'
    Target 'PINOperation-product' in project 'PINOperation'
        ➜ Explicit dependency on target 'PINOperation' in project 'PINOperation'
        ➜ Explicit dependency on target 'PINOperation_PINOperation' in project 'PINOperation'
    Target 'PINOperation' in project 'PINOperation'
        ➜ Explicit dependency on target 'PINOperation_PINOperation' in project 'PINOperation'
    Target 'PINOperation_PINOperation' in project 'PINOperation' (no dependencies)
    Target 'PINCache_PINCache' in project 'PINCache' (no dependencies)
GatherProvisioningInputs
CreateBuildDescription
ExecuteExternalTool /Applications/Xcode-27.0.0-Release.Candidate.app/Contents/Developer/Toolchains/XcodeDefault.xctoolchain/usr/bin/clang -v -E -dM -arch arm64 -isysroot /Applications/Xcode-27.0.0-Release.Candidate.app/Contents/Developer/Platforms/WatchOS.platform/Developer/SDKs/WatchOS27.0.sdk -x objective-c -c /dev/null
ExecuteExternalTool /Applications/Xcode-27.0.0-Release.Candidate.app/Contents/Developer/Toolchains/XcodeDefault.xctoolchain/usr/bin/clang -v -E -dM -isysroot /Applications/Xcode-27.0.0-Release.Candidate.app/Contents/Developer/Platforms/WatchOS.platform/Developer/SDKs/WatchOS27.0.sdk -x c -c /dev/null
ExecuteExternalTool /Applications/Xcode-27.0.0-Release.Candidate.app/Contents/Developer/Toolchains/XcodeDefault.xctoolchain/usr/bin/clang -v -E -dM -arch arm64 -isysroot /Applications/Xcode-27.0.0-Release.Candidate.app/Contents/Developer/Platforms/WatchOS.platform/Developer/SDKs/WatchOS27.0.sdk -x c -c /dev/null
ExecuteExternalTool /Applications/Xcode-27.0.0-Release.Candidate.app/Contents/Developer/Toolchains/XcodeDefault.xctoolchain/usr/bin/ld -version_details
ExecuteExternalTool /Applications/Xcode-27.0.0-Release.Candidate.app/Contents/Developer/Toolchains/XcodeDefault.xctoolchain/usr/bin/clang -v -E -dM -arch arm64_32 -isysroot /Applications/Xcode-27.0.0-Release.Candidate.app/Contents/Developer/Platforms/WatchOS.platform/Developer/SDKs/WatchOS27.0.sdk -x objective-c -c /dev/null
ExecuteExternalTool /Applications/Xcode-27.0.0-Release.Candidate.app/Contents/Developer/Toolchains/XcodeDefault.xctoolchain/usr/bin/clang -v -E -dM -arch arm64_32 -isysroot /Applications/Xcode-27.0.0-Release.Candidate.app/Contents/Developer/Platforms/WatchOS.platform/Developer/SDKs/WatchOS27.0.sdk -x c -c /dev/null
Build description signature: 9e2a462f5420cafc37035e8eb8fd9252
Build description path: /Users/admin/builder/spi-builder-workspace/.derivedData/Build/Intermediates.noindex/XCBuildData/9e2a462f5420cafc37035e8eb8fd9252.xcbuilddata
CreateBuildDirectory /Users/admin/builder/spi-builder-workspace/.derivedData/CompilationCache.noindex
    cd /Users/admin/builder/spi-builder-workspace/.swiftpm/xcode
    builtin-create-build-directory /Users/admin/builder/spi-builder-workspace/.derivedData/CompilationCache.noindex
CreateBuildDirectory /Users/admin/builder/spi-builder-workspace/.derivedData/ModuleCache.noindex
    cd /Users/admin/builder/spi-builder-workspace/.swiftpm/xcode
    builtin-create-build-directory /Users/admin/builder/spi-builder-workspace/.derivedData/ModuleCache.noindex
CreateBuildDirectory /Users/admin/builder/spi-builder-workspace/.derivedData/Build/Intermediates.noindex
    cd /Users/admin/builder/spi-builder-workspace/.swiftpm/xcode
    builtin-create-build-directory /Users/admin/builder/spi-builder-workspace/.derivedData/Build/Intermediates.noindex
CreateBuildDirectory /Users/admin/builder/spi-builder-workspace/.derivedData/SDKExplicitPrecompiledModules
    cd /Users/admin/builder/spi-builder-workspace/.swiftpm/xcode
    builtin-create-build-directory /Users/admin/builder/spi-builder-workspace/.derivedData/SDKExplicitPrecompiledModules
CreateBuildDirectory /Users/admin/builder/spi-builder-workspace/.derivedData/Build/Products
    cd /Users/admin/builder/spi-builder-workspace/.swiftpm/xcode
    builtin-create-build-directory /Users/admin/builder/spi-builder-workspace/.derivedData/Build/Products
ClangStatCache /Applications/Xcode-27.0.0-Release.Candidate.app/Contents/Developer/Toolchains/XcodeDefault.xctoolchain/usr/bin/clang-stat-cache /Applications/Xcode-27.0.0-Release.Candidate.app/Contents/Developer/Platforms/WatchOS.platform/Developer/SDKs/WatchOS27.0.sdk /Users/admin/builder/spi-builder-workspace/.derivedData/SDKStatCaches.noindex/watchos27.0-24R360-e829b21a6f8c9b70876ba0858053c04477534ef55a1706bf4c1112bbb242f0a2.sdkstatcache
    cd /Users/admin/builder/spi-builder-workspace/.swiftpm/xcode
    /Applications/Xcode-27.0.0-Release.Candidate.app/Contents/Developer/Toolchains/XcodeDefault.xctoolchain/usr/bin/clang-stat-cache /Applications/Xcode-27.0.0-Release.Candidate.app/Contents/Developer/Platforms/WatchOS.platform/Developer/SDKs/WatchOS27.0.sdk -o /Users/admin/builder/spi-builder-workspace/.derivedData/SDKStatCaches.noindex/watchos27.0-24R360-e829b21a6f8c9b70876ba0858053c04477534ef55a1706bf4c1112bbb242f0a2.sdkstatcache
CreateBuildDirectory /Users/admin/builder/spi-builder-workspace/.derivedData/Build/Intermediates.noindex/SwiftExplicitPrecompiledModules
    cd /Users/admin/builder/spi-builder-workspace/.swiftpm/xcode
    builtin-create-build-directory /Users/admin/builder/spi-builder-workspace/.derivedData/Build/Intermediates.noindex/SwiftExplicitPrecompiledModules
CreateBuildDirectory /Users/admin/builder/spi-builder-workspace/.derivedData/Build/Intermediates.noindex/PrecompiledHeaders
    cd /Users/admin/builder/spi-builder-workspace/.swiftpm/xcode
    builtin-create-build-directory /Users/admin/builder/spi-builder-workspace/.derivedData/Build/Intermediates.noindex/PrecompiledHeaders
CreateBuildDirectory /Users/admin/builder/spi-builder-workspace/.derivedData/Build/Intermediates.noindex/ExplicitPrecompiledModules
    cd /Users/admin/builder/spi-builder-workspace/.swiftpm/xcode
    builtin-create-build-directory /Users/admin/builder/spi-builder-workspace/.derivedData/Build/Intermediates.noindex/ExplicitPrecompiledModules
CreateBuildDirectory /Users/admin/builder/spi-builder-workspace/.derivedData/Build/Intermediates.noindex/EagerLinkingTBDs/Debug-watchos
    cd /Users/admin/builder/spi-builder-workspace/.swiftpm/xcode
    builtin-create-build-directory /Users/admin/builder/spi-builder-workspace/.derivedData/Build/Intermediates.noindex/EagerLinkingTBDs/Debug-watchos
CreateBuildDirectory /Users/admin/builder/spi-builder-workspace/.derivedData/Build/Products/Debug-watchos
    cd /Users/admin/builder/spi-builder-workspace/.swiftpm/xcode
    builtin-create-build-directory /Users/admin/builder/spi-builder-workspace/.derivedData/Build/Products/Debug-watchos
CreateBuildDirectory /Users/admin/builder/spi-builder-workspace/.derivedData/Build/Products/Debug-watchos/PackageFrameworks
    cd /Users/admin/builder/spi-builder-workspace/.swiftpm/xcode
    builtin-create-build-directory /Users/admin/builder/spi-builder-workspace/.derivedData/Build/Products/Debug-watchos/PackageFrameworks
WriteAuxiliaryFile /Users/admin/builder/spi-builder-workspace/.derivedData/Build/Intermediates.noindex/PINRemoteImage.build/Debug-watchos/PINRemoteImage-t.build/PINRemoteImage.modulemap (in target 'PINRemoteImage' from project 'PINRemoteImage')
    cd /Users/admin/builder/spi-builder-workspace
    write-file /Users/admin/builder/spi-builder-workspace/.derivedData/Build/Intermediates.noindex/PINRemoteImage.build/Debug-watchos/PINRemoteImage-t.build/PINRemoteImage.modulemap
WriteAuxiliaryFile /Users/admin/builder/spi-builder-workspace/.derivedData/Build/Intermediates.noindex/PINRemoteImage.build/Debug-watchos/PINRemoteImage-t.build/PINRemoteImage.DependencyStaticMetadataFileList (in target 'PINRemoteImage' from project 'PINRemoteImage')
    cd /Users/admin/builder/spi-builder-workspace
    write-file /Users/admin/builder/spi-builder-workspace/.derivedData/Build/Intermediates.noindex/PINRemoteImage.build/Debug-watchos/PINRemoteImage-t.build/PINRemoteImage.DependencyStaticMetadataFileList
WriteAuxiliaryFile /Users/admin/builder/spi-builder-workspace/.derivedData/Build/Intermediates.noindex/PINRemoteImage.build/Debug-watchos/PINRemoteImage-t.build/PINRemoteImage.DependencyMetadataFileList (in target 'PINRemoteImage' from project 'PINRemoteImage')
    cd /Users/admin/builder/spi-builder-workspace
    write-file /Users/admin/builder/spi-builder-workspace/.derivedData/Build/Intermediates.noindex/PINRemoteImage.build/Debug-watchos/PINRemoteImage-t.build/PINRemoteImage.DependencyMetadataFileList
WriteAuxiliaryFile /Users/admin/builder/spi-builder-workspace/.derivedData/Build/Intermediates.noindex/PINRemoteImage.build/Debug-watchos/PINRemoteImage-t.build/Objects-normal/arm64_32/PINRemoteImage.LinkFileList (in target 'PINRemoteImage' from project 'PINRemoteImage')
    cd /Users/admin/builder/spi-builder-workspace
    write-file /Users/admin/builder/spi-builder-workspace/.derivedData/Build/Intermediates.noindex/PINRemoteImage.build/Debug-watchos/PINRemoteImage-t.build/Objects-normal/arm64_32/PINRemoteImage.LinkFileList
WriteAuxiliaryFile /Users/admin/builder/spi-builder-workspace/.derivedData/Build/Intermediates.noindex/PINRemoteImage.build/Debug-watchos/PINRemoteImage-t.build/Objects-normal/arm64/e6072d4f65d7061329687fe24e3d63a7-common-args.resp (in target 'PINRemoteImage' from project 'PINRemoteImage')
    cd /Users/admin/builder/spi-builder-workspace
    write-file /Users/admin/builder/spi-builder-workspace/.derivedData/Build/Intermediates.noindex/PINRemoteImage.build/Debug-watchos/PINRemoteImage-t.build/Objects-normal/arm64/e6072d4f65d7061329687fe24e3d63a7-common-args.resp
-fobjc-arc -fmodules -gmodules '-fmodules-cache-path=/Users/admin/builder/spi-builder-workspace/.derivedData/ModuleCache.noindex' '-fmodule-name=PINRemoteImage' -fpascal-strings -O0 -DSWIFT_PACKAGE '-DDEBUG=1' '-DUSE_PINCACHE=1' '-DPIN_WEBP=1' '-DOBJC_OLD_DISPATCH_PROTOTYPES=1' -g -I/Users/admin/builder/spi-builder-workspace/.dependencies/checkouts/PINOperation/Source/include -I/Users/admin/builder/spi-builder-workspace/.dependencies/checkouts/PINCache/Source/include -I/Users/admin/builder/spi-builder-workspace/.derivedData/Build/Products/Debug-watchos/include -I/Users/admin/builder/spi-builder-workspace/Source/Classes/include -I/Users/admin/builder/spi-builder-workspace/Source/Classes -I/Users/admin/builder/spi-builder-workspace/Source/Classes/Categories -I/Users/admin/builder/spi-builder-workspace/Source/Classes/AnimatedImages -I/Users/admin/builder/spi-builder-workspace/Source/Classes/ImageCategories -I/Users/admin/builder/spi-builder-workspace/Source/Classes/PinCache -I/Users/admin/builder/spi-builder-workspace/.derivedData/Build/Intermediates.noindex/PINRemoteImage.build/Debug-watchos/PINRemoteImage-t.build/DerivedSources-normal/arm64 -I/Users/admin/builder/spi-builder-workspace/.derivedData/Build/Intermediates.noindex/PINRemoteImage.build/Debug-watchos/PINRemoteImage-t.build/DerivedSources/arm64 -I/Users/admin/builder/spi-builder-workspace/.derivedData/Build/Intermediates.noindex/PINRemoteImage.build/Debug-watchos/PINRemoteImage-t.build/DerivedSources -F/Users/admin/builder/spi-builder-workspace/.derivedData/Build/Products/Debug-watchos/PackageFrameworks -F/Users/admin/builder/spi-builder-workspace/.derivedData/Build/Products/Debug-watchos -iframework /Applications/Xcode-27.0.0-Release.Candidate.app/Contents/Developer/Platforms/WatchOS.platform/Developer/Library/Frameworks -iframework /Applications/Xcode-27.0.0-Release.Candidate.app/Contents/Developer/Platforms/WatchOS.platform/Developer/SDKs/WatchOS27.0.sdk/Developer/Library/Frameworks '-fmodule-map-file=/Users/admin/builder/spi-builder-workspace/.derivedData/Build/Intermediates.noindex/GeneratedModuleMaps-watchos/PINOperation.modulemap' '-fmodule-map-file=/Users/admin/builder/spi-builder-workspace/.derivedData/Build/Intermediates.noindex/GeneratedModuleMaps-watchos/PINCache.modulemap' -DXcode
WriteAuxiliaryFile /Users/admin/builder/spi-builder-workspace/.derivedData/Build/Intermediates.noindex/PINRemoteImage.build/Debug-watchos/PINRemoteImage-t.build/Objects-normal/arm64/PINRemoteImage.LinkFileList (in target 'PINRemoteImage' from project 'PINRemoteImage')
    cd /Users/admin/builder/spi-builder-workspace
    write-file /Users/admin/builder/spi-builder-workspace/.derivedData/Build/Intermediates.noindex/PINRemoteImage.build/Debug-watchos/PINRemoteImage-t.build/Objects-normal/arm64/PINRemoteImage.LinkFileList
WriteAuxiliaryFile /Users/admin/builder/spi-builder-workspace/.derivedData/Build/Intermediates.noindex/PINRemoteImage.build/Debug-watchos/PINRemoteImage-t.build/Objects-normal/arm64_32/e6072d4f65d7061329687fe24e3d63a7-common-args.resp (in target 'PINRemoteImage' from project 'PINRemoteImage')
    cd /Users/admin/builder/spi-builder-workspace
    write-file /Users/admin/builder/spi-builder-workspace/.derivedData/Build/Intermediates.noindex/PINRemoteImage.build/Debug-watchos/PINRemoteImage-t.build/Objects-normal/arm64_32/e6072d4f65d7061329687fe24e3d63a7-common-args.resp
-fobjc-arc -fmodules -gmodules '-fmodules-cache-path=/Users/admin/builder/spi-builder-workspace/.derivedData/ModuleCache.noindex' '-fmodule-name=PINRemoteImage' -fpascal-strings -O0 -DSWIFT_PACKAGE '-DDEBUG=1' '-DUSE_PINCACHE=1' '-DPIN_WEBP=1' '-DOBJC_OLD_DISPATCH_PROTOTYPES=1' -g -I/Users/admin/builder/spi-builder-workspace/.dependencies/checkouts/PINOperation/Source/include -I/Users/admin/builder/spi-builder-workspace/.dependencies/checkouts/PINCache/Source/include -I/Users/admin/builder/spi-builder-workspace/.derivedData/Build/Products/Debug-watchos/include -I/Users/admin/builder/spi-builder-workspace/Source/Classes/include -I/Users/admin/builder/spi-builder-workspace/Source/Classes -I/Users/admin/builder/spi-builder-workspace/Source/Classes/Categories -I/Users/admin/builder/spi-builder-workspace/Source/Classes/AnimatedImages -I/Users/admin/builder/spi-builder-workspace/Source/Classes/ImageCategories -I/Users/admin/builder/spi-builder-workspace/Source/Classes/PinCache -I/Users/admin/builder/spi-builder-workspace/.derivedData/Build/Intermediates.noindex/PINRemoteImage.build/Debug-watchos/PINRemoteImage-t.build/DerivedSources-normal/arm64_32 -I/Users/admin/builder/spi-builder-workspace/.derivedData/Build/Intermediates.noindex/PINRemoteImage.build/Debug-watchos/PINRemoteImage-t.build/DerivedSources/arm64_32 -I/Users/admin/builder/spi-builder-workspace/.derivedData/Build/Intermediates.noindex/PINRemoteImage.build/Debug-watchos/PINRemoteImage-t.build/DerivedSources -F/Users/admin/builder/spi-builder-workspace/.derivedData/Build/Products/Debug-watchos/PackageFrameworks -F/Users/admin/builder/spi-builder-workspace/.derivedData/Build/Products/Debug-watchos -iframework /Applications/Xcode-27.0.0-Release.Candidate.app/Contents/Developer/Platforms/WatchOS.platform/Developer/Library/Frameworks -iframework /Applications/Xcode-27.0.0-Release.Candidate.app/Contents/Developer/Platforms/WatchOS.platform/Developer/SDKs/WatchOS27.0.sdk/Developer/Library/Frameworks '-fmodule-map-file=/Users/admin/builder/spi-builder-workspace/.derivedData/Build/Intermediates.noindex/GeneratedModuleMaps-watchos/PINOperation.modulemap' '-fmodule-map-file=/Users/admin/builder/spi-builder-workspace/.derivedData/Build/Intermediates.noindex/GeneratedModuleMaps-watchos/PINCache.modulemap' -DXcode
WriteAuxiliaryFile /Users/admin/builder/spi-builder-workspace/.derivedData/Build/Intermediates.noindex/PINOperation.build/Debug-watchos/PINOperation_PINOperation-b.build/empty-PINOperation_PINOperation.plist (in target 'PINOperation_PINOperation' from project 'PINOperation')
    cd /Users/admin/builder/spi-builder-workspace/.dependencies/checkouts/PINOperation
    write-file /Users/admin/builder/spi-builder-workspace/.derivedData/Build/Intermediates.noindex/PINOperation.build/Debug-watchos/PINOperation_PINOperation-b.build/empty-PINOperation_PINOperation.plist
WriteAuxiliaryFile /Users/admin/builder/spi-builder-workspace/.derivedData/Build/Intermediates.noindex/PINOperation.build/Debug-watchos/PINOperation_PINOperation-b.build/PINOperation_PINOperation.DependencyStaticMetadataFileList (in target 'PINOperation_PINOperation' from project 'PINOperation')
    cd /Users/admin/builder/spi-builder-workspace/.dependencies/checkouts/PINOperation
    write-file /Users/admin/builder/spi-builder-workspace/.derivedData/Build/Intermediates.noindex/PINOperation.build/Debug-watchos/PINOperation_PINOperation-b.build/PINOperation_PINOperation.DependencyStaticMetadataFileList
WriteAuxiliaryFile /Users/admin/builder/spi-builder-workspace/.derivedData/Build/Intermediates.noindex/PINOperation.build/Debug-watchos/PINOperation_PINOperation-b.build/PINOperation_PINOperation.DependencyMetadataFileList (in target 'PINOperation_PINOperation' from project 'PINOperation')
    cd /Users/admin/builder/spi-builder-workspace/.dependencies/checkouts/PINOperation
    write-file /Users/admin/builder/spi-builder-workspace/.derivedData/Build/Intermediates.noindex/PINOperation.build/Debug-watchos/PINOperation_PINOperation-b.build/PINOperation_PINOperation.DependencyMetadataFileList
WriteAuxiliaryFile /Users/admin/builder/spi-builder-workspace/.derivedData/Build/Intermediates.noindex/PINOperation.build/Debug-watchos/PINOperation-t.build/PINOperation.DependencyStaticMetadataFileList (in target 'PINOperation' from project 'PINOperation')
    cd /Users/admin/builder/spi-builder-workspace/.dependencies/checkouts/PINOperation
    write-file /Users/admin/builder/spi-builder-workspace/.derivedData/Build/Intermediates.noindex/PINOperation.build/Debug-watchos/PINOperation-t.build/PINOperation.DependencyStaticMetadataFileList
WriteAuxiliaryFile /Users/admin/builder/spi-builder-workspace/.derivedData/Build/Intermediates.noindex/PINOperation.build/Debug-watchos/PINOperation-t.build/PINOperation.modulemap (in target 'PINOperation' from project 'PINOperation')
    cd /Users/admin/builder/spi-builder-workspace/.dependencies/checkouts/PINOperation
    write-file /Users/admin/builder/spi-builder-workspace/.derivedData/Build/Intermediates.noindex/PINOperation.build/Debug-watchos/PINOperation-t.build/PINOperation.modulemap
WriteAuxiliaryFile /Users/admin/builder/spi-builder-workspace/.derivedData/Build/Intermediates.noindex/PINOperation.build/Debug-watchos/PINOperation-t.build/PINOperation.DependencyMetadataFileList (in target 'PINOperation' from project 'PINOperation')
    cd /Users/admin/builder/spi-builder-workspace/.dependencies/checkouts/PINOperation
    write-file /Users/admin/builder/spi-builder-workspace/.derivedData/Build/Intermediates.noindex/PINOperation.build/Debug-watchos/PINOperation-t.build/PINOperation.DependencyMetadataFileList
Copy /Users/admin/builder/spi-builder-workspace/.derivedData/Build/Intermediates.noindex/GeneratedModuleMaps-watchos/PINRemoteImage.modulemap /Users/admin/builder/spi-builder-workspace/.derivedData/Build/Intermediates.noindex/PINRemoteImage.build/Debug-watchos/PINRemoteImage-t.build/PINRemoteImage.modulemap (in target 'PINRemoteImage' from project 'PINRemoteImage')
    cd /Users/admin/builder/spi-builder-workspace
    builtin-copy -exclude .DS_Store -exclude CVS -exclude .svn -exclude .git -exclude .hg -resolve-src-symlinks /Users/admin/builder/spi-builder-workspace/.derivedData/Build/Intermediates.noindex/PINRemoteImage.build/Debug-watchos/PINRemoteImage-t.build/PINRemoteImage.modulemap /Users/admin/builder/spi-builder-workspace/.derivedData/Build/Intermediates.noindex/GeneratedModuleMaps-watchos
WriteAuxiliaryFile /Users/admin/builder/spi-builder-workspace/.derivedData/Build/Intermediates.noindex/PINOperation.build/Debug-watchos/PINOperation-t.build/DerivedSources/resource_bundle_accessor.m (in target 'PINOperation' from project 'PINOperation')
    cd /Users/admin/builder/spi-builder-workspace/.dependencies/checkouts/PINOperation
    write-file /Users/admin/builder/spi-builder-workspace/.derivedData/Build/Intermediates.noindex/PINOperation.build/Debug-watchos/PINOperation-t.build/DerivedSources/resource_bundle_accessor.m
WriteAuxiliaryFile /Users/admin/builder/spi-builder-workspace/.derivedData/Build/Intermediates.noindex/PINOperation.build/Debug-watchos/PINOperation-t.build/Objects-normal/arm64/e6072d4f65d7061329687fe24e3d63a7-common-args.resp (in target 'PINOperation' from project 'PINOperation')
    cd /Users/admin/builder/spi-builder-workspace/.dependencies/checkouts/PINOperation
    write-file /Users/admin/builder/spi-builder-workspace/.derivedData/Build/Intermediates.noindex/PINOperation.build/Debug-watchos/PINOperation-t.build/Objects-normal/arm64/e6072d4f65d7061329687fe24e3d63a7-common-args.resp
-fobjc-arc -fmodules -gmodules '-fmodules-cache-path=/Users/admin/builder/spi-builder-workspace/.derivedData/ModuleCache.noindex' '-fmodule-name=PINOperation' -fpascal-strings -O0 -DSWIFT_PACKAGE '-DDEBUG=1' '-DOBJC_OLD_DISPATCH_PROTOTYPES=1' -g -I/Users/admin/builder/spi-builder-workspace/.derivedData/Build/Products/Debug-watchos/include -I/Users/admin/builder/spi-builder-workspace/.dependencies/checkouts/PINOperation/Source/include -I/Users/admin/builder/spi-builder-workspace/.dependencies/checkouts/PINOperation/Source -I/Users/admin/builder/spi-builder-workspace/.derivedData/Build/Intermediates.noindex/PINOperation.build/Debug-watchos/PINOperation-t.build/DerivedSources-normal/arm64 -I/Users/admin/builder/spi-builder-workspace/.derivedData/Build/Intermediates.noindex/PINOperation.build/Debug-watchos/PINOperation-t.build/DerivedSources/arm64 -I/Users/admin/builder/spi-builder-workspace/.derivedData/Build/Intermediates.noindex/PINOperation.build/Debug-watchos/PINOperation-t.build/DerivedSources -F/Users/admin/builder/spi-builder-workspace/.derivedData/Build/Products/Debug-watchos -iframework /Applications/Xcode-27.0.0-Release.Candidate.app/Contents/Developer/Platforms/WatchOS.platform/Developer/Library/Frameworks -iframework /Applications/Xcode-27.0.0-Release.Candidate.app/Contents/Developer/Platforms/WatchOS.platform/Developer/SDKs/WatchOS27.0.sdk/Developer/Library/Frameworks -DXcode
WriteAuxiliaryFile /Users/admin/builder/spi-builder-workspace/.derivedData/Build/Intermediates.noindex/PINOperation.build/Debug-watchos/PINOperation-t.build/Objects-normal/arm64_32/e6072d4f65d7061329687fe24e3d63a7-common-args.resp (in target 'PINOperation' from project 'PINOperation')
    cd /Users/admin/builder/spi-builder-workspace/.dependencies/checkouts/PINOperation
    write-file /Users/admin/builder/spi-builder-workspace/.derivedData/Build/Intermediates.noindex/PINOperation.build/Debug-watchos/PINOperation-t.build/Objects-normal/arm64_32/e6072d4f65d7061329687fe24e3d63a7-common-args.resp
-fobjc-arc -fmodules -gmodules '-fmodules-cache-path=/Users/admin/builder/spi-builder-workspace/.derivedData/ModuleCache.noindex' '-fmodule-name=PINOperation' -fpascal-strings -O0 -DSWIFT_PACKAGE '-DDEBUG=1' '-DOBJC_OLD_DISPATCH_PROTOTYPES=1' -g -I/Users/admin/builder/spi-builder-workspace/.derivedData/Build/Products/Debug-watchos/include -I/Users/admin/builder/spi-builder-workspace/.dependencies/checkouts/PINOperation/Source/include -I/Users/admin/builder/spi-builder-workspace/.dependencies/checkouts/PINOperation/Source -I/Users/admin/builder/spi-builder-workspace/.derivedData/Build/Intermediates.noindex/PINOperation.build/Debug-watchos/PINOperation-t.build/DerivedSources-normal/arm64_32 -I/Users/admin/builder/spi-builder-workspace/.derivedData/Build/Intermediates.noindex/PINOperation.build/Debug-watchos/PINOperation-t.build/DerivedSources/arm64_32 -I/Users/admin/builder/spi-builder-workspace/.derivedData/Build/Intermediates.noindex/PINOperation.build/Debug-watchos/PINOperation-t.build/DerivedSources -F/Users/admin/builder/spi-builder-workspace/.derivedData/Build/Products/Debug-watchos -iframework /Applications/Xcode-27.0.0-Release.Candidate.app/Contents/Developer/Platforms/WatchOS.platform/Developer/Library/Frameworks -iframework /Applications/Xcode-27.0.0-Release.Candidate.app/Contents/Developer/Platforms/WatchOS.platform/Developer/SDKs/WatchOS27.0.sdk/Developer/Library/Frameworks -DXcode
WriteAuxiliaryFile /Users/admin/builder/spi-builder-workspace/.derivedData/Build/Intermediates.noindex/PINOperation.build/Debug-watchos/PINOperation-t.build/Objects-normal/arm64/PINOperation.LinkFileList (in target 'PINOperation' from project 'PINOperation')
    cd /Users/admin/builder/spi-builder-workspace/.dependencies/checkouts/PINOperation
    write-file /Users/admin/builder/spi-builder-workspace/.derivedData/Build/Intermediates.noindex/PINOperation.build/Debug-watchos/PINOperation-t.build/Objects-normal/arm64/PINOperation.LinkFileList
WriteAuxiliaryFile /Users/admin/builder/spi-builder-workspace/.derivedData/Build/Intermediates.noindex/PINOperation.build/Debug-watchos/PINOperation-t.build/Objects-normal/arm64_32/PINOperation.LinkFileList (in target 'PINOperation' from project 'PINOperation')
    cd /Users/admin/builder/spi-builder-workspace/.dependencies/checkouts/PINOperation
    write-file /Users/admin/builder/spi-builder-workspace/.derivedData/Build/Intermediates.noindex/PINOperation.build/Debug-watchos/PINOperation-t.build/Objects-normal/arm64_32/PINOperation.LinkFileList
WriteAuxiliaryFile /Users/admin/builder/spi-builder-workspace/.derivedData/Build/Intermediates.noindex/PINOperation.build/Debug-watchos/PINOperation-t.build/DerivedSources/resource_bundle_accessor.h (in target 'PINOperation' from project 'PINOperation')
    cd /Users/admin/builder/spi-builder-workspace/.dependencies/checkouts/PINOperation
    write-file /Users/admin/builder/spi-builder-workspace/.derivedData/Build/Intermediates.noindex/PINOperation.build/Debug-watchos/PINOperation-t.build/DerivedSources/resource_bundle_accessor.h
WriteAuxiliaryFile /Users/admin/builder/spi-builder-workspace/.derivedData/Build/Intermediates.noindex/PINCache.build/Debug-watchos/PINCache_PINCache-b.build/empty-PINCache_PINCache.plist (in target 'PINCache_PINCache' from project 'PINCache')
    cd /Users/admin/builder/spi-builder-workspace/.dependencies/checkouts/PINCache
    write-file /Users/admin/builder/spi-builder-workspace/.derivedData/Build/Intermediates.noindex/PINCache.build/Debug-watchos/PINCache_PINCache-b.build/empty-PINCache_PINCache.plist
WriteAuxiliaryFile /Users/admin/builder/spi-builder-workspace/.derivedData/Build/Intermediates.noindex/PINCache.build/Debug-watchos/PINCache_PINCache-b.build/PINCache_PINCache.DependencyStaticMetadataFileList (in target 'PINCache_PINCache' from project 'PINCache')
    cd /Users/admin/builder/spi-builder-workspace/.dependencies/checkouts/PINCache
    write-file /Users/admin/builder/spi-builder-workspace/.derivedData/Build/Intermediates.noindex/PINCache.build/Debug-watchos/PINCache_PINCache-b.build/PINCache_PINCache.DependencyStaticMetadataFileList
Copy /Users/admin/builder/spi-builder-workspace/.derivedData/Build/Intermediates.noindex/GeneratedModuleMaps-watchos/PINOperation.modulemap /Users/admin/builder/spi-builder-workspace/.derivedData/Build/Intermediates.noindex/PINOperation.build/Debug-watchos/PINOperation-t.build/PINOperation.modulemap (in target 'PINOperation' from project 'PINOperation')
    cd /Users/admin/builder/spi-builder-workspace/.dependencies/checkouts/PINOperation
    builtin-copy -exclude .DS_Store -exclude CVS -exclude .svn -exclude .git -exclude .hg -resolve-src-symlinks /Users/admin/builder/spi-builder-workspace/.derivedData/Build/Intermediates.noindex/PINOperation.build/Debug-watchos/PINOperation-t.build/PINOperation.modulemap /Users/admin/builder/spi-builder-workspace/.derivedData/Build/Intermediates.noindex/GeneratedModuleMaps-watchos
WriteAuxiliaryFile /Users/admin/builder/spi-builder-workspace/.derivedData/Build/Intermediates.noindex/PINCache.build/Debug-watchos/PINCache_PINCache-b.build/PINCache_PINCache.DependencyMetadataFileList (in target 'PINCache_PINCache' from project 'PINCache')
    cd /Users/admin/builder/spi-builder-workspace/.dependencies/checkouts/PINCache
    write-file /Users/admin/builder/spi-builder-workspace/.derivedData/Build/Intermediates.noindex/PINCache.build/Debug-watchos/PINCache_PINCache-b.build/PINCache_PINCache.DependencyMetadataFileList
WriteAuxiliaryFile /Users/admin/builder/spi-builder-workspace/.derivedData/Build/Intermediates.noindex/PINCache.build/Debug-watchos/PINCache-t.build/PINCache.DependencyStaticMetadataFileList (in target 'PINCache' from project 'PINCache')
    cd /Users/admin/builder/spi-builder-workspace/.dependencies/checkouts/PINCache
    write-file /Users/admin/builder/spi-builder-workspace/.derivedData/Build/Intermediates.noindex/PINCache.build/Debug-watchos/PINCache-t.build/PINCache.DependencyStaticMetadataFileList
WriteAuxiliaryFile /Users/admin/builder/spi-builder-workspace/.derivedData/Build/Intermediates.noindex/PINCache.build/Debug-watchos/PINCache-t.build/PINCache.modulemap (in target 'PINCache' from project 'PINCache')
    cd /Users/admin/builder/spi-builder-workspace/.dependencies/checkouts/PINCache
    write-file /Users/admin/builder/spi-builder-workspace/.derivedData/Build/Intermediates.noindex/PINCache.build/Debug-watchos/PINCache-t.build/PINCache.modulemap
WriteAuxiliaryFile /Users/admin/builder/spi-builder-workspace/.derivedData/Build/Intermediates.noindex/PINCache.build/Debug-watchos/PINCache-t.build/PINCache.DependencyMetadataFileList (in target 'PINCache' from project 'PINCache')
    cd /Users/admin/builder/spi-builder-workspace/.dependencies/checkouts/PINCache
    write-file /Users/admin/builder/spi-builder-workspace/.derivedData/Build/Intermediates.noindex/PINCache.build/Debug-watchos/PINCache-t.build/PINCache.DependencyMetadataFileList
WriteAuxiliaryFile /Users/admin/builder/spi-builder-workspace/.derivedData/Build/Intermediates.noindex/PINCache.build/Debug-watchos/PINCache-t.build/DerivedSources/resource_bundle_accessor.m (in target 'PINCache' from project 'PINCache')
    cd /Users/admin/builder/spi-builder-workspace/.dependencies/checkouts/PINCache
    write-file /Users/admin/builder/spi-builder-workspace/.derivedData/Build/Intermediates.noindex/PINCache.build/Debug-watchos/PINCache-t.build/DerivedSources/resource_bundle_accessor.m
WriteAuxiliaryFile /Users/admin/builder/spi-builder-workspace/.derivedData/Build/Intermediates.noindex/PINCache.build/Debug-watchos/PINCache-t.build/Objects-normal/arm64/e6072d4f65d7061329687fe24e3d63a7-common-args.resp (in target 'PINCache' from project 'PINCache')
    cd /Users/admin/builder/spi-builder-workspace/.dependencies/checkouts/PINCache
    write-file /Users/admin/builder/spi-builder-workspace/.derivedData/Build/Intermediates.noindex/PINCache.build/Debug-watchos/PINCache-t.build/Objects-normal/arm64/e6072d4f65d7061329687fe24e3d63a7-common-args.resp
-fobjc-arc -fmodules -gmodules '-fmodules-cache-path=/Users/admin/builder/spi-builder-workspace/.derivedData/ModuleCache.noindex' '-fmodule-name=PINCache' -fpascal-strings -O0 -DSWIFT_PACKAGE '-DDEBUG=1' '-DOBJC_OLD_DISPATCH_PROTOTYPES=1' -g -I/Users/admin/builder/spi-builder-workspace/.dependencies/checkouts/PINOperation/Source/include -I/Users/admin/builder/spi-builder-workspace/.derivedData/Build/Products/Debug-watchos/include -I/Users/admin/builder/spi-builder-workspace/.dependencies/checkouts/PINCache/Source/include -I/Users/admin/builder/spi-builder-workspace/.dependencies/checkouts/PINCache/Source -I/Users/admin/builder/spi-builder-workspace/.derivedData/Build/Intermediates.noindex/PINCache.build/Debug-watchos/PINCache-t.build/DerivedSources-normal/arm64 -I/Users/admin/builder/spi-builder-workspace/.derivedData/Build/Intermediates.noindex/PINCache.build/Debug-watchos/PINCache-t.build/DerivedSources/arm64 -I/Users/admin/builder/spi-builder-workspace/.derivedData/Build/Intermediates.noindex/PINCache.build/Debug-watchos/PINCache-t.build/DerivedSources -F/Users/admin/builder/spi-builder-workspace/.derivedData/Build/Products/Debug-watchos/PackageFrameworks -F/Users/admin/builder/spi-builder-workspace/.derivedData/Build/Products/Debug-watchos -iframework /Applications/Xcode-27.0.0-Release.Candidate.app/Contents/Developer/Platforms/WatchOS.platform/Developer/Library/Frameworks -iframework /Applications/Xcode-27.0.0-Release.Candidate.app/Contents/Developer/Platforms/WatchOS.platform/Developer/SDKs/WatchOS27.0.sdk/Developer/Library/Frameworks '-fmodule-map-file=/Users/admin/builder/spi-builder-workspace/.derivedData/Build/Intermediates.noindex/GeneratedModuleMaps-watchos/PINOperation.modulemap' -DXcode
WriteAuxiliaryFile /Users/admin/builder/spi-builder-workspace/.derivedData/Build/Intermediates.noindex/PINCache.build/Debug-watchos/PINCache-t.build/Objects-normal/arm64_32/e6072d4f65d7061329687fe24e3d63a7-common-args.resp (in target 'PINCache' from project 'PINCache')
    cd /Users/admin/builder/spi-builder-workspace/.dependencies/checkouts/PINCache
    write-file /Users/admin/builder/spi-builder-workspace/.derivedData/Build/Intermediates.noindex/PINCache.build/Debug-watchos/PINCache-t.build/Objects-normal/arm64_32/e6072d4f65d7061329687fe24e3d63a7-common-args.resp
-fobjc-arc -fmodules -gmodules '-fmodules-cache-path=/Users/admin/builder/spi-builder-workspace/.derivedData/ModuleCache.noindex' '-fmodule-name=PINCache' -fpascal-strings -O0 -DSWIFT_PACKAGE '-DDEBUG=1' '-DOBJC_OLD_DISPATCH_PROTOTYPES=1' -g -I/Users/admin/builder/spi-builder-workspace/.dependencies/checkouts/PINOperation/Source/include -I/Users/admin/builder/spi-builder-workspace/.derivedData/Build/Products/Debug-watchos/include -I/Users/admin/builder/spi-builder-workspace/.dependencies/checkouts/PINCache/Source/include -I/Users/admin/builder/spi-builder-workspace/.dependencies/checkouts/PINCache/Source -I/Users/admin/builder/spi-builder-workspace/.derivedData/Build/Intermediates.noindex/PINCache.build/Debug-watchos/PINCache-t.build/DerivedSources-normal/arm64_32 -I/Users/admin/builder/spi-builder-workspace/.derivedData/Build/Intermediates.noindex/PINCache.build/Debug-watchos/PINCache-t.build/DerivedSources/arm64_32 -I/Users/admin/builder/spi-builder-workspace/.derivedData/Build/Intermediates.noindex/PINCache.build/Debug-watchos/PINCache-t.build/DerivedSources -F/Users/admin/builder/spi-builder-workspace/.derivedData/Build/Products/Debug-watchos/PackageFrameworks -F/Users/admin/builder/spi-builder-workspace/.derivedData/Build/Products/Debug-watchos -iframework /Applications/Xcode-27.0.0-Release.Candidate.app/Contents/Developer/Platforms/WatchOS.platform/Developer/Library/Frameworks -iframework /Applications/Xcode-27.0.0-Release.Candidate.app/Contents/Developer/Platforms/WatchOS.platform/Developer/SDKs/WatchOS27.0.sdk/Developer/Library/Frameworks '-fmodule-map-file=/Users/admin/builder/spi-builder-workspace/.derivedData/Build/Intermediates.noindex/GeneratedModuleMaps-watchos/PINOperation.modulemap' -DXcode
WriteAuxiliaryFile /Users/admin/builder/spi-builder-workspace/.derivedData/Build/Intermediates.noindex/PINCache.build/Debug-watchos/PINCache-t.build/Objects-normal/arm64/PINCache.LinkFileList (in target 'PINCache' from project 'PINCache')
    cd /Users/admin/builder/spi-builder-workspace/.dependencies/checkouts/PINCache
    write-file /Users/admin/builder/spi-builder-workspace/.derivedData/Build/Intermediates.noindex/PINCache.build/Debug-watchos/PINCache-t.build/Objects-normal/arm64/PINCache.LinkFileList
WriteAuxiliaryFile /Users/admin/builder/spi-builder-workspace/.derivedData/Build/Intermediates.noindex/PINCache.build/Debug-watchos/PINCache-t.build/Objects-normal/arm64_32/PINCache.LinkFileList (in target 'PINCache' from project 'PINCache')
    cd /Users/admin/builder/spi-builder-workspace/.dependencies/checkouts/PINCache
    write-file /Users/admin/builder/spi-builder-workspace/.derivedData/Build/Intermediates.noindex/PINCache.build/Debug-watchos/PINCache-t.build/Objects-normal/arm64_32/PINCache.LinkFileList
WriteAuxiliaryFile /Users/admin/builder/spi-builder-workspace/.derivedData/Build/Intermediates.noindex/PINCache.build/Debug-watchos/PINCache-t.build/DerivedSources/resource_bundle_accessor.h (in target 'PINCache' from project 'PINCache')
    cd /Users/admin/builder/spi-builder-workspace/.dependencies/checkouts/PINCache
    write-file /Users/admin/builder/spi-builder-workspace/.derivedData/Build/Intermediates.noindex/PINCache.build/Debug-watchos/PINCache-t.build/DerivedSources/resource_bundle_accessor.h
MkDir /Users/admin/builder/spi-builder-workspace/.derivedData/Build/Products/Debug-watchos/PINOperation_PINOperation.bundle (in target 'PINOperation_PINOperation' from project 'PINOperation')
    cd /Users/admin/builder/spi-builder-workspace/.dependencies/checkouts/PINOperation
    /bin/mkdir -p /Users/admin/builder/spi-builder-workspace/.derivedData/Build/Products/Debug-watchos/PINOperation_PINOperation.bundle
Copy /Users/admin/builder/spi-builder-workspace/.derivedData/Build/Intermediates.noindex/GeneratedModuleMaps-watchos/PINCache.modulemap /Users/admin/builder/spi-builder-workspace/.derivedData/Build/Intermediates.noindex/PINCache.build/Debug-watchos/PINCache-t.build/PINCache.modulemap (in target 'PINCache' from project 'PINCache')
    cd /Users/admin/builder/spi-builder-workspace/.dependencies/checkouts/PINCache
    builtin-copy -exclude .DS_Store -exclude CVS -exclude .svn -exclude .git -exclude .hg -resolve-src-symlinks /Users/admin/builder/spi-builder-workspace/.derivedData/Build/Intermediates.noindex/PINCache.build/Debug-watchos/PINCache-t.build/PINCache.modulemap /Users/admin/builder/spi-builder-workspace/.derivedData/Build/Intermediates.noindex/GeneratedModuleMaps-watchos
MkDir /Users/admin/builder/spi-builder-workspace/.derivedData/Build/Products/Debug-watchos/PINCache_PINCache.bundle (in target 'PINCache_PINCache' from project 'PINCache')
    cd /Users/admin/builder/spi-builder-workspace/.dependencies/checkouts/PINCache
    /bin/mkdir -p /Users/admin/builder/spi-builder-workspace/.derivedData/Build/Products/Debug-watchos/PINCache_PINCache.bundle
ProcessInfoPlistFile /Users/admin/builder/spi-builder-workspace/.derivedData/Build/Products/Debug-watchos/PINOperation_PINOperation.bundle/Info.plist /Users/admin/builder/spi-builder-workspace/.derivedData/Build/Intermediates.noindex/PINOperation.build/Debug-watchos/PINOperation_PINOperation-b.build/empty-PINOperation_PINOperation.plist (in target 'PINOperation_PINOperation' from project 'PINOperation')
    cd /Users/admin/builder/spi-builder-workspace/.dependencies/checkouts/PINOperation
    builtin-infoPlistUtility /Users/admin/builder/spi-builder-workspace/.derivedData/Build/Intermediates.noindex/PINOperation.build/Debug-watchos/PINOperation_PINOperation-b.build/empty-PINOperation_PINOperation.plist -producttype com.apple.product-type.bundle -expandbuildsettings -format binary -platform watchos -o /Users/admin/builder/spi-builder-workspace/.derivedData/Build/Products/Debug-watchos/PINOperation_PINOperation.bundle/Info.plist
CpResource /Users/admin/builder/spi-builder-workspace/.derivedData/Build/Products/Debug-watchos/PINOperation_PINOperation.bundle/PrivacyInfo.xcprivacy /Users/admin/builder/spi-builder-workspace/.dependencies/checkouts/PINOperation/Source/PrivacyInfo.xcprivacy (in target 'PINOperation_PINOperation' from project 'PINOperation')
    cd /Users/admin/builder/spi-builder-workspace/.dependencies/checkouts/PINOperation
    builtin-copy -exclude .DS_Store -exclude CVS -exclude .svn -exclude .git -exclude .hg -resolve-src-symlinks /Users/admin/builder/spi-builder-workspace/.dependencies/checkouts/PINOperation/Source/PrivacyInfo.xcprivacy /Users/admin/builder/spi-builder-workspace/.derivedData/Build/Products/Debug-watchos/PINOperation_PINOperation.bundle
ProcessInfoPlistFile /Users/admin/builder/spi-builder-workspace/.derivedData/Build/Products/Debug-watchos/PINCache_PINCache.bundle/Info.plist /Users/admin/builder/spi-builder-workspace/.derivedData/Build/Intermediates.noindex/PINCache.build/Debug-watchos/PINCache_PINCache-b.build/empty-PINCache_PINCache.plist (in target 'PINCache_PINCache' from project 'PINCache')
    cd /Users/admin/builder/spi-builder-workspace/.dependencies/checkouts/PINCache
    builtin-infoPlistUtility /Users/admin/builder/spi-builder-workspace/.derivedData/Build/Intermediates.noindex/PINCache.build/Debug-watchos/PINCache_PINCache-b.build/empty-PINCache_PINCache.plist -producttype com.apple.product-type.bundle -expandbuildsettings -format binary -platform watchos -o /Users/admin/builder/spi-builder-workspace/.derivedData/Build/Products/Debug-watchos/PINCache_PINCache.bundle/Info.plist
CpResource /Users/admin/builder/spi-builder-workspace/.derivedData/Build/Products/Debug-watchos/PINCache_PINCache.bundle/PrivacyInfo.xcprivacy /Users/admin/builder/spi-builder-workspace/.dependencies/checkouts/PINCache/Source/PrivacyInfo.xcprivacy (in target 'PINCache_PINCache' from project 'PINCache')
    cd /Users/admin/builder/spi-builder-workspace/.dependencies/checkouts/PINCache
    builtin-copy -exclude .DS_Store -exclude CVS -exclude .svn -exclude .git -exclude .hg -resolve-src-symlinks /Users/admin/builder/spi-builder-workspace/.dependencies/checkouts/PINCache/Source/PrivacyInfo.xcprivacy /Users/admin/builder/spi-builder-workspace/.derivedData/Build/Products/Debug-watchos/PINCache_PINCache.bundle
RegisterExecutionPolicyException /Users/admin/builder/spi-builder-workspace/.derivedData/Build/Products/Debug-watchos/PINOperation_PINOperation.bundle (in target 'PINOperation_PINOperation' from project 'PINOperation')
    cd /Users/admin/builder/spi-builder-workspace/.dependencies/checkouts/PINOperation
    builtin-RegisterExecutionPolicyException /Users/admin/builder/spi-builder-workspace/.derivedData/Build/Products/Debug-watchos/PINOperation_PINOperation.bundle
RegisterExecutionPolicyException /Users/admin/builder/spi-builder-workspace/.derivedData/Build/Products/Debug-watchos/PINCache_PINCache.bundle (in target 'PINCache_PINCache' from project 'PINCache')
    cd /Users/admin/builder/spi-builder-workspace/.dependencies/checkouts/PINCache
    builtin-RegisterExecutionPolicyException /Users/admin/builder/spi-builder-workspace/.derivedData/Build/Products/Debug-watchos/PINCache_PINCache.bundle
Touch /Users/admin/builder/spi-builder-workspace/.derivedData/Build/Products/Debug-watchos/PINOperation_PINOperation.bundle (in target 'PINOperation_PINOperation' from project 'PINOperation')
    cd /Users/admin/builder/spi-builder-workspace/.dependencies/checkouts/PINOperation
    /usr/bin/touch -c /Users/admin/builder/spi-builder-workspace/.derivedData/Build/Products/Debug-watchos/PINOperation_PINOperation.bundle
Touch /Users/admin/builder/spi-builder-workspace/.derivedData/Build/Products/Debug-watchos/PINCache_PINCache.bundle (in target 'PINCache_PINCache' from project 'PINCache')
    cd /Users/admin/builder/spi-builder-workspace/.dependencies/checkouts/PINCache
    /usr/bin/touch -c /Users/admin/builder/spi-builder-workspace/.derivedData/Build/Products/Debug-watchos/PINCache_PINCache.bundle
ScanDependencies /Users/admin/builder/spi-builder-workspace/.derivedData/Build/Intermediates.noindex/PINRemoteImage.build/Debug-watchos/PINRemoteImage-t.build/Objects-normal/arm64_32/PINURLSessionManager.o /Users/admin/builder/spi-builder-workspace/Source/Classes/PINURLSessionManager.m normal arm64_32 objective-c com.apple.compilers.llvm.clang.1_0.compiler (in target 'PINRemoteImage' from project 'PINRemoteImage')
    cd /Users/admin/builder/spi-builder-workspace/.swiftpm/xcode

    Using response file: /Users/admin/builder/spi-builder-workspace/.derivedData/Build/Intermediates.noindex/PINRemoteImage.build/Debug-watchos/PINRemoteImage-t.build/Objects-normal/arm64_32/e6072d4f65d7061329687fe24e3d63a7-common-args.resp

    builtin-ScanDependencies -o /Users/admin/builder/spi-builder-workspace/.derivedData/Build/Intermediates.noindex/PINRemoteImage.build/Debug-watchos/PINRemoteImage-t.build/Objects-normal/arm64_32/PINURLSessionManager.o.scan -- /Applications/Xcode-27.0.0-Release.Candidate.app/Contents/Developer/Toolchains/XcodeDefault.xctoolchain/usr/bin/clang -x objective-c -ivfsstatcache /Users/admin/builder/spi-builder-workspace/.derivedData/SDKStatCaches.noindex/watchos27.0-24R360-e829b21a6f8c9b70876ba0858053c04477534ef55a1706bf4c1112bbb242f0a2.sdkstatcache -target arm64_32-apple-watchos9.0 -fmessage-length\=0 -fdiagnostics-show-note-include-stack -fmacro-backtrace-limit\=0 -fno-color-diagnostics -fmodules-prune-interval\=86400 -fmodules-prune-after\=345600 -fbuild-session-file\=/Users/admin/builder/spi-builder-workspace/.derivedData/ModuleCache.noindex/Session.modulevalidation -fmodules-validate-once-per-build-session -Wnon-modular-include-in-framework-module -Werror\=non-modular-include-in-framework-module -Wno-trigraphs -Wno-missing-field-initializers -Wno-missing-prototypes -Wno-return-type -Wno-implicit-atomic-properties -Wno-objc-interface-ivars -Wno-arc-repeated-use-of-weak -Wno-missing-braces -Wparentheses -Wswitch -Wno-unused-function -Wno-unused-label -Wno-unused-parameter -Wno-unused-variable -Wunused-value -Wno-empty-body -Wno-uninitialized -Wno-unknown-pragmas -Wno-shadow -Wno-four-char-constants -Wno-conversion -Wno-constant-conversion -Wno-int-conversion -Wno-bool-conversion -Wno-enum-conversion -Wno-float-conversion -Wno-non-literal-null-conversion -Wno-objc-literal-conversion -Wno-shorten-64-to-32 -Wpointer-sign -Wno-newline-eof -Wno-selector -Wno-strict-selector-match -Wno-undeclared-selector -Wno-deprecated-implementations -Wno-implicit-fallthrough -isysroot /Applications/Xcode-27.0.0-Release.Candidate.app/Contents/Developer/Platforms/WatchOS.platform/Developer/SDKs/WatchOS27.0.sdk -fstrict-aliasing -Wprotocol -Wdeprecated-declarations -Wno-sign-conversion -Wno-infinite-recursion -Wno-comma -Wno-block-capture-autoreleasing -Wno-strict-prototypes -Wno-semicolon-before-method-body -index-store-path /Users/admin/builder/spi-builder-workspace/.derivedData/Index.noindex/DataStore @/Users/admin/builder/spi-builder-workspace/.derivedData/Build/Intermediates.noindex/PINRemoteImage.build/Debug-watchos/PINRemoteImage-t.build/Objects-normal/arm64_32/e6072d4f65d7061329687fe24e3d63a7-common-args.resp -MMD -MT dependencies -MF /Users/admin/builder/spi-builder-workspace/.derivedData/Build/Intermediates.noindex/PINRemoteImage.build/Debug-watchos/PINRemoteImage-t.build/Objects-normal/arm64_32/PINURLSessionManager.d --serialize-diagnostics /Users/admin/builder/spi-builder-workspace/.derivedData/Build/Intermediates.noindex/PINRemoteImage.build/Debug-watchos/PINRemoteImage-t.build/Objects-normal/arm64_32/PINURLSessionManager.dia -c /Users/admin/builder/spi-builder-workspace/Source/Classes/PINURLSessionManager.m -o /Users/admin/builder/spi-builder-workspace/.derivedData/Build/Intermediates.noindex/PINRemoteImage.build/Debug-watchos/PINRemoteImage-t.build/Objects-normal/arm64_32/PINURLSessionManager.o -index-unit-output-path /PINRemoteImage.build/Debug-watchos/PINRemoteImage-t.build/Objects-normal/arm64_32/PINURLSessionManager.o
ScanDependencies /Users/admin/builder/spi-builder-workspace/.derivedData/Build/Intermediates.noindex/PINRemoteImage.build/Debug-watchos/PINRemoteImage-t.build/Objects-normal/arm64_32/PINWebPAnimatedImage.o /Users/admin/builder/spi-builder-workspace/Source/Classes/AnimatedImages/PINWebPAnimatedImage.m normal arm64_32 objective-c com.apple.compilers.llvm.clang.1_0.compiler (in target 'PINRemoteImage' from project 'PINRemoteImage')
    cd /Users/admin/builder/spi-builder-workspace/.swiftpm/xcode

    Using response file: /Users/admin/builder/spi-builder-workspace/.derivedData/Build/Intermediates.noindex/PINRemoteImage.build/Debug-watchos/PINRemoteImage-t.build/Objects-normal/arm64_32/e6072d4f65d7061329687fe24e3d63a7-common-args.resp

    builtin-ScanDependencies -o /Users/admin/builder/spi-builder-workspace/.derivedData/Build/Intermediates.noindex/PINRemoteImage.build/Debug-watchos/PINRemoteImage-t.build/Objects-normal/arm64_32/PINWebPAnimatedImage.o.scan -- /Applications/Xcode-27.0.0-Release.Candidate.app/Contents/Developer/Toolchains/XcodeDefault.xctoolchain/usr/bin/clang -x objective-c -ivfsstatcache /Users/admin/builder/spi-builder-workspace/.derivedData/SDKStatCaches.noindex/watchos27.0-24R360-e829b21a6f8c9b70876ba0858053c04477534ef55a1706bf4c1112bbb242f0a2.sdkstatcache -target arm64_32-apple-watchos9.0 -fmessage-length\=0 -fdiagnostics-show-note-include-stack -fmacro-backtrace-limit\=0 -fno-color-diagnostics -fmodules-prune-interval\=86400 -fmodules-prune-after\=345600 -fbuild-session-file\=/Users/admin/builder/spi-builder-workspace/.derivedData/ModuleCache.noindex/Session.modulevalidation -fmodules-validate-once-per-build-session -Wnon-modular-include-in-framework-module -Werror\=non-modular-include-in-framework-module -Wno-trigraphs -Wno-missing-field-initializers -Wno-missing-prototypes -Wno-return-type -Wno-implicit-atomic-properties -Wno-objc-interface-ivars -Wno-arc-repeated-use-of-weak -Wno-missing-braces -Wparentheses -Wswitch -Wno-unused-function -Wno-unused-label -Wno-unused-parameter -Wno-unused-variable -Wunused-value -Wno-empty-body -Wno-uninitialized -Wno-unknown-pragmas -Wno-shadow -Wno-four-char-constants -Wno-conversion -Wno-constant-conversion -Wno-int-conversion -Wno-bool-conversion -Wno-enum-conversion -Wno-float-conversion -Wno-non-literal-null-conversion -Wno-objc-literal-conversion -Wno-shorten-64-to-32 -Wpointer-sign -Wno-newline-eof -Wno-selector -Wno-strict-selector-match -Wno-undeclared-selector -Wno-deprecated-implementations -Wno-implicit-fallthrough -isysroot /Applications/Xcode-27.0.0-Release.Candidate.app/Contents/Developer/Platforms/WatchOS.platform/Developer/SDKs/WatchOS27.0.sdk -fstrict-aliasing -Wprotocol -Wdeprecated-declarations -Wno-sign-conversion -Wno-infinite-recursion -Wno-comma -Wno-block-capture-autoreleasing -Wno-strict-prototypes -Wno-semicolon-before-method-body -index-store-path /Users/admin/builder/spi-builder-workspace/.derivedData/Index.noindex/DataStore @/Users/admin/builder/spi-builder-workspace/.derivedData/Build/Intermediates.noindex/PINRemoteImage.build/Debug-watchos/PINRemoteImage-t.build/Objects-normal/arm64_32/e6072d4f65d7061329687fe24e3d63a7-common-args.resp -MMD -MT dependencies -MF /Users/admin/builder/spi-builder-workspace/.derivedData/Build/Intermediates.noindex/PINRemoteImage.build/Debug-watchos/PINRemoteImage-t.build/Objects-normal/arm64_32/PINWebPAnimatedImage.d --serialize-diagnostics /Users/admin/builder/spi-builder-workspace/.derivedData/Build/Intermediates.noindex/PINRemoteImage.build/Debug-watchos/PINRemoteImage-t.build/Objects-normal/arm64_32/PINWebPAnimatedImage.dia -c /Users/admin/builder/spi-builder-workspace/Source/Classes/AnimatedImages/PINWebPAnimatedImage.m -o /Users/admin/builder/spi-builder-workspace/.derivedData/Build/Intermediates.noindex/PINRemoteImage.build/Debug-watchos/PINRemoteImage-t.build/Objects-normal/arm64_32/PINWebPAnimatedImage.o -index-unit-output-path /PINRemoteImage.build/Debug-watchos/PINRemoteImage-t.build/Objects-normal/arm64_32/PINWebPAnimatedImage.o
ScanDependencies /Users/admin/builder/spi-builder-workspace/.derivedData/Build/Intermediates.noindex/PINRemoteImage.build/Debug-watchos/PINRemoteImage-t.build/Objects-normal/arm64_32/PINResume.o /Users/admin/builder/spi-builder-workspace/Source/Classes/PINResume.m normal arm64_32 objective-c com.apple.compilers.llvm.clang.1_0.compiler (in target 'PINRemoteImage' from project 'PINRemoteImage')
    cd /Users/admin/builder/spi-builder-workspace/.swiftpm/xcode

    Using response file: /Users/admin/builder/spi-builder-workspace/.derivedData/Build/Intermediates.noindex/PINRemoteImage.build/Debug-watchos/PINRemoteImage-t.build/Objects-normal/arm64_32/e6072d4f65d7061329687fe24e3d63a7-common-args.resp

    builtin-ScanDependencies -o /Users/admin/builder/spi-builder-workspace/.derivedData/Build/Intermediates.noindex/PINRemoteImage.build/Debug-watchos/PINRemoteImage-t.build/Objects-normal/arm64_32/PINResume.o.scan -- /Applications/Xcode-27.0.0-Release.Candidate.app/Contents/Developer/Toolchains/XcodeDefault.xctoolchain/usr/bin/clang -x objective-c -ivfsstatcache /Users/admin/builder/spi-builder-workspace/.derivedData/SDKStatCaches.noindex/watchos27.0-24R360-e829b21a6f8c9b70876ba0858053c04477534ef55a1706bf4c1112bbb242f0a2.sdkstatcache -target arm64_32-apple-watchos9.0 -fmessage-length\=0 -fdiagnostics-show-note-include-stack -fmacro-backtrace-limit\=0 -fno-color-diagnostics -fmodules-prune-interval\=86400 -fmodules-prune-after\=345600 -fbuild-session-file\=/Users/admin/builder/spi-builder-workspace/.derivedData/ModuleCache.noindex/Session.modulevalidation -fmodules-validate-once-per-build-session -Wnon-modular-include-in-framework-module -Werror\=non-modular-include-in-framework-module -Wno-trigraphs -Wno-missing-field-initializers -Wno-missing-prototypes -Wno-return-type -Wno-implicit-atomic-properties -Wno-objc-interface-ivars -Wno-arc-repeated-use-of-weak -Wno-missing-braces -Wparentheses -Wswitch -Wno-unused-function -Wno-unused-label -Wno-unused-parameter -Wno-unused-variable -Wunused-value -Wno-empty-body -Wno-uninitialized -Wno-unknown-pragmas -Wno-shadow -Wno-four-char-constants -Wno-conversion -Wno-constant-conversion -Wno-int-conversion -Wno-bool-conversion -Wno-enum-conversion -Wno-float-conversion -Wno-non-literal-null-conversion -Wno-objc-literal-conversion -Wno-shorten-64-to-32 -Wpointer-sign -Wno-newline-eof -Wno-selector -Wno-strict-selector-match -Wno-undeclared-selector -Wno-deprecated-implementations -Wno-implicit-fallthrough -isysroot /Applications/Xcode-27.0.0-Release.Candidate.app/Contents/Developer/Platforms/WatchOS.platform/Developer/SDKs/WatchOS27.0.sdk -fstrict-aliasing -Wprotocol -Wdeprecated-declarations -Wno-sign-conversion -Wno-infinite-recursion -Wno-comma -Wno-block-capture-autoreleasing -Wno-strict-prototypes -Wno-semicolon-before-method-body -index-store-path /Users/admin/builder/spi-builder-workspace/.derivedData/Index.noindex/DataStore @/Users/admin/builder/spi-builder-workspace/.derivedData/Build/Intermediates.noindex/PINRemoteImage.build/Debug-watchos/PINRemoteImage-t.build/Objects-normal/arm64_32/e6072d4f65d7061329687fe24e3d63a7-common-args.resp -MMD -MT dependencies -MF /Users/admin/builder/spi-builder-workspace/.derivedData/Build/Intermediates.noindex/PINRemoteImage.build/Debug-watchos/PINRemoteImage-t.build/Objects-normal/arm64_32/PINResume.d --serialize-diagnostics /Users/admin/builder/spi-builder-workspace/.derivedData/Build/Intermediates.noindex/PINRemoteImage.build/Debug-watchos/PINRemoteImage-t.build/Objects-normal/arm64_32/PINResume.dia -c /Users/admin/builder/spi-builder-workspace/Source/Classes/PINResume.m -o /Users/admin/builder/spi-builder-workspace/.derivedData/Build/Intermediates.noindex/PINRemoteImage.build/Debug-watchos/PINRemoteImage-t.build/Objects-normal/arm64_32/PINResume.o -index-unit-output-path /PINRemoteImage.build/Debug-watchos/PINRemoteImage-t.build/Objects-normal/arm64_32/PINResume.o
ScanDependencies /Users/admin/builder/spi-builder-workspace/.derivedData/Build/Intermediates.noindex/PINRemoteImage.build/Debug-watchos/PINRemoteImage-t.build/Objects-normal/arm64_32/PINSpeedRecorder.o /Users/admin/builder/spi-builder-workspace/Source/Classes/PINSpeedRecorder.m normal arm64_32 objective-c com.apple.compilers.llvm.clang.1_0.compiler (in target 'PINRemoteImage' from project 'PINRemoteImage')
    cd /Users/admin/builder/spi-builder-workspace/.swiftpm/xcode

    Using response file: /Users/admin/builder/spi-builder-workspace/.derivedData/Build/Intermediates.noindex/PINRemoteImage.build/Debug-watchos/PINRemoteImage-t.build/Objects-normal/arm64_32/e6072d4f65d7061329687fe24e3d63a7-common-args.resp

    builtin-ScanDependencies -o /Users/admin/builder/spi-builder-workspace/.derivedData/Build/Intermediates.noindex/PINRemoteImage.build/Debug-watchos/PINRemoteImage-t.build/Objects-normal/arm64_32/PINSpeedRecorder.o.scan -- /Applications/Xcode-27.0.0-Release.Candidate.app/Contents/Developer/Toolchains/XcodeDefault.xctoolchain/usr/bin/clang -x objective-c -ivfsstatcache /Users/admin/builder/spi-builder-workspace/.derivedData/SDKStatCaches.noindex/watchos27.0-24R360-e829b21a6f8c9b70876ba0858053c04477534ef55a1706bf4c1112bbb242f0a2.sdkstatcache -target arm64_32-apple-watchos9.0 -fmessage-length\=0 -fdiagnostics-show-note-include-stack -fmacro-backtrace-limit\=0 -fno-color-diagnostics -fmodules-prune-interval\=86400 -fmodules-prune-after\=345600 -fbuild-session-file\=/Users/admin/builder/spi-builder-workspace/.derivedData/ModuleCache.noindex/Session.modulevalidation -fmodules-validate-once-per-build-session -Wnon-modular-include-in-framework-module -Werror\=non-modular-include-in-framework-module -Wno-trigraphs -Wno-missing-field-initializers -Wno-missing-prototypes -Wno-return-type -Wno-implicit-atomic-properties -Wno-objc-interface-ivars -Wno-arc-repeated-use-of-weak -Wno-missing-braces -Wparentheses -Wswitch -Wno-unused-function -Wno-unused-label -Wno-unused-parameter -Wno-unused-variable -Wunused-value -Wno-empty-body -Wno-uninitialized -Wno-unknown-pragmas -Wno-shadow -Wno-four-char-constants -Wno-conversion -Wno-constant-conversion -Wno-int-conversion -Wno-bool-conversion -Wno-enum-conversion -Wno-float-conversion -Wno-non-literal-null-conversion -Wno-objc-literal-conversion -Wno-shorten-64-to-32 -Wpointer-sign -Wno-newline-eof -Wno-selector -Wno-strict-selector-match -Wno-undeclared-selector -Wno-deprecated-implementations -Wno-implicit-fallthrough -isysroot /Applications/Xcode-27.0.0-Release.Candidate.app/Contents/Developer/Platforms/WatchOS.platform/Developer/SDKs/WatchOS27.0.sdk -fstrict-aliasing -Wprotocol -Wdeprecated-declarations -Wno-sign-conversion -Wno-infinite-recursion -Wno-comma -Wno-block-capture-autoreleasing -Wno-strict-prototypes -Wno-semicolon-before-method-body -index-store-path /Users/admin/builder/spi-builder-workspace/.derivedData/Index.noindex/DataStore @/Users/admin/builder/spi-builder-workspace/.derivedData/Build/Intermediates.noindex/PINRemoteImage.build/Debug-watchos/PINRemoteImage-t.build/Objects-normal/arm64_32/e6072d4f65d7061329687fe24e3d63a7-common-args.resp -MMD -MT dependencies -MF /Users/admin/builder/spi-builder-workspace/.derivedData/Build/Intermediates.noindex/PINRemoteImage.build/Debug-watchos/PINRemoteImage-t.build/Objects-normal/arm64_32/PINSpeedRecorder.d --serialize-diagnostics /Users/admin/builder/spi-builder-workspace/.derivedData/Build/Intermediates.noindex/PINRemoteImage.build/Debug-watchos/PINRemoteImage-t.build/Objects-normal/arm64_32/PINSpeedRecorder.dia -c /Users/admin/builder/spi-builder-workspace/Source/Classes/PINSpeedRecorder.m -o /Users/admin/builder/spi-builder-workspace/.derivedData/Build/Intermediates.noindex/PINRemoteImage.build/Debug-watchos/PINRemoteImage-t.build/Objects-normal/arm64_32/PINSpeedRecorder.o -index-unit-output-path /PINRemoteImage.build/Debug-watchos/PINRemoteImage-t.build/Objects-normal/arm64_32/PINSpeedRecorder.o
/Users/admin/builder/spi-builder-workspace/Source/Classes/PINSpeedRecorder.m:11:9: error: 'SystemConfiguration/SystemConfiguration.h' file not found (in target 'PINRemoteImage' from project 'PINRemoteImage')
ScanDependencies /Users/admin/builder/spi-builder-workspace/.derivedData/Build/Intermediates.noindex/PINRemoteImage.build/Debug-watchos/PINRemoteImage-t.build/Objects-normal/arm64_32/PINRequestRetryStrategy.o /Users/admin/builder/spi-builder-workspace/Source/Classes/PINRequestRetryStrategy.m normal arm64_32 objective-c com.apple.compilers.llvm.clang.1_0.compiler (in target 'PINRemoteImage' from project 'PINRemoteImage')
    cd /Users/admin/builder/spi-builder-workspace/.swiftpm/xcode

    Using response file: /Users/admin/builder/spi-builder-workspace/.derivedData/Build/Intermediates.noindex/PINRemoteImage.build/Debug-watchos/PINRemoteImage-t.build/Objects-normal/arm64_32/e6072d4f65d7061329687fe24e3d63a7-common-args.resp

    builtin-ScanDependencies -o /Users/admin/builder/spi-builder-workspace/.derivedData/Build/Intermediates.noindex/PINRemoteImage.build/Debug-watchos/PINRemoteImage-t.build/Objects-normal/arm64_32/PINRequestRetryStrategy.o.scan -- /Applications/Xcode-27.0.0-Release.Candidate.app/Contents/Developer/Toolchains/XcodeDefault.xctoolchain/usr/bin/clang -x objective-c -ivfsstatcache /Users/admin/builder/spi-builder-workspace/.derivedData/SDKStatCaches.noindex/watchos27.0-24R360-e829b21a6f8c9b70876ba0858053c04477534ef55a1706bf4c1112bbb242f0a2.sdkstatcache -target arm64_32-apple-watchos9.0 -fmessage-length\=0 -fdiagnostics-show-note-include-stack -fmacro-backtrace-limit\=0 -fno-color-diagnostics -fmodules-prune-interval\=86400 -fmodules-prune-after\=345600 -fbuild-session-file\=/Users/admin/builder/spi-builder-workspace/.derivedData/ModuleCache.noindex/Session.modulevalidation -fmodules-validate-once-per-build-session -Wnon-modular-include-in-framework-module -Werror\=non-modular-include-in-framework-module -Wno-trigraphs -Wno-missing-field-initializers -Wno-missing-prototypes -Wno-return-type -Wno-implicit-atomic-properties -Wno-objc-interface-ivars -Wno-arc-repeated-use-of-weak -Wno-missing-braces -Wparentheses -Wswitch -Wno-unused-function -Wno-unused-label -Wno-unused-parameter -Wno-unused-variable -Wunused-value -Wno-empty-body -Wno-uninitialized -Wno-unknown-pragmas -Wno-shadow -Wno-four-char-constants -Wno-conversion -Wno-constant-conversion -Wno-int-conversion -Wno-bool-conversion -Wno-enum-conversion -Wno-float-conversion -Wno-non-literal-null-conversion -Wno-objc-literal-conversion -Wno-shorten-64-to-32 -Wpointer-sign -Wno-newline-eof -Wno-selector -Wno-strict-selector-match -Wno-undeclared-selector -Wno-deprecated-implementations -Wno-implicit-fallthrough -isysroot /Applications/Xcode-27.0.0-Release.Candidate.app/Contents/Developer/Platforms/WatchOS.platform/Developer/SDKs/WatchOS27.0.sdk -fstrict-aliasing -Wprotocol -Wdeprecated-declarations -Wno-sign-conversion -Wno-infinite-recursion -Wno-comma -Wno-block-capture-autoreleasing -Wno-strict-prototypes -Wno-semicolon-before-method-body -index-store-path /Users/admin/builder/spi-builder-workspace/.derivedData/Index.noindex/DataStore @/Users/admin/builder/spi-builder-workspace/.derivedData/Build/Intermediates.noindex/PINRemoteImage.build/Debug-watchos/PINRemoteImage-t.build/Objects-normal/arm64_32/e6072d4f65d7061329687fe24e3d63a7-common-args.resp -MMD -MT dependencies -MF /Users/admin/builder/spi-builder-workspace/.derivedData/Build/Intermediates.noindex/PINRemoteImage.build/Debug-watchos/PINRemoteImage-t.build/Objects-normal/arm64_32/PINRequestRetryStrategy.d --serialize-diagnostics /Users/admin/builder/spi-builder-workspace/.derivedData/Build/Intermediates.noindex/PINRemoteImage.build/Debug-watchos/PINRemoteImage-t.build/Objects-normal/arm64_32/PINRequestRetryStrategy.dia -c /Users/admin/builder/spi-builder-workspace/Source/Classes/PINRequestRetryStrategy.m -o /Users/admin/builder/spi-builder-workspace/.derivedData/Build/Intermediates.noindex/PINRemoteImage.build/Debug-watchos/PINRemoteImage-t.build/Objects-normal/arm64_32/PINRequestRetryStrategy.o -index-unit-output-path /PINRemoteImage.build/Debug-watchos/PINRemoteImage-t.build/Objects-normal/arm64_32/PINRequestRetryStrategy.o
ScanDependencies /Users/admin/builder/spi-builder-workspace/.derivedData/Build/Intermediates.noindex/PINRemoteImage.build/Debug-watchos/PINRemoteImage-t.build/Objects-normal/arm64_32/PINRemoteWeakProxy.o /Users/admin/builder/spi-builder-workspace/Source/Classes/PINRemoteWeakProxy.m normal arm64_32 objective-c com.apple.compilers.llvm.clang.1_0.compiler (in target 'PINRemoteImage' from project 'PINRemoteImage')
    cd /Users/admin/builder/spi-builder-workspace/.swiftpm/xcode

    Using response file: /Users/admin/builder/spi-builder-workspace/.derivedData/Build/Intermediates.noindex/PINRemoteImage.build/Debug-watchos/PINRemoteImage-t.build/Objects-normal/arm64_32/e6072d4f65d7061329687fe24e3d63a7-common-args.resp

    builtin-ScanDependencies -o /Users/admin/builder/spi-builder-workspace/.derivedData/Build/Intermediates.noindex/PINRemoteImage.build/Debug-watchos/PINRemoteImage-t.build/Objects-normal/arm64_32/PINRemoteWeakProxy.o.scan -- /Applications/Xcode-27.0.0-Release.Candidate.app/Contents/Developer/Toolchains/XcodeDefault.xctoolchain/usr/bin/clang -x objective-c -ivfsstatcache /Users/admin/builder/spi-builder-workspace/.derivedData/SDKStatCaches.noindex/watchos27.0-24R360-e829b21a6f8c9b70876ba0858053c04477534ef55a1706bf4c1112bbb242f0a2.sdkstatcache -target arm64_32-apple-watchos9.0 -fmessage-length\=0 -fdiagnostics-show-note-include-stack -fmacro-backtrace-limit\=0 -fno-color-diagnostics -fmodules-prune-interval\=86400 -fmodules-prune-after\=345600 -fbuild-session-file\=/Users/admin/builder/spi-builder-workspace/.derivedData/ModuleCache.noindex/Session.modulevalidation -fmodules-validate-once-per-build-session -Wnon-modular-include-in-framework-module -Werror\=non-modular-include-in-framework-module -Wno-trigraphs -Wno-missing-field-initializers -Wno-missing-prototypes -Wno-return-type -Wno-implicit-atomic-properties -Wno-objc-interface-ivars -Wno-arc-repeated-use-of-weak -Wno-missing-braces -Wparentheses -Wswitch -Wno-unused-function -Wno-unused-label -Wno-unused-parameter -Wno-unused-variable -Wunused-value -Wno-empty-body -Wno-uninitialized -Wno-unknown-pragmas -Wno-shadow -Wno-four-char-constants -Wno-conversion -Wno-constant-conversion -Wno-int-conversion -Wno-bool-conversion -Wno-enum-conversion -Wno-float-conversion -Wno-non-literal-null-conversion -Wno-objc-literal-conversion -Wno-shorten-64-to-32 -Wpointer-sign -Wno-newline-eof -Wno-selector -Wno-strict-selector-match -Wno-undeclared-selector -Wno-deprecated-implementations -Wno-implicit-fallthrough -isysroot /Applications/Xcode-27.0.0-Release.Candidate.app/Contents/Developer/Platforms/WatchOS.platform/Developer/SDKs/WatchOS27.0.sdk -fstrict-aliasing -Wprotocol -Wdeprecated-declarations -Wno-sign-conversion -Wno-infinite-recursion -Wno-comma -Wno-block-capture-autoreleasing -Wno-strict-prototypes -Wno-semicolon-before-method-body -index-store-path /Users/admin/builder/spi-builder-workspace/.derivedData/Index.noindex/DataStore @/Users/admin/builder/spi-builder-workspace/.derivedData/Build/Intermediates.noindex/PINRemoteImage.build/Debug-watchos/PINRemoteImage-t.build/Objects-normal/arm64_32/e6072d4f65d7061329687fe24e3d63a7-common-args.resp -MMD -MT dependencies -MF /Users/admin/builder/spi-builder-workspace/.derivedData/Build/Intermediates.noindex/PINRemoteImage.build/Debug-watchos/PINRemoteImage-t.build/Objects-normal/arm64_32/PINRemoteWeakProxy.d --serialize-diagnostics /Users/admin/builder/spi-builder-workspace/.derivedData/Build/Intermediates.noindex/PINRemoteImage.build/Debug-watchos/PINRemoteImage-t.build/Objects-normal/arm64_32/PINRemoteWeakProxy.dia -c /Users/admin/builder/spi-builder-workspace/Source/Classes/PINRemoteWeakProxy.m -o /Users/admin/builder/spi-builder-workspace/.derivedData/Build/Intermediates.noindex/PINRemoteImage.build/Debug-watchos/PINRemoteImage-t.build/Objects-normal/arm64_32/PINRemoteWeakProxy.o -index-unit-output-path /PINRemoteImage.build/Debug-watchos/PINRemoteImage-t.build/Objects-normal/arm64_32/PINRemoteWeakProxy.o
ScanDependencies /Users/admin/builder/spi-builder-workspace/.derivedData/Build/Intermediates.noindex/PINRemoteImage.build/Debug-watchos/PINRemoteImage-t.build/Objects-normal/arm64_32/PINRemoteLock.o /Users/admin/builder/spi-builder-workspace/Source/Classes/PINRemoteLock.m normal arm64_32 objective-c com.apple.compilers.llvm.clang.1_0.compiler (in target 'PINRemoteImage' from project 'PINRemoteImage')
    cd /Users/admin/builder/spi-builder-workspace/.swiftpm/xcode

    Using response file: /Users/admin/builder/spi-builder-workspace/.derivedData/Build/Intermediates.noindex/PINRemoteImage.build/Debug-watchos/PINRemoteImage-t.build/Objects-normal/arm64_32/e6072d4f65d7061329687fe24e3d63a7-common-args.resp

    builtin-ScanDependencies -o /Users/admin/builder/spi-builder-workspace/.derivedData/Build/Intermediates.noindex/PINRemoteImage.build/Debug-watchos/PINRemoteImage-t.build/Objects-normal/arm64_32/PINRemoteLock.o.scan -- /Applications/Xcode-27.0.0-Release.Candidate.app/Contents/Developer/Toolchains/XcodeDefault.xctoolchain/usr/bin/clang -x objective-c -ivfsstatcache /Users/admin/builder/spi-builder-workspace/.derivedData/SDKStatCaches.noindex/watchos27.0-24R360-e829b21a6f8c9b70876ba0858053c04477534ef55a1706bf4c1112bbb242f0a2.sdkstatcache -target arm64_32-apple-watchos9.0 -fmessage-length\=0 -fdiagnostics-show-note-include-stack -fmacro-backtrace-limit\=0 -fno-color-diagnostics -fmodules-prune-interval\=86400 -fmodules-prune-after\=345600 -fbuild-session-file\=/Users/admin/builder/spi-builder-workspace/.derivedData/ModuleCache.noindex/Session.modulevalidation -fmodules-validate-once-per-build-session -Wnon-modular-include-in-framework-module -Werror\=non-modular-include-in-framework-module -Wno-trigraphs -Wno-missing-field-initializers -Wno-missing-prototypes -Wno-return-type -Wno-implicit-atomic-properties -Wno-objc-interface-ivars -Wno-arc-repeated-use-of-weak -Wno-missing-braces -Wparentheses -Wswitch -Wno-unused-function -Wno-unused-label -Wno-unused-parameter -Wno-unused-variable -Wunused-value -Wno-empty-body -Wno-uninitialized -Wno-unknown-pragmas -Wno-shadow -Wno-four-char-constants -Wno-conversion -Wno-constant-conversion -Wno-int-conversion -Wno-bool-conversion -Wno-enum-conversion -Wno-float-conversion -Wno-non-literal-null-conversion -Wno-objc-literal-conversion -Wno-shorten-64-to-32 -Wpointer-sign -Wno-newline-eof -Wno-selector -Wno-strict-selector-match -Wno-undeclared-selector -Wno-deprecated-implementations -Wno-implicit-fallthrough -isysroot /Applications/Xcode-27.0.0-Release.Candidate.app/Contents/Developer/Platforms/WatchOS.platform/Developer/SDKs/WatchOS27.0.sdk -fstrict-aliasing -Wprotocol -Wdeprecated-declarations -Wno-sign-conversion -Wno-infinite-recursion -Wno-comma -Wno-block-capture-autoreleasing -Wno-strict-prototypes -Wno-semicolon-before-method-body -index-store-path /Users/admin/builder/spi-builder-workspace/.derivedData/Index.noindex/DataStore @/Users/admin/builder/spi-builder-workspace/.derivedData/Build/Intermediates.noindex/PINRemoteImage.build/Debug-watchos/PINRemoteImage-t.build/Objects-normal/arm64_32/e6072d4f65d7061329687fe24e3d63a7-common-args.resp -MMD -MT dependencies -MF /Users/admin/builder/spi-builder-workspace/.derivedData/Build/Intermediates.noindex/PINRemoteImage.build/Debug-watchos/PINRemoteImage-t.build/Objects-normal/arm64_32/PINRemoteLock.d --serialize-diagnostics /Users/admin/builder/spi-builder-workspace/.derivedData/Build/Intermediates.noindex/PINRemoteImage.build/Debug-watchos/PINRemoteImage-t.build/Objects-normal/arm64_32/PINRemoteLock.dia -c /Users/admin/builder/spi-builder-workspace/Source/Classes/PINRemoteLock.m -o /Users/admin/builder/spi-builder-workspace/.derivedData/Build/Intermediates.noindex/PINRemoteImage.build/Debug-watchos/PINRemoteImage-t.build/Objects-normal/arm64_32/PINRemoteLock.o -index-unit-output-path /PINRemoteImage.build/Debug-watchos/PINRemoteImage-t.build/Objects-normal/arm64_32/PINRemoteLock.o
ScanDependencies /Users/admin/builder/spi-builder-workspace/.derivedData/Build/Intermediates.noindex/PINRemoteImage.build/Debug-watchos/PINRemoteImage-t.build/Objects-normal/arm64_32/PINRemoteImageTask.o /Users/admin/builder/spi-builder-workspace/Source/Classes/PINRemoteImageTask.m normal arm64_32 objective-c com.apple.compilers.llvm.clang.1_0.compiler (in target 'PINRemoteImage' from project 'PINRemoteImage')
    cd /Users/admin/builder/spi-builder-workspace/.swiftpm/xcode

    Using response file: /Users/admin/builder/spi-builder-workspace/.derivedData/Build/Intermediates.noindex/PINRemoteImage.build/Debug-watchos/PINRemoteImage-t.build/Objects-normal/arm64_32/e6072d4f65d7061329687fe24e3d63a7-common-args.resp

    builtin-ScanDependencies -o /Users/admin/builder/spi-builder-workspace/.derivedData/Build/Intermediates.noindex/PINRemoteImage.build/Debug-watchos/PINRemoteImage-t.build/Objects-normal/arm64_32/PINRemoteImageTask.o.scan -- /Applications/Xcode-27.0.0-Release.Candidate.app/Contents/Developer/Toolchains/XcodeDefault.xctoolchain/usr/bin/clang -x objective-c -ivfsstatcache /Users/admin/builder/spi-builder-workspace/.derivedData/SDKStatCaches.noindex/watchos27.0-24R360-e829b21a6f8c9b70876ba0858053c04477534ef55a1706bf4c1112bbb242f0a2.sdkstatcache -target arm64_32-apple-watchos9.0 -fmessage-length\=0 -fdiagnostics-show-note-include-stack -fmacro-backtrace-limit\=0 -fno-color-diagnostics -fmodules-prune-interval\=86400 -fmodules-prune-after\=345600 -fbuild-session-file\=/Users/admin/builder/spi-builder-workspace/.derivedData/ModuleCache.noindex/Session.modulevalidation -fmodules-validate-once-per-build-session -Wnon-modular-include-in-framework-module -Werror\=non-modular-include-in-framework-module -Wno-trigraphs -Wno-missing-field-initializers -Wno-missing-prototypes -Wno-return-type -Wno-implicit-atomic-properties -Wno-objc-interface-ivars -Wno-arc-repeated-use-of-weak -Wno-missing-braces -Wparentheses -Wswitch -Wno-unused-function -Wno-unused-label -Wno-unused-parameter -Wno-unused-variable -Wunused-value -Wno-empty-body -Wno-uninitialized -Wno-unknown-pragmas -Wno-shadow -Wno-four-char-constants -Wno-conversion -Wno-constant-conversion -Wno-int-conversion -Wno-bool-conversion -Wno-enum-conversion -Wno-float-conversion -Wno-non-literal-null-conversion -Wno-objc-literal-conversion -Wno-shorten-64-to-32 -Wpointer-sign -Wno-newline-eof -Wno-selector -Wno-strict-selector-match -Wno-undeclared-selector -Wno-deprecated-implementations -Wno-implicit-fallthrough -isysroot /Applications/Xcode-27.0.0-Release.Candidate.app/Contents/Developer/Platforms/WatchOS.platform/Developer/SDKs/WatchOS27.0.sdk -fstrict-aliasing -Wprotocol -Wdeprecated-declarations -Wno-sign-conversion -Wno-infinite-recursion -Wno-comma -Wno-block-capture-autoreleasing -Wno-strict-prototypes -Wno-semicolon-before-method-body -index-store-path /Users/admin/builder/spi-builder-workspace/.derivedData/Index.noindex/DataStore @/Users/admin/builder/spi-builder-workspace/.derivedData/Build/Intermediates.noindex/PINRemoteImage.build/Debug-watchos/PINRemoteImage-t.build/Objects-normal/arm64_32/e6072d4f65d7061329687fe24e3d63a7-common-args.resp -MMD -MT dependencies -MF /Users/admin/builder/spi-builder-workspace/.derivedData/Build/Intermediates.noindex/PINRemoteImage.build/Debug-watchos/PINRemoteImage-t.build/Objects-normal/arm64_32/PINRemoteImageTask.d --serialize-diagnostics /Users/admin/builder/spi-builder-workspace/.derivedData/Build/Intermediates.noindex/PINRemoteImage.build/Debug-watchos/PINRemoteImage-t.build/Objects-normal/arm64_32/PINRemoteImageTask.dia -c /Users/admin/builder/spi-builder-workspace/Source/Classes/PINRemoteImageTask.m -o /Users/admin/builder/spi-builder-workspace/.derivedData/Build/Intermediates.noindex/PINRemoteImage.build/Debug-watchos/PINRemoteImage-t.build/Objects-normal/arm64_32/PINRemoteImageTask.o -index-unit-output-path /PINRemoteImage.build/Debug-watchos/PINRemoteImage-t.build/Objects-normal/arm64_32/PINRemoteImageTask.o
ScanDependencies /Users/admin/builder/spi-builder-workspace/.derivedData/Build/Intermediates.noindex/PINRemoteImage.build/Debug-watchos/PINRemoteImage-t.build/Objects-normal/arm64_32/PINRemoteImageMemoryContainer.o /Users/admin/builder/spi-builder-workspace/Source/Classes/PINRemoteImageMemoryContainer.m normal arm64_32 objective-c com.apple.compilers.llvm.clang.1_0.compiler (in target 'PINRemoteImage' from project 'PINRemoteImage')
    cd /Users/admin/builder/spi-builder-workspace/.swiftpm/xcode

    Using response file: /Users/admin/builder/spi-builder-workspace/.derivedData/Build/Intermediates.noindex/PINRemoteImage.build/Debug-watchos/PINRemoteImage-t.build/Objects-normal/arm64_32/e6072d4f65d7061329687fe24e3d63a7-common-args.resp

    builtin-ScanDependencies -o /Users/admin/builder/spi-builder-workspace/.derivedData/Build/Intermediates.noindex/PINRemoteImage.build/Debug-watchos/PINRemoteImage-t.build/Objects-normal/arm64_32/PINRemoteImageMemoryContainer.o.scan -- /Applications/Xcode-27.0.0-Release.Candidate.app/Contents/Developer/Toolchains/XcodeDefault.xctoolchain/usr/bin/clang -x objective-c -ivfsstatcache /Users/admin/builder/spi-builder-workspace/.derivedData/SDKStatCaches.noindex/watchos27.0-24R360-e829b21a6f8c9b70876ba0858053c04477534ef55a1706bf4c1112bbb242f0a2.sdkstatcache -target arm64_32-apple-watchos9.0 -fmessage-length\=0 -fdiagnostics-show-note-include-stack -fmacro-backtrace-limit\=0 -fno-color-diagnostics -fmodules-prune-interval\=86400 -fmodules-prune-after\=345600 -fbuild-session-file\=/Users/admin/builder/spi-builder-workspace/.derivedData/ModuleCache.noindex/Session.modulevalidation -fmodules-validate-once-per-build-session -Wnon-modular-include-in-framework-module -Werror\=non-modular-include-in-framework-module -Wno-trigraphs -Wno-missing-field-initializers -Wno-missing-prototypes -Wno-return-type -Wno-implicit-atomic-properties -Wno-objc-interface-ivars -Wno-arc-repeated-use-of-weak -Wno-missing-braces -Wparentheses -Wswitch -Wno-unused-function -Wno-unused-label -Wno-unused-parameter -Wno-unused-variable -Wunused-value -Wno-empty-body -Wno-uninitialized -Wno-unknown-pragmas -Wno-shadow -Wno-four-char-constants -Wno-conversion -Wno-constant-conversion -Wno-int-conversion -Wno-bool-conversion -Wno-enum-conversion -Wno-float-conversion -Wno-non-literal-null-conversion -Wno-objc-literal-conversion -Wno-shorten-64-to-32 -Wpointer-sign -Wno-newline-eof -Wno-selector -Wno-strict-selector-match -Wno-undeclared-selector -Wno-deprecated-implementations -Wno-implicit-fallthrough -isysroot /Applications/Xcode-27.0.0-Release.Candidate.app/Contents/Developer/Platforms/WatchOS.platform/Developer/SDKs/WatchOS27.0.sdk -fstrict-aliasing -Wprotocol -Wdeprecated-declarations -Wno-sign-conversion -Wno-infinite-recursion -Wno-comma -Wno-block-capture-autoreleasing -Wno-strict-prototypes -Wno-semicolon-before-method-body -index-store-path /Users/admin/builder/spi-builder-workspace/.derivedData/Index.noindex/DataStore @/Users/admin/builder/spi-builder-workspace/.derivedData/Build/Intermediates.noindex/PINRemoteImage.build/Debug-watchos/PINRemoteImage-t.build/Objects-normal/arm64_32/e6072d4f65d7061329687fe24e3d63a7-common-args.resp -MMD -MT dependencies -MF /Users/admin/builder/spi-builder-workspace/.derivedData/Build/Intermediates.noindex/PINRemoteImage.build/Debug-watchos/PINRemoteImage-t.build/Objects-normal/arm64_32/PINRemoteImageMemoryContainer.d --serialize-diagnostics /Users/admin/builder/spi-builder-workspace/.derivedData/Build/Intermediates.noindex/PINRemoteImage.build/Debug-watchos/PINRemoteImage-t.build/Objects-normal/arm64_32/PINRemoteImageMemoryContainer.dia -c /Users/admin/builder/spi-builder-workspace/Source/Classes/PINRemoteImageMemoryContainer.m -o /Users/admin/builder/spi-builder-workspace/.derivedData/Build/Intermediates.noindex/PINRemoteImage.build/Debug-watchos/PINRemoteImage-t.build/Objects-normal/arm64_32/PINRemoteImageMemoryContainer.o -index-unit-output-path /PINRemoteImage.build/Debug-watchos/PINRemoteImage-t.build/Objects-normal/arm64_32/PINRemoteImageMemoryContainer.o
ScanDependencies /Users/admin/builder/spi-builder-workspace/.derivedData/Build/Intermediates.noindex/PINRemoteImage.build/Debug-watchos/PINRemoteImage-t.build/Objects-normal/arm64_32/PINRemoteImageProcessorTask.o /Users/admin/builder/spi-builder-workspace/Source/Classes/PINRemoteImageProcessorTask.m normal arm64_32 objective-c com.apple.compilers.llvm.clang.1_0.compiler (in target 'PINRemoteImage' from project 'PINRemoteImage')
    cd /Users/admin/builder/spi-builder-workspace/.swiftpm/xcode

    Using response file: /Users/admin/builder/spi-builder-workspace/.derivedData/Build/Intermediates.noindex/PINRemoteImage.build/Debug-watchos/PINRemoteImage-t.build/Objects-normal/arm64_32/e6072d4f65d7061329687fe24e3d63a7-common-args.resp

    builtin-ScanDependencies -o /Users/admin/builder/spi-builder-workspace/.derivedData/Build/Intermediates.noindex/PINRemoteImage.build/Debug-watchos/PINRemoteImage-t.build/Objects-normal/arm64_32/PINRemoteImageProcessorTask.o.scan -- /Applications/Xcode-27.0.0-Release.Candidate.app/Contents/Developer/Toolchains/XcodeDefault.xctoolchain/usr/bin/clang -x objective-c -ivfsstatcache /Users/admin/builder/spi-builder-workspace/.derivedData/SDKStatCaches.noindex/watchos27.0-24R360-e829b21a6f8c9b70876ba0858053c04477534ef55a1706bf4c1112bbb242f0a2.sdkstatcache -target arm64_32-apple-watchos9.0 -fmessage-length\=0 -fdiagnostics-show-note-include-stack -fmacro-backtrace-limit\=0 -fno-color-diagnostics -fmodules-prune-interval\=86400 -fmodules-prune-after\=345600 -fbuild-session-file\=/Users/admin/builder/spi-builder-workspace/.derivedData/ModuleCache.noindex/Session.modulevalidation -fmodules-validate-once-per-build-session -Wnon-modular-include-in-framework-module -Werror\=non-modular-include-in-framework-module -Wno-trigraphs -Wno-missing-field-initializers -Wno-missing-prototypes -Wno-return-type -Wno-implicit-atomic-properties -Wno-objc-interface-ivars -Wno-arc-repeated-use-of-weak -Wno-missing-braces -Wparentheses -Wswitch -Wno-unused-function -Wno-unused-label -Wno-unused-parameter -Wno-unused-variable -Wunused-value -Wno-empty-body -Wno-uninitialized -Wno-unknown-pragmas -Wno-shadow -Wno-four-char-constants -Wno-conversion -Wno-constant-conversion -Wno-int-conversion -Wno-bool-conversion -Wno-enum-conversion -Wno-float-conversion -Wno-non-literal-null-conversion -Wno-objc-literal-conversion -Wno-shorten-64-to-32 -Wpointer-sign -Wno-newline-eof -Wno-selector -Wno-strict-selector-match -Wno-undeclared-selector -Wno-deprecated-implementations -Wno-implicit-fallthrough -isysroot /Applications/Xcode-27.0.0-Release.Candidate.app/Contents/Developer/Platforms/WatchOS.platform/Developer/SDKs/WatchOS27.0.sdk -fstrict-aliasing -Wprotocol -Wdeprecated-declarations -Wno-sign-conversion -Wno-infinite-recursion -Wno-comma -Wno-block-capture-autoreleasing -Wno-strict-prototypes -Wno-semicolon-before-method-body -index-store-path /Users/admin/builder/spi-builder-workspace/.derivedData/Index.noindex/DataStore @/Users/admin/builder/spi-builder-workspace/.derivedData/Build/Intermediates.noindex/PINRemoteImage.build/Debug-watchos/PINRemoteImage-t.build/Objects-normal/arm64_32/e6072d4f65d7061329687fe24e3d63a7-common-args.resp -MMD -MT dependencies -MF /Users/admin/builder/spi-builder-workspace/.derivedData/Build/Intermediates.noindex/PINRemoteImage.build/Debug-watchos/PINRemoteImage-t.build/Objects-normal/arm64_32/PINRemoteImageProcessorTask.d --serialize-diagnostics /Users/admin/builder/spi-builder-workspace/.derivedData/Build/Intermediates.noindex/PINRemoteImage.build/Debug-watchos/PINRemoteImage-t.build/Objects-normal/arm64_32/PINRemoteImageProcessorTask.dia -c /Users/admin/builder/spi-builder-workspace/Source/Classes/PINRemoteImageProcessorTask.m -o /Users/admin/builder/spi-builder-workspace/.derivedData/Build/Intermediates.noindex/PINRemoteImage.build/Debug-watchos/PINRemoteImage-t.build/Objects-normal/arm64_32/PINRemoteImageProcessorTask.o -index-unit-output-path /PINRemoteImage.build/Debug-watchos/PINRemoteImage-t.build/Objects-normal/arm64_32/PINRemoteImageProcessorTask.o
ScanDependencies /Users/admin/builder/spi-builder-workspace/.derivedData/Build/Intermediates.noindex/PINRemoteImage.build/Debug-watchos/PINRemoteImage-t.build/Objects-normal/arm64_32/PINRemoteImageManagerResult.o /Users/admin/builder/spi-builder-workspace/Source/Classes/PINRemoteImageManagerResult.m normal arm64_32 objective-c com.apple.compilers.llvm.clang.1_0.compiler (in target 'PINRemoteImage' from project 'PINRemoteImage')
    cd /Users/admin/builder/spi-builder-workspace/.swiftpm/xcode

    Using response file: /Users/admin/builder/spi-builder-workspace/.derivedData/Build/Intermediates.noindex/PINRemoteImage.build/Debug-watchos/PINRemoteImage-t.build/Objects-normal/arm64_32/e6072d4f65d7061329687fe24e3d63a7-common-args.resp

    builtin-ScanDependencies -o /Users/admin/builder/spi-builder-workspace/.derivedData/Build/Intermediates.noindex/PINRemoteImage.build/Debug-watchos/PINRemoteImage-t.build/Objects-normal/arm64_32/PINRemoteImageManagerResult.o.scan -- /Applications/Xcode-27.0.0-Release.Candidate.app/Contents/Developer/Toolchains/XcodeDefault.xctoolchain/usr/bin/clang -x objective-c -ivfsstatcache /Users/admin/builder/spi-builder-workspace/.derivedData/SDKStatCaches.noindex/watchos27.0-24R360-e829b21a6f8c9b70876ba0858053c04477534ef55a1706bf4c1112bbb242f0a2.sdkstatcache -target arm64_32-apple-watchos9.0 -fmessage-length\=0 -fdiagnostics-show-note-include-stack -fmacro-backtrace-limit\=0 -fno-color-diagnostics -fmodules-prune-interval\=86400 -fmodules-prune-after\=345600 -fbuild-session-file\=/Users/admin/builder/spi-builder-workspace/.derivedData/ModuleCache.noindex/Session.modulevalidation -fmodules-validate-once-per-build-session -Wnon-modular-include-in-framework-module -Werror\=non-modular-include-in-framework-module -Wno-trigraphs -Wno-missing-field-initializers -Wno-missing-prototypes -Wno-return-type -Wno-implicit-atomic-properties -Wno-objc-interface-ivars -Wno-arc-repeated-use-of-weak -Wno-missing-braces -Wparentheses -Wswitch -Wno-unused-function -Wno-unused-label -Wno-unused-parameter -Wno-unused-variable -Wunused-value -Wno-empty-body -Wno-uninitialized -Wno-unknown-pragmas -Wno-shadow -Wno-four-char-constants -Wno-conversion -Wno-constant-conversion -Wno-int-conversion -Wno-bool-conversion -Wno-enum-conversion -Wno-float-conversion -Wno-non-literal-null-conversion -Wno-objc-literal-conversion -Wno-shorten-64-to-32 -Wpointer-sign -Wno-newline-eof -Wno-selector -Wno-strict-selector-match -Wno-undeclared-selector -Wno-deprecated-implementations -Wno-implicit-fallthrough -isysroot /Applications/Xcode-27.0.0-Release.Candidate.app/Contents/Developer/Platforms/WatchOS.platform/Developer/SDKs/WatchOS27.0.sdk -fstrict-aliasing -Wprotocol -Wdeprecated-declarations -Wno-sign-conversion -Wno-infinite-recursion -Wno-comma -Wno-block-capture-autoreleasing -Wno-strict-prototypes -Wno-semicolon-before-method-body -index-store-path /Users/admin/builder/spi-builder-workspace/.derivedData/Index.noindex/DataStore @/Users/admin/builder/spi-builder-workspace/.derivedData/Build/Intermediates.noindex/PINRemoteImage.build/Debug-watchos/PINRemoteImage-t.build/Objects-normal/arm64_32/e6072d4f65d7061329687fe24e3d63a7-common-args.resp -MMD -MT dependencies -MF /Users/admin/builder/spi-builder-workspace/.derivedData/Build/Intermediates.noindex/PINRemoteImage.build/Debug-watchos/PINRemoteImage-t.build/Objects-normal/arm64_32/PINRemoteImageManagerResult.d --serialize-diagnostics /Users/admin/builder/spi-builder-workspace/.derivedData/Build/Intermediates.noindex/PINRemoteImage.build/Debug-watchos/PINRemoteImage-t.build/Objects-normal/arm64_32/PINRemoteImageManagerResult.dia -c /Users/admin/builder/spi-builder-workspace/Source/Classes/PINRemoteImageManagerResult.m -o /Users/admin/builder/spi-builder-workspace/.derivedData/Build/Intermediates.noindex/PINRemoteImage.build/Debug-watchos/PINRemoteImage-t.build/Objects-normal/arm64_32/PINRemoteImageManagerResult.o -index-unit-output-path /PINRemoteImage.build/Debug-watchos/PINRemoteImage-t.build/Objects-normal/arm64_32/PINRemoteImageManagerResult.o
PruneExplicitPrecompiledModules /Users/admin/builder/spi-builder-workspace/.derivedData/Build/Intermediates.noindex/ExplicitPrecompiledModules
PruneExplicitPrecompiledModules /Users/admin/builder/spi-builder-workspace/.derivedData/SDKExplicitPrecompiledModules
PruneExplicitPrecompiledModules /Users/admin/builder/spi-builder-workspace/.derivedData/Build/Intermediates.noindex/SwiftExplicitPrecompiledModules
2026-09-20 13:45:56.912 xcodebuild[818:4889] [MT] IDERunDestination: Supported platforms for the buildables in the current scheme is empty.
** BUILD FAILED **
The following build commands failed:
	ScanDependencies /Users/admin/builder/spi-builder-workspace/.derivedData/Build/Intermediates.noindex/PINRemoteImage.build/Debug-watchos/PINRemoteImage-t.build/Objects-normal/arm64_32/PINSpeedRecorder.o /Users/admin/builder/spi-builder-workspace/Source/Classes/PINSpeedRecorder.m normal arm64_32 objective-c com.apple.compilers.llvm.clang.1_0.compiler (in target 'PINRemoteImage' from project 'PINRemoteImage')
	Building workspace PINRemoteImage with scheme PINRemoteImage
(2 failures)
Command line invocation:
    /Applications/Xcode-27.0.0-Release.Candidate.app/Contents/Developer/usr/bin/xcodebuild -IDEClonedSourcePackagesDirPathOverride=/Users/admin/builder/spi-builder-workspace/.dependencies -resolvePackageDependencies
Resolve Package Graph
Resolved source packages:
  PINCache: https://github.com/pinterest/PINCache.git @ 3.0.4
  PINOperation: https://github.com/pinterest/PINOperation.git @ 1.2.3
  PINRemoteImage: /Users/admin/builder/spi-builder-workspace
resolved source packages: PINCache, PINOperation, PINRemoteImage
2026-09-20 13:46:00.170 xcodebuild[858:5158] [MT] IDERunDestination: Supported platforms for the buildables in the current scheme is empty.
{
  "dependencies" : [
    {
      "identity" : "pincache",
      "requirement" : {
        "range" : [
          {
            "lower_bound" : "3.0.4",
            "upper_bound" : "4.0.0"
          }
        ]
      },
      "type" : "sourceControl",
      "url" : "https://github.com/pinterest/PINCache.git"
    }
  ],
  "manifest_display_name" : "PINRemoteImage",
  "name" : "PINRemoteImage",
  "path" : "/Users/admin/builder/spi-builder-workspace",
  "platforms" : [
    {
      "name" : "ios",
      "version" : "14.0"
    },
    {
      "name" : "macos",
      "version" : "11.0"
    },
    {
      "name" : "tvos",
      "version" : "14.0"
    }
  ],
  "products" : [
    {
      "name" : "PINRemoteImage",
      "targets" : [
        "PINRemoteImage"
      ],
      "type" : {
        "library" : [
          "static"
        ]
      }
    }
  ],
  "targets" : [
    {
      "c99name" : "PINRemoteImage",
      "module_type" : "ClangTarget",
      "name" : "PINRemoteImage",
      "path" : "Source/Classes",
      "product_dependencies" : [
        "PINCache"
      ],
      "product_memberships" : [
        "PINRemoteImage"
      ],
      "sources" : [
        "AnimatedImages/PINAPNGAnimatedImage.m",
        "AnimatedImages/PINAnimatedImage.m",
        "AnimatedImages/PINAnimatedImageView.m",
        "AnimatedImages/PINCachedAnimatedImage.m",
        "AnimatedImages/PINGIFAnimatedImage.m",
        "AnimatedImages/PINWebPAnimatedImage.m",
        "Categories/NSData+ImageDetectors.m",
        "Categories/NSHTTPURLResponse+MaxAge.m",
        "Categories/PINImage+DecodedImage.m",
        "Categories/PINImage+ScaledImage.m",
        "ImageCategories/PINAnimatedImageView+PINRemoteImage.m",
        "ImageCategories/PINButton+PINRemoteImage.m",
        "ImageCategories/PINImageView+PINRemoteImage.m",
        "PINAlternateRepresentationProvider.m",
        "PINCache/PINCache+PINRemoteImageCaching.m",
        "PINDisplayLink.m",
        "PINProgressiveImage.m",
        "PINRemoteImageBasicCache.m",
        "PINRemoteImageCallbacks.m",
        "PINRemoteImageCategoryManager.m",
        "PINRemoteImageDownloadQueue.m",
        "PINRemoteImageDownloadTask.m",
        "PINRemoteImageManager.m",
        "PINRemoteImageManagerConfiguration.m",
        "PINRemoteImageManagerResult.m",
        "PINRemoteImageMemoryContainer.m",
        "PINRemoteImageProcessorTask.m",
        "PINRemoteImageTask.m",
        "PINRemoteLock.m",
        "PINRemoteWeakProxy.m",
        "PINRequestRetryStrategy.m",
        "PINResume.m",
        "PINSpeedRecorder.m",
        "PINURLSessionManager.m"
      ],
      "type" : "library"
    }
  ],
  "tools_version" : "5.9"
}
{
  "workspace" : {
    "name" : "PINRemoteImage",
    "schemes" : [
      "PINRemoteImage"
    ]
  }
}
2026-09-20 13:46:01.567 xcodebuild[866:5222] [MT] IDERunDestination: Supported platforms for the buildables in the current scheme is empty.
Running build ...
env DEVELOPER_DIR=/Applications/Xcode-27.0.0-Release.Candidate.app xcrun xcodebuild -IDEClonedSourcePackagesDirPathOverride=$PWD/.dependencies -skipMacroValidation -skipPackagePluginValidation -derivedDataPath $PWD/.derivedData build -scheme PINRemoteImage -destination generic/platform=watchOS
Command line invocation:
    /Applications/Xcode-27.0.0-Release.Candidate.app/Contents/Developer/usr/bin/xcodebuild -IDEClonedSourcePackagesDirPathOverride=/Users/admin/builder/spi-builder-workspace/.dependencies -skipMacroValidation -skipPackagePluginValidation -derivedDataPath /Users/admin/builder/spi-builder-workspace/.derivedData build -scheme PINRemoteImage -destination generic/platform=watchOS
Resolve Package Graph
Resolved source packages:
  PINCache: https://github.com/pinterest/PINCache.git @ 3.0.4
  PINRemoteImage: /Users/admin/builder/spi-builder-workspace
  PINOperation: https://github.com/pinterest/PINOperation.git @ 1.2.3
ComputePackagePrebuildTargetDependencyGraph
Prepare packages
CreateBuildRequest
SendProjectDescription
CreateBuildOperation
ComputeTargetDependencyGraph
note: Building targets in dependency order
note: Target dependency graph (8 targets)
    Target 'PINRemoteImage-product' in project 'PINRemoteImage'
        ➜ Explicit dependency on target 'PINRemoteImage' in project 'PINRemoteImage'
        ➜ Explicit dependency on target 'PINCache-product' in project 'PINCache'
    Target 'PINRemoteImage' in project 'PINRemoteImage'
        ➜ Explicit dependency on target 'PINCache-product' in project 'PINCache'
    Target 'PINCache-product' in project 'PINCache'
        ➜ Explicit dependency on target 'PINCache' in project 'PINCache'
        ➜ Explicit dependency on target 'PINCache_PINCache' in project 'PINCache'
        ➜ Explicit dependency on target 'PINOperation-product' in project 'PINOperation'
    Target 'PINCache' in project 'PINCache'
        ➜ Explicit dependency on target 'PINCache_PINCache' in project 'PINCache'
        ➜ Explicit dependency on target 'PINOperation-product' in project 'PINOperation'
    Target 'PINOperation-product' in project 'PINOperation'
        ➜ Explicit dependency on target 'PINOperation' in project 'PINOperation'
        ➜ Explicit dependency on target 'PINOperation_PINOperation' in project 'PINOperation'
    Target 'PINOperation' in project 'PINOperation'
        ➜ Explicit dependency on target 'PINOperation_PINOperation' in project 'PINOperation'
    Target 'PINOperation_PINOperation' in project 'PINOperation' (no dependencies)
    Target 'PINCache_PINCache' in project 'PINCache' (no dependencies)
GatherProvisioningInputs
CreateBuildDescription
ClangStatCache /Applications/Xcode-27.0.0-Release.Candidate.app/Contents/Developer/Toolchains/XcodeDefault.xctoolchain/usr/bin/clang-stat-cache /Applications/Xcode-27.0.0-Release.Candidate.app/Contents/Developer/Platforms/WatchOS.platform/Developer/SDKs/WatchOS27.0.sdk /Users/admin/builder/spi-builder-workspace/.derivedData/SDKStatCaches.noindex/watchos27.0-24R360-e829b21a6f8c9b70876ba0858053c04477534ef55a1706bf4c1112bbb242f0a2.sdkstatcache
    cd /Users/admin/builder/spi-builder-workspace/.swiftpm/xcode
    /Applications/Xcode-27.0.0-Release.Candidate.app/Contents/Developer/Toolchains/XcodeDefault.xctoolchain/usr/bin/clang-stat-cache /Applications/Xcode-27.0.0-Release.Candidate.app/Contents/Developer/Platforms/WatchOS.platform/Developer/SDKs/WatchOS27.0.sdk -o /Users/admin/builder/spi-builder-workspace/.derivedData/SDKStatCaches.noindex/watchos27.0-24R360-e829b21a6f8c9b70876ba0858053c04477534ef55a1706bf4c1112bbb242f0a2.sdkstatcache
ScanDependencies /Users/admin/builder/spi-builder-workspace/.derivedData/Build/Intermediates.noindex/PINRemoteImage.build/Debug-watchos/PINRemoteImage-t.build/Objects-normal/arm64_32/PINWebPAnimatedImage.o /Users/admin/builder/spi-builder-workspace/Source/Classes/AnimatedImages/PINWebPAnimatedImage.m normal arm64_32 objective-c com.apple.compilers.llvm.clang.1_0.compiler (in target 'PINRemoteImage' from project 'PINRemoteImage')
    cd /Users/admin/builder/spi-builder-workspace/.swiftpm/xcode

    Using response file: /Users/admin/builder/spi-builder-workspace/.derivedData/Build/Intermediates.noindex/PINRemoteImage.build/Debug-watchos/PINRemoteImage-t.build/Objects-normal/arm64_32/e6072d4f65d7061329687fe24e3d63a7-common-args.resp

    builtin-ScanDependencies -o /Users/admin/builder/spi-builder-workspace/.derivedData/Build/Intermediates.noindex/PINRemoteImage.build/Debug-watchos/PINRemoteImage-t.build/Objects-normal/arm64_32/PINWebPAnimatedImage.o.scan -- /Applications/Xcode-27.0.0-Release.Candidate.app/Contents/Developer/Toolchains/XcodeDefault.xctoolchain/usr/bin/clang -x objective-c -ivfsstatcache /Users/admin/builder/spi-builder-workspace/.derivedData/SDKStatCaches.noindex/watchos27.0-24R360-e829b21a6f8c9b70876ba0858053c04477534ef55a1706bf4c1112bbb242f0a2.sdkstatcache -target arm64_32-apple-watchos9.0 -fmessage-length\=0 -fdiagnostics-show-note-include-stack -fmacro-backtrace-limit\=0 -fno-color-diagnostics -fmodules-prune-interval\=86400 -fmodules-prune-after\=345600 -fbuild-session-file\=/Users/admin/builder/spi-builder-workspace/.derivedData/ModuleCache.noindex/Session.modulevalidation -fmodules-validate-once-per-build-session -Wnon-modular-include-in-framework-module -Werror\=non-modular-include-in-framework-module -Wno-trigraphs -Wno-missing-field-initializers -Wno-missing-prototypes -Wno-return-type -Wno-implicit-atomic-properties -Wno-objc-interface-ivars -Wno-arc-repeated-use-of-weak -Wno-missing-braces -Wparentheses -Wswitch -Wno-unused-function -Wno-unused-label -Wno-unused-parameter -Wno-unused-variable -Wunused-value -Wno-empty-body -Wno-uninitialized -Wno-unknown-pragmas -Wno-shadow -Wno-four-char-constants -Wno-conversion -Wno-constant-conversion -Wno-int-conversion -Wno-bool-conversion -Wno-enum-conversion -Wno-float-conversion -Wno-non-literal-null-conversion -Wno-objc-literal-conversion -Wno-shorten-64-to-32 -Wpointer-sign -Wno-newline-eof -Wno-selector -Wno-strict-selector-match -Wno-undeclared-selector -Wno-deprecated-implementations -Wno-implicit-fallthrough -isysroot /Applications/Xcode-27.0.0-Release.Candidate.app/Contents/Developer/Platforms/WatchOS.platform/Developer/SDKs/WatchOS27.0.sdk -fstrict-aliasing -Wprotocol -Wdeprecated-declarations -Wno-sign-conversion -Wno-infinite-recursion -Wno-comma -Wno-block-capture-autoreleasing -Wno-strict-prototypes -Wno-semicolon-before-method-body -index-store-path /Users/admin/builder/spi-builder-workspace/.derivedData/Index.noindex/DataStore @/Users/admin/builder/spi-builder-workspace/.derivedData/Build/Intermediates.noindex/PINRemoteImage.build/Debug-watchos/PINRemoteImage-t.build/Objects-normal/arm64_32/e6072d4f65d7061329687fe24e3d63a7-common-args.resp -MMD -MT dependencies -MF /Users/admin/builder/spi-builder-workspace/.derivedData/Build/Intermediates.noindex/PINRemoteImage.build/Debug-watchos/PINRemoteImage-t.build/Objects-normal/arm64_32/PINWebPAnimatedImage.d --serialize-diagnostics /Users/admin/builder/spi-builder-workspace/.derivedData/Build/Intermediates.noindex/PINRemoteImage.build/Debug-watchos/PINRemoteImage-t.build/Objects-normal/arm64_32/PINWebPAnimatedImage.dia -c /Users/admin/builder/spi-builder-workspace/Source/Classes/AnimatedImages/PINWebPAnimatedImage.m -o /Users/admin/builder/spi-builder-workspace/.derivedData/Build/Intermediates.noindex/PINRemoteImage.build/Debug-watchos/PINRemoteImage-t.build/Objects-normal/arm64_32/PINWebPAnimatedImage.o -index-unit-output-path /PINRemoteImage.build/Debug-watchos/PINRemoteImage-t.build/Objects-normal/arm64_32/PINWebPAnimatedImage.o
ScanDependencies /Users/admin/builder/spi-builder-workspace/.derivedData/Build/Intermediates.noindex/PINRemoteImage.build/Debug-watchos/PINRemoteImage-t.build/Objects-normal/arm64_32/PINURLSessionManager.o /Users/admin/builder/spi-builder-workspace/Source/Classes/PINURLSessionManager.m normal arm64_32 objective-c com.apple.compilers.llvm.clang.1_0.compiler (in target 'PINRemoteImage' from project 'PINRemoteImage')
    cd /Users/admin/builder/spi-builder-workspace/.swiftpm/xcode

    Using response file: /Users/admin/builder/spi-builder-workspace/.derivedData/Build/Intermediates.noindex/PINRemoteImage.build/Debug-watchos/PINRemoteImage-t.build/Objects-normal/arm64_32/e6072d4f65d7061329687fe24e3d63a7-common-args.resp

    builtin-ScanDependencies -o /Users/admin/builder/spi-builder-workspace/.derivedData/Build/Intermediates.noindex/PINRemoteImage.build/Debug-watchos/PINRemoteImage-t.build/Objects-normal/arm64_32/PINURLSessionManager.o.scan -- /Applications/Xcode-27.0.0-Release.Candidate.app/Contents/Developer/Toolchains/XcodeDefault.xctoolchain/usr/bin/clang -x objective-c -ivfsstatcache /Users/admin/builder/spi-builder-workspace/.derivedData/SDKStatCaches.noindex/watchos27.0-24R360-e829b21a6f8c9b70876ba0858053c04477534ef55a1706bf4c1112bbb242f0a2.sdkstatcache -target arm64_32-apple-watchos9.0 -fmessage-length\=0 -fdiagnostics-show-note-include-stack -fmacro-backtrace-limit\=0 -fno-color-diagnostics -fmodules-prune-interval\=86400 -fmodules-prune-after\=345600 -fbuild-session-file\=/Users/admin/builder/spi-builder-workspace/.derivedData/ModuleCache.noindex/Session.modulevalidation -fmodules-validate-once-per-build-session -Wnon-modular-include-in-framework-module -Werror\=non-modular-include-in-framework-module -Wno-trigraphs -Wno-missing-field-initializers -Wno-missing-prototypes -Wno-return-type -Wno-implicit-atomic-properties -Wno-objc-interface-ivars -Wno-arc-repeated-use-of-weak -Wno-missing-braces -Wparentheses -Wswitch -Wno-unused-function -Wno-unused-label -Wno-unused-parameter -Wno-unused-variable -Wunused-value -Wno-empty-body -Wno-uninitialized -Wno-unknown-pragmas -Wno-shadow -Wno-four-char-constants -Wno-conversion -Wno-constant-conversion -Wno-int-conversion -Wno-bool-conversion -Wno-enum-conversion -Wno-float-conversion -Wno-non-literal-null-conversion -Wno-objc-literal-conversion -Wno-shorten-64-to-32 -Wpointer-sign -Wno-newline-eof -Wno-selector -Wno-strict-selector-match -Wno-undeclared-selector -Wno-deprecated-implementations -Wno-implicit-fallthrough -isysroot /Applications/Xcode-27.0.0-Release.Candidate.app/Contents/Developer/Platforms/WatchOS.platform/Developer/SDKs/WatchOS27.0.sdk -fstrict-aliasing -Wprotocol -Wdeprecated-declarations -Wno-sign-conversion -Wno-infinite-recursion -Wno-comma -Wno-block-capture-autoreleasing -Wno-strict-prototypes -Wno-semicolon-before-method-body -index-store-path /Users/admin/builder/spi-builder-workspace/.derivedData/Index.noindex/DataStore @/Users/admin/builder/spi-builder-workspace/.derivedData/Build/Intermediates.noindex/PINRemoteImage.build/Debug-watchos/PINRemoteImage-t.build/Objects-normal/arm64_32/e6072d4f65d7061329687fe24e3d63a7-common-args.resp -MMD -MT dependencies -MF /Users/admin/builder/spi-builder-workspace/.derivedData/Build/Intermediates.noindex/PINRemoteImage.build/Debug-watchos/PINRemoteImage-t.build/Objects-normal/arm64_32/PINURLSessionManager.d --serialize-diagnostics /Users/admin/builder/spi-builder-workspace/.derivedData/Build/Intermediates.noindex/PINRemoteImage.build/Debug-watchos/PINRemoteImage-t.build/Objects-normal/arm64_32/PINURLSessionManager.dia -c /Users/admin/builder/spi-builder-workspace/Source/Classes/PINURLSessionManager.m -o /Users/admin/builder/spi-builder-workspace/.derivedData/Build/Intermediates.noindex/PINRemoteImage.build/Debug-watchos/PINRemoteImage-t.build/Objects-normal/arm64_32/PINURLSessionManager.o -index-unit-output-path /PINRemoteImage.build/Debug-watchos/PINRemoteImage-t.build/Objects-normal/arm64_32/PINURLSessionManager.o
ScanDependencies /Users/admin/builder/spi-builder-workspace/.derivedData/Build/Intermediates.noindex/PINRemoteImage.build/Debug-watchos/PINRemoteImage-t.build/Objects-normal/arm64_32/PINSpeedRecorder.o /Users/admin/builder/spi-builder-workspace/Source/Classes/PINSpeedRecorder.m normal arm64_32 objective-c com.apple.compilers.llvm.clang.1_0.compiler (in target 'PINRemoteImage' from project 'PINRemoteImage')
    cd /Users/admin/builder/spi-builder-workspace/.swiftpm/xcode

    Using response file: /Users/admin/builder/spi-builder-workspace/.derivedData/Build/Intermediates.noindex/PINRemoteImage.build/Debug-watchos/PINRemoteImage-t.build/Objects-normal/arm64_32/e6072d4f65d7061329687fe24e3d63a7-common-args.resp

    builtin-ScanDependencies -o /Users/admin/builder/spi-builder-workspace/.derivedData/Build/Intermediates.noindex/PINRemoteImage.build/Debug-watchos/PINRemoteImage-t.build/Objects-normal/arm64_32/PINSpeedRecorder.o.scan -- /Applications/Xcode-27.0.0-Release.Candidate.app/Contents/Developer/Toolchains/XcodeDefault.xctoolchain/usr/bin/clang -x objective-c -ivfsstatcache /Users/admin/builder/spi-builder-workspace/.derivedData/SDKStatCaches.noindex/watchos27.0-24R360-e829b21a6f8c9b70876ba0858053c04477534ef55a1706bf4c1112bbb242f0a2.sdkstatcache -target arm64_32-apple-watchos9.0 -fmessage-length\=0 -fdiagnostics-show-note-include-stack -fmacro-backtrace-limit\=0 -fno-color-diagnostics -fmodules-prune-interval\=86400 -fmodules-prune-after\=345600 -fbuild-session-file\=/Users/admin/builder/spi-builder-workspace/.derivedData/ModuleCache.noindex/Session.modulevalidation -fmodules-validate-once-per-build-session -Wnon-modular-include-in-framework-module -Werror\=non-modular-include-in-framework-module -Wno-trigraphs -Wno-missing-field-initializers -Wno-missing-prototypes -Wno-return-type -Wno-implicit-atomic-properties -Wno-objc-interface-ivars -Wno-arc-repeated-use-of-weak -Wno-missing-braces -Wparentheses -Wswitch -Wno-unused-function -Wno-unused-label -Wno-unused-parameter -Wno-unused-variable -Wunused-value -Wno-empty-body -Wno-uninitialized -Wno-unknown-pragmas -Wno-shadow -Wno-four-char-constants -Wno-conversion -Wno-constant-conversion -Wno-int-conversion -Wno-bool-conversion -Wno-enum-conversion -Wno-float-conversion -Wno-non-literal-null-conversion -Wno-objc-literal-conversion -Wno-shorten-64-to-32 -Wpointer-sign -Wno-newline-eof -Wno-selector -Wno-strict-selector-match -Wno-undeclared-selector -Wno-deprecated-implementations -Wno-implicit-fallthrough -isysroot /Applications/Xcode-27.0.0-Release.Candidate.app/Contents/Developer/Platforms/WatchOS.platform/Developer/SDKs/WatchOS27.0.sdk -fstrict-aliasing -Wprotocol -Wdeprecated-declarations -Wno-sign-conversion -Wno-infinite-recursion -Wno-comma -Wno-block-capture-autoreleasing -Wno-strict-prototypes -Wno-semicolon-before-method-body -index-store-path /Users/admin/builder/spi-builder-workspace/.derivedData/Index.noindex/DataStore @/Users/admin/builder/spi-builder-workspace/.derivedData/Build/Intermediates.noindex/PINRemoteImage.build/Debug-watchos/PINRemoteImage-t.build/Objects-normal/arm64_32/e6072d4f65d7061329687fe24e3d63a7-common-args.resp -MMD -MT dependencies -MF /Users/admin/builder/spi-builder-workspace/.derivedData/Build/Intermediates.noindex/PINRemoteImage.build/Debug-watchos/PINRemoteImage-t.build/Objects-normal/arm64_32/PINSpeedRecorder.d --serialize-diagnostics /Users/admin/builder/spi-builder-workspace/.derivedData/Build/Intermediates.noindex/PINRemoteImage.build/Debug-watchos/PINRemoteImage-t.build/Objects-normal/arm64_32/PINSpeedRecorder.dia -c /Users/admin/builder/spi-builder-workspace/Source/Classes/PINSpeedRecorder.m -o /Users/admin/builder/spi-builder-workspace/.derivedData/Build/Intermediates.noindex/PINRemoteImage.build/Debug-watchos/PINRemoteImage-t.build/Objects-normal/arm64_32/PINSpeedRecorder.o -index-unit-output-path /PINRemoteImage.build/Debug-watchos/PINRemoteImage-t.build/Objects-normal/arm64_32/PINSpeedRecorder.o
/Users/admin/builder/spi-builder-workspace/Source/Classes/PINSpeedRecorder.m:11:9: error: 'SystemConfiguration/SystemConfiguration.h' file not found (in target 'PINRemoteImage' from project 'PINRemoteImage')
ScanDependencies /Users/admin/builder/spi-builder-workspace/.derivedData/Build/Intermediates.noindex/PINRemoteImage.build/Debug-watchos/PINRemoteImage-t.build/Objects-normal/arm64_32/PINResume.o /Users/admin/builder/spi-builder-workspace/Source/Classes/PINResume.m normal arm64_32 objective-c com.apple.compilers.llvm.clang.1_0.compiler (in target 'PINRemoteImage' from project 'PINRemoteImage')
    cd /Users/admin/builder/spi-builder-workspace/.swiftpm/xcode

    Using response file: /Users/admin/builder/spi-builder-workspace/.derivedData/Build/Intermediates.noindex/PINRemoteImage.build/Debug-watchos/PINRemoteImage-t.build/Objects-normal/arm64_32/e6072d4f65d7061329687fe24e3d63a7-common-args.resp

    builtin-ScanDependencies -o /Users/admin/builder/spi-builder-workspace/.derivedData/Build/Intermediates.noindex/PINRemoteImage.build/Debug-watchos/PINRemoteImage-t.build/Objects-normal/arm64_32/PINResume.o.scan -- /Applications/Xcode-27.0.0-Release.Candidate.app/Contents/Developer/Toolchains/XcodeDefault.xctoolchain/usr/bin/clang -x objective-c -ivfsstatcache /Users/admin/builder/spi-builder-workspace/.derivedData/SDKStatCaches.noindex/watchos27.0-24R360-e829b21a6f8c9b70876ba0858053c04477534ef55a1706bf4c1112bbb242f0a2.sdkstatcache -target arm64_32-apple-watchos9.0 -fmessage-length\=0 -fdiagnostics-show-note-include-stack -fmacro-backtrace-limit\=0 -fno-color-diagnostics -fmodules-prune-interval\=86400 -fmodules-prune-after\=345600 -fbuild-session-file\=/Users/admin/builder/spi-builder-workspace/.derivedData/ModuleCache.noindex/Session.modulevalidation -fmodules-validate-once-per-build-session -Wnon-modular-include-in-framework-module -Werror\=non-modular-include-in-framework-module -Wno-trigraphs -Wno-missing-field-initializers -Wno-missing-prototypes -Wno-return-type -Wno-implicit-atomic-properties -Wno-objc-interface-ivars -Wno-arc-repeated-use-of-weak -Wno-missing-braces -Wparentheses -Wswitch -Wno-unused-function -Wno-unused-label -Wno-unused-parameter -Wno-unused-variable -Wunused-value -Wno-empty-body -Wno-uninitialized -Wno-unknown-pragmas -Wno-shadow -Wno-four-char-constants -Wno-conversion -Wno-constant-conversion -Wno-int-conversion -Wno-bool-conversion -Wno-enum-conversion -Wno-float-conversion -Wno-non-literal-null-conversion -Wno-objc-literal-conversion -Wno-shorten-64-to-32 -Wpointer-sign -Wno-newline-eof -Wno-selector -Wno-strict-selector-match -Wno-undeclared-selector -Wno-deprecated-implementations -Wno-implicit-fallthrough -isysroot /Applications/Xcode-27.0.0-Release.Candidate.app/Contents/Developer/Platforms/WatchOS.platform/Developer/SDKs/WatchOS27.0.sdk -fstrict-aliasing -Wprotocol -Wdeprecated-declarations -Wno-sign-conversion -Wno-infinite-recursion -Wno-comma -Wno-block-capture-autoreleasing -Wno-strict-prototypes -Wno-semicolon-before-method-body -index-store-path /Users/admin/builder/spi-builder-workspace/.derivedData/Index.noindex/DataStore @/Users/admin/builder/spi-builder-workspace/.derivedData/Build/Intermediates.noindex/PINRemoteImage.build/Debug-watchos/PINRemoteImage-t.build/Objects-normal/arm64_32/e6072d4f65d7061329687fe24e3d63a7-common-args.resp -MMD -MT dependencies -MF /Users/admin/builder/spi-builder-workspace/.derivedData/Build/Intermediates.noindex/PINRemoteImage.build/Debug-watchos/PINRemoteImage-t.build/Objects-normal/arm64_32/PINResume.d --serialize-diagnostics /Users/admin/builder/spi-builder-workspace/.derivedData/Build/Intermediates.noindex/PINRemoteImage.build/Debug-watchos/PINRemoteImage-t.build/Objects-normal/arm64_32/PINResume.dia -c /Users/admin/builder/spi-builder-workspace/Source/Classes/PINResume.m -o /Users/admin/builder/spi-builder-workspace/.derivedData/Build/Intermediates.noindex/PINRemoteImage.build/Debug-watchos/PINRemoteImage-t.build/Objects-normal/arm64_32/PINResume.o -index-unit-output-path /PINRemoteImage.build/Debug-watchos/PINRemoteImage-t.build/Objects-normal/arm64_32/PINResume.o
ScanDependencies /Users/admin/builder/spi-builder-workspace/.derivedData/Build/Intermediates.noindex/PINRemoteImage.build/Debug-watchos/PINRemoteImage-t.build/Objects-normal/arm64_32/PINRequestRetryStrategy.o /Users/admin/builder/spi-builder-workspace/Source/Classes/PINRequestRetryStrategy.m normal arm64_32 objective-c com.apple.compilers.llvm.clang.1_0.compiler (in target 'PINRemoteImage' from project 'PINRemoteImage')
    cd /Users/admin/builder/spi-builder-workspace/.swiftpm/xcode

    Using response file: /Users/admin/builder/spi-builder-workspace/.derivedData/Build/Intermediates.noindex/PINRemoteImage.build/Debug-watchos/PINRemoteImage-t.build/Objects-normal/arm64_32/e6072d4f65d7061329687fe24e3d63a7-common-args.resp

    builtin-ScanDependencies -o /Users/admin/builder/spi-builder-workspace/.derivedData/Build/Intermediates.noindex/PINRemoteImage.build/Debug-watchos/PINRemoteImage-t.build/Objects-normal/arm64_32/PINRequestRetryStrategy.o.scan -- /Applications/Xcode-27.0.0-Release.Candidate.app/Contents/Developer/Toolchains/XcodeDefault.xctoolchain/usr/bin/clang -x objective-c -ivfsstatcache /Users/admin/builder/spi-builder-workspace/.derivedData/SDKStatCaches.noindex/watchos27.0-24R360-e829b21a6f8c9b70876ba0858053c04477534ef55a1706bf4c1112bbb242f0a2.sdkstatcache -target arm64_32-apple-watchos9.0 -fmessage-length\=0 -fdiagnostics-show-note-include-stack -fmacro-backtrace-limit\=0 -fno-color-diagnostics -fmodules-prune-interval\=86400 -fmodules-prune-after\=345600 -fbuild-session-file\=/Users/admin/builder/spi-builder-workspace/.derivedData/ModuleCache.noindex/Session.modulevalidation -fmodules-validate-once-per-build-session -Wnon-modular-include-in-framework-module -Werror\=non-modular-include-in-framework-module -Wno-trigraphs -Wno-missing-field-initializers -Wno-missing-prototypes -Wno-return-type -Wno-implicit-atomic-properties -Wno-objc-interface-ivars -Wno-arc-repeated-use-of-weak -Wno-missing-braces -Wparentheses -Wswitch -Wno-unused-function -Wno-unused-label -Wno-unused-parameter -Wno-unused-variable -Wunused-value -Wno-empty-body -Wno-uninitialized -Wno-unknown-pragmas -Wno-shadow -Wno-four-char-constants -Wno-conversion -Wno-constant-conversion -Wno-int-conversion -Wno-bool-conversion -Wno-enum-conversion -Wno-float-conversion -Wno-non-literal-null-conversion -Wno-objc-literal-conversion -Wno-shorten-64-to-32 -Wpointer-sign -Wno-newline-eof -Wno-selector -Wno-strict-selector-match -Wno-undeclared-selector -Wno-deprecated-implementations -Wno-implicit-fallthrough -isysroot /Applications/Xcode-27.0.0-Release.Candidate.app/Contents/Developer/Platforms/WatchOS.platform/Developer/SDKs/WatchOS27.0.sdk -fstrict-aliasing -Wprotocol -Wdeprecated-declarations -Wno-sign-conversion -Wno-infinite-recursion -Wno-comma -Wno-block-capture-autoreleasing -Wno-strict-prototypes -Wno-semicolon-before-method-body -index-store-path /Users/admin/builder/spi-builder-workspace/.derivedData/Index.noindex/DataStore @/Users/admin/builder/spi-builder-workspace/.derivedData/Build/Intermediates.noindex/PINRemoteImage.build/Debug-watchos/PINRemoteImage-t.build/Objects-normal/arm64_32/e6072d4f65d7061329687fe24e3d63a7-common-args.resp -MMD -MT dependencies -MF /Users/admin/builder/spi-builder-workspace/.derivedData/Build/Intermediates.noindex/PINRemoteImage.build/Debug-watchos/PINRemoteImage-t.build/Objects-normal/arm64_32/PINRequestRetryStrategy.d --serialize-diagnostics /Users/admin/builder/spi-builder-workspace/.derivedData/Build/Intermediates.noindex/PINRemoteImage.build/Debug-watchos/PINRemoteImage-t.build/Objects-normal/arm64_32/PINRequestRetryStrategy.dia -c /Users/admin/builder/spi-builder-workspace/Source/Classes/PINRequestRetryStrategy.m -o /Users/admin/builder/spi-builder-workspace/.derivedData/Build/Intermediates.noindex/PINRemoteImage.build/Debug-watchos/PINRemoteImage-t.build/Objects-normal/arm64_32/PINRequestRetryStrategy.o -index-unit-output-path /PINRemoteImage.build/Debug-watchos/PINRemoteImage-t.build/Objects-normal/arm64_32/PINRequestRetryStrategy.o
ScanDependencies /Users/admin/builder/spi-builder-workspace/.derivedData/Build/Intermediates.noindex/PINRemoteImage.build/Debug-watchos/PINRemoteImage-t.build/Objects-normal/arm64_32/PINRemoteLock.o /Users/admin/builder/spi-builder-workspace/Source/Classes/PINRemoteLock.m normal arm64_32 objective-c com.apple.compilers.llvm.clang.1_0.compiler (in target 'PINRemoteImage' from project 'PINRemoteImage')
    cd /Users/admin/builder/spi-builder-workspace/.swiftpm/xcode

    Using response file: /Users/admin/builder/spi-builder-workspace/.derivedData/Build/Intermediates.noindex/PINRemoteImage.build/Debug-watchos/PINRemoteImage-t.build/Objects-normal/arm64_32/e6072d4f65d7061329687fe24e3d63a7-common-args.resp

    builtin-ScanDependencies -o /Users/admin/builder/spi-builder-workspace/.derivedData/Build/Intermediates.noindex/PINRemoteImage.build/Debug-watchos/PINRemoteImage-t.build/Objects-normal/arm64_32/PINRemoteLock.o.scan -- /Applications/Xcode-27.0.0-Release.Candidate.app/Contents/Developer/Toolchains/XcodeDefault.xctoolchain/usr/bin/clang -x objective-c -ivfsstatcache /Users/admin/builder/spi-builder-workspace/.derivedData/SDKStatCaches.noindex/watchos27.0-24R360-e829b21a6f8c9b70876ba0858053c04477534ef55a1706bf4c1112bbb242f0a2.sdkstatcache -target arm64_32-apple-watchos9.0 -fmessage-length\=0 -fdiagnostics-show-note-include-stack -fmacro-backtrace-limit\=0 -fno-color-diagnostics -fmodules-prune-interval\=86400 -fmodules-prune-after\=345600 -fbuild-session-file\=/Users/admin/builder/spi-builder-workspace/.derivedData/ModuleCache.noindex/Session.modulevalidation -fmodules-validate-once-per-build-session -Wnon-modular-include-in-framework-module -Werror\=non-modular-include-in-framework-module -Wno-trigraphs -Wno-missing-field-initializers -Wno-missing-prototypes -Wno-return-type -Wno-implicit-atomic-properties -Wno-objc-interface-ivars -Wno-arc-repeated-use-of-weak -Wno-missing-braces -Wparentheses -Wswitch -Wno-unused-function -Wno-unused-label -Wno-unused-parameter -Wno-unused-variable -Wunused-value -Wno-empty-body -Wno-uninitialized -Wno-unknown-pragmas -Wno-shadow -Wno-four-char-constants -Wno-conversion -Wno-constant-conversion -Wno-int-conversion -Wno-bool-conversion -Wno-enum-conversion -Wno-float-conversion -Wno-non-literal-null-conversion -Wno-objc-literal-conversion -Wno-shorten-64-to-32 -Wpointer-sign -Wno-newline-eof -Wno-selector -Wno-strict-selector-match -Wno-undeclared-selector -Wno-deprecated-implementations -Wno-implicit-fallthrough -isysroot /Applications/Xcode-27.0.0-Release.Candidate.app/Contents/Developer/Platforms/WatchOS.platform/Developer/SDKs/WatchOS27.0.sdk -fstrict-aliasing -Wprotocol -Wdeprecated-declarations -Wno-sign-conversion -Wno-infinite-recursion -Wno-comma -Wno-block-capture-autoreleasing -Wno-strict-prototypes -Wno-semicolon-before-method-body -index-store-path /Users/admin/builder/spi-builder-workspace/.derivedData/Index.noindex/DataStore @/Users/admin/builder/spi-builder-workspace/.derivedData/Build/Intermediates.noindex/PINRemoteImage.build/Debug-watchos/PINRemoteImage-t.build/Objects-normal/arm64_32/e6072d4f65d7061329687fe24e3d63a7-common-args.resp -MMD -MT dependencies -MF /Users/admin/builder/spi-builder-workspace/.derivedData/Build/Intermediates.noindex/PINRemoteImage.build/Debug-watchos/PINRemoteImage-t.build/Objects-normal/arm64_32/PINRemoteLock.d --serialize-diagnostics /Users/admin/builder/spi-builder-workspace/.derivedData/Build/Intermediates.noindex/PINRemoteImage.build/Debug-watchos/PINRemoteImage-t.build/Objects-normal/arm64_32/PINRemoteLock.dia -c /Users/admin/builder/spi-builder-workspace/Source/Classes/PINRemoteLock.m -o /Users/admin/builder/spi-builder-workspace/.derivedData/Build/Intermediates.noindex/PINRemoteImage.build/Debug-watchos/PINRemoteImage-t.build/Objects-normal/arm64_32/PINRemoteLock.o -index-unit-output-path /PINRemoteImage.build/Debug-watchos/PINRemoteImage-t.build/Objects-normal/arm64_32/PINRemoteLock.o
ScanDependencies /Users/admin/builder/spi-builder-workspace/.derivedData/Build/Intermediates.noindex/PINRemoteImage.build/Debug-watchos/PINRemoteImage-t.build/Objects-normal/arm64_32/PINRemoteWeakProxy.o /Users/admin/builder/spi-builder-workspace/Source/Classes/PINRemoteWeakProxy.m normal arm64_32 objective-c com.apple.compilers.llvm.clang.1_0.compiler (in target 'PINRemoteImage' from project 'PINRemoteImage')
    cd /Users/admin/builder/spi-builder-workspace/.swiftpm/xcode

    Using response file: /Users/admin/builder/spi-builder-workspace/.derivedData/Build/Intermediates.noindex/PINRemoteImage.build/Debug-watchos/PINRemoteImage-t.build/Objects-normal/arm64_32/e6072d4f65d7061329687fe24e3d63a7-common-args.resp

    builtin-ScanDependencies -o /Users/admin/builder/spi-builder-workspace/.derivedData/Build/Intermediates.noindex/PINRemoteImage.build/Debug-watchos/PINRemoteImage-t.build/Objects-normal/arm64_32/PINRemoteWeakProxy.o.scan -- /Applications/Xcode-27.0.0-Release.Candidate.app/Contents/Developer/Toolchains/XcodeDefault.xctoolchain/usr/bin/clang -x objective-c -ivfsstatcache /Users/admin/builder/spi-builder-workspace/.derivedData/SDKStatCaches.noindex/watchos27.0-24R360-e829b21a6f8c9b70876ba0858053c04477534ef55a1706bf4c1112bbb242f0a2.sdkstatcache -target arm64_32-apple-watchos9.0 -fmessage-length\=0 -fdiagnostics-show-note-include-stack -fmacro-backtrace-limit\=0 -fno-color-diagnostics -fmodules-prune-interval\=86400 -fmodules-prune-after\=345600 -fbuild-session-file\=/Users/admin/builder/spi-builder-workspace/.derivedData/ModuleCache.noindex/Session.modulevalidation -fmodules-validate-once-per-build-session -Wnon-modular-include-in-framework-module -Werror\=non-modular-include-in-framework-module -Wno-trigraphs -Wno-missing-field-initializers -Wno-missing-prototypes -Wno-return-type -Wno-implicit-atomic-properties -Wno-objc-interface-ivars -Wno-arc-repeated-use-of-weak -Wno-missing-braces -Wparentheses -Wswitch -Wno-unused-function -Wno-unused-label -Wno-unused-parameter -Wno-unused-variable -Wunused-value -Wno-empty-body -Wno-uninitialized -Wno-unknown-pragmas -Wno-shadow -Wno-four-char-constants -Wno-conversion -Wno-constant-conversion -Wno-int-conversion -Wno-bool-conversion -Wno-enum-conversion -Wno-float-conversion -Wno-non-literal-null-conversion -Wno-objc-literal-conversion -Wno-shorten-64-to-32 -Wpointer-sign -Wno-newline-eof -Wno-selector -Wno-strict-selector-match -Wno-undeclared-selector -Wno-deprecated-implementations -Wno-implicit-fallthrough -isysroot /Applications/Xcode-27.0.0-Release.Candidate.app/Contents/Developer/Platforms/WatchOS.platform/Developer/SDKs/WatchOS27.0.sdk -fstrict-aliasing -Wprotocol -Wdeprecated-declarations -Wno-sign-conversion -Wno-infinite-recursion -Wno-comma -Wno-block-capture-autoreleasing -Wno-strict-prototypes -Wno-semicolon-before-method-body -index-store-path /Users/admin/builder/spi-builder-workspace/.derivedData/Index.noindex/DataStore @/Users/admin/builder/spi-builder-workspace/.derivedData/Build/Intermediates.noindex/PINRemoteImage.build/Debug-watchos/PINRemoteImage-t.build/Objects-normal/arm64_32/e6072d4f65d7061329687fe24e3d63a7-common-args.resp -MMD -MT dependencies -MF /Users/admin/builder/spi-builder-workspace/.derivedData/Build/Intermediates.noindex/PINRemoteImage.build/Debug-watchos/PINRemoteImage-t.build/Objects-normal/arm64_32/PINRemoteWeakProxy.d --serialize-diagnostics /Users/admin/builder/spi-builder-workspace/.derivedData/Build/Intermediates.noindex/PINRemoteImage.build/Debug-watchos/PINRemoteImage-t.build/Objects-normal/arm64_32/PINRemoteWeakProxy.dia -c /Users/admin/builder/spi-builder-workspace/Source/Classes/PINRemoteWeakProxy.m -o /Users/admin/builder/spi-builder-workspace/.derivedData/Build/Intermediates.noindex/PINRemoteImage.build/Debug-watchos/PINRemoteImage-t.build/Objects-normal/arm64_32/PINRemoteWeakProxy.o -index-unit-output-path /PINRemoteImage.build/Debug-watchos/PINRemoteImage-t.build/Objects-normal/arm64_32/PINRemoteWeakProxy.o
ScanDependencies /Users/admin/builder/spi-builder-workspace/.derivedData/Build/Intermediates.noindex/PINRemoteImage.build/Debug-watchos/PINRemoteImage-t.build/Objects-normal/arm64_32/PINRemoteImageTask.o /Users/admin/builder/spi-builder-workspace/Source/Classes/PINRemoteImageTask.m normal arm64_32 objective-c com.apple.compilers.llvm.clang.1_0.compiler (in target 'PINRemoteImage' from project 'PINRemoteImage')
    cd /Users/admin/builder/spi-builder-workspace/.swiftpm/xcode

    Using response file: /Users/admin/builder/spi-builder-workspace/.derivedData/Build/Intermediates.noindex/PINRemoteImage.build/Debug-watchos/PINRemoteImage-t.build/Objects-normal/arm64_32/e6072d4f65d7061329687fe24e3d63a7-common-args.resp

    builtin-ScanDependencies -o /Users/admin/builder/spi-builder-workspace/.derivedData/Build/Intermediates.noindex/PINRemoteImage.build/Debug-watchos/PINRemoteImage-t.build/Objects-normal/arm64_32/PINRemoteImageTask.o.scan -- /Applications/Xcode-27.0.0-Release.Candidate.app/Contents/Developer/Toolchains/XcodeDefault.xctoolchain/usr/bin/clang -x objective-c -ivfsstatcache /Users/admin/builder/spi-builder-workspace/.derivedData/SDKStatCaches.noindex/watchos27.0-24R360-e829b21a6f8c9b70876ba0858053c04477534ef55a1706bf4c1112bbb242f0a2.sdkstatcache -target arm64_32-apple-watchos9.0 -fmessage-length\=0 -fdiagnostics-show-note-include-stack -fmacro-backtrace-limit\=0 -fno-color-diagnostics -fmodules-prune-interval\=86400 -fmodules-prune-after\=345600 -fbuild-session-file\=/Users/admin/builder/spi-builder-workspace/.derivedData/ModuleCache.noindex/Session.modulevalidation -fmodules-validate-once-per-build-session -Wnon-modular-include-in-framework-module -Werror\=non-modular-include-in-framework-module -Wno-trigraphs -Wno-missing-field-initializers -Wno-missing-prototypes -Wno-return-type -Wno-implicit-atomic-properties -Wno-objc-interface-ivars -Wno-arc-repeated-use-of-weak -Wno-missing-braces -Wparentheses -Wswitch -Wno-unused-function -Wno-unused-label -Wno-unused-parameter -Wno-unused-variable -Wunused-value -Wno-empty-body -Wno-uninitialized -Wno-unknown-pragmas -Wno-shadow -Wno-four-char-constants -Wno-conversion -Wno-constant-conversion -Wno-int-conversion -Wno-bool-conversion -Wno-enum-conversion -Wno-float-conversion -Wno-non-literal-null-conversion -Wno-objc-literal-conversion -Wno-shorten-64-to-32 -Wpointer-sign -Wno-newline-eof -Wno-selector -Wno-strict-selector-match -Wno-undeclared-selector -Wno-deprecated-implementations -Wno-implicit-fallthrough -isysroot /Applications/Xcode-27.0.0-Release.Candidate.app/Contents/Developer/Platforms/WatchOS.platform/Developer/SDKs/WatchOS27.0.sdk -fstrict-aliasing -Wprotocol -Wdeprecated-declarations -Wno-sign-conversion -Wno-infinite-recursion -Wno-comma -Wno-block-capture-autoreleasing -Wno-strict-prototypes -Wno-semicolon-before-method-body -index-store-path /Users/admin/builder/spi-builder-workspace/.derivedData/Index.noindex/DataStore @/Users/admin/builder/spi-builder-workspace/.derivedData/Build/Intermediates.noindex/PINRemoteImage.build/Debug-watchos/PINRemoteImage-t.build/Objects-normal/arm64_32/e6072d4f65d7061329687fe24e3d63a7-common-args.resp -MMD -MT dependencies -MF /Users/admin/builder/spi-builder-workspace/.derivedData/Build/Intermediates.noindex/PINRemoteImage.build/Debug-watchos/PINRemoteImage-t.build/Objects-normal/arm64_32/PINRemoteImageTask.d --serialize-diagnostics /Users/admin/builder/spi-builder-workspace/.derivedData/Build/Intermediates.noindex/PINRemoteImage.build/Debug-watchos/PINRemoteImage-t.build/Objects-normal/arm64_32/PINRemoteImageTask.dia -c /Users/admin/builder/spi-builder-workspace/Source/Classes/PINRemoteImageTask.m -o /Users/admin/builder/spi-builder-workspace/.derivedData/Build/Intermediates.noindex/PINRemoteImage.build/Debug-watchos/PINRemoteImage-t.build/Objects-normal/arm64_32/PINRemoteImageTask.o -index-unit-output-path /PINRemoteImage.build/Debug-watchos/PINRemoteImage-t.build/Objects-normal/arm64_32/PINRemoteImageTask.o
ScanDependencies /Users/admin/builder/spi-builder-workspace/.derivedData/Build/Intermediates.noindex/PINRemoteImage.build/Debug-watchos/PINRemoteImage-t.build/Objects-normal/arm64_32/PINRemoteImageProcessorTask.o /Users/admin/builder/spi-builder-workspace/Source/Classes/PINRemoteImageProcessorTask.m normal arm64_32 objective-c com.apple.compilers.llvm.clang.1_0.compiler (in target 'PINRemoteImage' from project 'PINRemoteImage')
    cd /Users/admin/builder/spi-builder-workspace/.swiftpm/xcode

    Using response file: /Users/admin/builder/spi-builder-workspace/.derivedData/Build/Intermediates.noindex/PINRemoteImage.build/Debug-watchos/PINRemoteImage-t.build/Objects-normal/arm64_32/e6072d4f65d7061329687fe24e3d63a7-common-args.resp

    builtin-ScanDependencies -o /Users/admin/builder/spi-builder-workspace/.derivedData/Build/Intermediates.noindex/PINRemoteImage.build/Debug-watchos/PINRemoteImage-t.build/Objects-normal/arm64_32/PINRemoteImageProcessorTask.o.scan -- /Applications/Xcode-27.0.0-Release.Candidate.app/Contents/Developer/Toolchains/XcodeDefault.xctoolchain/usr/bin/clang -x objective-c -ivfsstatcache /Users/admin/builder/spi-builder-workspace/.derivedData/SDKStatCaches.noindex/watchos27.0-24R360-e829b21a6f8c9b70876ba0858053c04477534ef55a1706bf4c1112bbb242f0a2.sdkstatcache -target arm64_32-apple-watchos9.0 -fmessage-length\=0 -fdiagnostics-show-note-include-stack -fmacro-backtrace-limit\=0 -fno-color-diagnostics -fmodules-prune-interval\=86400 -fmodules-prune-after\=345600 -fbuild-session-file\=/Users/admin/builder/spi-builder-workspace/.derivedData/ModuleCache.noindex/Session.modulevalidation -fmodules-validate-once-per-build-session -Wnon-modular-include-in-framework-module -Werror\=non-modular-include-in-framework-module -Wno-trigraphs -Wno-missing-field-initializers -Wno-missing-prototypes -Wno-return-type -Wno-implicit-atomic-properties -Wno-objc-interface-ivars -Wno-arc-repeated-use-of-weak -Wno-missing-braces -Wparentheses -Wswitch -Wno-unused-function -Wno-unused-label -Wno-unused-parameter -Wno-unused-variable -Wunused-value -Wno-empty-body -Wno-uninitialized -Wno-unknown-pragmas -Wno-shadow -Wno-four-char-constants -Wno-conversion -Wno-constant-conversion -Wno-int-conversion -Wno-bool-conversion -Wno-enum-conversion -Wno-float-conversion -Wno-non-literal-null-conversion -Wno-objc-literal-conversion -Wno-shorten-64-to-32 -Wpointer-sign -Wno-newline-eof -Wno-selector -Wno-strict-selector-match -Wno-undeclared-selector -Wno-deprecated-implementations -Wno-implicit-fallthrough -isysroot /Applications/Xcode-27.0.0-Release.Candidate.app/Contents/Developer/Platforms/WatchOS.platform/Developer/SDKs/WatchOS27.0.sdk -fstrict-aliasing -Wprotocol -Wdeprecated-declarations -Wno-sign-conversion -Wno-infinite-recursion -Wno-comma -Wno-block-capture-autoreleasing -Wno-strict-prototypes -Wno-semicolon-before-method-body -index-store-path /Users/admin/builder/spi-builder-workspace/.derivedData/Index.noindex/DataStore @/Users/admin/builder/spi-builder-workspace/.derivedData/Build/Intermediates.noindex/PINRemoteImage.build/Debug-watchos/PINRemoteImage-t.build/Objects-normal/arm64_32/e6072d4f65d7061329687fe24e3d63a7-common-args.resp -MMD -MT dependencies -MF /Users/admin/builder/spi-builder-workspace/.derivedData/Build/Intermediates.noindex/PINRemoteImage.build/Debug-watchos/PINRemoteImage-t.build/Objects-normal/arm64_32/PINRemoteImageProcessorTask.d --serialize-diagnostics /Users/admin/builder/spi-builder-workspace/.derivedData/Build/Intermediates.noindex/PINRemoteImage.build/Debug-watchos/PINRemoteImage-t.build/Objects-normal/arm64_32/PINRemoteImageProcessorTask.dia -c /Users/admin/builder/spi-builder-workspace/Source/Classes/PINRemoteImageProcessorTask.m -o /Users/admin/builder/spi-builder-workspace/.derivedData/Build/Intermediates.noindex/PINRemoteImage.build/Debug-watchos/PINRemoteImage-t.build/Objects-normal/arm64_32/PINRemoteImageProcessorTask.o -index-unit-output-path /PINRemoteImage.build/Debug-watchos/PINRemoteImage-t.build/Objects-normal/arm64_32/PINRemoteImageProcessorTask.o
ScanDependencies /Users/admin/builder/spi-builder-workspace/.derivedData/Build/Intermediates.noindex/PINRemoteImage.build/Debug-watchos/PINRemoteImage-t.build/Objects-normal/arm64_32/PINRemoteImageMemoryContainer.o /Users/admin/builder/spi-builder-workspace/Source/Classes/PINRemoteImageMemoryContainer.m normal arm64_32 objective-c com.apple.compilers.llvm.clang.1_0.compiler (in target 'PINRemoteImage' from project 'PINRemoteImage')
    cd /Users/admin/builder/spi-builder-workspace/.swiftpm/xcode

    Using response file: /Users/admin/builder/spi-builder-workspace/.derivedData/Build/Intermediates.noindex/PINRemoteImage.build/Debug-watchos/PINRemoteImage-t.build/Objects-normal/arm64_32/e6072d4f65d7061329687fe24e3d63a7-common-args.resp

    builtin-ScanDependencies -o /Users/admin/builder/spi-builder-workspace/.derivedData/Build/Intermediates.noindex/PINRemoteImage.build/Debug-watchos/PINRemoteImage-t.build/Objects-normal/arm64_32/PINRemoteImageMemoryContainer.o.scan -- /Applications/Xcode-27.0.0-Release.Candidate.app/Contents/Developer/Toolchains/XcodeDefault.xctoolchain/usr/bin/clang -x objective-c -ivfsstatcache /Users/admin/builder/spi-builder-workspace/.derivedData/SDKStatCaches.noindex/watchos27.0-24R360-e829b21a6f8c9b70876ba0858053c04477534ef55a1706bf4c1112bbb242f0a2.sdkstatcache -target arm64_32-apple-watchos9.0 -fmessage-length\=0 -fdiagnostics-show-note-include-stack -fmacro-backtrace-limit\=0 -fno-color-diagnostics -fmodules-prune-interval\=86400 -fmodules-prune-after\=345600 -fbuild-session-file\=/Users/admin/builder/spi-builder-workspace/.derivedData/ModuleCache.noindex/Session.modulevalidation -fmodules-validate-once-per-build-session -Wnon-modular-include-in-framework-module -Werror\=non-modular-include-in-framework-module -Wno-trigraphs -Wno-missing-field-initializers -Wno-missing-prototypes -Wno-return-type -Wno-implicit-atomic-properties -Wno-objc-interface-ivars -Wno-arc-repeated-use-of-weak -Wno-missing-braces -Wparentheses -Wswitch -Wno-unused-function -Wno-unused-label -Wno-unused-parameter -Wno-unused-variable -Wunused-value -Wno-empty-body -Wno-uninitialized -Wno-unknown-pragmas -Wno-shadow -Wno-four-char-constants -Wno-conversion -Wno-constant-conversion -Wno-int-conversion -Wno-bool-conversion -Wno-enum-conversion -Wno-float-conversion -Wno-non-literal-null-conversion -Wno-objc-literal-conversion -Wno-shorten-64-to-32 -Wpointer-sign -Wno-newline-eof -Wno-selector -Wno-strict-selector-match -Wno-undeclared-selector -Wno-deprecated-implementations -Wno-implicit-fallthrough -isysroot /Applications/Xcode-27.0.0-Release.Candidate.app/Contents/Developer/Platforms/WatchOS.platform/Developer/SDKs/WatchOS27.0.sdk -fstrict-aliasing -Wprotocol -Wdeprecated-declarations -Wno-sign-conversion -Wno-infinite-recursion -Wno-comma -Wno-block-capture-autoreleasing -Wno-strict-prototypes -Wno-semicolon-before-method-body -index-store-path /Users/admin/builder/spi-builder-workspace/.derivedData/Index.noindex/DataStore @/Users/admin/builder/spi-builder-workspace/.derivedData/Build/Intermediates.noindex/PINRemoteImage.build/Debug-watchos/PINRemoteImage-t.build/Objects-normal/arm64_32/e6072d4f65d7061329687fe24e3d63a7-common-args.resp -MMD -MT dependencies -MF /Users/admin/builder/spi-builder-workspace/.derivedData/Build/Intermediates.noindex/PINRemoteImage.build/Debug-watchos/PINRemoteImage-t.build/Objects-normal/arm64_32/PINRemoteImageMemoryContainer.d --serialize-diagnostics /Users/admin/builder/spi-builder-workspace/.derivedData/Build/Intermediates.noindex/PINRemoteImage.build/Debug-watchos/PINRemoteImage-t.build/Objects-normal/arm64_32/PINRemoteImageMemoryContainer.dia -c /Users/admin/builder/spi-builder-workspace/Source/Classes/PINRemoteImageMemoryContainer.m -o /Users/admin/builder/spi-builder-workspace/.derivedData/Build/Intermediates.noindex/PINRemoteImage.build/Debug-watchos/PINRemoteImage-t.build/Objects-normal/arm64_32/PINRemoteImageMemoryContainer.o -index-unit-output-path /PINRemoteImage.build/Debug-watchos/PINRemoteImage-t.build/Objects-normal/arm64_32/PINRemoteImageMemoryContainer.o
PruneExplicitPrecompiledModules /Users/admin/builder/spi-builder-workspace/.derivedData/Build/Intermediates.noindex/ExplicitPrecompiledModules
PruneExplicitPrecompiledModules /Users/admin/builder/spi-builder-workspace/.derivedData/Build/Intermediates.noindex/SwiftExplicitPrecompiledModules
PruneExplicitPrecompiledModules /Users/admin/builder/spi-builder-workspace/.derivedData/SDKExplicitPrecompiledModules
2026-09-20 13:46:02.603 xcodebuild[867:5248] [MT] IDERunDestination: Supported platforms for the buildables in the current scheme is empty.
** BUILD FAILED **
The following build commands failed:
	ScanDependencies /Users/admin/builder/spi-builder-workspace/.derivedData/Build/Intermediates.noindex/PINRemoteImage.build/Debug-watchos/PINRemoteImage-t.build/Objects-normal/arm64_32/PINSpeedRecorder.o /Users/admin/builder/spi-builder-workspace/Source/Classes/PINSpeedRecorder.m normal arm64_32 objective-c com.apple.compilers.llvm.clang.1_0.compiler (in target 'PINRemoteImage' from project 'PINRemoteImage')
	Building workspace PINRemoteImage with scheme PINRemoteImage
(2 failures)
BUILD FAILURE 6.4 watchOS