Build Information
Failed to build Touchward, reference main (e648c2), with Swift 6.2 for Wasm on 16 Aug 2026 04:49:34 UTC.
Build Command
bash -c docker run --pull=always --rm -v "checkouts-54344843-1":/host -w "$PWD" -e JAVA_HOME="/root/.sdkman/candidates/java/current" -e SPI_BUILD="1" -e SPI_PROCESSING="1" registry.gitlab.com/saguaro1/spi-images:wasm-6.2-latest swift build --swift-sdk swift-6.2-RELEASE_wasm 2>&1Build Log
========================================
RunAll
========================================
Builder version: 5.0.1
Interrupt handler set up.
========================================
Checkout
========================================
Clone URL: https://github.com/nguyenthienthanh/touchward.git
Reference: main
Initialized empty Git repository in /host/spi-builder-workspace/.git/
hint: Using 'master' as the name for the initial branch. This default branch name
hint: is subject to change. To configure the initial branch name to use in all
hint: of your new repositories, which will suppress this warning, call:
hint:
hint: git config --global init.defaultBranch <name>
hint:
hint: Names commonly chosen instead of 'master' are 'main', 'trunk' and
hint: 'development'. The just-created branch can be renamed via this command:
hint:
hint: git branch -m <name>
From https://github.com/nguyenthienthanh/touchward
* branch main -> FETCH_HEAD
* [new branch] main -> origin/main
HEAD is now at e648c20 README: badges for the release, npm and the Homebrew tap
Cloned https://github.com/nguyenthienthanh/touchward.git
Revision (git rev-parse @):
e648c2093c964d94b387bf195f114d5fa07b9e50
SUCCESS checkout https://github.com/nguyenthienthanh/touchward.git at main
========================================
Build
========================================
Selected platform: wasm
Swift version: 6.2
Building package at path: $PWD
https://github.com/nguyenthienthanh/touchward.git
Running build ...
bash -c docker run --pull=always --rm -v "checkouts-54344843-1":/host -w "$PWD" -e JAVA_HOME="/root/.sdkman/candidates/java/current" -e SPI_BUILD="1" -e SPI_PROCESSING="1" registry.gitlab.com/saguaro1/spi-images:wasm-6.2-latest swift build --swift-sdk swift-6.2-RELEASE_wasm 2>&1
wasm-6.2-latest: Pulling from saguaro1/spi-images
Digest: sha256:70428a4f4110aef5b17a27427e965f31cf3855e8cf1dfdc416ed61c780337965
Status: Image is up to date for registry.gitlab.com/saguaro1/spi-images:wasm-6.2-latest
Building for debugging...
[0/7] Write sources
[2/7] Write swift-version-24593BA9C3E375BF.txt
[4/15] Compiling TouchwardCore Models.swift
/host/spi-builder-workspace/Sources/TouchwardCore/CoordinateMapper.swift:1:8: error: no such module 'CoreGraphics'
1 | import CoreGraphics
| `- error: no such module 'CoreGraphics'
2 | import Foundation
3 |
[5/15] Compiling TouchwardCore TouchValueAssembler.swift
/host/spi-builder-workspace/Sources/TouchwardCore/CoordinateMapper.swift:1:8: error: no such module 'CoreGraphics'
1 | import CoreGraphics
| `- error: no such module 'CoreGraphics'
2 | import Foundation
3 |
[6/15] Compiling TouchwardCore SlotTracker.swift
/host/spi-builder-workspace/Sources/TouchwardCore/CoordinateMapper.swift:1:8: error: no such module 'CoreGraphics'
1 | import CoreGraphics
| `- error: no such module 'CoreGraphics'
2 | import Foundation
3 |
[7/15] Compiling TouchwardCore TextInputClassifier.swift
/host/spi-builder-workspace/Sources/TouchwardCore/CoordinateMapper.swift:1:8: error: no such module 'CoreGraphics'
1 | import CoreGraphics
| `- error: no such module 'CoreGraphics'
2 | import Foundation
3 |
[8/15] Compiling TouchwardCore DisplayAvailability.swift
/host/spi-builder-workspace/Sources/TouchwardCore/CoordinateMapper.swift:1:8: error: no such module 'CoreGraphics'
1 | import CoreGraphics
| `- error: no such module 'CoreGraphics'
2 | import Foundation
3 |
[9/15] Compiling TouchwardCore CoordinateMapper.swift
/host/spi-builder-workspace/Sources/TouchwardCore/CoordinateMapper.swift:1:8: error: no such module 'CoreGraphics'
1 | import CoreGraphics
| `- error: no such module 'CoreGraphics'
2 | import Foundation
3 |
[10/15] Compiling TouchwardCore GestureRecognizer.swift
/host/spi-builder-workspace/Sources/TouchwardCore/CoordinateMapper.swift:1:8: error: no such module 'CoreGraphics'
1 | import CoreGraphics
| `- error: no such module 'CoreGraphics'
2 | import Foundation
3 |
error: emit-module command failed with exit code 1 (use -v to see invocation)
[11/15] Emitting module TouchwardCore
/host/spi-builder-workspace/Sources/TouchwardCore/CoordinateMapper.swift:1:8: error: no such module 'CoreGraphics'
1 | import CoreGraphics
| `- error: no such module 'CoreGraphics'
2 | import Foundation
3 |
BUILD FAILURE 6.2 wasm