The Swift Package Index logo.Swift Package Index

Build Information

Failed to build RSCrashReporter, reference master (9eef26), with Swift 6.4 for Linux on 21 Sep 2026 12:51:20 UTC.

Build Command

bash -c docker run --pull=always --rm -v "checkouts-54344843-0":/host -w "$PWD" -e JAVA_HOME="/root/.sdkman/candidates/java/current" -e SPI_BUILD="1" -e SPI_PROCESSING="1" registry.gitlab.com/saguaro1/spi-images:basic-6.4-latest swift build --triple x86_64-unknown-linux-gnu 2>&1

Build Log

========================================
RunAll
========================================
Builder version: 5.1.0
Interrupt handler set up.
========================================
Checkout
========================================
Clone URL: https://github.com/rudderlabs/crash-reporter-ios.git
Reference: master
Initialized empty Git repository in /host/spi-builder-workspace/.git/
hint: Using 'master' as the name for the initial branch. This default branch name
hint: is subject to change. To configure the initial branch name to use in all
hint: of your new repositories, which will suppress this warning, call:
hint:
hint: 	git config --global init.defaultBranch <name>
hint:
hint: Names commonly chosen instead of 'master' are 'main', 'trunk' and
hint: 'development'. The just-created branch can be renamed via this command:
hint:
hint: 	git branch -m <name>
From https://github.com/rudderlabs/crash-reporter-ios
 * branch            master     -> FETCH_HEAD
 * [new branch]      master     -> origin/master
HEAD is now at 9eef268 chore(docs): add deprecation notice to README (#18)
Cloned https://github.com/rudderlabs/crash-reporter-ios.git
Revision (git rev-parse @):
9eef2681517344fa20f7c6867f930c0915f876f7
SUCCESS checkout https://github.com/rudderlabs/crash-reporter-ios.git at master
========================================
Build
========================================
Selected platform:         linux
Swift version:             6.4
Building package at path:  $PWD
https://github.com/rudderlabs/crash-reporter-ios.git
Running build ...
bash -c docker run --pull=always --rm -v "checkouts-54344843-0":/host -w "$PWD" -e JAVA_HOME="/root/.sdkman/candidates/java/current" -e SPI_BUILD="1" -e SPI_PROCESSING="1" registry.gitlab.com/saguaro1/spi-images:basic-6.4-latest swift build --triple x86_64-unknown-linux-gnu 2>&1
basic-6.4-latest: Pulling from saguaro1/spi-images
Digest: sha256:c77fcce225e223ac0fafed844619173fc6de8d62dd560eeb28db3182af6a282b
Status: Image is up to date for registry.gitlab.com/saguaro1/spi-images:basic-6.4-latest
Building for debugging...
[Planning deferred tasks]
In file included from /host/spi-builder-workspace/RSCrashReporter/RSCrashReporterFeatureFlag.m:9:
/host/spi-builder-workspace/RSCrashReporter/include/RSCrashReporter/RSCrashReporterFeatureFlag.h:9:9: fatal error: 'Foundation/Foundation.h' file not found
    9 | #import <Foundation/Foundation.h>
      |         ^~~~~~~~~~~~~~~~~~~~~~~~~
1 error generated.
error: CompileC /host/spi-builder-workspace/.build/out/Intermediates.noindex/RSCrashReporter.build/Debug-linux-x86_64/RSCrashReporter-t.build/Objects-normal/x86_64/RSCrashReporterFeatureFlag.o /host/spi-builder-workspace/RSCrashReporter/RSCrashReporterFeatureFlag.m normal x86_64 objective-c com.apple.compilers.llvm.clang.1_0.compiler failed with a nonzero exit code. Command line:     cd /host

    Using response file: /host/spi-builder-workspace/.build/out/Intermediates.noindex/RSCrashReporter.build/Debug-linux-x86_64/RSCrashReporter-t.build/Objects-normal/x86_64/6f95552a3397ee1cec971b90cf334075d5f321c3a3b0689ad55c3d1e24702600-common-args.resp

    /usr/bin/clang -x objective-c -target x86_64-unknown-linux-gnu -fmessage-length\=0 -fdiagnostics-show-note-include-stack -fmacro-backtrace-limit\=0 -fcolor-diagnostics -Wno-trigraphs -Wno-missing-field-initializers -Wno-missing-prototypes -Wno-return-type -Wno-implicit-atomic-properties -Wno-objc-interface-ivars -Wno-arc-repeated-use-of-weak -Wno-missing-braces -Wparentheses -Wswitch -Wno-unused-function -Wno-unused-label -Wno-unused-parameter -Wno-unused-variable -Wunused-value -Wno-empty-body -Wno-uninitialized -Wno-unknown-pragmas -Wno-shadow -Wno-four-char-constants -Wno-conversion -Wno-constant-conversion -Wno-int-conversion -Wno-bool-conversion -Wno-enum-conversion -Wno-float-conversion -Wno-non-literal-null-conversion -Wno-objc-literal-conversion -Wno-shorten-64-to-32 -Wpointer-sign -Wno-newline-eof -Wno-selector -Wno-strict-selector-match -Wno-undeclared-selector -Wno-deprecated-implementations -Wno-implicit-fallthrough -fstrict-aliasing -Wprotocol -Wdeprecated-declarations -Wno-sign-conversion -Wno-infinite-recursion -Wno-comma -Wno-block-capture-autoreleasing -Wno-strict-prototypes -Wno-semicolon-before-method-body --sysroot / @/host/spi-builder-workspace/.build/out/Intermediates.noindex/RSCrashReporter.build/Debug-linux-x86_64/RSCrashReporter-t.build/Objects-normal/x86_64/6f95552a3397ee1cec971b90cf334075d5f321c3a3b0689ad55c3d1e24702600-common-args.resp -MMD -MT dependencies -MF /host/spi-builder-workspace/.build/out/Intermediates.noindex/RSCrashReporter.build/Debug-linux-x86_64/RSCrashReporter-t.build/Objects-normal/x86_64/RSCrashReporterFeatureFlag.d --serialize-diagnostics /host/spi-builder-workspace/.build/out/Intermediates.noindex/RSCrashReporter.build/Debug-linux-x86_64/RSCrashReporter-t.build/Objects-normal/x86_64/RSCrashReporterFeatureFlag.dia -c /host/spi-builder-workspace/RSCrashReporter/RSCrashReporterFeatureFlag.m -o /host/spi-builder-workspace/.build/out/Intermediates.noindex/RSCrashReporter.build/Debug-linux-x86_64/RSCrashReporter-t.build/Objects-normal/x86_64/RSCrashReporterFeatureFlag.o
In file included from /host/spi-builder-workspace/RSCrashReporter/RSCrashReporterLastRunInfo.m:9:
In file included from /host/spi-builder-workspace/RSCrashReporter/RSCrashReporterLastRunInfo+Private.h:9:
/host/spi-builder-workspace/RSCrashReporter/include/RSCrashReporter/RSCrashReporterLastRunInfo.h:9:9: fatal error: 'Foundation/Foundation.h' file not found
    9 | #import <Foundation/Foundation.h>
      |         ^~~~~~~~~~~~~~~~~~~~~~~~~
1 error generated.
error: CompileC /host/spi-builder-workspace/.build/out/Intermediates.noindex/RSCrashReporter.build/Debug-linux-x86_64/RSCrashReporter-t.build/Objects-normal/x86_64/RSCrashReporterLastRunInfo.o /host/spi-builder-workspace/RSCrashReporter/RSCrashReporterLastRunInfo.m normal x86_64 objective-c com.apple.compilers.llvm.clang.1_0.compiler failed with a nonzero exit code. Command line:     cd /host

    Using response file: /host/spi-builder-workspace/.build/out/Intermediates.noindex/RSCrashReporter.build/Debug-linux-x86_64/RSCrashReporter-t.build/Objects-normal/x86_64/6f95552a3397ee1cec971b90cf334075d5f321c3a3b0689ad55c3d1e24702600-common-args.resp

    /usr/bin/clang -x objective-c -target x86_64-unknown-linux-gnu -fmessage-length\=0 -fdiagnostics-show-note-include-stack -fmacro-backtrace-limit\=0 -fcolor-diagnostics -Wno-trigraphs -Wno-missing-field-initializers -Wno-missing-prototypes -Wno-return-type -Wno-implicit-atomic-properties -Wno-objc-interface-ivars -Wno-arc-repeated-use-of-weak -Wno-missing-braces -Wparentheses -Wswitch -Wno-unused-function -Wno-unused-label -Wno-unused-parameter -Wno-unused-variable -Wunused-value -Wno-empty-body -Wno-uninitialized -Wno-unknown-pragmas -Wno-shadow -Wno-four-char-constants -Wno-conversion -Wno-constant-conversion -Wno-int-conversion -Wno-bool-conversion -Wno-enum-conversion -Wno-float-conversion -Wno-non-literal-null-conversion -Wno-objc-literal-conversion -Wno-shorten-64-to-32 -Wpointer-sign -Wno-newline-eof -Wno-selector -Wno-strict-selector-match -Wno-undeclared-selector -Wno-deprecated-implementations -Wno-implicit-fallthrough -fstrict-aliasing -Wprotocol -Wdeprecated-declarations -Wno-sign-conversion -Wno-infinite-recursion -Wno-comma -Wno-block-capture-autoreleasing -Wno-strict-prototypes -Wno-semicolon-before-method-body --sysroot / @/host/spi-builder-workspace/.build/out/Intermediates.noindex/RSCrashReporter.build/Debug-linux-x86_64/RSCrashReporter-t.build/Objects-normal/x86_64/6f95552a3397ee1cec971b90cf334075d5f321c3a3b0689ad55c3d1e24702600-common-args.resp -MMD -MT dependencies -MF /host/spi-builder-workspace/.build/out/Intermediates.noindex/RSCrashReporter.build/Debug-linux-x86_64/RSCrashReporter-t.build/Objects-normal/x86_64/RSCrashReporterLastRunInfo.d --serialize-diagnostics /host/spi-builder-workspace/.build/out/Intermediates.noindex/RSCrashReporter.build/Debug-linux-x86_64/RSCrashReporter-t.build/Objects-normal/x86_64/RSCrashReporterLastRunInfo.dia -c /host/spi-builder-workspace/RSCrashReporter/RSCrashReporterLastRunInfo.m -o /host/spi-builder-workspace/.build/out/Intermediates.noindex/RSCrashReporter.build/Debug-linux-x86_64/RSCrashReporter-t.build/Objects-normal/x86_64/RSCrashReporterLastRunInfo.o
In file included from /host/spi-builder-workspace/RSCrashReporter/RSCrashReporterSessionTracker.m:9:
/host/spi-builder-workspace/RSCrashReporter/RSCrashReporterSessionTracker.h:9:9: fatal error: 'Foundation/Foundation.h' file not found
    9 | #import <Foundation/Foundation.h>
      |         ^~~~~~~~~~~~~~~~~~~~~~~~~
1 error generated.
error: CompileC /host/spi-builder-workspace/.build/out/Intermediates.noindex/RSCrashReporter.build/Debug-linux-x86_64/RSCrashReporter-t.build/Objects-normal/x86_64/RSCrashReporterSessionTracker.o /host/spi-builder-workspace/RSCrashReporter/RSCrashReporterSessionTracker.m normal x86_64 objective-c com.apple.compilers.llvm.clang.1_0.compiler failed with a nonzero exit code. Command line:     cd /host

    Using response file: /host/spi-builder-workspace/.build/out/Intermediates.noindex/RSCrashReporter.build/Debug-linux-x86_64/RSCrashReporter-t.build/Objects-normal/x86_64/6f95552a3397ee1cec971b90cf334075d5f321c3a3b0689ad55c3d1e24702600-common-args.resp

    /usr/bin/clang -x objective-c -target x86_64-unknown-linux-gnu -fmessage-length\=0 -fdiagnostics-show-note-include-stack -fmacro-backtrace-limit\=0 -fcolor-diagnostics -Wno-trigraphs -Wno-missing-field-initializers -Wno-missing-prototypes -Wno-return-type -Wno-implicit-atomic-properties -Wno-objc-interface-ivars -Wno-arc-repeated-use-of-weak -Wno-missing-braces -Wparentheses -Wswitch -Wno-unused-function -Wno-unused-label -Wno-unused-parameter -Wno-unused-variable -Wunused-value -Wno-empty-body -Wno-uninitialized -Wno-unknown-pragmas -Wno-shadow -Wno-four-char-constants -Wno-conversion -Wno-constant-conversion -Wno-int-conversion -Wno-bool-conversion -Wno-enum-conversion -Wno-float-conversion -Wno-non-literal-null-conversion -Wno-objc-literal-conversion -Wno-shorten-64-to-32 -Wpointer-sign -Wno-newline-eof -Wno-selector -Wno-strict-selector-match -Wno-undeclared-selector -Wno-deprecated-implementations -Wno-implicit-fallthrough -fstrict-aliasing -Wprotocol -Wdeprecated-declarations -Wno-sign-conversion -Wno-infinite-recursion -Wno-comma -Wno-block-capture-autoreleasing -Wno-strict-prototypes -Wno-semicolon-before-method-body --sysroot / @/host/spi-builder-workspace/.build/out/Intermediates.noindex/RSCrashReporter.build/Debug-linux-x86_64/RSCrashReporter-t.build/Objects-normal/x86_64/6f95552a3397ee1cec971b90cf334075d5f321c3a3b0689ad55c3d1e24702600-common-args.resp -MMD -MT dependencies -MF /host/spi-builder-workspace/.build/out/Intermediates.noindex/RSCrashReporter.build/Debug-linux-x86_64/RSCrashReporter-t.build/Objects-normal/x86_64/RSCrashReporterSessionTracker.d --serialize-diagnostics /host/spi-builder-workspace/.build/out/Intermediates.noindex/RSCrashReporter.build/Debug-linux-x86_64/RSCrashReporter-t.build/Objects-normal/x86_64/RSCrashReporterSessionTracker.dia -c /host/spi-builder-workspace/RSCrashReporter/RSCrashReporterSessionTracker.m -o /host/spi-builder-workspace/.build/out/Intermediates.noindex/RSCrashReporter.build/Debug-linux-x86_64/RSCrashReporter-t.build/Objects-normal/x86_64/RSCrashReporterSessionTracker.o
In file included from /host/spi-builder-workspace/RSCrashReporter/Storage/RSCStorageMigratorV0V1.m:9:
/host/spi-builder-workspace/RSCrashReporter/Storage/RSCStorageMigratorV0V1.h:9:9: fatal error: 'Foundation/Foundation.h' file not found
    9 | #import <Foundation/Foundation.h>
      |         ^~~~~~~~~~~~~~~~~~~~~~~~~
1 error generated.
error: CompileC /host/spi-builder-workspace/.build/out/Intermediates.noindex/RSCrashReporter.build/Debug-linux-x86_64/RSCrashReporter-t.build/Objects-normal/x86_64/RSCStorageMigratorV0V1.o /host/spi-builder-workspace/RSCrashReporter/Storage/RSCStorageMigratorV0V1.m normal x86_64 objective-c com.apple.compilers.llvm.clang.1_0.compiler failed with a nonzero exit code. Command line:     cd /host

    Using response file: /host/spi-builder-workspace/.build/out/Intermediates.noindex/RSCrashReporter.build/Debug-linux-x86_64/RSCrashReporter-t.build/Objects-normal/x86_64/6f95552a3397ee1cec971b90cf334075d5f321c3a3b0689ad55c3d1e24702600-common-args.resp

    /usr/bin/clang -x objective-c -target x86_64-unknown-linux-gnu -fmessage-length\=0 -fdiagnostics-show-note-include-stack -fmacro-backtrace-limit\=0 -fcolor-diagnostics -Wno-trigraphs -Wno-missing-field-initializers -Wno-missing-prototypes -Wno-return-type -Wno-implicit-atomic-properties -Wno-objc-interface-ivars -Wno-arc-repeated-use-of-weak -Wno-missing-braces -Wparentheses -Wswitch -Wno-unused-function -Wno-unused-label -Wno-unused-parameter -Wno-unused-variable -Wunused-value -Wno-empty-body -Wno-uninitialized -Wno-unknown-pragmas -Wno-shadow -Wno-four-char-constants -Wno-conversion -Wno-constant-conversion -Wno-int-conversion -Wno-bool-conversion -Wno-enum-conversion -Wno-float-conversion -Wno-non-literal-null-conversion -Wno-objc-literal-conversion -Wno-shorten-64-to-32 -Wpointer-sign -Wno-newline-eof -Wno-selector -Wno-strict-selector-match -Wno-undeclared-selector -Wno-deprecated-implementations -Wno-implicit-fallthrough -fstrict-aliasing -Wprotocol -Wdeprecated-declarations -Wno-sign-conversion -Wno-infinite-recursion -Wno-comma -Wno-block-capture-autoreleasing -Wno-strict-prototypes -Wno-semicolon-before-method-body --sysroot / @/host/spi-builder-workspace/.build/out/Intermediates.noindex/RSCrashReporter.build/Debug-linux-x86_64/RSCrashReporter-t.build/Objects-normal/x86_64/6f95552a3397ee1cec971b90cf334075d5f321c3a3b0689ad55c3d1e24702600-common-args.resp -MMD -MT dependencies -MF /host/spi-builder-workspace/.build/out/Intermediates.noindex/RSCrashReporter.build/Debug-linux-x86_64/RSCrashReporter-t.build/Objects-normal/x86_64/RSCStorageMigratorV0V1.d --serialize-diagnostics /host/spi-builder-workspace/.build/out/Intermediates.noindex/RSCrashReporter.build/Debug-linux-x86_64/RSCrashReporter-t.build/Objects-normal/x86_64/RSCStorageMigratorV0V1.dia -c /host/spi-builder-workspace/RSCrashReporter/Storage/RSCStorageMigratorV0V1.m -o /host/spi-builder-workspace/.build/out/Intermediates.noindex/RSCrashReporter.build/Debug-linux-x86_64/RSCrashReporter-t.build/Objects-normal/x86_64/RSCStorageMigratorV0V1.o
In file included from /host/spi-builder-workspace/RSCrashReporter/RSCrashReporterSystemState.m:9:
/host/spi-builder-workspace/RSCrashReporter/RSCrashReporterSystemState.h:9:9: fatal error: 'Foundation/Foundation.h' file not found
    9 | #import <Foundation/Foundation.h>
      |         ^~~~~~~~~~~~~~~~~~~~~~~~~
1 error generated.
error: CompileC /host/spi-builder-workspace/.build/out/Intermediates.noindex/RSCrashReporter.build/Debug-linux-x86_64/RSCrashReporter-t.build/Objects-normal/x86_64/RSCrashReporterSystemState.o /host/spi-builder-workspace/RSCrashReporter/RSCrashReporterSystemState.m normal x86_64 objective-c com.apple.compilers.llvm.clang.1_0.compiler failed with a nonzero exit code. Command line:     cd /host

    Using response file: /host/spi-builder-workspace/.build/out/Intermediates.noindex/RSCrashReporter.build/Debug-linux-x86_64/RSCrashReporter-t.build/Objects-normal/x86_64/6f95552a3397ee1cec971b90cf334075d5f321c3a3b0689ad55c3d1e24702600-common-args.resp

    /usr/bin/clang -x objective-c -target x86_64-unknown-linux-gnu -fmessage-length\=0 -fdiagnostics-show-note-include-stack -fmacro-backtrace-limit\=0 -fcolor-diagnostics -Wno-trigraphs -Wno-missing-field-initializers -Wno-missing-prototypes -Wno-return-type -Wno-implicit-atomic-properties -Wno-objc-interface-ivars -Wno-arc-repeated-use-of-weak -Wno-missing-braces -Wparentheses -Wswitch -Wno-unused-function -Wno-unused-label -Wno-unused-parameter -Wno-unused-variable -Wunused-value -Wno-empty-body -Wno-uninitialized -Wno-unknown-pragmas -Wno-shadow -Wno-four-char-constants -Wno-conversion -Wno-constant-conversion -Wno-int-conversion -Wno-bool-conversion -Wno-enum-conversion -Wno-float-conversion -Wno-non-literal-null-conversion -Wno-objc-literal-conversion -Wno-shorten-64-to-32 -Wpointer-sign -Wno-newline-eof -Wno-selector -Wno-strict-selector-match -Wno-undeclared-selector -Wno-deprecated-implementations -Wno-implicit-fallthrough -fstrict-aliasing -Wprotocol -Wdeprecated-declarations -Wno-sign-conversion -Wno-infinite-recursion -Wno-comma -Wno-block-capture-autoreleasing -Wno-strict-prototypes -Wno-semicolon-before-method-body --sysroot / @/host/spi-builder-workspace/.build/out/Intermediates.noindex/RSCrashReporter.build/Debug-linux-x86_64/RSCrashReporter-t.build/Objects-normal/x86_64/6f95552a3397ee1cec971b90cf334075d5f321c3a3b0689ad55c3d1e24702600-common-args.resp -MMD -MT dependencies -MF /host/spi-builder-workspace/.build/out/Intermediates.noindex/RSCrashReporter.build/Debug-linux-x86_64/RSCrashReporter-t.build/Objects-normal/x86_64/RSCrashReporterSystemState.d --serialize-diagnostics /host/spi-builder-workspace/.build/out/Intermediates.noindex/RSCrashReporter.build/Debug-linux-x86_64/RSCrashReporter-t.build/Objects-normal/x86_64/RSCrashReporterSystemState.dia -c /host/spi-builder-workspace/RSCrashReporter/RSCrashReporterSystemState.m -o /host/spi-builder-workspace/.build/out/Intermediates.noindex/RSCrashReporter.build/Debug-linux-x86_64/RSCrashReporter-t.build/Objects-normal/x86_64/RSCrashReporterSystemState.o
In file included from /host/spi-builder-workspace/RSCrashReporter/Payload/RSCrashReporterUser.m:9:
In file included from /host/spi-builder-workspace/RSCrashReporter/Payload/RSCrashReporterUser+Private.h:9:
/host/spi-builder-workspace/RSCrashReporter/Helpers/RSCDefines.h:11:10: fatal error: 'TargetConditionals.h' file not found
   11 | #include <TargetConditionals.h>
      |          ^~~~~~~~~~~~~~~~~~~~~~
1 error generated.
error: CompileC /host/spi-builder-workspace/.build/out/Intermediates.noindex/RSCrashReporter.build/Debug-linux-x86_64/RSCrashReporter-t.build/Objects-normal/x86_64/RSCrashReporterUser.o /host/spi-builder-workspace/RSCrashReporter/Payload/RSCrashReporterUser.m normal x86_64 objective-c com.apple.compilers.llvm.clang.1_0.compiler failed with a nonzero exit code. Command line:     cd /host

    Using response file: /host/spi-builder-workspace/.build/out/Intermediates.noindex/RSCrashReporter.build/Debug-linux-x86_64/RSCrashReporter-t.build/Objects-normal/x86_64/6f95552a3397ee1cec971b90cf334075d5f321c3a3b0689ad55c3d1e24702600-common-args.resp

    /usr/bin/clang -x objective-c -target x86_64-unknown-linux-gnu -fmessage-length\=0 -fdiagnostics-show-note-include-stack -fmacro-backtrace-limit\=0 -fcolor-diagnostics -Wno-trigraphs -Wno-missing-field-initializers -Wno-missing-prototypes -Wno-return-type -Wno-implicit-atomic-properties -Wno-objc-interface-ivars -Wno-arc-repeated-use-of-weak -Wno-missing-braces -Wparentheses -Wswitch -Wno-unused-function -Wno-unused-label -Wno-unused-parameter -Wno-unused-variable -Wunused-value -Wno-empty-body -Wno-uninitialized -Wno-unknown-pragmas -Wno-shadow -Wno-four-char-constants -Wno-conversion -Wno-constant-conversion -Wno-int-conversion -Wno-bool-conversion -Wno-enum-conversion -Wno-float-conversion -Wno-non-literal-null-conversion -Wno-objc-literal-conversion -Wno-shorten-64-to-32 -Wpointer-sign -Wno-newline-eof -Wno-selector -Wno-strict-selector-match -Wno-undeclared-selector -Wno-deprecated-implementations -Wno-implicit-fallthrough -fstrict-aliasing -Wprotocol -Wdeprecated-declarations -Wno-sign-conversion -Wno-infinite-recursion -Wno-comma -Wno-block-capture-autoreleasing -Wno-strict-prototypes -Wno-semicolon-before-method-body --sysroot / @/host/spi-builder-workspace/.build/out/Intermediates.noindex/RSCrashReporter.build/Debug-linux-x86_64/RSCrashReporter-t.build/Objects-normal/x86_64/6f95552a3397ee1cec971b90cf334075d5f321c3a3b0689ad55c3d1e24702600-common-args.resp -MMD -MT dependencies -MF /host/spi-builder-workspace/.build/out/Intermediates.noindex/RSCrashReporter.build/Debug-linux-x86_64/RSCrashReporter-t.build/Objects-normal/x86_64/RSCrashReporterUser.d --serialize-diagnostics /host/spi-builder-workspace/.build/out/Intermediates.noindex/RSCrashReporter.build/Debug-linux-x86_64/RSCrashReporter-t.build/Objects-normal/x86_64/RSCrashReporterUser.dia -c /host/spi-builder-workspace/RSCrashReporter/Payload/RSCrashReporterUser.m -o /host/spi-builder-workspace/.build/out/Intermediates.noindex/RSCrashReporter.build/Debug-linux-x86_64/RSCrashReporter-t.build/Objects-normal/x86_64/RSCrashReporterUser.o
error: Build failed
BUILD FAILURE 6.4 linux