The Swift Package Index logo.Swift Package Index

Build Information

Failed to build WandUI, reference main (5224b3), with Swift 6.4 for tvOS using Xcode 27.0 on 24 Sep 2026 08:47:51 UTC.

Build Command

env DEVELOPER_DIR=/Applications/Xcode-27.0.0-Release.Candidate.app xcrun xcodebuild -IDEClonedSourcePackagesDirPathOverride=$PWD/.dependencies -skipMacroValidation -skipPackagePluginValidation -derivedDataPath $PWD/.derivedData build -scheme WandUI -destination generic/platform=tvOS

Build Log

SwiftExplicitDependencyGeneratePcm arm64 /Users/admin/builder/spi-builder-workspace/.derivedData/SDKExplicitPrecompiledModules/_Builtin_stddef-9ZJZ6FDEZNKTZU8YLPMFT9RAQ.pcm
SwiftExplicitDependencyGeneratePcm arm64 /Users/admin/builder/spi-builder-workspace/.derivedData/SDKExplicitPrecompiledModules/_Builtin_stdbool-AHRDH5EKLY6D04C5E42F3VCQI.pcm
SwiftExplicitDependencyGeneratePcm arm64 /Users/admin/builder/spi-builder-workspace/.derivedData/SDKExplicitPrecompiledModules/ptrauth-8X2KEPL7CTRPS40TUB9APHPK6.pcm
SwiftExplicitDependencyGeneratePcm arm64 /Users/admin/builder/spi-builder-workspace/.derivedData/SDKExplicitPrecompiledModules/SwiftShims-8N4EXJ4RUJTR8K9OO3CMOH1EP.pcm
SwiftExplicitDependencyGeneratePcm arm64 /Users/admin/builder/spi-builder-workspace/.derivedData/SDKExplicitPrecompiledModules/_Builtin_stdarg-BO2OCAUYVAXDRVQWQ8ISKGNUQ.pcm
SwiftExplicitDependencyGeneratePcm arm64 /Users/admin/builder/spi-builder-workspace/.derivedData/SDKExplicitPrecompiledModules/_Builtin_float-8ZJAYZ85YBOAOP52Y9H6IUNP3.pcm
SwiftExplicitDependencyGeneratePcm arm64 /Users/admin/builder/spi-builder-workspace/.derivedData/SDKExplicitPrecompiledModules/_AvailabilityInternal-BV2EDDP0MI5QJDDPEEV4D9D3V.pcm
SwiftExplicitDependencyGeneratePcm arm64 /Users/admin/builder/spi-builder-workspace/.derivedData/SDKExplicitPrecompiledModules/_SwiftConcurrencyShims-BY5PD8KF1L5KF6F4Q69HE3TJ4.pcm
SwiftExplicitDependencyGeneratePcm arm64 /Users/admin/builder/spi-builder-workspace/.derivedData/SDKExplicitPrecompiledModules/DeveloperToolsSupport-B1X8RI63V48AJRTH2RK6JAARV.pcm
SwiftExplicitDependencyGeneratePcm arm64 /Users/admin/builder/spi-builder-workspace/.derivedData/SDKExplicitPrecompiledModules/ptrcheck-2AZ6B5IBYD3RRRTFWN2ONASY3.pcm
SwiftExplicitDependencyGeneratePcm arm64 /Users/admin/builder/spi-builder-workspace/.derivedData/SDKExplicitPrecompiledModules/_DarwinFoundation1-JOTYMOA1YZCIJ2NON6FQ848O.pcm
SwiftExplicitDependencyGeneratePcm arm64 /Users/admin/builder/spi-builder-workspace/.derivedData/SDKExplicitPrecompiledModules/_Builtin_limits-7JU2HP127LIT1X9E2V3D8WZ1.pcm
SwiftExplicitDependencyGeneratePcm arm64 /Users/admin/builder/spi-builder-workspace/.derivedData/SDKExplicitPrecompiledModules/_DarwinFoundation2-AOGAN1O02NKXRJN5V73AV3V3M.pcm
SwiftExplicitDependencyGeneratePcm arm64 /Users/admin/builder/spi-builder-workspace/.derivedData/SDKExplicitPrecompiledModules/sys_types-8GCAV1YMG5UUGHUID3CA20TCH.pcm
SwiftExplicitDependencyGeneratePcm arm64 /Users/admin/builder/spi-builder-workspace/.derivedData/SDKExplicitPrecompiledModules/_Builtin_stdint-6NFTB6IBKS143IVPGT1EKB7HO.pcm
SwiftExplicitDependencyGeneratePcm arm64 /Users/admin/builder/spi-builder-workspace/.derivedData/SDKExplicitPrecompiledModules/string_h-6EVHP7A717OUS5DMC78F79HWO.pcm
SwiftExplicitDependencyGeneratePcm arm64 /Users/admin/builder/spi-builder-workspace/.derivedData/SDKExplicitPrecompiledModules/_Builtin_tgmath-7ULT1EUHDHW4OZPSTT33H6QGE.pcm
SwiftExplicitDependencyGeneratePcm arm64 /Users/admin/builder/spi-builder-workspace/.derivedData/SDKExplicitPrecompiledModules/_Builtin_stdatomic-3YXHN678NGYM3NL9POJ2HVEIF.pcm
SwiftExplicitDependencyGeneratePcm arm64 /Users/admin/builder/spi-builder-workspace/.derivedData/SDKExplicitPrecompiledModules/_DarwinFoundation3-8SR3855WDFHQPR6G9GHOI2C07.pcm
SwiftExplicitDependencyGeneratePcm arm64 /Users/admin/builder/spi-builder-workspace/.derivedData/SDKExplicitPrecompiledModules/_Builtin_intrinsics-437O2R2NID4WAQVENR63GR82C.pcm
SwiftExplicitDependencyGeneratePcm arm64 /Users/admin/builder/spi-builder-workspace/.derivedData/SDKExplicitPrecompiledModules/_Builtin_inttypes-6X1IQ3QK9KEVKXOK9Y79EW7J3.pcm
SwiftExplicitDependencyGeneratePcm arm64 /Users/admin/builder/spi-builder-workspace/.derivedData/SDKExplicitPrecompiledModules/Darwin-DBSQAVBBPC3D2OMU5ZI2RXMST.pcm
SwiftExplicitDependencyGeneratePcm arm64 /Users/admin/builder/spi-builder-workspace/.derivedData/SDKExplicitPrecompiledModules/simd-117QUXEUT3Z7UQCUYWV2UA228.pcm
SwiftExplicitDependencyGeneratePcm arm64 /Users/admin/builder/spi-builder-workspace/.derivedData/SDKExplicitPrecompiledModules/MachO-EH3F5PJCIZG05NO51CEFSZYPW.pcm
SwiftExplicitDependencyGeneratePcm arm64 /Users/admin/builder/spi-builder-workspace/.derivedData/SDKExplicitPrecompiledModules/ObjectiveC-5250FDCE56N8508OR6XUYDKZM.pcm
SwiftExplicitDependencyGeneratePcm arm64 /Users/admin/builder/spi-builder-workspace/.derivedData/SDKExplicitPrecompiledModules/os_object-E2DGZ0SX0TULQHULZRPO6OKNW.pcm
SwiftExplicitDependencyGeneratePcm arm64 /Users/admin/builder/spi-builder-workspace/.derivedData/SDKExplicitPrecompiledModules/os_workgroup-DBUFF7811DKMX7VPBOJPGGF1U.pcm
SwiftExplicitDependencyGeneratePcm arm64 /Users/admin/builder/spi-builder-workspace/.derivedData/SDKExplicitPrecompiledModules/Spatial-7U8NLEFXSB8BR7PJQGVMF5A4Q.pcm
SwiftExplicitDependencyGeneratePcm arm64 /Users/admin/builder/spi-builder-workspace/.derivedData/SDKExplicitPrecompiledModules/Dispatch-1QL58A0V50C39KVAIC6C38SHL.pcm
SwiftExplicitDependencyGeneratePcm arm64 /Users/admin/builder/spi-builder-workspace/.derivedData/SDKExplicitPrecompiledModules/XPC-6O2DJFT3QUJ7QKTD3SNUB6PCR.pcm
SwiftExplicitDependencyGeneratePcm arm64 /Users/admin/builder/spi-builder-workspace/.derivedData/SDKExplicitPrecompiledModules/CoreFoundation-7TPJ7ENDC4L1A1ESHYI9TXS0D.pcm
SwiftExplicitDependencyGeneratePcm arm64 /Users/admin/builder/spi-builder-workspace/.derivedData/SDKExplicitPrecompiledModules/os-3GJI8H0BNAEZPQPQ1V0VVY3FY.pcm
SwiftExplicitDependencyGeneratePcm arm64 /Users/admin/builder/spi-builder-workspace/.derivedData/SDKExplicitPrecompiledModules/CFNetwork-2CUR2VK9S3S3WPFXPNXNUWYGN.pcm
SwiftExplicitDependencyGeneratePcm arm64 /Users/admin/builder/spi-builder-workspace/.derivedData/SDKExplicitPrecompiledModules/CoreGraphics-CWSP3J98S2658BYCVL6RP99T3.pcm
SwiftExplicitDependencyGeneratePcm arm64 /Users/admin/builder/spi-builder-workspace/.derivedData/SDKExplicitPrecompiledModules/Security-8VMXEKVDA3MHUH9AOTP905DID.pcm
SwiftExplicitDependencyGeneratePcm arm64 /Users/admin/builder/spi-builder-workspace/.derivedData/SDKExplicitPrecompiledModules/Foundation-BSSIP64DIGUKMAYJOG1WPQ78X.pcm
SwiftExplicitDependencyGeneratePcm arm64 /Users/admin/builder/spi-builder-workspace/.derivedData/SDKExplicitPrecompiledModules/ImageIO-88D4CLEBD4CLWQKT78PZ6H1O8.pcm
SwiftExplicitDependencyGeneratePcm arm64 /Users/admin/builder/spi-builder-workspace/.derivedData/SDKExplicitPrecompiledModules/CoreText-59NY7PABM0I4V978161FOC04A.pcm
SwiftExplicitDependencyGeneratePcm arm64 /Users/admin/builder/spi-builder-workspace/.derivedData/SDKExplicitPrecompiledModules/Symbols-B5AU9VM9Y7NU79RLMH13Z4IFM.pcm
SwiftExplicitDependencyGeneratePcm arm64 /Users/admin/builder/spi-builder-workspace/.derivedData/SDKExplicitPrecompiledModules/CoreTransferable-7V4O8DATEQ9F7SDNTCW8YWLG3.pcm
SwiftExplicitDependencyGeneratePcm arm64 /Users/admin/builder/spi-builder-workspace/.derivedData/SDKExplicitPrecompiledModules/UniformTypeIdentifiers-95CC8U42ZA9STP5K6GP9ZVJS5.pcm
SwiftExplicitDependencyGeneratePcm arm64 /Users/admin/builder/spi-builder-workspace/.derivedData/SDKExplicitPrecompiledModules/UIUtilities-6ZFJ1AK4H8IBGEBMYQBWGBYLK.pcm
SwiftExplicitDependencyGeneratePcm arm64 /Users/admin/builder/spi-builder-workspace/.derivedData/SDKExplicitPrecompiledModules/DataDetection-37JIYZ2GWDA1L166PP1D9JKAF.pcm
SwiftExplicitDependencyGeneratePcm arm64 /Users/admin/builder/spi-builder-workspace/.derivedData/SDKExplicitPrecompiledModules/UserNotifications-E9ZW5TH066WIJWH9080RC5NG4.pcm
SwiftExplicitDependencyGeneratePcm arm64 /Users/admin/builder/spi-builder-workspace/.derivedData/SDKExplicitPrecompiledModules/_LocationEssentials-ETSJ65FELPWR8WH8G49R1DF2E.pcm
SwiftExplicitDependencyGeneratePcm arm64 /Users/admin/builder/spi-builder-workspace/.derivedData/SDKExplicitPrecompiledModules/Accessibility-B6BODGZ4MQQTY0PBC4SHRP009.pcm
SwiftExplicitDependencyGeneratePcm arm64 /Users/admin/builder/spi-builder-workspace/.derivedData/SDKExplicitPrecompiledModules/OSLog-7OT6HHTMY0ZFEQJ095LJZ6NLC.pcm
SwiftExplicitDependencyGeneratePcm arm64 /Users/admin/builder/spi-builder-workspace/.derivedData/SDKExplicitPrecompiledModules/IOSurface-38FJ1CKX9FV2RD97O64Z7QB17.pcm
SwiftExplicitDependencyGeneratePcm arm64 /Users/admin/builder/spi-builder-workspace/.derivedData/SDKExplicitPrecompiledModules/CoreLocation-YVXXAOMVX0JH2KO1XTTKTY51.pcm
SwiftExplicitDependencyGeneratePcm arm64 /Users/admin/builder/spi-builder-workspace/.derivedData/SDKExplicitPrecompiledModules/OpenGLES-4NY99CNDU9WUNUYEIXSS1QFGE.pcm
SwiftExplicitDependencyGeneratePcm arm64 /Users/admin/builder/spi-builder-workspace/.derivedData/SDKExplicitPrecompiledModules/Metal-2KYBS7IML1SD788M91YV7Q0CC.pcm
SwiftExplicitDependencyGeneratePcm arm64 /Users/admin/builder/spi-builder-workspace/.derivedData/SDKExplicitPrecompiledModules/CoreVideo-DPU0PB5X0XLSVA2ETRGI6FJBM.pcm
SwiftExplicitDependencyGeneratePcm arm64 /Users/admin/builder/spi-builder-workspace/.derivedData/SDKExplicitPrecompiledModules/QuartzCore-DJSYAWKXFGVSAK5CQMOB3JSR.pcm
SwiftExplicitDependencyGeneratePcm arm64 /Users/admin/builder/spi-builder-workspace/.derivedData/SDKExplicitPrecompiledModules/CoreImage-7S2AFJ8EIY3DUFYLEAX1JR1QV.pcm
SwiftExplicitDependencyGeneratePcm arm64 /Users/admin/builder/spi-builder-workspace/.derivedData/SDKExplicitPrecompiledModules/SwiftUICore-543QU5V2NHKUFCYFJDKUJ7NYG.pcm
SwiftExplicitDependencyGeneratePcm arm64 /Users/admin/builder/spi-builder-workspace/.derivedData/SDKExplicitPrecompiledModules/UIKit-1TKWN7VC2X6N3ITMRVA2G0EB2.pcm
SwiftCompile normal arm64 Compiling\ All.swift,\ Any.swift,\ Counting.swift,\ Retry.swift /Users/admin/builder/spi-builder-workspace/.dependencies/checkouts/Wand/Sources/Wand/|/Addons/All.swift /Users/admin/builder/spi-builder-workspace/.dependencies/checkouts/Wand/Sources/Wand/|/Addons/Any.swift /Users/admin/builder/spi-builder-workspace/.dependencies/checkouts/Wand/Sources/Wand/|/Addons/Counting.swift /Users/admin/builder/spi-builder-workspace/.dependencies/checkouts/Wand/Sources/Wand/|/Addons/Retry.swift (in target 'Wand' from project 'Wand')
SwiftCompile normal arm64 /Users/admin/builder/spi-builder-workspace/.dependencies/checkouts/Wand/Sources/Wand/|/Addons/All.swift (in target 'Wand' from project 'Wand')
    cd /Users/admin/builder/spi-builder-workspace/.swiftpm/xcode
    builtin-SwiftPerFileCompile All.swift
SwiftCompile normal arm64 /Users/admin/builder/spi-builder-workspace/.dependencies/checkouts/Wand/Sources/Wand/|/Addons/Any.swift (in target 'Wand' from project 'Wand')
    cd /Users/admin/builder/spi-builder-workspace/.swiftpm/xcode
    builtin-SwiftPerFileCompile Any.swift
SwiftCompile normal arm64 /Users/admin/builder/spi-builder-workspace/.dependencies/checkouts/Wand/Sources/Wand/|/Addons/Counting.swift (in target 'Wand' from project 'Wand')
    cd /Users/admin/builder/spi-builder-workspace/.swiftpm/xcode
    builtin-SwiftPerFileCompile Counting.swift
SwiftCompile normal arm64 /Users/admin/builder/spi-builder-workspace/.dependencies/checkouts/Wand/Sources/Wand/|/Addons/Retry.swift (in target 'Wand' from project 'Wand')
    cd /Users/admin/builder/spi-builder-workspace/.swiftpm/xcode
    builtin-SwiftPerFileCompile Retry.swift
SwiftEmitModule normal arm64 Emitting\ module\ for\ Wand (in target 'Wand' from project 'Wand')
SwiftCompile normal arm64 (in target 'Wand' from project 'Wand')
    cd /Users/admin/builder/spi-builder-workspace/.swiftpm/xcode

SwiftCompile normal arm64 Compiling\ Sequence.swift,\ Task.swift,\ Time.swift,\ Ask.Nil.swift /Users/admin/builder/spi-builder-workspace/.dependencies/checkouts/Wand/Sources/Wand/|/Addons/Sequence.swift /Users/admin/builder/spi-builder-workspace/.dependencies/checkouts/Wand/Sources/Wand/|/Addons/Task.swift /Users/admin/builder/spi-builder-workspace/.dependencies/checkouts/Wand/Sources/Wand/|/Addons/Time.swift /Users/admin/builder/spi-builder-workspace/.dependencies/checkouts/Wand/Sources/Wand/|/Ask.Nil.swift (in target 'Wand' from project 'Wand')
SwiftCompile normal arm64 /Users/admin/builder/spi-builder-workspace/.dependencies/checkouts/Wand/Sources/Wand/|/Addons/Sequence.swift (in target 'Wand' from project 'Wand')
    cd /Users/admin/builder/spi-builder-workspace/.swiftpm/xcode
    builtin-SwiftPerFileCompile Sequence.swift
SwiftCompile normal arm64 /Users/admin/builder/spi-builder-workspace/.dependencies/checkouts/Wand/Sources/Wand/|/Addons/Task.swift (in target 'Wand' from project 'Wand')
    cd /Users/admin/builder/spi-builder-workspace/.swiftpm/xcode
    builtin-SwiftPerFileCompile Task.swift
SwiftCompile normal arm64 /Users/admin/builder/spi-builder-workspace/.dependencies/checkouts/Wand/Sources/Wand/|/Addons/Time.swift (in target 'Wand' from project 'Wand')
    cd /Users/admin/builder/spi-builder-workspace/.swiftpm/xcode
    builtin-SwiftPerFileCompile Time.swift
SwiftCompile normal arm64 /Users/admin/builder/spi-builder-workspace/.dependencies/checkouts/Wand/Sources/Wand/|/Ask.Nil.swift (in target 'Wand' from project 'Wand')
    cd /Users/admin/builder/spi-builder-workspace/.swiftpm/xcode
    builtin-SwiftPerFileCompile Ask.Nil.swift
SwiftCompile normal arm64 Compiling\ Ask.swift,\ Core.swift,\ Expressible.swift,\ ExpressibleByArray.swift /Users/admin/builder/spi-builder-workspace/.dependencies/checkouts/Wand/Sources/Wand/Ask.swift /Users/admin/builder/spi-builder-workspace/.dependencies/checkouts/Wand/Sources/Wand/Core/Core.swift /Users/admin/builder/spi-builder-workspace/.dependencies/checkouts/Wand/Sources/Wand/Core/Expressible/Expressible.swift /Users/admin/builder/spi-builder-workspace/.dependencies/checkouts/Wand/Sources/Wand/Core/Expressible/ExpressibleByArray.swift (in target 'Wand' from project 'Wand')
SwiftCompile normal arm64 /Users/admin/builder/spi-builder-workspace/.dependencies/checkouts/Wand/Sources/Wand/Ask.swift (in target 'Wand' from project 'Wand')
    cd /Users/admin/builder/spi-builder-workspace/.swiftpm/xcode
    builtin-SwiftPerFileCompile Ask.swift
SwiftCompile normal arm64 /Users/admin/builder/spi-builder-workspace/.dependencies/checkouts/Wand/Sources/Wand/Core/Core.swift (in target 'Wand' from project 'Wand')
    cd /Users/admin/builder/spi-builder-workspace/.swiftpm/xcode
    builtin-SwiftPerFileCompile Core.swift
SwiftCompile normal arm64 /Users/admin/builder/spi-builder-workspace/.dependencies/checkouts/Wand/Sources/Wand/Core/Expressible/Expressible.swift (in target 'Wand' from project 'Wand')
    cd /Users/admin/builder/spi-builder-workspace/.swiftpm/xcode
    builtin-SwiftPerFileCompile Expressible.swift
SwiftCompile normal arm64 /Users/admin/builder/spi-builder-workspace/.dependencies/checkouts/Wand/Sources/Wand/Core/Expressible/ExpressibleByArray.swift (in target 'Wand' from project 'Wand')
    cd /Users/admin/builder/spi-builder-workspace/.swiftpm/xcode
    builtin-SwiftPerFileCompile ExpressibleByArray.swift
SwiftCompile normal arm64 Compiling\ Ask.T.swift,\ CoreGraphics_Convertable.swift,\ Numbers_Convertable.swift,\ String_Convertable.swift /Users/admin/builder/spi-builder-workspace/.dependencies/checkouts/Wand/Sources/Wand/|/Ask.T.swift /Users/admin/builder/spi-builder-workspace/.dependencies/checkouts/Wand/Sources/Wand/|/Convertable/CoreGraphics_Convertable.swift /Users/admin/builder/spi-builder-workspace/.dependencies/checkouts/Wand/Sources/Wand/|/Convertable/Numbers_Convertable.swift /Users/admin/builder/spi-builder-workspace/.dependencies/checkouts/Wand/Sources/Wand/|/Convertable/String_Convertable.swift (in target 'Wand' from project 'Wand')
SwiftCompile normal arm64 /Users/admin/builder/spi-builder-workspace/.dependencies/checkouts/Wand/Sources/Wand/|/Ask.T.swift (in target 'Wand' from project 'Wand')
    cd /Users/admin/builder/spi-builder-workspace/.swiftpm/xcode
    builtin-SwiftPerFileCompile Ask.T.swift
SwiftCompile normal arm64 /Users/admin/builder/spi-builder-workspace/.dependencies/checkouts/Wand/Sources/Wand/|/Convertable/CoreGraphics_Convertable.swift (in target 'Wand' from project 'Wand')
    cd /Users/admin/builder/spi-builder-workspace/.swiftpm/xcode
    builtin-SwiftPerFileCompile CoreGraphics_Convertable.swift
SwiftCompile normal arm64 /Users/admin/builder/spi-builder-workspace/.dependencies/checkouts/Wand/Sources/Wand/|/Convertable/Numbers_Convertable.swift (in target 'Wand' from project 'Wand')
    cd /Users/admin/builder/spi-builder-workspace/.swiftpm/xcode
    builtin-SwiftPerFileCompile Numbers_Convertable.swift
SwiftCompile normal arm64 /Users/admin/builder/spi-builder-workspace/.dependencies/checkouts/Wand/Sources/Wand/|/Convertable/String_Convertable.swift (in target 'Wand' from project 'Wand')
    cd /Users/admin/builder/spi-builder-workspace/.swiftpm/xcode
    builtin-SwiftPerFileCompile String_Convertable.swift
SwiftCompile normal arm64 Compiling\ &.swift,\ AndT.swift,\ AndU.swift,\ Operation.swift,\ +.swift /Users/admin/builder/spi-builder-workspace/.dependencies/checkouts/Wand/Sources/Wand/&/&.swift /Users/admin/builder/spi-builder-workspace/.dependencies/checkouts/Wand/Sources/Wand/&/AndT.swift /Users/admin/builder/spi-builder-workspace/.dependencies/checkouts/Wand/Sources/Wand/&/AndU.swift /Users/admin/builder/spi-builder-workspace/.dependencies/checkouts/Wand/Sources/Wand/&/Operation.swift /Users/admin/builder/spi-builder-workspace/.dependencies/checkouts/Wand/Sources/Wand/+.swift (in target 'Wand' from project 'Wand')
SwiftCompile normal arm64 /Users/admin/builder/spi-builder-workspace/.dependencies/checkouts/Wand/Sources/Wand/&/&.swift (in target 'Wand' from project 'Wand')
    cd /Users/admin/builder/spi-builder-workspace/.swiftpm/xcode
    builtin-SwiftPerFileCompile \&.swift
SwiftCompile normal arm64 /Users/admin/builder/spi-builder-workspace/.dependencies/checkouts/Wand/Sources/Wand/&/AndT.swift (in target 'Wand' from project 'Wand')
    cd /Users/admin/builder/spi-builder-workspace/.swiftpm/xcode
    builtin-SwiftPerFileCompile AndT.swift
SwiftCompile normal arm64 /Users/admin/builder/spi-builder-workspace/.dependencies/checkouts/Wand/Sources/Wand/&/AndU.swift (in target 'Wand' from project 'Wand')
    cd /Users/admin/builder/spi-builder-workspace/.swiftpm/xcode
    builtin-SwiftPerFileCompile AndU.swift
SwiftCompile normal arm64 /Users/admin/builder/spi-builder-workspace/.dependencies/checkouts/Wand/Sources/Wand/&/Operation.swift (in target 'Wand' from project 'Wand')
    cd /Users/admin/builder/spi-builder-workspace/.swiftpm/xcode
    builtin-SwiftPerFileCompile Operation.swift
SwiftCompile normal arm64 /Users/admin/builder/spi-builder-workspace/.dependencies/checkouts/Wand/Sources/Wand/+.swift (in target 'Wand' from project 'Wand')
    cd /Users/admin/builder/spi-builder-workspace/.swiftpm/xcode
    builtin-SwiftPerFileCompile +.swift
SwiftCompile normal arm64 Compiling\ Core+Wanded.swift,\ WandFramerProtocol.swift,\ Wanded.swift,\ |.swift /Users/admin/builder/spi-builder-workspace/.dependencies/checkouts/Wand/Sources/Wand/|/Wanded/Core+Wanded.swift /Users/admin/builder/spi-builder-workspace/.dependencies/checkouts/Wand/Sources/Wand/|/Wanded/WandFramerProtocol.swift /Users/admin/builder/spi-builder-workspace/.dependencies/checkouts/Wand/Sources/Wand/|/Wanded/Wanded.swift /Users/admin/builder/spi-builder-workspace/.dependencies/checkouts/Wand/Sources/Wand/|/|.swift (in target 'Wand' from project 'Wand')
SwiftCompile normal arm64 /Users/admin/builder/spi-builder-workspace/.dependencies/checkouts/Wand/Sources/Wand/|/Wanded/Core+Wanded.swift (in target 'Wand' from project 'Wand')
    cd /Users/admin/builder/spi-builder-workspace/.swiftpm/xcode
    builtin-SwiftPerFileCompile Core+Wanded.swift
SwiftCompile normal arm64 /Users/admin/builder/spi-builder-workspace/.dependencies/checkouts/Wand/Sources/Wand/|/Wanded/WandFramerProtocol.swift (in target 'Wand' from project 'Wand')
    cd /Users/admin/builder/spi-builder-workspace/.swiftpm/xcode
    builtin-SwiftPerFileCompile WandFramerProtocol.swift
SwiftCompile normal arm64 /Users/admin/builder/spi-builder-workspace/.dependencies/checkouts/Wand/Sources/Wand/|/Wanded/Wanded.swift (in target 'Wand' from project 'Wand')
    cd /Users/admin/builder/spi-builder-workspace/.swiftpm/xcode
    builtin-SwiftPerFileCompile Wanded.swift
SwiftCompile normal arm64 /Users/admin/builder/spi-builder-workspace/.dependencies/checkouts/Wand/Sources/Wand/|/|.swift (in target 'Wand' from project 'Wand')
    cd /Users/admin/builder/spi-builder-workspace/.swiftpm/xcode
    builtin-SwiftPerFileCompile \|.swift
SwiftCompile normal arm64 Compiling\ ExpressibleByDictionary.swift,\ Key.swift,\ Weak.swift,\ Log.swift /Users/admin/builder/spi-builder-workspace/.dependencies/checkouts/Wand/Sources/Wand/Core/Expressible/ExpressibleByDictionary.swift /Users/admin/builder/spi-builder-workspace/.dependencies/checkouts/Wand/Sources/Wand/Core/Key.swift /Users/admin/builder/spi-builder-workspace/.dependencies/checkouts/Wand/Sources/Wand/Core/Weak.swift /Users/admin/builder/spi-builder-workspace/.dependencies/checkouts/Wand/Sources/Wand/Core/tools/Log.swift (in target 'Wand' from project 'Wand')
SwiftCompile normal arm64 /Users/admin/builder/spi-builder-workspace/.dependencies/checkouts/Wand/Sources/Wand/Core/Expressible/ExpressibleByDictionary.swift (in target 'Wand' from project 'Wand')
    cd /Users/admin/builder/spi-builder-workspace/.swiftpm/xcode
    builtin-SwiftPerFileCompile ExpressibleByDictionary.swift
SwiftCompile normal arm64 /Users/admin/builder/spi-builder-workspace/.dependencies/checkouts/Wand/Sources/Wand/Core/Key.swift (in target 'Wand' from project 'Wand')
    cd /Users/admin/builder/spi-builder-workspace/.swiftpm/xcode
    builtin-SwiftPerFileCompile Key.swift
SwiftCompile normal arm64 /Users/admin/builder/spi-builder-workspace/.dependencies/checkouts/Wand/Sources/Wand/Core/Weak.swift (in target 'Wand' from project 'Wand')
    cd /Users/admin/builder/spi-builder-workspace/.swiftpm/xcode
    builtin-SwiftPerFileCompile Weak.swift
SwiftCompile normal arm64 /Users/admin/builder/spi-builder-workspace/.dependencies/checkouts/Wand/Sources/Wand/Core/tools/Log.swift (in target 'Wand' from project 'Wand')
    cd /Users/admin/builder/spi-builder-workspace/.swiftpm/xcode
    builtin-SwiftPerFileCompile Log.swift
SwiftCompile normal arm64 Compiling\ ?.swift,\ Error.swift,\ Error?.swift,\ Option.swift /Users/admin/builder/spi-builder-workspace/.dependencies/checkouts/Wand/Sources/Wand/?/?.swift /Users/admin/builder/spi-builder-workspace/.dependencies/checkouts/Wand/Sources/Wand/?/Error.swift /Users/admin/builder/spi-builder-workspace/.dependencies/checkouts/Wand/Sources/Wand/?/Error?.swift /Users/admin/builder/spi-builder-workspace/.dependencies/checkouts/Wand/Sources/Wand/?/Option.swift (in target 'Wand' from project 'Wand')
SwiftCompile normal arm64 /Users/admin/builder/spi-builder-workspace/.dependencies/checkouts/Wand/Sources/Wand/?/?.swift (in target 'Wand' from project 'Wand')
    cd /Users/admin/builder/spi-builder-workspace/.swiftpm/xcode
    builtin-SwiftPerFileCompile \?.swift
SwiftCompile normal arm64 /Users/admin/builder/spi-builder-workspace/.dependencies/checkouts/Wand/Sources/Wand/?/Error.swift (in target 'Wand' from project 'Wand')
    cd /Users/admin/builder/spi-builder-workspace/.swiftpm/xcode
    builtin-SwiftPerFileCompile Error.swift
SwiftCompile normal arm64 /Users/admin/builder/spi-builder-workspace/.dependencies/checkouts/Wand/Sources/Wand/?/Error?.swift (in target 'Wand' from project 'Wand')
    cd /Users/admin/builder/spi-builder-workspace/.swiftpm/xcode
    builtin-SwiftPerFileCompile Error\?.swift
SwiftCompile normal arm64 /Users/admin/builder/spi-builder-workspace/.dependencies/checkouts/Wand/Sources/Wand/?/Option.swift (in target 'Wand' from project 'Wand')
    cd /Users/admin/builder/spi-builder-workspace/.swiftpm/xcode
    builtin-SwiftPerFileCompile Option.swift
SwiftCompile normal arm64 Compiling\ Memory.swift,\ o.swift,\ u.swift,\ Addons.swift /Users/admin/builder/spi-builder-workspace/.dependencies/checkouts/Wand/Sources/Wand/Core/tools/Memory.swift /Users/admin/builder/spi-builder-workspace/.dependencies/checkouts/Wand/Sources/Wand/o.swift /Users/admin/builder/spi-builder-workspace/.dependencies/checkouts/Wand/Sources/Wand/u.swift /Users/admin/builder/spi-builder-workspace/.dependencies/checkouts/Wand/Sources/Wand/|/Addons/Addons.swift (in target 'Wand' from project 'Wand')
SwiftCompile normal arm64 /Users/admin/builder/spi-builder-workspace/.dependencies/checkouts/Wand/Sources/Wand/Core/tools/Memory.swift (in target 'Wand' from project 'Wand')
    cd /Users/admin/builder/spi-builder-workspace/.swiftpm/xcode
    builtin-SwiftPerFileCompile Memory.swift
SwiftCompile normal arm64 /Users/admin/builder/spi-builder-workspace/.dependencies/checkouts/Wand/Sources/Wand/o.swift (in target 'Wand' from project 'Wand')
    cd /Users/admin/builder/spi-builder-workspace/.swiftpm/xcode
    builtin-SwiftPerFileCompile o.swift
SwiftCompile normal arm64 /Users/admin/builder/spi-builder-workspace/.dependencies/checkouts/Wand/Sources/Wand/u.swift (in target 'Wand' from project 'Wand')
    cd /Users/admin/builder/spi-builder-workspace/.swiftpm/xcode
    builtin-SwiftPerFileCompile u.swift
SwiftCompile normal arm64 /Users/admin/builder/spi-builder-workspace/.dependencies/checkouts/Wand/Sources/Wand/|/Addons/Addons.swift (in target 'Wand' from project 'Wand')
    cd /Users/admin/builder/spi-builder-workspace/.swiftpm/xcode
    builtin-SwiftPerFileCompile Addons.swift
SwiftCompile normal arm64 Compiling\ Describing.swift,\ Describing_Character.swift,\ Describing_Data.swift,\ Expecting.swift /Users/admin/builder/spi-builder-workspace/.dependencies/checkouts/Wand/Sources/Wand/|/Describing/Describing.swift /Users/admin/builder/spi-builder-workspace/.dependencies/checkouts/Wand/Sources/Wand/|/Describing/Describing_Character.swift /Users/admin/builder/spi-builder-workspace/.dependencies/checkouts/Wand/Sources/Wand/|/Describing/Describing_Data.swift /Users/admin/builder/spi-builder-workspace/.dependencies/checkouts/Wand/Sources/Wand/|/Expecting.swift (in target 'Wand' from project 'Wand')
SwiftCompile normal arm64 /Users/admin/builder/spi-builder-workspace/.dependencies/checkouts/Wand/Sources/Wand/|/Describing/Describing.swift (in target 'Wand' from project 'Wand')
    cd /Users/admin/builder/spi-builder-workspace/.swiftpm/xcode
    builtin-SwiftPerFileCompile Describing.swift
SwiftCompile normal arm64 /Users/admin/builder/spi-builder-workspace/.dependencies/checkouts/Wand/Sources/Wand/|/Describing/Describing_Character.swift (in target 'Wand' from project 'Wand')
    cd /Users/admin/builder/spi-builder-workspace/.swiftpm/xcode
    builtin-SwiftPerFileCompile Describing_Character.swift
SwiftCompile normal arm64 /Users/admin/builder/spi-builder-workspace/.dependencies/checkouts/Wand/Sources/Wand/|/Describing/Describing_Data.swift (in target 'Wand' from project 'Wand')
    cd /Users/admin/builder/spi-builder-workspace/.swiftpm/xcode
    builtin-SwiftPerFileCompile Describing_Data.swift
SwiftCompile normal arm64 /Users/admin/builder/spi-builder-workspace/.dependencies/checkouts/Wand/Sources/Wand/|/Expecting.swift (in target 'Wand' from project 'Wand')
    cd /Users/admin/builder/spi-builder-workspace/.swiftpm/xcode
    builtin-SwiftPerFileCompile Expecting.swift
SwiftDriverJobDiscovery normal arm64 Emitting module for Wand (in target 'Wand' from project 'Wand')
SwiftDriver\ Compilation\ Requirements Wand normal arm64 com.apple.xcode.tools.swift.compiler (in target 'Wand' from project 'Wand')
    cd /Users/admin/builder/spi-builder-workspace/.swiftpm/xcode
    builtin-Swift-Compilation-Requirements -- /Applications/Xcode-27.0.0-Release.Candidate.app/Contents/Developer/Toolchains/XcodeDefault.xctoolchain/usr/bin/swiftc -parse-as-library -module-name Wand -Onone @/Users/admin/builder/spi-builder-workspace/.derivedData/Build/Intermediates.noindex/Wand.build/Debug-appletvos/Wand-t.build/Objects-normal/arm64/Wand.SwiftFileList -DSWIFT_PACKAGE -DDEBUG -DSWIFT_MODULE_RESOURCE_BUNDLE_UNAVAILABLE -DXcode -plugin-path /Applications/Xcode-27.0.0-Release.Candidate.app/Contents/Developer/Toolchains/XcodeDefault.xctoolchain/usr/lib/swift/host/plugins/testing -enable-experimental-feature DebugDescriptionMacro -sdk /Applications/Xcode-27.0.0-Release.Candidate.app/Contents/Developer/Platforms/AppleTVOS.platform/Developer/SDKs/AppleTVOS27.0.sdk -target arm64-apple-tvos15.0 -g -module-cache-path /Users/admin/builder/spi-builder-workspace/.derivedData/ModuleCache.noindex -Xfrontend -serialize-debugging-options -profile-coverage-mapping -profile-generate -enable-testing -suppress-warnings -index-store-path /Users/admin/builder/spi-builder-workspace/.derivedData/Index.noindex/DataStore -Xcc -D_LIBCPP_HARDENING_MODE\=_LIBCPP_HARDENING_MODE_DEBUG -swift-version 5 -I /Users/admin/builder/spi-builder-workspace/.derivedData/Build/Products/Debug-appletvos -Isystem /Applications/Xcode-27.0.0-Release.Candidate.app/Contents/Developer/Platforms/AppleTVOS.platform/Developer/usr/lib -F /Users/admin/builder/spi-builder-workspace/.derivedData/Build/Products/Debug-appletvos -F /Applications/Xcode-27.0.0-Release.Candidate.app/Contents/Developer/Platforms/AppleTVOS.platform/Developer/Library/Frameworks -F /Applications/Xcode-27.0.0-Release.Candidate.app/Contents/Developer/Platforms/AppleTVOS.platform/Developer/SDKs/AppleTVOS27.0.sdk/Developer/Library/Frameworks -c -j10 -enable-batch-mode -incremental -Xcc -ivfsstatcache -Xcc /Users/admin/builder/spi-builder-workspace/.derivedData/SDKStatCaches.noindex/appletvos27.0-24J360-e829b21a6f8c9b70876ba0858053c044b32bfd8d43560033f8d89884cdb90028.sdkstatcache -output-file-map /Users/admin/builder/spi-builder-workspace/.derivedData/Build/Intermediates.noindex/Wand.build/Debug-appletvos/Wand-t.build/Objects-normal/arm64/Wand-OutputFileMap.json -save-temps -no-color-diagnostics -explicit-module-build -module-cache-path /Users/admin/builder/spi-builder-workspace/.derivedData/Build/Intermediates.noindex/SwiftExplicitPrecompiledModules -clang-scanner-module-cache-path /Users/admin/builder/spi-builder-workspace/.derivedData/ModuleCache.noindex -sdk-module-cache-path /Users/admin/builder/spi-builder-workspace/.derivedData/SDKExplicitPrecompiledModules -emit-dependencies -emit-module -emit-module-path /Users/admin/builder/spi-builder-workspace/.derivedData/Build/Intermediates.noindex/Wand.build/Debug-appletvos/Wand-t.build/Objects-normal/arm64/Wand.swiftmodule -serialize-diagnostics -dependency-scan-serialize-diagnostics-path /Users/admin/builder/spi-builder-workspace/.derivedData/Build/Intermediates.noindex/Wand.build/Debug-appletvos/Wand-t.build/Objects-normal/arm64/Wand-dependency-scan.dia -validate-clang-modules-once -clang-build-session-file /Users/admin/builder/spi-builder-workspace/.derivedData/ModuleCache.noindex/Session.modulevalidation -Xcc -fmodules-prune-interval\=86400 -Xcc -fmodules-prune-after\=345600 -emit-const-values -const-gather-protocols-list /Users/admin/builder/spi-builder-workspace/.derivedData/Build/Intermediates.noindex/Wand.build/Debug-appletvos/Wand-t.build/Objects-normal/arm64/Wand_const_extract_protocols.json -Xcc -I/Users/admin/builder/spi-builder-workspace/.derivedData/Build/Products/Debug-appletvos/include -Xcc -I/Users/admin/builder/spi-builder-workspace/.derivedData/Build/Intermediates.noindex/Wand.build/Debug-appletvos/Wand-t.build/DerivedSources-normal/arm64 -Xcc -I/Users/admin/builder/spi-builder-workspace/.derivedData/Build/Intermediates.noindex/Wand.build/Debug-appletvos/Wand-t.build/DerivedSources/arm64 -Xcc -I/Users/admin/builder/spi-builder-workspace/.derivedData/Build/Intermediates.noindex/Wand.build/Debug-appletvos/Wand-t.build/DerivedSources -Xcc -DSWIFT_PACKAGE -Xcc -DDEBUG\=1 -emit-objc-header -emit-objc-header-path /Users/admin/builder/spi-builder-workspace/.derivedData/Build/Intermediates.noindex/Wand.build/Debug-appletvos/Wand-t.build/Objects-normal/arm64/Wand-Swift.h -working-directory /Users/admin/builder/spi-builder-workspace/.swiftpm/xcode -experimental-emit-module-separately -disable-cmo
SwiftDriverJobDiscovery normal arm64 Compiling Core+Wanded.swift, WandFramerProtocol.swift, Wanded.swift, |.swift (in target 'Wand' from project 'Wand')
SwiftDriverJobDiscovery normal arm64 Compiling ExpressibleByDictionary.swift, Key.swift, Weak.swift, Log.swift (in target 'Wand' from project 'Wand')
SwiftMergeGeneratedHeaders /Users/admin/builder/spi-builder-workspace/.derivedData/Build/Intermediates.noindex/GeneratedModuleMaps-appletvos/Wand-Swift.h /Users/admin/builder/spi-builder-workspace/.derivedData/Build/Intermediates.noindex/Wand.build/Debug-appletvos/Wand-t.build/Objects-normal/arm64/Wand-Swift.h (in target 'Wand' from project 'Wand')
    cd /Users/admin/builder/spi-builder-workspace/.dependencies/checkouts/Wand
    builtin-swiftHeaderTool -arch arm64 /Users/admin/builder/spi-builder-workspace/.derivedData/Build/Intermediates.noindex/Wand.build/Debug-appletvos/Wand-t.build/Objects-normal/arm64/Wand-Swift.h -o /Users/admin/builder/spi-builder-workspace/.derivedData/Build/Intermediates.noindex/GeneratedModuleMaps-appletvos/Wand-Swift.h
Copy /Users/admin/builder/spi-builder-workspace/.derivedData/Build/Products/Debug-appletvos/Wand.swiftmodule/arm64-apple-tvos.swiftmodule /Users/admin/builder/spi-builder-workspace/.derivedData/Build/Intermediates.noindex/Wand.build/Debug-appletvos/Wand-t.build/Objects-normal/arm64/Wand.swiftmodule (in target 'Wand' from project 'Wand')
    cd /Users/admin/builder/spi-builder-workspace/.dependencies/checkouts/Wand
    builtin-copy -exclude .DS_Store -exclude CVS -exclude .svn -exclude .git -exclude .hg -resolve-src-symlinks -rename /Users/admin/builder/spi-builder-workspace/.derivedData/Build/Intermediates.noindex/Wand.build/Debug-appletvos/Wand-t.build/Objects-normal/arm64/Wand.swiftmodule /Users/admin/builder/spi-builder-workspace/.derivedData/Build/Products/Debug-appletvos/Wand.swiftmodule/arm64-apple-tvos.swiftmodule
Copy /Users/admin/builder/spi-builder-workspace/.derivedData/Build/Products/Debug-appletvos/Wand.swiftmodule/arm64-apple-tvos.swiftdoc /Users/admin/builder/spi-builder-workspace/.derivedData/Build/Intermediates.noindex/Wand.build/Debug-appletvos/Wand-t.build/Objects-normal/arm64/Wand.swiftdoc (in target 'Wand' from project 'Wand')
    cd /Users/admin/builder/spi-builder-workspace/.dependencies/checkouts/Wand
    builtin-copy -exclude .DS_Store -exclude CVS -exclude .svn -exclude .git -exclude .hg -resolve-src-symlinks -rename /Users/admin/builder/spi-builder-workspace/.derivedData/Build/Intermediates.noindex/Wand.build/Debug-appletvos/Wand-t.build/Objects-normal/arm64/Wand.swiftdoc /Users/admin/builder/spi-builder-workspace/.derivedData/Build/Products/Debug-appletvos/Wand.swiftmodule/arm64-apple-tvos.swiftdoc
Copy /Users/admin/builder/spi-builder-workspace/.derivedData/Build/Products/Debug-appletvos/Wand.swiftmodule/arm64-apple-tvos.abi.json /Users/admin/builder/spi-builder-workspace/.derivedData/Build/Intermediates.noindex/Wand.build/Debug-appletvos/Wand-t.build/Objects-normal/arm64/Wand.abi.json (in target 'Wand' from project 'Wand')
    cd /Users/admin/builder/spi-builder-workspace/.dependencies/checkouts/Wand
    builtin-copy -exclude .DS_Store -exclude CVS -exclude .svn -exclude .git -exclude .hg -resolve-src-symlinks -rename /Users/admin/builder/spi-builder-workspace/.derivedData/Build/Intermediates.noindex/Wand.build/Debug-appletvos/Wand-t.build/Objects-normal/arm64/Wand.abi.json /Users/admin/builder/spi-builder-workspace/.derivedData/Build/Products/Debug-appletvos/Wand.swiftmodule/arm64-apple-tvos.abi.json
Copy /Users/admin/builder/spi-builder-workspace/.derivedData/Build/Products/Debug-appletvos/Wand.swiftmodule/Project/arm64-apple-tvos.swiftsourceinfo /Users/admin/builder/spi-builder-workspace/.derivedData/Build/Intermediates.noindex/Wand.build/Debug-appletvos/Wand-t.build/Objects-normal/arm64/Wand.swiftsourceinfo (in target 'Wand' from project 'Wand')
    cd /Users/admin/builder/spi-builder-workspace/.dependencies/checkouts/Wand
    builtin-copy -exclude .DS_Store -exclude CVS -exclude .svn -exclude .git -exclude .hg -resolve-src-symlinks -rename /Users/admin/builder/spi-builder-workspace/.derivedData/Build/Intermediates.noindex/Wand.build/Debug-appletvos/Wand-t.build/Objects-normal/arm64/Wand.swiftsourceinfo /Users/admin/builder/spi-builder-workspace/.derivedData/Build/Products/Debug-appletvos/Wand.swiftmodule/Project/arm64-apple-tvos.swiftsourceinfo
SwiftDriverJobDiscovery normal arm64 Compiling All.swift, Any.swift, Counting.swift, Retry.swift (in target 'Wand' from project 'Wand')
SwiftDriverJobDiscovery normal arm64 Compiling Describing.swift, Describing_Character.swift, Describing_Data.swift, Expecting.swift (in target 'Wand' from project 'Wand')
SwiftDriverJobDiscovery normal arm64 Compiling ?.swift, Error.swift, Error?.swift, Option.swift (in target 'Wand' from project 'Wand')
SwiftDriverJobDiscovery normal arm64 Compiling Memory.swift, o.swift, u.swift, Addons.swift (in target 'Wand' from project 'Wand')
SwiftDriver WandFoundation normal arm64 com.apple.xcode.tools.swift.compiler (in target 'WandFoundation' from project 'WandFoundation')
    cd /Users/admin/builder/spi-builder-workspace/.swiftpm/xcode
    builtin-SwiftDriver -- /Applications/Xcode-27.0.0-Release.Candidate.app/Contents/Developer/Toolchains/XcodeDefault.xctoolchain/usr/bin/swiftc -parse-as-library -module-name WandFoundation -Onone @/Users/admin/builder/spi-builder-workspace/.derivedData/Build/Intermediates.noindex/WandFoundation.build/Debug-appletvos/WandFoundation-t.build/Objects-normal/arm64/WandFoundation.SwiftFileList -DSWIFT_PACKAGE -DDEBUG -DSWIFT_MODULE_RESOURCE_BUNDLE_UNAVAILABLE -DXcode -plugin-path /Applications/Xcode-27.0.0-Release.Candidate.app/Contents/Developer/Toolchains/XcodeDefault.xctoolchain/usr/lib/swift/host/plugins/testing -enable-experimental-feature DebugDescriptionMacro -sdk /Applications/Xcode-27.0.0-Release.Candidate.app/Contents/Developer/Platforms/AppleTVOS.platform/Developer/SDKs/AppleTVOS27.0.sdk -target arm64-apple-tvos15.0 -g -module-cache-path /Users/admin/builder/spi-builder-workspace/.derivedData/ModuleCache.noindex -Xfrontend -serialize-debugging-options -profile-coverage-mapping -profile-generate -enable-testing -suppress-warnings -index-store-path /Users/admin/builder/spi-builder-workspace/.derivedData/Index.noindex/DataStore -Xcc -D_LIBCPP_HARDENING_MODE\=_LIBCPP_HARDENING_MODE_DEBUG -swift-version 5 -I /Users/admin/builder/spi-builder-workspace/.derivedData/Build/Products/Debug-appletvos -Isystem /Applications/Xcode-27.0.0-Release.Candidate.app/Contents/Developer/Platforms/AppleTVOS.platform/Developer/usr/lib -F /Users/admin/builder/spi-builder-workspace/.derivedData/Build/Products/Debug-appletvos/PackageFrameworks -F /Users/admin/builder/spi-builder-workspace/.derivedData/Build/Products/Debug-appletvos -F /Applications/Xcode-27.0.0-Release.Candidate.app/Contents/Developer/Platforms/AppleTVOS.platform/Developer/Library/Frameworks -F /Applications/Xcode-27.0.0-Release.Candidate.app/Contents/Developer/Platforms/AppleTVOS.platform/Developer/SDKs/AppleTVOS27.0.sdk/Developer/Library/Frameworks -c -j10 -enable-batch-mode -incremental -Xcc -ivfsstatcache -Xcc /Users/admin/builder/spi-builder-workspace/.derivedData/SDKStatCaches.noindex/appletvos27.0-24J360-e829b21a6f8c9b70876ba0858053c044b32bfd8d43560033f8d89884cdb90028.sdkstatcache -output-file-map /Users/admin/builder/spi-builder-workspace/.derivedData/Build/Intermediates.noindex/WandFoundation.build/Debug-appletvos/WandFoundation-t.build/Objects-normal/arm64/WandFoundation-OutputFileMap.json -save-temps -no-color-diagnostics -explicit-module-build -module-cache-path /Users/admin/builder/spi-builder-workspace/.derivedData/Build/Intermediates.noindex/SwiftExplicitPrecompiledModules -clang-scanner-module-cache-path /Users/admin/builder/spi-builder-workspace/.derivedData/ModuleCache.noindex -sdk-module-cache-path /Users/admin/builder/spi-builder-workspace/.derivedData/SDKExplicitPrecompiledModules -emit-dependencies -emit-module -emit-module-path /Users/admin/builder/spi-builder-workspace/.derivedData/Build/Intermediates.noindex/WandFoundation.build/Debug-appletvos/WandFoundation-t.build/Objects-normal/arm64/WandFoundation.swiftmodule -serialize-diagnostics -dependency-scan-serialize-diagnostics-path /Users/admin/builder/spi-builder-workspace/.derivedData/Build/Intermediates.noindex/WandFoundation.build/Debug-appletvos/WandFoundation-t.build/Objects-normal/arm64/WandFoundation-dependency-scan.dia -validate-clang-modules-once -clang-build-session-file /Users/admin/builder/spi-builder-workspace/.derivedData/ModuleCache.noindex/Session.modulevalidation -Xcc -fmodules-prune-interval\=86400 -Xcc -fmodules-prune-after\=345600 -emit-const-values -const-gather-protocols-list /Users/admin/builder/spi-builder-workspace/.derivedData/Build/Intermediates.noindex/WandFoundation.build/Debug-appletvos/WandFoundation-t.build/Objects-normal/arm64/WandFoundation_const_extract_protocols.json -Xcc -I/Users/admin/builder/spi-builder-workspace/.derivedData/Build/Products/Debug-appletvos/include -Xcc -I/Users/admin/builder/spi-builder-workspace/.derivedData/Build/Intermediates.noindex/WandFoundation.build/Debug-appletvos/WandFoundation-t.build/DerivedSources-normal/arm64 -Xcc -I/Users/admin/builder/spi-builder-workspace/.derivedData/Build/Intermediates.noindex/WandFoundation.build/Debug-appletvos/WandFoundation-t.build/DerivedSources/arm64 -Xcc -I/Users/admin/builder/spi-builder-workspace/.derivedData/Build/Intermediates.noindex/WandFoundation.build/Debug-appletvos/WandFoundation-t.build/DerivedSources -Xcc -DSWIFT_PACKAGE -Xcc -DDEBUG\=1 -emit-objc-header -emit-objc-header-path /Users/admin/builder/spi-builder-workspace/.derivedData/Build/Intermediates.noindex/WandFoundation.build/Debug-appletvos/WandFoundation-t.build/Objects-normal/arm64/WandFoundation-Swift.h -working-directory /Users/admin/builder/spi-builder-workspace/.swiftpm/xcode -experimental-emit-module-separately -disable-cmo
SwiftDriverJobDiscovery normal arm64 Compiling Sequence.swift, Task.swift, Time.swift, Ask.Nil.swift (in target 'Wand' from project 'Wand')
SwiftCompile normal arm64 Compiling\ Bundle_Convert.swift,\ Codable_convert.swift,\ Data_Convert.swift /Users/admin/builder/spi-builder-workspace/.dependencies/checkouts/Foundation/Sources/WandFoundation/Foundation/Bundle_Convert.swift /Users/admin/builder/spi-builder-workspace/.dependencies/checkouts/Foundation/Sources/WandFoundation/Foundation/Codable_convert.swift /Users/admin/builder/spi-builder-workspace/.dependencies/checkouts/Foundation/Sources/WandFoundation/Foundation/Data/Data_Convert.swift (in target 'WandFoundation' from project 'WandFoundation')
SwiftCompile normal arm64 /Users/admin/builder/spi-builder-workspace/.dependencies/checkouts/Foundation/Sources/WandFoundation/Foundation/Bundle_Convert.swift (in target 'WandFoundation' from project 'WandFoundation')
    cd /Users/admin/builder/spi-builder-workspace/.swiftpm/xcode
    builtin-SwiftPerFileCompile Bundle_Convert.swift
SwiftCompile normal arm64 /Users/admin/builder/spi-builder-workspace/.dependencies/checkouts/Foundation/Sources/WandFoundation/Foundation/Codable_convert.swift (in target 'WandFoundation' from project 'WandFoundation')
    cd /Users/admin/builder/spi-builder-workspace/.swiftpm/xcode
    builtin-SwiftPerFileCompile Codable_convert.swift
SwiftCompile normal arm64 /Users/admin/builder/spi-builder-workspace/.dependencies/checkouts/Foundation/Sources/WandFoundation/Foundation/Data/Data_Convert.swift (in target 'WandFoundation' from project 'WandFoundation')
    cd /Users/admin/builder/spi-builder-workspace/.swiftpm/xcode
    builtin-SwiftPerFileCompile Data_Convert.swift
SwiftEmitModule normal arm64 Emitting\ module\ for\ WandFoundation (in target 'WandFoundation' from project 'WandFoundation')
SwiftCompile normal arm64 (in target 'WandFoundation' from project 'WandFoundation')
    cd /Users/admin/builder/spi-builder-workspace/.swiftpm/xcode

SwiftCompile normal arm64 Compiling\ TimeZone_Convert.swift,\ UserDefaults_Ubiquitous.swift /Users/admin/builder/spi-builder-workspace/.dependencies/checkouts/Foundation/Sources/WandFoundation/Foundation/TimeZone_Convert.swift /Users/admin/builder/spi-builder-workspace/.dependencies/checkouts/Foundation/Sources/WandFoundation/Foundation/UserDefaults_Ubiquitous.swift (in target 'WandFoundation' from project 'WandFoundation')
SwiftCompile normal arm64 /Users/admin/builder/spi-builder-workspace/.dependencies/checkouts/Foundation/Sources/WandFoundation/Foundation/TimeZone_Convert.swift (in target 'WandFoundation' from project 'WandFoundation')
    cd /Users/admin/builder/spi-builder-workspace/.swiftpm/xcode
    builtin-SwiftPerFileCompile TimeZone_Convert.swift
SwiftCompile normal arm64 /Users/admin/builder/spi-builder-workspace/.dependencies/checkouts/Foundation/Sources/WandFoundation/Foundation/UserDefaults_Ubiquitous.swift (in target 'WandFoundation' from project 'WandFoundation')
    cd /Users/admin/builder/spi-builder-workspace/.swiftpm/xcode
    builtin-SwiftPerFileCompile UserDefaults_Ubiquitous.swift
SwiftCompile normal arm64 Compiling\ Date_Convert.swift,\ TimeInterval_Convert.swift /Users/admin/builder/spi-builder-workspace/.dependencies/checkouts/Foundation/Sources/WandFoundation/Foundation/Date/Date_Convert.swift /Users/admin/builder/spi-builder-workspace/.dependencies/checkouts/Foundation/Sources/WandFoundation/Foundation/Date/TimeInterval_Convert.swift (in target 'WandFoundation' from project 'WandFoundation')
SwiftCompile normal arm64 /Users/admin/builder/spi-builder-workspace/.dependencies/checkouts/Foundation/Sources/WandFoundation/Foundation/Date/Date_Convert.swift (in target 'WandFoundation' from project 'WandFoundation')
    cd /Users/admin/builder/spi-builder-workspace/.swiftpm/xcode
    builtin-SwiftPerFileCompile Date_Convert.swift
SwiftCompile normal arm64 /Users/admin/builder/spi-builder-workspace/.dependencies/checkouts/Foundation/Sources/WandFoundation/Foundation/Date/TimeInterval_Convert.swift (in target 'WandFoundation' from project 'WandFoundation')
    cd /Users/admin/builder/spi-builder-workspace/.swiftpm/xcode
    builtin-SwiftPerFileCompile TimeInterval_Convert.swift
SwiftCompile normal arm64 Compiling\ NSTextCheckingResult_Convert.swift,\ NotificationCenter_Ubiquitous.swift /Users/admin/builder/spi-builder-workspace/.dependencies/checkouts/Foundation/Sources/WandFoundation/Foundation/NSTextCheckingResult_Convert.swift /Users/admin/builder/spi-builder-workspace/.dependencies/checkouts/Foundation/Sources/WandFoundation/Foundation/Notification/NotificationCenter_Ubiquitous.swift (in target 'WandFoundation' from project 'WandFoundation')
SwiftCompile normal arm64 /Users/admin/builder/spi-builder-workspace/.dependencies/checkouts/Foundation/Sources/WandFoundation/Foundation/NSTextCheckingResult_Convert.swift (in target 'WandFoundation' from project 'WandFoundation')
    cd /Users/admin/builder/spi-builder-workspace/.swiftpm/xcode
    builtin-SwiftPerFileCompile NSTextCheckingResult_Convert.swift
SwiftCompile normal arm64 /Users/admin/builder/spi-builder-workspace/.dependencies/checkouts/Foundation/Sources/WandFoundation/Foundation/Notification/NotificationCenter_Ubiquitous.swift (in target 'WandFoundation' from project 'WandFoundation')
    cd /Users/admin/builder/spi-builder-workspace/.swiftpm/xcode
    builtin-SwiftPerFileCompile NotificationCenter_Ubiquitous.swift
SwiftCompile normal arm64 Compiling\ Range_Convert.swift,\ String.Encoding_Convert.swift /Users/admin/builder/spi-builder-workspace/.dependencies/checkouts/Foundation/Sources/WandFoundation/String/Collection/Range_Convert.swift /Users/admin/builder/spi-builder-workspace/.dependencies/checkouts/Foundation/Sources/WandFoundation/String/String.Encoding_Convert.swift (in target 'WandFoundation' from project 'WandFoundation')
SwiftCompile normal arm64 /Users/admin/builder/spi-builder-workspace/.dependencies/checkouts/Foundation/Sources/WandFoundation/String/Collection/Range_Convert.swift (in target 'WandFoundation' from project 'WandFoundation')
    cd /Users/admin/builder/spi-builder-workspace/.swiftpm/xcode
    builtin-SwiftPerFileCompile Range_Convert.swift
SwiftCompile normal arm64 /Users/admin/builder/spi-builder-workspace/.dependencies/checkouts/Foundation/Sources/WandFoundation/String/String.Encoding_Convert.swift (in target 'WandFoundation' from project 'WandFoundation')
    cd /Users/admin/builder/spi-builder-workspace/.swiftpm/xcode
    builtin-SwiftPerFileCompile String.Encoding_Convert.swift
SwiftCompile normal arm64 Compiling\ Notification_Ask.swift,\ RelativeDateTimeFormatter_Convert.swift /Users/admin/builder/spi-builder-workspace/.dependencies/checkouts/Foundation/Sources/WandFoundation/Foundation/Notification/Notification_Ask.swift /Users/admin/builder/spi-builder-workspace/.dependencies/checkouts/Foundation/Sources/WandFoundation/Foundation/RelativeDateTimeFormatter_Convert.swift (in target 'WandFoundation' from project 'WandFoundation')
SwiftCompile normal arm64 /Users/admin/builder/spi-builder-workspace/.dependencies/checkouts/Foundation/Sources/WandFoundation/Foundation/Notification/Notification_Ask.swift (in target 'WandFoundation' from project 'WandFoundation')
    cd /Users/admin/builder/spi-builder-workspace/.swiftpm/xcode
    builtin-SwiftPerFileCompile Notification_Ask.swift
SwiftCompile normal arm64 /Users/admin/builder/spi-builder-workspace/.dependencies/checkouts/Foundation/Sources/WandFoundation/Foundation/RelativeDateTimeFormatter_Convert.swift (in target 'WandFoundation' from project 'WandFoundation')
    cd /Users/admin/builder/spi-builder-workspace/.swiftpm/xcode
    builtin-SwiftPerFileCompile RelativeDateTimeFormatter_Convert.swift
SwiftCompile normal arm64 Compiling\ Foundation_Convert.swift,\ IndexPath_Convert.swift /Users/admin/builder/spi-builder-workspace/.dependencies/checkouts/Foundation/Sources/WandFoundation/Foundation/Foundation_Convert.swift /Users/admin/builder/spi-builder-workspace/.dependencies/checkouts/Foundation/Sources/WandFoundation/Foundation/IndexPath_Convert.swift (in target 'WandFoundation' from project 'WandFoundation')
SwiftCompile normal arm64 /Users/admin/builder/spi-builder-workspace/.dependencies/checkouts/Foundation/Sources/WandFoundation/Foundation/Foundation_Convert.swift (in target 'WandFoundation' from project 'WandFoundation')
    cd /Users/admin/builder/spi-builder-workspace/.swiftpm/xcode
    builtin-SwiftPerFileCompile Foundation_Convert.swift
SwiftCompile normal arm64 /Users/admin/builder/spi-builder-workspace/.dependencies/checkouts/Foundation/Sources/WandFoundation/Foundation/IndexPath_Convert.swift (in target 'WandFoundation' from project 'WandFoundation')
    cd /Users/admin/builder/spi-builder-workspace/.swiftpm/xcode
    builtin-SwiftPerFileCompile IndexPath_Convert.swift
SwiftDriverJobDiscovery normal arm64 Emitting module for WandFoundation (in target 'WandFoundation' from project 'WandFoundation')
SwiftDriver\ Compilation\ Requirements WandFoundation normal arm64 com.apple.xcode.tools.swift.compiler (in target 'WandFoundation' from project 'WandFoundation')
    cd /Users/admin/builder/spi-builder-workspace/.swiftpm/xcode
    builtin-Swift-Compilation-Requirements -- /Applications/Xcode-27.0.0-Release.Candidate.app/Contents/Developer/Toolchains/XcodeDefault.xctoolchain/usr/bin/swiftc -parse-as-library -module-name WandFoundation -Onone @/Users/admin/builder/spi-builder-workspace/.derivedData/Build/Intermediates.noindex/WandFoundation.build/Debug-appletvos/WandFoundation-t.build/Objects-normal/arm64/WandFoundation.SwiftFileList -DSWIFT_PACKAGE -DDEBUG -DSWIFT_MODULE_RESOURCE_BUNDLE_UNAVAILABLE -DXcode -plugin-path /Applications/Xcode-27.0.0-Release.Candidate.app/Contents/Developer/Toolchains/XcodeDefault.xctoolchain/usr/lib/swift/host/plugins/testing -enable-experimental-feature DebugDescriptionMacro -sdk /Applications/Xcode-27.0.0-Release.Candidate.app/Contents/Developer/Platforms/AppleTVOS.platform/Developer/SDKs/AppleTVOS27.0.sdk -target arm64-apple-tvos15.0 -g -module-cache-path /Users/admin/builder/spi-builder-workspace/.derivedData/ModuleCache.noindex -Xfrontend -serialize-debugging-options -profile-coverage-mapping -profile-generate -enable-testing -suppress-warnings -index-store-path /Users/admin/builder/spi-builder-workspace/.derivedData/Index.noindex/DataStore -Xcc -D_LIBCPP_HARDENING_MODE\=_LIBCPP_HARDENING_MODE_DEBUG -swift-version 5 -I /Users/admin/builder/spi-builder-workspace/.derivedData/Build/Products/Debug-appletvos -Isystem /Applications/Xcode-27.0.0-Release.Candidate.app/Contents/Developer/Platforms/AppleTVOS.platform/Developer/usr/lib -F /Users/admin/builder/spi-builder-workspace/.derivedData/Build/Products/Debug-appletvos/PackageFrameworks -F /Users/admin/builder/spi-builder-workspace/.derivedData/Build/Products/Debug-appletvos -F /Applications/Xcode-27.0.0-Release.Candidate.app/Contents/Developer/Platforms/AppleTVOS.platform/Developer/Library/Frameworks -F /Applications/Xcode-27.0.0-Release.Candidate.app/Contents/Developer/Platforms/AppleTVOS.platform/Developer/SDKs/AppleTVOS27.0.sdk/Developer/Library/Frameworks -c -j10 -enable-batch-mode -incremental -Xcc -ivfsstatcache -Xcc /Users/admin/builder/spi-builder-workspace/.derivedData/SDKStatCaches.noindex/appletvos27.0-24J360-e829b21a6f8c9b70876ba0858053c044b32bfd8d43560033f8d89884cdb90028.sdkstatcache -output-file-map /Users/admin/builder/spi-builder-workspace/.derivedData/Build/Intermediates.noindex/WandFoundation.build/Debug-appletvos/WandFoundation-t.build/Objects-normal/arm64/WandFoundation-OutputFileMap.json -save-temps -no-color-diagnostics -explicit-module-build -module-cache-path /Users/admin/builder/spi-builder-workspace/.derivedData/Build/Intermediates.noindex/SwiftExplicitPrecompiledModules -clang-scanner-module-cache-path /Users/admin/builder/spi-builder-workspace/.derivedData/ModuleCache.noindex -sdk-module-cache-path /Users/admin/builder/spi-builder-workspace/.derivedData/SDKExplicitPrecompiledModules -emit-dependencies -emit-module -emit-module-path /Users/admin/builder/spi-builder-workspace/.derivedData/Build/Intermediates.noindex/WandFoundation.build/Debug-appletvos/WandFoundation-t.build/Objects-normal/arm64/WandFoundation.swiftmodule -serialize-diagnostics -dependency-scan-serialize-diagnostics-path /Users/admin/builder/spi-builder-workspace/.derivedData/Build/Intermediates.noindex/WandFoundation.build/Debug-appletvos/WandFoundation-t.build/Objects-normal/arm64/WandFoundation-dependency-scan.dia -validate-clang-modules-once -clang-build-session-file /Users/admin/builder/spi-builder-workspace/.derivedData/ModuleCache.noindex/Session.modulevalidation -Xcc -fmodules-prune-interval\=86400 -Xcc -fmodules-prune-after\=345600 -emit-const-values -const-gather-protocols-list /Users/admin/builder/spi-builder-workspace/.derivedData/Build/Intermediates.noindex/WandFoundation.build/Debug-appletvos/WandFoundation-t.build/Objects-normal/arm64/WandFoundation_const_extract_protocols.json -Xcc -I/Users/admin/builder/spi-builder-workspace/.derivedData/Build/Products/Debug-appletvos/include -Xcc -I/Users/admin/builder/spi-builder-workspace/.derivedData/Build/Intermediates.noindex/WandFoundation.build/Debug-appletvos/WandFoundation-t.build/DerivedSources-normal/arm64 -Xcc -I/Users/admin/builder/spi-builder-workspace/.derivedData/Build/Intermediates.noindex/WandFoundation.build/Debug-appletvos/WandFoundation-t.build/DerivedSources/arm64 -Xcc -I/Users/admin/builder/spi-builder-workspace/.derivedData/Build/Intermediates.noindex/WandFoundation.build/Debug-appletvos/WandFoundation-t.build/DerivedSources -Xcc -DSWIFT_PACKAGE -Xcc -DDEBUG\=1 -emit-objc-header -emit-objc-header-path /Users/admin/builder/spi-builder-workspace/.derivedData/Build/Intermediates.noindex/WandFoundation.build/Debug-appletvos/WandFoundation-t.build/Objects-normal/arm64/WandFoundation-Swift.h -working-directory /Users/admin/builder/spi-builder-workspace/.swiftpm/xcode -experimental-emit-module-separately -disable-cmo
SwiftDriverJobDiscovery normal arm64 Compiling Date_Convert.swift, TimeInterval_Convert.swift (in target 'WandFoundation' from project 'WandFoundation')
SwiftCompile normal arm64 Compiling\ String.IndexDistance_Wand.swift,\ String_Convert.swift /Users/admin/builder/spi-builder-workspace/.dependencies/checkouts/Foundation/Sources/WandFoundation/String/String.IndexDistance_Wand.swift /Users/admin/builder/spi-builder-workspace/.dependencies/checkouts/Foundation/Sources/WandFoundation/String/String_Convert.swift (in target 'WandFoundation' from project 'WandFoundation')
SwiftCompile normal arm64 /Users/admin/builder/spi-builder-workspace/.dependencies/checkouts/Foundation/Sources/WandFoundation/String/String.IndexDistance_Wand.swift (in target 'WandFoundation' from project 'WandFoundation')
    cd /Users/admin/builder/spi-builder-workspace/.swiftpm/xcode
    builtin-SwiftPerFileCompile String.IndexDistance_Wand.swift
SwiftCompile normal arm64 /Users/admin/builder/spi-builder-workspace/.dependencies/checkouts/Foundation/Sources/WandFoundation/String/String_Convert.swift (in target 'WandFoundation' from project 'WandFoundation')
    cd /Users/admin/builder/spi-builder-workspace/.swiftpm/xcode
    builtin-SwiftPerFileCompile String_Convert.swift
SwiftMergeGeneratedHeaders /Users/admin/builder/spi-builder-workspace/.derivedData/Build/Intermediates.noindex/GeneratedModuleMaps-appletvos/WandFoundation-Swift.h /Users/admin/builder/spi-builder-workspace/.derivedData/Build/Intermediates.noindex/WandFoundation.build/Debug-appletvos/WandFoundation-t.build/Objects-normal/arm64/WandFoundation-Swift.h (in target 'WandFoundation' from project 'WandFoundation')
    cd /Users/admin/builder/spi-builder-workspace/.dependencies/checkouts/Foundation
    builtin-swiftHeaderTool -arch arm64 /Users/admin/builder/spi-builder-workspace/.derivedData/Build/Intermediates.noindex/WandFoundation.build/Debug-appletvos/WandFoundation-t.build/Objects-normal/arm64/WandFoundation-Swift.h -o /Users/admin/builder/spi-builder-workspace/.derivedData/Build/Intermediates.noindex/GeneratedModuleMaps-appletvos/WandFoundation-Swift.h
SwiftDriverJobDiscovery normal arm64 Compiling Ask.T.swift, CoreGraphics_Convertable.swift, Numbers_Convertable.swift, String_Convertable.swift (in target 'Wand' from project 'Wand')
Copy /Users/admin/builder/spi-builder-workspace/.derivedData/Build/Products/Debug-appletvos/WandFoundation.swiftmodule/arm64-apple-tvos.swiftmodule /Users/admin/builder/spi-builder-workspace/.derivedData/Build/Intermediates.noindex/WandFoundation.build/Debug-appletvos/WandFoundation-t.build/Objects-normal/arm64/WandFoundation.swiftmodule (in target 'WandFoundation' from project 'WandFoundation')
    cd /Users/admin/builder/spi-builder-workspace/.dependencies/checkouts/Foundation
    builtin-copy -exclude .DS_Store -exclude CVS -exclude .svn -exclude .git -exclude .hg -resolve-src-symlinks -rename /Users/admin/builder/spi-builder-workspace/.derivedData/Build/Intermediates.noindex/WandFoundation.build/Debug-appletvos/WandFoundation-t.build/Objects-normal/arm64/WandFoundation.swiftmodule /Users/admin/builder/spi-builder-workspace/.derivedData/Build/Products/Debug-appletvos/WandFoundation.swiftmodule/arm64-apple-tvos.swiftmodule
Copy /Users/admin/builder/spi-builder-workspace/.derivedData/Build/Products/Debug-appletvos/WandFoundation.swiftmodule/arm64-apple-tvos.swiftdoc /Users/admin/builder/spi-builder-workspace/.derivedData/Build/Intermediates.noindex/WandFoundation.build/Debug-appletvos/WandFoundation-t.build/Objects-normal/arm64/WandFoundation.swiftdoc (in target 'WandFoundation' from project 'WandFoundation')
    cd /Users/admin/builder/spi-builder-workspace/.dependencies/checkouts/Foundation
    builtin-copy -exclude .DS_Store -exclude CVS -exclude .svn -exclude .git -exclude .hg -resolve-src-symlinks -rename /Users/admin/builder/spi-builder-workspace/.derivedData/Build/Intermediates.noindex/WandFoundation.build/Debug-appletvos/WandFoundation-t.build/Objects-normal/arm64/WandFoundation.swiftdoc /Users/admin/builder/spi-builder-workspace/.derivedData/Build/Products/Debug-appletvos/WandFoundation.swiftmodule/arm64-apple-tvos.swiftdoc
Copy /Users/admin/builder/spi-builder-workspace/.derivedData/Build/Products/Debug-appletvos/WandFoundation.swiftmodule/arm64-apple-tvos.abi.json /Users/admin/builder/spi-builder-workspace/.derivedData/Build/Intermediates.noindex/WandFoundation.build/Debug-appletvos/WandFoundation-t.build/Objects-normal/arm64/WandFoundation.abi.json (in target 'WandFoundation' from project 'WandFoundation')
    cd /Users/admin/builder/spi-builder-workspace/.dependencies/checkouts/Foundation
    builtin-copy -exclude .DS_Store -exclude CVS -exclude .svn -exclude .git -exclude .hg -resolve-src-symlinks -rename /Users/admin/builder/spi-builder-workspace/.derivedData/Build/Intermediates.noindex/WandFoundation.build/Debug-appletvos/WandFoundation-t.build/Objects-normal/arm64/WandFoundation.abi.json /Users/admin/builder/spi-builder-workspace/.derivedData/Build/Products/Debug-appletvos/WandFoundation.swiftmodule/arm64-apple-tvos.abi.json
Copy /Users/admin/builder/spi-builder-workspace/.derivedData/Build/Products/Debug-appletvos/WandFoundation.swiftmodule/Project/arm64-apple-tvos.swiftsourceinfo /Users/admin/builder/spi-builder-workspace/.derivedData/Build/Intermediates.noindex/WandFoundation.build/Debug-appletvos/WandFoundation-t.build/Objects-normal/arm64/WandFoundation.swiftsourceinfo (in target 'WandFoundation' from project 'WandFoundation')
    cd /Users/admin/builder/spi-builder-workspace/.dependencies/checkouts/Foundation
    builtin-copy -exclude .DS_Store -exclude CVS -exclude .svn -exclude .git -exclude .hg -resolve-src-symlinks -rename /Users/admin/builder/spi-builder-workspace/.derivedData/Build/Intermediates.noindex/WandFoundation.build/Debug-appletvos/WandFoundation-t.build/Objects-normal/arm64/WandFoundation.swiftsourceinfo /Users/admin/builder/spi-builder-workspace/.derivedData/Build/Products/Debug-appletvos/WandFoundation.swiftmodule/Project/arm64-apple-tvos.swiftsourceinfo
SwiftCompile normal arm64 Compiling\ Model.swift,\ Model_Convert.swift /Users/admin/builder/spi-builder-workspace/.dependencies/checkouts/Foundation/Sources/WandFoundation/Foundation/Model/Model.swift /Users/admin/builder/spi-builder-workspace/.dependencies/checkouts/Foundation/Sources/WandFoundation/Foundation/Model/Model_Convert.swift (in target 'WandFoundation' from project 'WandFoundation')
SwiftCompile normal arm64 /Users/admin/builder/spi-builder-workspace/.dependencies/checkouts/Foundation/Sources/WandFoundation/Foundation/Model/Model.swift (in target 'WandFoundation' from project 'WandFoundation')
    cd /Users/admin/builder/spi-builder-workspace/.swiftpm/xcode
    builtin-SwiftPerFileCompile Model.swift
SwiftCompile normal arm64 /Users/admin/builder/spi-builder-workspace/.dependencies/checkouts/Foundation/Sources/WandFoundation/Foundation/Model/Model_Convert.swift (in target 'WandFoundation' from project 'WandFoundation')
    cd /Users/admin/builder/spi-builder-workspace/.swiftpm/xcode
    builtin-SwiftPerFileCompile Model_Convert.swift
SwiftDriverJobDiscovery normal arm64 Compiling Notification_Ask.swift, RelativeDateTimeFormatter_Convert.swift (in target 'WandFoundation' from project 'WandFoundation')
SwiftCompile normal arm64 Compiling\ DateComponents_Convert.swift,\ DateFormatter_Convert.swift /Users/admin/builder/spi-builder-workspace/.dependencies/checkouts/Foundation/Sources/WandFoundation/Foundation/Date/DateComponents_Convert.swift /Users/admin/builder/spi-builder-workspace/.dependencies/checkouts/Foundation/Sources/WandFoundation/Foundation/Date/DateFormatter_Convert.swift (in target 'WandFoundation' from project 'WandFoundation')
SwiftCompile normal arm64 /Users/admin/builder/spi-builder-workspace/.dependencies/checkouts/Foundation/Sources/WandFoundation/Foundation/Date/DateComponents_Convert.swift (in target 'WandFoundation' from project 'WandFoundation')
    cd /Users/admin/builder/spi-builder-workspace/.swiftpm/xcode
    builtin-SwiftPerFileCompile DateComponents_Convert.swift
SwiftCompile normal arm64 /Users/admin/builder/spi-builder-workspace/.dependencies/checkouts/Foundation/Sources/WandFoundation/Foundation/Date/DateFormatter_Convert.swift (in target 'WandFoundation' from project 'WandFoundation')
    cd /Users/admin/builder/spi-builder-workspace/.swiftpm/xcode
    builtin-SwiftPerFileCompile DateFormatter_Convert.swift
SwiftDriverJobDiscovery normal arm64 Compiling Ask.swift, Core.swift, Expressible.swift, ExpressibleByArray.swift (in target 'Wand' from project 'Wand')
SwiftDriver WandUI normal arm64 com.apple.xcode.tools.swift.compiler (in target 'WandUI' from project 'WandUI')
    cd /Users/admin/builder/spi-builder-workspace/.swiftpm/xcode
    builtin-SwiftDriver -- /Applications/Xcode-27.0.0-Release.Candidate.app/Contents/Developer/Toolchains/XcodeDefault.xctoolchain/usr/bin/swiftc -parse-as-library -module-name WandUI -Onone @/Users/admin/builder/spi-builder-workspace/.derivedData/Build/Intermediates.noindex/WandUI.build/Debug-appletvos/WandUI-t.build/Objects-normal/arm64/WandUI.SwiftFileList -DSWIFT_PACKAGE -DDEBUG -DSWIFT_MODULE_RESOURCE_BUNDLE_UNAVAILABLE -DXcode -plugin-path /Applications/Xcode-27.0.0-Release.Candidate.app/Contents/Developer/Toolchains/XcodeDefault.xctoolchain/usr/lib/swift/host/plugins/testing -enable-experimental-feature DebugDescriptionMacro -sdk /Applications/Xcode-27.0.0-Release.Candidate.app/Contents/Developer/Platforms/AppleTVOS.platform/Developer/SDKs/AppleTVOS27.0.sdk -target arm64-apple-tvos15.0 -g -module-cache-path /Users/admin/builder/spi-builder-workspace/.derivedData/ModuleCache.noindex -Xfrontend -serialize-debugging-options -profile-coverage-mapping -profile-generate -enable-testing -index-store-path /Users/admin/builder/spi-builder-workspace/.derivedData/Index.noindex/DataStore -Xcc -D_LIBCPP_HARDENING_MODE\=_LIBCPP_HARDENING_MODE_DEBUG -swift-version 5 -I /Users/admin/builder/spi-builder-workspace/.derivedData/Build/Products/Debug-appletvos -Isystem /Applications/Xcode-27.0.0-Release.Candidate.app/Contents/Developer/Platforms/AppleTVOS.platform/Developer/usr/lib -F /Users/admin/builder/spi-builder-workspace/.derivedData/Build/Products/Debug-appletvos/PackageFrameworks -F /Users/admin/builder/spi-builder-workspace/.derivedData/Build/Products/Debug-appletvos -F /Applications/Xcode-27.0.0-Release.Candidate.app/Contents/Developer/Platforms/AppleTVOS.platform/Developer/Library/Frameworks -F /Applications/Xcode-27.0.0-Release.Candidate.app/Contents/Developer/Platforms/AppleTVOS.platform/Developer/SDKs/AppleTVOS27.0.sdk/Developer/Library/Frameworks -c -j10 -enable-batch-mode -incremental -Xcc -ivfsstatcache -Xcc /Users/admin/builder/spi-builder-workspace/.derivedData/SDKStatCaches.noindex/appletvos27.0-24J360-e829b21a6f8c9b70876ba0858053c044b32bfd8d43560033f8d89884cdb90028.sdkstatcache -output-file-map /Users/admin/builder/spi-builder-workspace/.derivedData/Build/Intermediates.noindex/WandUI.build/Debug-appletvos/WandUI-t.build/Objects-normal/arm64/WandUI-OutputFileMap.json -save-temps -no-color-diagnostics -explicit-module-build -module-cache-path /Users/admin/builder/spi-builder-workspace/.derivedData/Build/Intermediates.noindex/SwiftExplicitPrecompiledModules -clang-scanner-module-cache-path /Users/admin/builder/spi-builder-workspace/.derivedData/ModuleCache.noindex -sdk-module-cache-path /Users/admin/builder/spi-builder-workspace/.derivedData/SDKExplicitPrecompiledModules -emit-dependencies -emit-module -emit-module-path /Users/admin/builder/spi-builder-workspace/.derivedData/Build/Intermediates.noindex/WandUI.build/Debug-appletvos/WandUI-t.build/Objects-normal/arm64/WandUI.swiftmodule -serialize-diagnostics -dependency-scan-serialize-diagnostics-path /Users/admin/builder/spi-builder-workspace/.derivedData/Build/Intermediates.noindex/WandUI.build/Debug-appletvos/WandUI-t.build/Objects-normal/arm64/WandUI-dependency-scan.dia -validate-clang-modules-once -clang-build-session-file /Users/admin/builder/spi-builder-workspace/.derivedData/ModuleCache.noindex/Session.modulevalidation -Xcc -fmodules-prune-interval\=86400 -Xcc -fmodules-prune-after\=345600 -emit-const-values -const-gather-protocols-list /Users/admin/builder/spi-builder-workspace/.derivedData/Build/Intermediates.noindex/WandUI.build/Debug-appletvos/WandUI-t.build/Objects-normal/arm64/WandUI_const_extract_protocols.json -Xcc -I/Users/admin/builder/spi-builder-workspace/.derivedData/Build/Products/Debug-appletvos/include -Xcc -I/Users/admin/builder/spi-builder-workspace/.derivedData/Build/Intermediates.noindex/WandUI.build/Debug-appletvos/WandUI-t.build/DerivedSources-normal/arm64 -Xcc -I/Users/admin/builder/spi-builder-workspace/.derivedData/Build/Intermediates.noindex/WandUI.build/Debug-appletvos/WandUI-t.build/DerivedSources/arm64 -Xcc -I/Users/admin/builder/spi-builder-workspace/.derivedData/Build/Intermediates.noindex/WandUI.build/Debug-appletvos/WandUI-t.build/DerivedSources -Xcc -DSWIFT_PACKAGE -Xcc -DDEBUG\=1 -emit-objc-header -emit-objc-header-path /Users/admin/builder/spi-builder-workspace/.derivedData/Build/Intermediates.noindex/WandUI.build/Debug-appletvos/WandUI-t.build/Objects-normal/arm64/WandUI-Swift.h -working-directory /Users/admin/builder/spi-builder-workspace/.swiftpm/xcode -experimental-emit-module-separately -disable-cmo
SwiftDriverJobDiscovery normal arm64 Compiling NSTextCheckingResult_Convert.swift, NotificationCenter_Ubiquitous.swift (in target 'WandFoundation' from project 'WandFoundation')
SwiftDriverJobDiscovery normal arm64 Compiling Bundle_Convert.swift, Codable_convert.swift, Data_Convert.swift (in target 'WandFoundation' from project 'WandFoundation')
SwiftDriverJobDiscovery normal arm64 Compiling Foundation_Convert.swift, IndexPath_Convert.swift (in target 'WandFoundation' from project 'WandFoundation')
SwiftDriverJobDiscovery normal arm64 Compiling Model.swift, Model_Convert.swift (in target 'WandFoundation' from project 'WandFoundation')
SwiftDriverJobDiscovery normal arm64 Compiling DateComponents_Convert.swift, DateFormatter_Convert.swift (in target 'WandFoundation' from project 'WandFoundation')
SwiftDriverJobDiscovery normal arm64 Compiling String.IndexDistance_Wand.swift, String_Convert.swift (in target 'WandFoundation' from project 'WandFoundation')
SwiftDriverJobDiscovery normal arm64 Compiling Range_Convert.swift, String.Encoding_Convert.swift (in target 'WandFoundation' from project 'WandFoundation')
SwiftDriverJobDiscovery normal arm64 Compiling TimeZone_Convert.swift, UserDefaults_Ubiquitous.swift (in target 'WandFoundation' from project 'WandFoundation')
SwiftDriver\ Compilation WandFoundation normal arm64 com.apple.xcode.tools.swift.compiler (in target 'WandFoundation' from project 'WandFoundation')
    cd /Users/admin/builder/spi-builder-workspace/.swiftpm/xcode
    builtin-Swift-Compilation -- /Applications/Xcode-27.0.0-Release.Candidate.app/Contents/Developer/Toolchains/XcodeDefault.xctoolchain/usr/bin/swiftc -parse-as-library -module-name WandFoundation -Onone @/Users/admin/builder/spi-builder-workspace/.derivedData/Build/Intermediates.noindex/WandFoundation.build/Debug-appletvos/WandFoundation-t.build/Objects-normal/arm64/WandFoundation.SwiftFileList -DSWIFT_PACKAGE -DDEBUG -DSWIFT_MODULE_RESOURCE_BUNDLE_UNAVAILABLE -DXcode -plugin-path /Applications/Xcode-27.0.0-Release.Candidate.app/Contents/Developer/Toolchains/XcodeDefault.xctoolchain/usr/lib/swift/host/plugins/testing -enable-experimental-feature DebugDescriptionMacro -sdk /Applications/Xcode-27.0.0-Release.Candidate.app/Contents/Developer/Platforms/AppleTVOS.platform/Developer/SDKs/AppleTVOS27.0.sdk -target arm64-apple-tvos15.0 -g -module-cache-path /Users/admin/builder/spi-builder-workspace/.derivedData/ModuleCache.noindex -Xfrontend -serialize-debugging-options -profile-coverage-mapping -profile-generate -enable-testing -suppress-warnings -index-store-path /Users/admin/builder/spi-builder-workspace/.derivedData/Index.noindex/DataStore -Xcc -D_LIBCPP_HARDENING_MODE\=_LIBCPP_HARDENING_MODE_DEBUG -swift-version 5 -I /Users/admin/builder/spi-builder-workspace/.derivedData/Build/Products/Debug-appletvos -Isystem /Applications/Xcode-27.0.0-Release.Candidate.app/Contents/Developer/Platforms/AppleTVOS.platform/Developer/usr/lib -F /Users/admin/builder/spi-builder-workspace/.derivedData/Build/Products/Debug-appletvos/PackageFrameworks -F /Users/admin/builder/spi-builder-workspace/.derivedData/Build/Products/Debug-appletvos -F /Applications/Xcode-27.0.0-Release.Candidate.app/Contents/Developer/Platforms/AppleTVOS.platform/Developer/Library/Frameworks -F /Applications/Xcode-27.0.0-Release.Candidate.app/Contents/Developer/Platforms/AppleTVOS.platform/Developer/SDKs/AppleTVOS27.0.sdk/Developer/Library/Frameworks -c -j10 -enable-batch-mode -incremental -Xcc -ivfsstatcache -Xcc /Users/admin/builder/spi-builder-workspace/.derivedData/SDKStatCaches.noindex/appletvos27.0-24J360-e829b21a6f8c9b70876ba0858053c044b32bfd8d43560033f8d89884cdb90028.sdkstatcache -output-file-map /Users/admin/builder/spi-builder-workspace/.derivedData/Build/Intermediates.noindex/WandFoundation.build/Debug-appletvos/WandFoundation-t.build/Objects-normal/arm64/WandFoundation-OutputFileMap.json -save-temps -no-color-diagnostics -explicit-module-build -module-cache-path /Users/admin/builder/spi-builder-workspace/.derivedData/Build/Intermediates.noindex/SwiftExplicitPrecompiledModules -clang-scanner-module-cache-path /Users/admin/builder/spi-builder-workspace/.derivedData/ModuleCache.noindex -sdk-module-cache-path /Users/admin/builder/spi-builder-workspace/.derivedData/SDKExplicitPrecompiledModules -emit-dependencies -emit-module -emit-module-path /Users/admin/builder/spi-builder-workspace/.derivedData/Build/Intermediates.noindex/WandFoundation.build/Debug-appletvos/WandFoundation-t.build/Objects-normal/arm64/WandFoundation.swiftmodule -serialize-diagnostics -dependency-scan-serialize-diagnostics-path /Users/admin/builder/spi-builder-workspace/.derivedData/Build/Intermediates.noindex/WandFoundation.build/Debug-appletvos/WandFoundation-t.build/Objects-normal/arm64/WandFoundation-dependency-scan.dia -validate-clang-modules-once -clang-build-session-file /Users/admin/builder/spi-builder-workspace/.derivedData/ModuleCache.noindex/Session.modulevalidation -Xcc -fmodules-prune-interval\=86400 -Xcc -fmodules-prune-after\=345600 -emit-const-values -const-gather-protocols-list /Users/admin/builder/spi-builder-workspace/.derivedData/Build/Intermediates.noindex/WandFoundation.build/Debug-appletvos/WandFoundation-t.build/Objects-normal/arm64/WandFoundation_const_extract_protocols.json -Xcc -I/Users/admin/builder/spi-builder-workspace/.derivedData/Build/Products/Debug-appletvos/include -Xcc -I/Users/admin/builder/spi-builder-workspace/.derivedData/Build/Intermediates.noindex/WandFoundation.build/Debug-appletvos/WandFoundation-t.build/DerivedSources-normal/arm64 -Xcc -I/Users/admin/builder/spi-builder-workspace/.derivedData/Build/Intermediates.noindex/WandFoundation.build/Debug-appletvos/WandFoundation-t.build/DerivedSources/arm64 -Xcc -I/Users/admin/builder/spi-builder-workspace/.derivedData/Build/Intermediates.noindex/WandFoundation.build/Debug-appletvos/WandFoundation-t.build/DerivedSources -Xcc -DSWIFT_PACKAGE -Xcc -DDEBUG\=1 -emit-objc-header -emit-objc-header-path /Users/admin/builder/spi-builder-workspace/.derivedData/Build/Intermediates.noindex/WandFoundation.build/Debug-appletvos/WandFoundation-t.build/Objects-normal/arm64/WandFoundation-Swift.h -working-directory /Users/admin/builder/spi-builder-workspace/.swiftpm/xcode -experimental-emit-module-separately -disable-cmo
SwiftExplicitDependencyGeneratePcm arm64 /Users/admin/builder/spi-builder-workspace/.derivedData/SDKExplicitPrecompiledModules/ExtensionFoundation-6QFD7DEZ8B0V1CPXCTN45UZ81.pcm
SwiftExplicitDependencyGeneratePcm arm64 /Users/admin/builder/spi-builder-workspace/.derivedData/SDKExplicitPrecompiledModules/CoreServices-2LPX99NW2QG44GNSEPKSMYBHY.pcm
SwiftExplicitDependencyGeneratePcm arm64 /Users/admin/builder/spi-builder-workspace/.derivedData/SDKExplicitPrecompiledModules/AVRouting-53KTSRU06N7KHZMUFWVUAHAVC.pcm
SwiftExplicitDependencyGeneratePcm arm64 /Users/admin/builder/spi-builder-workspace/.derivedData/SDKExplicitPrecompiledModules/dnssd-EP05MCI8X9XCB9GCC2I2LPUJV.pcm
SwiftExplicitDependencyGeneratePcm arm64 /Users/admin/builder/spi-builder-workspace/.derivedData/SDKExplicitPrecompiledModules/CloudKit-87XEUK0KFMLVKAO7BT1XG0RKM.pcm
SwiftExplicitDependencyGeneratePcm arm64 /Users/admin/builder/spi-builder-workspace/.derivedData/SDKExplicitPrecompiledModules/CoreMIDI-23HL6T8YUJM8DF3NKDJAU0CM7.pcm
SwiftExplicitDependencyGeneratePcm arm64 /Users/admin/builder/spi-builder-workspace/.derivedData/SDKExplicitPrecompiledModules/CoreAudioTypes-E7EH96HAL3G83QSWLT7VWYIP4.pcm
SwiftExplicitDependencyGeneratePcm arm64 /Users/admin/builder/spi-builder-workspace/.derivedData/SDKExplicitPrecompiledModules/Network-4N07O3JN82GNOWXYH2TBMWON5.pcm
SwiftExplicitDependencyGeneratePcm arm64 /Users/admin/builder/spi-builder-workspace/.derivedData/SDKExplicitPrecompiledModules/CoreAudio-6IR1XRM0Q9YQZMFW89F3H4V3X.pcm
SwiftExplicitDependencyGeneratePcm arm64 /Users/admin/builder/spi-builder-workspace/.derivedData/SDKExplicitPrecompiledModules/AudioToolbox-BFZSY3NS10U8E5FG2JHTQ7SO8.pcm
SwiftExplicitDependencyGeneratePcm arm64 /Users/admin/builder/spi-builder-workspace/.derivedData/SDKExplicitPrecompiledModules/CoreMedia-4OUKVT03LV547KZJDPPJRJ4F8.pcm
SwiftExplicitDependencyGeneratePcm arm64 /Users/admin/builder/spi-builder-workspace/.derivedData/SDKExplicitPrecompiledModules/MediaToolbox-4OQJAKJ1UOGLVUHH8TJFAFUX8.pcm
SwiftExplicitDependencyGeneratePcm arm64 /Users/admin/builder/spi-builder-workspace/.derivedData/SDKExplicitPrecompiledModules/AVFAudio-I2OUXVW3JAJP9H9YYQSK67OC.pcm
SwiftExplicitDependencyGeneratePcm arm64 /Users/admin/builder/spi-builder-workspace/.derivedData/SDKExplicitPrecompiledModules/VideoToolbox-9D68N9ZVOUSE0ZFYNU39RYT33.pcm
SwiftDriverJobDiscovery normal arm64 Compiling &.swift, AndT.swift, AndU.swift, Operation.swift, +.swift (in target 'Wand' from project 'Wand')
SwiftDriver\ Compilation Wand normal arm64 com.apple.xcode.tools.swift.compiler (in target 'Wand' from project 'Wand')
    cd /Users/admin/builder/spi-builder-workspace/.swiftpm/xcode
    builtin-Swift-Compilation -- /Applications/Xcode-27.0.0-Release.Candidate.app/Contents/Developer/Toolchains/XcodeDefault.xctoolchain/usr/bin/swiftc -parse-as-library -module-name Wand -Onone @/Users/admin/builder/spi-builder-workspace/.derivedData/Build/Intermediates.noindex/Wand.build/Debug-appletvos/Wand-t.build/Objects-normal/arm64/Wand.SwiftFileList -DSWIFT_PACKAGE -DDEBUG -DSWIFT_MODULE_RESOURCE_BUNDLE_UNAVAILABLE -DXcode -plugin-path /Applications/Xcode-27.0.0-Release.Candidate.app/Contents/Developer/Toolchains/XcodeDefault.xctoolchain/usr/lib/swift/host/plugins/testing -enable-experimental-feature DebugDescriptionMacro -sdk /Applications/Xcode-27.0.0-Release.Candidate.app/Contents/Developer/Platforms/AppleTVOS.platform/Developer/SDKs/AppleTVOS27.0.sdk -target arm64-apple-tvos15.0 -g -module-cache-path /Users/admin/builder/spi-builder-workspace/.derivedData/ModuleCache.noindex -Xfrontend -serialize-debugging-options -profile-coverage-mapping -profile-generate -enable-testing -suppress-warnings -index-store-path /Users/admin/builder/spi-builder-workspace/.derivedData/Index.noindex/DataStore -Xcc -D_LIBCPP_HARDENING_MODE\=_LIBCPP_HARDENING_MODE_DEBUG -swift-version 5 -I /Users/admin/builder/spi-builder-workspace/.derivedData/Build/Products/Debug-appletvos -Isystem /Applications/Xcode-27.0.0-Release.Candidate.app/Contents/Developer/Platforms/AppleTVOS.platform/Developer/usr/lib -F /Users/admin/builder/spi-builder-workspace/.derivedData/Build/Products/Debug-appletvos -F /Applications/Xcode-27.0.0-Release.Candidate.app/Contents/Developer/Platforms/AppleTVOS.platform/Developer/Library/Frameworks -F /Applications/Xcode-27.0.0-Release.Candidate.app/Contents/Developer/Platforms/AppleTVOS.platform/Developer/SDKs/AppleTVOS27.0.sdk/Developer/Library/Frameworks -c -j10 -enable-batch-mode -incremental -Xcc -ivfsstatcache -Xcc /Users/admin/builder/spi-builder-workspace/.derivedData/SDKStatCaches.noindex/appletvos27.0-24J360-e829b21a6f8c9b70876ba0858053c044b32bfd8d43560033f8d89884cdb90028.sdkstatcache -output-file-map /Users/admin/builder/spi-builder-workspace/.derivedData/Build/Intermediates.noindex/Wand.build/Debug-appletvos/Wand-t.build/Objects-normal/arm64/Wand-OutputFileMap.json -save-temps -no-color-diagnostics -explicit-module-build -module-cache-path /Users/admin/builder/spi-builder-workspace/.derivedData/Build/Intermediates.noindex/SwiftExplicitPrecompiledModules -clang-scanner-module-cache-path /Users/admin/builder/spi-builder-workspace/.derivedData/ModuleCache.noindex -sdk-module-cache-path /Users/admin/builder/spi-builder-workspace/.derivedData/SDKExplicitPrecompiledModules -emit-dependencies -emit-module -emit-module-path /Users/admin/builder/spi-builder-workspace/.derivedData/Build/Intermediates.noindex/Wand.build/Debug-appletvos/Wand-t.build/Objects-normal/arm64/Wand.swiftmodule -serialize-diagnostics -dependency-scan-serialize-diagnostics-path /Users/admin/builder/spi-builder-workspace/.derivedData/Build/Intermediates.noindex/Wand.build/Debug-appletvos/Wand-t.build/Objects-normal/arm64/Wand-dependency-scan.dia -validate-clang-modules-once -clang-build-session-file /Users/admin/builder/spi-builder-workspace/.derivedData/ModuleCache.noindex/Session.modulevalidation -Xcc -fmodules-prune-interval\=86400 -Xcc -fmodules-prune-after\=345600 -emit-const-values -const-gather-protocols-list /Users/admin/builder/spi-builder-workspace/.derivedData/Build/Intermediates.noindex/Wand.build/Debug-appletvos/Wand-t.build/Objects-normal/arm64/Wand_const_extract_protocols.json -Xcc -I/Users/admin/builder/spi-builder-workspace/.derivedData/Build/Products/Debug-appletvos/include -Xcc -I/Users/admin/builder/spi-builder-workspace/.derivedData/Build/Intermediates.noindex/Wand.build/Debug-appletvos/Wand-t.build/DerivedSources-normal/arm64 -Xcc -I/Users/admin/builder/spi-builder-workspace/.derivedData/Build/Intermediates.noindex/Wand.build/Debug-appletvos/Wand-t.build/DerivedSources/arm64 -Xcc -I/Users/admin/builder/spi-builder-workspace/.derivedData/Build/Intermediates.noindex/Wand.build/Debug-appletvos/Wand-t.build/DerivedSources -Xcc -DSWIFT_PACKAGE -Xcc -DDEBUG\=1 -emit-objc-header -emit-objc-header-path /Users/admin/builder/spi-builder-workspace/.derivedData/Build/Intermediates.noindex/Wand.build/Debug-appletvos/Wand-t.build/Objects-normal/arm64/Wand-Swift.h -working-directory /Users/admin/builder/spi-builder-workspace/.swiftpm/xcode -experimental-emit-module-separately -disable-cmo
Ld /Users/admin/builder/spi-builder-workspace/.derivedData/Build/Products/Debug-appletvos/Wand.o normal (in target 'Wand' from project 'Wand')
    cd /Users/admin/builder/spi-builder-workspace/.dependencies/checkouts/Wand
    /Applications/Xcode-27.0.0-Release.Candidate.app/Contents/Developer/Toolchains/XcodeDefault.xctoolchain/usr/bin/clang -Xlinker -reproducible -target arm64-apple-tvos15.0 -r -isysroot /Applications/Xcode-27.0.0-Release.Candidate.app/Contents/Developer/Platforms/AppleTVOS.platform/Developer/SDKs/AppleTVOS27.0.sdk -O0 -w -Xlinker -no_warn_duplicate_libraries -F/Users/admin/builder/spi-builder-workspace/.derivedData/Build/Intermediates.noindex/EagerLinkingTBDs/Debug-appletvos -F/Users/admin/builder/spi-builder-workspace/.derivedData/Build/Products/Debug-appletvos -iframework /Applications/Xcode-27.0.0-Release.Candidate.app/Contents/Developer/Platforms/AppleTVOS.platform/Developer/Library/Frameworks -iframework /Applications/Xcode-27.0.0-Release.Candidate.app/Contents/Developer/Platforms/AppleTVOS.platform/Developer/SDKs/AppleTVOS27.0.sdk/Developer/Library/Frameworks -filelist /Users/admin/builder/spi-builder-workspace/.derivedData/Build/Intermediates.noindex/Wand.build/Debug-appletvos/Wand-t.build/Objects-normal/arm64/Wand.LinkFileList -nostdlib -Xlinker -object_path_lto -Xlinker /Users/admin/builder/spi-builder-workspace/.derivedData/Build/Intermediates.noindex/Wand.build/Debug-appletvos/Wand-t.build/Objects-normal/arm64/Wand_lto.o -Xlinker -no_deduplicate -Xlinker -debug_variant -Xlinker -dependency_info -Xlinker /Users/admin/builder/spi-builder-workspace/.derivedData/Build/Intermediates.noindex/Wand.build/Debug-appletvos/Wand-t.build/Objects-normal/arm64/Wand_dependency_info.dat -fobjc-link-runtime -L/Applications/Xcode-27.0.0-Release.Candidate.app/Contents/Developer/Toolchains/XcodeDefault.xctoolchain/usr/lib/swift/appletvos -L/usr/lib/swift -Xlinker -add_ast_path -Xlinker /Users/admin/builder/spi-builder-workspace/.derivedData/Build/Intermediates.noindex/Wand.build/Debug-appletvos/Wand-t.build/Objects-normal/arm64/Wand.swiftmodule -o /Users/admin/builder/spi-builder-workspace/.derivedData/Build/Products/Debug-appletvos/Wand.o
SwiftExplicitDependencyGeneratePcm arm64 /Users/admin/builder/spi-builder-workspace/.derivedData/SDKExplicitPrecompiledModules/AVFoundation-4DKPNMYIKC5WBJ7VZILY1MMIU.pcm
ExtractAppIntentsMetadata (in target 'Wand' from project 'Wand')
    cd /Users/admin/builder/spi-builder-workspace/.dependencies/checkouts/Wand
    /Applications/Xcode-27.0.0-Release.Candidate.app/Contents/Developer/Toolchains/XcodeDefault.xctoolchain/usr/bin/appintentsmetadataprocessor --toolchain-dir /var/run/com.apple.security.cryptexd/mnt/com.apple.MobileAsset.MetalToolchain-v27.1.266.1.TVOkMx/Metal.xctoolchain --module-name Wand --sdk-root /Applications/Xcode-27.0.0-Release.Candidate.app/Contents/Developer/Platforms/AppleTVOS.platform/Developer/SDKs/AppleTVOS27.0.sdk --xcode-version 27A266a --platform-family tvOS --deployment-target 15.0 --bundle-identifier wand.Wand --output /Users/admin/builder/spi-builder-workspace/.derivedData/Build/Products/Debug-appletvos/Wand.appintents --target-triple arm64-apple-tvos15.0 --binary-file /Users/admin/builder/spi-builder-workspace/.derivedData/Build/Products/Debug-appletvos/Wand.o --dependency-file /Users/admin/builder/spi-builder-workspace/.derivedData/Build/Intermediates.noindex/Wand.build/Debug-appletvos/Wand-t.build/Objects-normal/arm64/Wand_dependency_info.dat --stringsdata-file /Users/admin/builder/spi-builder-workspace/.derivedData/Build/Intermediates.noindex/Wand.build/Debug-appletvos/Wand-t.build/Objects-normal/arm64/ExtractedAppShortcutsMetadata.stringsdata --source-file-list /Users/admin/builder/spi-builder-workspace/.derivedData/Build/Intermediates.noindex/Wand.build/Debug-appletvos/Wand-t.build/Objects-normal/arm64/Wand.SwiftFileList --metadata-file-list /Users/admin/builder/spi-builder-workspace/.derivedData/Build/Intermediates.noindex/Wand.build/Debug-appletvos/Wand-t.build/Wand.DependencyMetadataFileList --static-metadata-file-list /Users/admin/builder/spi-builder-workspace/.derivedData/Build/Intermediates.noindex/Wand.build/Debug-appletvos/Wand-t.build/Wand.DependencyStaticMetadataFileList --swift-const-vals-list /Users/admin/builder/spi-builder-workspace/.derivedData/Build/Intermediates.noindex/Wand.build/Debug-appletvos/Wand-t.build/Objects-normal/arm64/Wand.SwiftConstValuesFileList --force --compile-time-extraction --deployment-aware-processing --no-app-shortcuts-localization
2026-09-24 04:47:45.090 appintentsmetadataprocessor[1003:5916] Starting appintentsmetadataprocessor export
2026-09-24 04:47:45.172 appintentsmetadataprocessor[1003:5916] Extracted no relevant App Intents symbols, skipping writing output
Ld /Users/admin/builder/spi-builder-workspace/.derivedData/Build/Products/Debug-appletvos/WandFoundation.o normal (in target 'WandFoundation' from project 'WandFoundation')
    cd /Users/admin/builder/spi-builder-workspace/.dependencies/checkouts/Foundation
    /Applications/Xcode-27.0.0-Release.Candidate.app/Contents/Developer/Toolchains/XcodeDefault.xctoolchain/usr/bin/clang -Xlinker -reproducible -target arm64-apple-tvos15.0 -r -isysroot /Applications/Xcode-27.0.0-Release.Candidate.app/Contents/Developer/Platforms/AppleTVOS.platform/Developer/SDKs/AppleTVOS27.0.sdk -O0 -w -Xlinker -no_warn_duplicate_libraries -F/Users/admin/builder/spi-builder-workspace/.derivedData/Build/Intermediates.noindex/EagerLinkingTBDs/Debug-appletvos -F/Users/admin/builder/spi-builder-workspace/.derivedData/Build/Products/Debug-appletvos/PackageFrameworks -F/Users/admin/builder/spi-builder-workspace/.derivedData/Build/Products/Debug-appletvos -iframework /Applications/Xcode-27.0.0-Release.Candidate.app/Contents/Developer/Platforms/AppleTVOS.platform/Developer/Library/Frameworks -iframework /Applications/Xcode-27.0.0-Release.Candidate.app/Contents/Developer/Platforms/AppleTVOS.platform/Developer/SDKs/AppleTVOS27.0.sdk/Developer/Library/Frameworks -filelist /Users/admin/builder/spi-builder-workspace/.derivedData/Build/Intermediates.noindex/WandFoundation.build/Debug-appletvos/WandFoundation-t.build/Objects-normal/arm64/WandFoundation.LinkFileList -nostdlib -Xlinker -object_path_lto -Xlinker /Users/admin/builder/spi-builder-workspace/.derivedData/Build/Intermediates.noindex/WandFoundation.build/Debug-appletvos/WandFoundation-t.build/Objects-normal/arm64/WandFoundation_lto.o -Xlinker -no_deduplicate -Xlinker -debug_variant -Xlinker -dependency_info -Xlinker /Users/admin/builder/spi-builder-workspace/.derivedData/Build/Intermediates.noindex/WandFoundation.build/Debug-appletvos/WandFoundation-t.build/Objects-normal/arm64/WandFoundation_dependency_info.dat -fobjc-link-runtime -L/Applications/Xcode-27.0.0-Release.Candidate.app/Contents/Developer/Toolchains/XcodeDefault.xctoolchain/usr/lib/swift/appletvos -L/usr/lib/swift -Xlinker -add_ast_path -Xlinker /Users/admin/builder/spi-builder-workspace/.derivedData/Build/Intermediates.noindex/WandFoundation.build/Debug-appletvos/WandFoundation-t.build/Objects-normal/arm64/WandFoundation.swiftmodule -o /Users/admin/builder/spi-builder-workspace/.derivedData/Build/Products/Debug-appletvos/WandFoundation.o
ExtractAppIntentsMetadata (in target 'WandFoundation' from project 'WandFoundation')
    cd /Users/admin/builder/spi-builder-workspace/.dependencies/checkouts/Foundation
    /Applications/Xcode-27.0.0-Release.Candidate.app/Contents/Developer/Toolchains/XcodeDefault.xctoolchain/usr/bin/appintentsmetadataprocessor --toolchain-dir /var/run/com.apple.security.cryptexd/mnt/com.apple.MobileAsset.MetalToolchain-v27.1.266.1.TVOkMx/Metal.xctoolchain --module-name WandFoundation --sdk-root /Applications/Xcode-27.0.0-Release.Candidate.app/Contents/Developer/Platforms/AppleTVOS.platform/Developer/SDKs/AppleTVOS27.0.sdk --xcode-version 27A266a --platform-family tvOS --deployment-target 15.0 --bundle-identifier foundation.WandFoundation --output /Users/admin/builder/spi-builder-workspace/.derivedData/Build/Products/Debug-appletvos/WandFoundation.appintents --target-triple arm64-apple-tvos15.0 --binary-file /Users/admin/builder/spi-builder-workspace/.derivedData/Build/Products/Debug-appletvos/WandFoundation.o --dependency-file /Users/admin/builder/spi-builder-workspace/.derivedData/Build/Intermediates.noindex/WandFoundation.build/Debug-appletvos/WandFoundation-t.build/Objects-normal/arm64/WandFoundation_dependency_info.dat --stringsdata-file /Users/admin/builder/spi-builder-workspace/.derivedData/Build/Intermediates.noindex/WandFoundation.build/Debug-appletvos/WandFoundation-t.build/Objects-normal/arm64/ExtractedAppShortcutsMetadata.stringsdata --source-file-list /Users/admin/builder/spi-builder-workspace/.derivedData/Build/Intermediates.noindex/WandFoundation.build/Debug-appletvos/WandFoundation-t.build/Objects-normal/arm64/WandFoundation.SwiftFileList --metadata-file-list /Users/admin/builder/spi-builder-workspace/.derivedData/Build/Intermediates.noindex/WandFoundation.build/Debug-appletvos/WandFoundation-t.build/WandFoundation.DependencyMetadataFileList --static-metadata-file-list /Users/admin/builder/spi-builder-workspace/.derivedData/Build/Intermediates.noindex/WandFoundation.build/Debug-appletvos/WandFoundation-t.build/WandFoundation.DependencyStaticMetadataFileList --swift-const-vals-list /Users/admin/builder/spi-builder-workspace/.derivedData/Build/Intermediates.noindex/WandFoundation.build/Debug-appletvos/WandFoundation-t.build/Objects-normal/arm64/WandFoundation.SwiftConstValuesFileList --force --compile-time-extraction --deployment-aware-processing --no-app-shortcuts-localization
2026-09-24 04:47:45.212 appintentsmetadataprocessor[1006:5934] Starting appintentsmetadataprocessor export
2026-09-24 04:47:45.269 appintentsmetadataprocessor[1006:5934] Extracted no relevant App Intents symbols, skipping writing output
SwiftExplicitDependencyGeneratePcm arm64 /Users/admin/builder/spi-builder-workspace/.derivedData/SDKExplicitPrecompiledModules/Photos-7MEE6JGC4O3TFWLBV7USC0WXU.pcm
SwiftExplicitDependencyGeneratePcm arm64 /Users/admin/builder/spi-builder-workspace/.derivedData/SDKExplicitPrecompiledModules/PhotosUI-3WOBAURVFS536UVVLDSV0Z32C.pcm
SwiftCompile normal arm64 Compiling\ UIAlertController+Pipe.swift,\ UIImagePickerController_Obtainable.swift /Users/admin/builder/spi-builder-workspace/Sources/WandUI/UIKit/UIViewController/UIAlertController+Pipe.swift /Users/admin/builder/spi-builder-workspace/Sources/WandUI/UIKit/UIViewController/UIImagePickerController_Obtainable.swift (in target 'WandUI' from project 'WandUI')
SwiftCompile normal arm64 /Users/admin/builder/spi-builder-workspace/Sources/WandUI/UIKit/UIViewController/UIAlertController+Pipe.swift (in target 'WandUI' from project 'WandUI')
    cd /Users/admin/builder/spi-builder-workspace/.swiftpm/xcode
    builtin-SwiftPerFileCompile UIAlertController+Pipe.swift
SwiftCompile normal arm64 /Users/admin/builder/spi-builder-workspace/Sources/WandUI/UIKit/UIViewController/UIImagePickerController_Obtainable.swift (in target 'WandUI' from project 'WandUI')
    cd /Users/admin/builder/spi-builder-workspace/.swiftpm/xcode
    builtin-SwiftPerFileCompile UIImagePickerController_Obtainable.swift
/Users/admin/builder/spi-builder-workspace/Sources/WandUI/UIKit/UIViewController/UIImagePickerController_Obtainable.swift:35:1: warning: extension declares a conformance of imported type 'UIImagePickerController' to imported protocols 'Obtainable', 'Wanded'; this will not behave correctly if the owners of 'UIKit' introduce this conformance in the future
33 | @available(visionOS, unavailable)
34 | @available(watchOS, unavailable)
35 | extension UIImagePickerController: Obtainable {
   | |- warning: extension declares a conformance of imported type 'UIImagePickerController' to imported protocols 'Obtainable', 'Wanded'; this will not behave correctly if the owners of 'UIKit' introduce this conformance in the future
   | `- note: add '@retroactive' to silence this warning
36 |
37 |     public
SwiftEmitModule normal arm64 Emitting\ module\ for\ WandUI (in target 'WandUI' from project 'WandUI')
/Users/admin/builder/spi-builder-workspace/Sources/WandUI/UIKit/UIImage/Ask/UIImage_Asking.swift:34:40: error: ambiguous type name 'Operation' in 'Ask<Image>' (aka 'Ask<UIImage>')
24 | extension Ask {
25 |
26 |     class Operation: Ask {
   |           `- note: found candidate with type 'Ask<Image>.Operation' (aka 'Ask<UIImage>.Operation')
27 |     }
28 |
   :
32 | @discardableResult
33 | public
34 | func | (image: Image?, ask: Ask<Image>.Operation) -> Core {
   |                                        `- error: ambiguous type name 'Operation' in 'Ask<Image>' (aka 'Ask<UIImage>')
35 |     let wand = Core.to(image)
36 |     _ = wand.append(ask: ask, check: true)
Wand.Ask.Operation:2:14: note: found candidate with type 'Ask<Image>.Operation' (aka 'Ask<UIImage>.Operation')
1 | generic class Ask {
2 | public class Operation : Wand.Ask<T> {
  |              `- note: found candidate with type 'Ask<Image>.Operation' (aka 'Ask<UIImage>.Operation')
3 |     required public init(once: Bool, check: Bool = super, for key: String? = nil, handler: @escaping (T) -> Bool)
4 |     deinit
/Users/admin/builder/spi-builder-workspace/Sources/WandUI/UIKit/UIEvent_Ask.swift:25:33: error: cannot find type 'AskingNil' in scope
23 | import WandFoundation
24 |
25 | extension UIEvent.EventSubtype: AskingNil, @retroactive Wanded {
   |                                 `- error: cannot find type 'AskingNil' in scope
26 |
27 |     public
/Users/admin/builder/spi-builder-workspace/Sources/WandUI/UIKit/UIEvent_Ask.swift:56:21: warning: conformance of 'UIWindow' to protocol 'Wanded' was already stated in the type's module 'UIKit'
54 | }
55 |
56 | extension UIWindow: Wanded {
   |                     `- warning: conformance of 'UIWindow' to protocol 'Wanded' was already stated in the type's module 'UIKit'
57 |
58 |     open
/Applications/Xcode-27.0.0-Release.Candidate.app/Contents/Developer/Platforms/AppleTVOS.platform/Developer/SDKs/AppleTVOS27.0.sdk/System/Library/Frameworks/UIKit.framework/Headers/UIWindow.h:22:12: note: 'UIWindow' inherits conformance to protocol 'Wanded' from superclass here
 20 |
 21 | UIKIT_EXTERN API_AVAILABLE(ios(2.0)) API_UNAVAILABLE(watchos) NS_SWIFT_UI_ACTOR
 22 | @interface UIWindow : UIView
    |            `- note: 'UIWindow' inherits conformance to protocol 'Wanded' from superclass here
 23 |
 24 | // instantiate a UIWindow already associated with a given UIWindowScene instance, with matching frame & interface orientations.
/Users/admin/builder/spi-builder-workspace/Sources/WandUI/UIKit/UIGestureRecognizer_Ask.swift:23:1: warning: extension declares a conformance of imported type 'UIView' to imported protocol 'Wanded'; this will not behave correctly if the owners of 'UIKit' introduce this conformance in the future
21 | import Wand
22 |
23 | extension UIView: Wanded {
   | |- warning: extension declares a conformance of imported type 'UIView' to imported protocol 'Wanded'; this will not behave correctly if the owners of 'UIKit' introduce this conformance in the future
   | `- note: add '@retroactive' to silence this warning
24 |
25 | }
/Users/admin/builder/spi-builder-workspace/Sources/WandUI/UIKit/UIGestureRecognizer_Ask.swift:27:1: warning: extension declares a conformance of imported type 'UIGestureRecognizer' to imported protocol 'Wanded'; this will not behave correctly if the owners of 'UIKit' introduce this conformance in the future
25 | }
26 |
27 | extension UIGestureRecognizer: Wanded {
   | |- warning: extension declares a conformance of imported type 'UIGestureRecognizer' to imported protocol 'Wanded'; this will not behave correctly if the owners of 'UIKit' introduce this conformance in the future
   | `- note: add '@retroactive' to silence this warning
28 |
29 | }
/Users/admin/builder/spi-builder-workspace/Sources/WandUI/UIKit/UIImage/Ask/UIImage_AskingNil.swift:25:18: error: cannot find type 'AskingNil' in scope
 23 | import Wand
 24 |
 25 | extension Image: AskingNil, Wanded {
    |                  `- error: cannot find type 'AskingNil' in scope
 26 |
 27 |     /// Ask
/Users/admin/builder/spi-builder-workspace/Sources/WandUI/UIKit/UIImage/Ask/UIImage_AskingNil.swift:25:1: warning: extension declares a conformance of imported type 'UIImage' to imported protocol 'Wanded'; this will not behave correctly if the owners of 'UIKit' introduce this conformance in the future
 23 | import Wand
 24 |
 25 | extension Image: AskingNil, Wanded {
    | |- warning: extension declares a conformance of imported type 'UIImage' to imported protocol 'Wanded'; this will not behave correctly if the owners of 'UIKit' introduce this conformance in the future
    | `- note: add '@retroactive' to silence this warning
 26 |
 27 |     /// Ask
/Users/admin/builder/spi-builder-workspace/Sources/WandUI/UIKit/UIImage/Ask/UIImage_AskingNil.swift:46:44: error: extra argument 'check' in call
 44 |
 45 |         //Save ask
 46 |         guard wand.append(ask: ask, check: true) else {
    |                                            `- error: extra argument 'check' in call
 47 |             return wand
 48 |         }
/Users/admin/builder/spi-builder-workspace/Sources/WandUI/UIKit/UIImage/Ask/UIImage_Fill.swift:26:17: error: 'Operation' is ambiguous for type lookup in this context
24 | extension Ask {
25 |
26 |     class Fill: Operation {
   |                 `- error: 'Operation' is ambiguous for type lookup in this context
27 |     }
28 |
/Users/admin/builder/spi-builder-workspace/Sources/WandUI/UIKit/UIImage/Ask/UIImage_Asking.swift:26:11: note: found this candidate
24 | extension Ask {
25 |
26 |     class Operation: Ask {
   |           `- note: found this candidate
27 |     }
28 |
Wand.Ask.Operation:2:14: note: found this candidate
1 | generic class Ask {
2 | public class Operation : Wand.Ask<T> {
  |              `- note: found this candidate
3 |     required public init(once: Bool, check: Bool = super, for key: String? = nil, handler: @escaping (T) -> Bool)
4 |     deinit
/Users/admin/builder/spi-builder-workspace/Sources/WandUI/UIKit/UIImage/Ask/UIImage_Fit.swift:26:16: error: 'Operation' is ambiguous for type lookup in this context
24 | extension Ask {
25 |
26 |     class Fit: Operation {
   |                `- error: 'Operation' is ambiguous for type lookup in this context
27 |     }
28 |
/Users/admin/builder/spi-builder-workspace/Sources/WandUI/UIKit/UIImage/Ask/UIImage_Asking.swift:26:11: note: found this candidate
24 | extension Ask {
25 |
26 |     class Operation: Ask {
   |           `- note: found this candidate
27 |     }
28 |
Wand.Ask.Operation:2:14: note: found this candidate
1 | generic class Ask {
2 | public class Operation : Wand.Ask<T> {
  |              `- note: found this candidate
3 |     required public init(once: Bool, check: Bool = super, for key: String? = nil, handler: @escaping (T) -> Bool)
4 |     deinit
/Users/admin/builder/spi-builder-workspace/Sources/WandUI/UIKit/UIImage/Ask/UIImage_Round.swift:26:18: error: 'Operation' is ambiguous for type lookup in this context
24 | extension Ask {
25 |
26 |     class Round: Operation {
   |                  `- error: 'Operation' is ambiguous for type lookup in this context
27 |     }
28 |
/Users/admin/builder/spi-builder-workspace/Sources/WandUI/UIKit/UIImage/Ask/UIImage_Asking.swift:26:11: note: found this candidate
24 | extension Ask {
25 |
26 |     class Operation: Ask {
   |           `- note: found this candidate
27 |     }
28 |
Wand.Ask.Operation:2:14: note: found this candidate
1 | generic class Ask {
2 | public class Operation : Wand.Ask<T> {
  |              `- note: found this candidate
3 |     required public init(once: Bool, check: Bool = super, for key: String? = nil, handler: @escaping (T) -> Bool)
4 |     deinit
/Users/admin/builder/spi-builder-workspace/Sources/WandUI/UIKit/UIImage/Ask/UIImage_Scale.swift:26:18: error: 'Operation' is ambiguous for type lookup in this context
24 | extension Ask {
25 |
26 |     class Scale: Operation {
   |                  `- error: 'Operation' is ambiguous for type lookup in this context
27 |     }
28 |
/Users/admin/builder/spi-builder-workspace/Sources/WandUI/UIKit/UIImage/Ask/UIImage_Asking.swift:26:11: note: found this candidate
24 | extension Ask {
25 |
26 |     class Operation: Ask {
   |           `- note: found this candidate
27 |     }
28 |
Wand.Ask.Operation:2:14: note: found this candidate
1 | generic class Ask {
2 | public class Operation : Wand.Ask<T> {
  |              `- note: found this candidate
3 |     required public init(once: Bool, check: Bool = super, for key: String? = nil, handler: @escaping (T) -> Bool)
4 |     deinit
/Users/admin/builder/spi-builder-workspace/Sources/WandUI/UIKit/UIUserInterfaceStyle_Convert.swift:65:11: error: 'UITraitChangeObservable' is only available in tvOS 17.0 or newer
63 | @inline(__always)
64 | public
65 | func |<T: UITraitChangeObservable & UITraitEnvironment> (observer: T, handler: @escaping (UIUserInterfaceStyle)->()) -> any UITraitChangeRegistration {
   |      |    `- error: 'UITraitChangeObservable' is only available in tvOS 17.0 or newer
   |      `- note: add '@available' attribute to enclosing operator function
66 |
67 |     observer.registerForTraitChanges([UITraitUserInterfaceStyle.self]) { (o: T, prev: UITraitCollection) in
/Users/admin/builder/spi-builder-workspace/Sources/WandUI/UIKit/UIUserInterfaceStyle_Convert.swift:65:125: error: 'UITraitChangeRegistration' is only available in tvOS 17.0 or newer
63 | @inline(__always)
64 | public
65 | func |<T: UITraitChangeObservable & UITraitEnvironment> (observer: T, handler: @escaping (UIUserInterfaceStyle)->()) -> any UITraitChangeRegistration {
   |      |                                                                                                                      `- error: 'UITraitChangeRegistration' is only available in tvOS 17.0 or newer
   |      `- note: add '@available' attribute to enclosing operator function
66 |
67 |     observer.registerForTraitChanges([UITraitUserInterfaceStyle.self]) { (o: T, prev: UITraitCollection) in
SwiftCompile normal arm64 (in target 'WandUI' from project 'WandUI')
    cd /Users/admin/builder/spi-builder-workspace/.swiftpm/xcode

/Users/admin/builder/spi-builder-workspace/Sources/WandUI/UIKit/UIViewController/PHPickerConfiguration_Obtainable.swift:32:11: error: cannot find type 'PHPickerConfiguration' in scope
30 | @available(visionOS, unavailable)
31 | @available(watchOS, unavailable)
32 | extension PHPickerConfiguration: Obtainable {
   |           `- error: cannot find type 'PHPickerConfiguration' in scope
33 |
34 |     public
/Users/admin/builder/spi-builder-workspace/Sources/WandUI/UIKit/UIViewController/PHPickerViewController_Obtainable.swift:34:1: warning: extension declares a conformance of imported type 'PHPickerViewController' to imported protocols 'Obtainable', 'Wanded'; this will not behave correctly if the owners of 'PhotosUI' introduce this conformance in the future
 32 | @available(visionOS, unavailable)
 33 | @available(watchOS, unavailable)
 34 | extension PHPickerViewController: Obtainable {
    | |- warning: extension declares a conformance of imported type 'PHPickerViewController' to imported protocols 'Obtainable', 'Wanded'; this will not behave correctly if the owners of 'PhotosUI' introduce this conformance in the future
    | `- note: add '@retroactive' to silence this warning
 35 |
 36 |     public
SwiftCompile normal arm64 Compiling\ UIImage_Fit.swift,\ UIImage_Round.swift /Users/admin/builder/spi-builder-workspace/Sources/WandUI/UIKit/UIImage/Ask/UIImage_Fit.swift /Users/admin/builder/spi-builder-workspace/Sources/WandUI/UIKit/UIImage/Ask/UIImage_Round.swift (in target 'WandUI' from project 'WandUI')
/Users/admin/builder/spi-builder-workspace/Sources/WandUI/UIKit/UIImage/Ask/UIImage_Fit.swift:26:16: error: 'Operation' is ambiguous for type lookup in this context
24 | extension Ask {
25 |
26 |     class Fit: Operation {
   |                `- error: 'Operation' is ambiguous for type lookup in this context
27 |     }
28 |
/Users/admin/builder/spi-builder-workspace/Sources/WandUI/UIKit/UIImage/Ask/UIImage_Asking.swift:26:11: note: found this candidate
24 | extension Ask {
25 |
26 |     class Operation: Ask {
   |           `- note: found this candidate
27 |     }
28 |
Wand.Ask.Operation:2:14: note: found this candidate
1 | generic class Ask {
2 | public class Operation : Wand.Ask<T> {
  |              `- note: found this candidate
3 |     required public init(once: Bool, check: Bool = super, for key: String? = nil, handler: @escaping (T) -> Bool)
4 |     deinit
/Users/admin/builder/spi-builder-workspace/Sources/WandUI/UIKit/UIImage/Ask/UIImage_Round.swift:26:18: error: 'Operation' is ambiguous for type lookup in this context
24 | extension Ask {
25 |
26 |     class Round: Operation {
   |                  `- error: 'Operation' is ambiguous for type lookup in this context
27 |     }
28 |
/Users/admin/builder/spi-builder-workspace/Sources/WandUI/UIKit/UIImage/Ask/UIImage_Asking.swift:26:11: note: found this candidate
24 | extension Ask {
25 |
26 |     class Operation: Ask {
   |           `- note: found this candidate
27 |     }
28 |
Wand.Ask.Operation:2:14: note: found this candidate
1 | generic class Ask {
2 | public class Operation : Wand.Ask<T> {
  |              `- note: found this candidate
3 |     required public init(once: Bool, check: Bool = super, for key: String? = nil, handler: @escaping (T) -> Bool)
4 |     deinit
Failed frontend command:
/Applications/Xcode-27.0.0-Release.Candidate.app/Contents/Developer/Toolchains/XcodeDefault.xctoolchain/usr/bin/swift-frontend -frontend -c /Users/admin/builder/spi-builder-workspace/Sources/WandUI/UIKit/UIColor/UIColor_Convert_Int.swift /Users/admin/builder/spi-builder-workspace/Sources/WandUI/UIKit/UIColor/UIColor_Convert_String.swift /Users/admin/builder/spi-builder-workspace/Sources/WandUI/UIKit/UIEvent_Ask.swift /Users/admin/builder/spi-builder-workspace/Sources/WandUI/UIKit/UIGestureRecognizer_Ask.swift /Users/admin/builder/spi-builder-workspace/Sources/WandUI/UIKit/UIImage/Ask/UIImage_Asking.swift /Users/admin/builder/spi-builder-workspace/Sources/WandUI/UIKit/UIImage/Ask/UIImage_AskingNil.swift /Users/admin/builder/spi-builder-workspace/Sources/WandUI/UIKit/UIImage/Ask/UIImage_Fill.swift -primary-file /Users/admin/builder/spi-builder-workspace/Sources/WandUI/UIKit/UIImage/Ask/UIImage_Fit.swift -primary-file /Users/admin/builder/spi-builder-workspace/Sources/WandUI/UIKit/UIImage/Ask/UIImage_Round.swift /Users/admin/builder/spi-builder-workspace/Sources/WandUI/UIKit/UIImage/Ask/UIImage_Scale.swift /Users/admin/builder/spi-builder-workspace/Sources/WandUI/UIKit/UIImage/Image_Convert.swift /Users/admin/builder/spi-builder-workspace/Sources/WandUI/UIKit/UIImage/UI.swift /Users/admin/builder/spi-builder-workspace/Sources/WandUI/UIKit/UIKit_Convertable.swift /Users/admin/builder/spi-builder-workspace/Sources/WandUI/UIKit/UIUserInterfaceStyle_Convert.swift /Users/admin/builder/spi-builder-workspace/Sources/WandUI/UIKit/UIView/UIView_Convert.swift /Users/admin/builder/spi-builder-workspace/Sources/WandUI/UIKit/UIViewController/PHPickerConfiguration_Obtainable.swift /Users/admin/builder/spi-builder-workspace/Sources/WandUI/UIKit/UIViewController/PHPickerViewController_Obtainable.swift /Users/admin/builder/spi-builder-workspace/Sources/WandUI/UIKit/UIViewController/UIAlertController+Pipe.swift /Users/admin/builder/spi-builder-workspace/Sources/WandUI/UIKit/UIViewController/UIImagePickerController_Obtainable.swift /Users/admin/builder/spi-builder-workspace/Sources/WandUI/UIKit/UIViewController/UI_Error.swift /Users/admin/builder/spi-builder-workspace/Sources/WandUI/UIKit/UIViewController/Visible.swift -emit-dependencies-path /Users/admin/builder/spi-builder-workspace/.derivedData/Build/Intermediates.noindex/WandUI.build/Debug-appletvos/WandUI-t.build/Objects-normal/arm64/UIImage_Fit.d -emit-const-values-path /Users/admin/builder/spi-builder-workspace/.derivedData/Build/Intermediates.noindex/WandUI.build/Debug-appletvos/WandUI-t.build/Objects-normal/arm64/UIImage_Fit.swiftconstvalues -emit-reference-dependencies-path /Users/admin/builder/spi-builder-workspace/.derivedData/Build/Intermediates.noindex/WandUI.build/Debug-appletvos/WandUI-t.build/Objects-normal/arm64/UIImage_Fit.swiftdeps -serialize-diagnostics-path /Users/admin/builder/spi-builder-workspace/.derivedData/Build/Intermediates.noindex/WandUI.build/Debug-appletvos/WandUI-t.build/Objects-normal/arm64/UIImage_Fit.dia -emit-dependencies-path /Users/admin/builder/spi-builder-workspace/.derivedData/Build/Intermediates.noindex/WandUI.build/Debug-appletvos/WandUI-t.build/Objects-normal/arm64/UIImage_Round.d -emit-const-values-path /Users/admin/builder/spi-builder-workspace/.derivedData/Build/Intermediates.noindex/WandUI.build/Debug-appletvos/WandUI-t.build/Objects-normal/arm64/UIImage_Round.swiftconstvalues -emit-reference-dependencies-path /Users/admin/builder/spi-builder-workspace/.derivedData/Build/Intermediates.noindex/WandUI.build/Debug-appletvos/WandUI-t.build/Objects-normal/arm64/UIImage_Round.swiftdeps -serialize-diagnostics-path /Users/admin/builder/spi-builder-workspace/.derivedData/Build/Intermediates.noindex/WandUI.build/Debug-appletvos/WandUI-t.build/Objects-normal/arm64/UIImage_Round.dia -target arm64-apple-tvos15.0 -module-can-import-version CoreLocation 57 3185.0.6 -module-can-import-version PhotosUI 913.0.103 913.0.103 -module-can-import-version UIKit 9127.0.84.1 9127.0.84 -disable-cross-import-overlay-search -load-resolved-plugin /Applications/Xcode-27.0.0-Release.Candidate.app/Contents/Developer/Platforms/AppleTVOS.platform/Developer/usr/lib/swift/host/plugins/libFoundationMacros.dylib\#/Applications/Xcode-27.0.0-Release.Candidate.app/Contents/Developer/Platforms/AppleTVOS.platform/Developer/usr/bin/swift-plugin-server\#FoundationMacros -load-resolved-plugin /Applications/Xcode-27.0.0-Release.Candidate.app/Contents/Developer/Platforms/AppleTVOS.platform/Developer/usr/lib/swift/host/plugins/libObservationMacros.dylib\#/Applications/Xcode-27.0.0-Release.Candidate.app/Contents/Developer/Platforms/AppleTVOS.platform/Developer/usr/bin/swift-plugin-server\#ObservationMacros -load-resolved-plugin /Applications/Xcode-27.0.0-Release.Candidate.app/Contents/Developer/Platforms/AppleTVOS.platform/Developer/usr/lib/swift/host/plugins/libPreviewsMacros.dylib\#/Applications/Xcode-27.0.0-Release.Candidate.app/Contents/Developer/Platforms/AppleTVOS.platform/Developer/usr/bin/swift-plugin-server\#PreviewsMacros -load-resolved-plugin /Applications/Xcode-27.0.0-Release.Candidate.app/Contents/Developer/Platforms/AppleTVOS.platform/Developer/usr/lib/swift/host/plugins/libSwiftMacros.dylib\#/Applications/Xcode-27.0.0-Release.Candidate.app/Contents/Developer/Platforms/AppleTVOS.platform/Developer/usr/bin/swift-plugin-server\#SwiftMacros -load-resolved-plugin /Applications/Xcode-27.0.0-Release.Candidate.app/Contents/Developer/Platforms/AppleTVOS.platform/Developer/usr/lib/swift/host/plugins/libSwiftUIMacros.dylib\#/Applications/Xcode-27.0.0-Release.Candidate.app/Contents/Developer/Platforms/AppleTVOS.platform/Developer/usr/bin/swift-plugin-server\#SwiftUIMacros -disable-implicit-swift-modules -Xcc -fno-implicit-modules -Xcc -fno-implicit-module-maps -explicit-swift-module-map-file /Users/admin/builder/spi-builder-workspace/.derivedData/Build/Intermediates.noindex/WandUI.build/Debug-appletvos/WandUI-t.build/Objects-normal/arm64/WandUI-dependencies-1.json -Xllvm -aarch64-use-tbi -enable-objc-interop -stack-check -sdk /Applications/Xcode-27.0.0-Release.Candidate.app/Contents/Developer/Platforms/AppleTVOS.platform/Developer/SDKs/AppleTVOS27.0.sdk -I /Users/admin/builder/spi-builder-workspace/.derivedData/Build/Products/Debug-appletvos -Isystem /Applications/Xcode-27.0.0-Release.Candidate.app/Contents/Developer/Platforms/AppleTVOS.platform/Developer/usr/lib -F /Users/admin/builder/spi-builder-workspace/.derivedData/Build/Products/Debug-appletvos/PackageFrameworks -F /Users/admin/builder/spi-builder-workspace/.derivedData/Build/Products/Debug-appletvos -F /Applications/Xcode-27.0.0-Release.Candidate.app/Contents/Developer/Platforms/AppleTVOS.platform/Developer/Library/Frameworks -F /Applications/Xcode-27.0.0-Release.Candidate.app/Contents/Developer/Platforms/AppleTVOS.platform/Developer/SDKs/AppleTVOS27.0.sdk/Developer/Library/Frameworks -module-cache-path /Users/admin/builder/spi-builder-workspace/.derivedData/Build/Intermediates.noindex/SwiftExplicitPrecompiledModules -no-color-diagnostics -Xcc -fno-color-diagnostics -enable-testing -g -debug-info-format\=dwarf -dwarf-version\=4 -profile-generate -profile-coverage-mapping -swift-version 5 -Onone -D SWIFT_PACKAGE -D DEBUG -D SWIFT_MODULE_RESOURCE_BUNDLE_UNAVAILABLE -D Xcode -serialize-debugging-options -enable-experimental-feature DebugDescriptionMacro -empty-abi-descriptor -validate-clang-modules-once -clang-build-session-file /Users/admin/builder/spi-builder-workspace/.derivedData/ModuleCache.noindex/Session.modulevalidation -Xcc -working-directory -Xcc /Users/admin/builder/spi-builder-workspace/.swiftpm/xcode -enable-anonymous-context-mangled-names -file-compilation-dir /Users/admin/builder/spi-builder-workspace/.swiftpm/xcode -Xcc -D_LIBCPP_HARDENING_MODE\=_LIBCPP_HARDENING_MODE_DEBUG -Xcc -ivfsstatcache -Xcc /Users/admin/builder/spi-builder-workspace/.derivedData/SDKStatCaches.noindex/appletvos27.0-24J360-e829b21a6f8c9b70876ba0858053c044b32bfd8d43560033f8d89884cdb90028.sdkstatcache -Xcc -fmodules-prune-interval\=86400 -Xcc -fmodules-prune-after\=345600 -Xcc -I/Users/admin/builder/spi-builder-workspace/.derivedData/Build/Products/Debug-appletvos/include -Xcc -I/Users/admin/builder/spi-builder-workspace/.derivedData/Build/Intermediates.noindex/WandUI.build/Debug-appletvos/WandUI-t.build/DerivedSources-normal/arm64 -Xcc -I/Users/admin/builder/spi-builder-workspace/.derivedData/Build/Intermediates.noindex/WandUI.build/Debug-appletvos/WandUI-t.build/DerivedSources/arm64 -Xcc -I/Users/admin/builder/spi-builder-workspace/.derivedData/Build/Intermediates.noindex/WandUI.build/Debug-appletvos/WandUI-t.build/DerivedSources -Xcc -DSWIFT_PACKAGE -Xcc -DDEBUG\=1 -no-auto-bridging-header-chaining -module-name WandUI -const-gather-protocols-file /Users/admin/builder/spi-builder-workspace/.derivedData/Build/Intermediates.noindex/WandUI.build/Debug-appletvos/WandUI-t.build/Objects-normal/arm64/WandUI_const_extract_protocols.json -disable-clang-spi -clang-target arm64-apple-tvos27.0 -target-sdk-version 27.0 -target-sdk-name appletvos27.0 -in-process-plugin-server-path /Applications/Xcode-27.0.0-Release.Candidate.app/Contents/Developer/Toolchains/XcodeDefault.xctoolchain/usr/lib/swift/host/libSwiftInProcPluginServer.dylib -parse-as-library -o /Users/admin/builder/spi-builder-workspace/.derivedData/Build/Intermediates.noindex/WandUI.build/Debug-appletvos/WandUI-t.build/Objects-normal/arm64/UIImage_Fit.o -o /Users/admin/builder/spi-builder-workspace/.derivedData/Build/Intermediates.noindex/WandUI.build/Debug-appletvos/WandUI-t.build/Objects-normal/arm64/UIImage_Round.o -debug-module-path /Users/admin/builder/spi-builder-workspace/.derivedData/Build/Intermediates.noindex/WandUI.build/Debug-appletvos/WandUI-t.build/Objects-normal/arm64/WandUI.swiftmodule -index-unit-output-path /WandUI.build/Debug-appletvos/WandUI-t.build/Objects-normal/arm64/UIImage_Fit.o -index-unit-output-path /WandUI.build/Debug-appletvos/WandUI-t.build/Objects-normal/arm64/UIImage_Round.o -index-store-path /Users/admin/builder/spi-builder-workspace/.derivedData/Index.noindex/DataStore -index-system-modules
SwiftCompile normal arm64 /Users/admin/builder/spi-builder-workspace/Sources/WandUI/UIKit/UIImage/Ask/UIImage_Fit.swift (in target 'WandUI' from project 'WandUI')
    cd /Users/admin/builder/spi-builder-workspace/.swiftpm/xcode
    builtin-SwiftPerFileCompile UIImage_Fit.swift
SwiftCompile normal arm64 /Users/admin/builder/spi-builder-workspace/Sources/WandUI/UIKit/UIImage/Ask/UIImage_Round.swift (in target 'WandUI' from project 'WandUI')
    cd /Users/admin/builder/spi-builder-workspace/.swiftpm/xcode
    builtin-SwiftPerFileCompile UIImage_Round.swift
SwiftCompile normal arm64 Compiling\ UIImage_AskingNil.swift,\ UIImage_Fill.swift /Users/admin/builder/spi-builder-workspace/Sources/WandUI/UIKit/UIImage/Ask/UIImage_AskingNil.swift /Users/admin/builder/spi-builder-workspace/Sources/WandUI/UIKit/UIImage/Ask/UIImage_Fill.swift (in target 'WandUI' from project 'WandUI')
/Users/admin/builder/spi-builder-workspace/Sources/WandUI/UIKit/UIImage/Ask/UIImage_AskingNil.swift:25:18: error: cannot find type 'AskingNil' in scope
 23 | import Wand
 24 |
 25 | extension Image: AskingNil, Wanded {
    |                  `- error: cannot find type 'AskingNil' in scope
 26 |
 27 |     /// Ask
/Users/admin/builder/spi-builder-workspace/Sources/WandUI/UIKit/UIImage/Ask/UIImage_AskingNil.swift:25:1: warning: extension declares a conformance of imported type 'UIImage' to imported protocol 'Wanded'; this will not behave correctly if the owners of 'UIKit' introduce this conformance in the future
 23 | import Wand
 24 |
 25 | extension Image: AskingNil, Wanded {
    | |- warning: extension declares a conformance of imported type 'UIImage' to imported protocol 'Wanded'; this will not behave correctly if the owners of 'UIKit' introduce this conformance in the future
    | `- note: add '@retroactive' to silence this warning
 26 |
 27 |     /// Ask
/Users/admin/builder/spi-builder-workspace/Sources/WandUI/UIKit/UIImage/Ask/UIImage_Asking.swift:34:40: error: ambiguous type name 'Operation' in 'Ask<Image>' (aka 'Ask<UIImage>')
24 | extension Ask {
25 |
26 |     class Operation: Ask {
   |           `- note: found candidate with type 'Ask<Image>.Operation' (aka 'Ask<UIImage>.Operation')
27 |     }
28 |
   :
32 | @discardableResult
33 | public
34 | func | (image: Image?, ask: Ask<Image>.Operation) -> Core {
   |                                        `- error: ambiguous type name 'Operation' in 'Ask<Image>' (aka 'Ask<UIImage>')
35 |     let wand = Core.to(image)
36 |     _ = wand.append(ask: ask, check: true)
Wand.Ask.Operation:2:14: note: found candidate with type 'Ask<Image>.Operation' (aka 'Ask<UIImage>.Operation')
1 | generic class Ask {
2 | public class Operation : Wand.Ask<T> {
  |              `- note: found candidate with type 'Ask<Image>.Operation' (aka 'Ask<UIImage>.Operation')
3 |     required public init(once: Bool, check: Bool = super, for key: String? = nil, handler: @escaping (T) -> Bool)
4 |     deinit
/Users/admin/builder/spi-builder-workspace/Sources/WandUI/UIKit/UIImage/Ask/UIImage_AskingNil.swift:46:44: error: extra argument 'check' in call
 44 |
 45 |         //Save ask
 46 |         guard wand.append(ask: ask, check: true) else {
    |                                            `- error: extra argument 'check' in call
 47 |             return wand
 48 |         }
/Users/admin/builder/spi-builder-workspace/Sources/WandUI/UIKit/UIImage/Ask/UIImage_AskingNil.swift:87:40: error: extra argument 'check' in call
 85 |
 86 |     //Save ask
 87 |     guard wand.append(ask: ask, check: true) else {
    |                                        `- error: extra argument 'check' in call
 88 |         return wand
 89 |     }
SwiftCompile normal arm64 /Users/admin/builder/spi-builder-workspace/Sources/WandUI/UIKit/UIImage/Ask/UIImage_AskingNil.swift (in target 'WandUI' from project 'WandUI')
    cd /Users/admin/builder/spi-builder-workspace/.swiftpm/xcode
    builtin-SwiftPerFileCompile UIImage_AskingNil.swift
SwiftCompile normal arm64 /Users/admin/builder/spi-builder-workspace/Sources/WandUI/UIKit/UIImage/Ask/UIImage_Fill.swift (in target 'WandUI' from project 'WandUI')
    cd /Users/admin/builder/spi-builder-workspace/.swiftpm/xcode
    builtin-SwiftPerFileCompile UIImage_Fill.swift
SwiftCompile normal arm64 Compiling\ PHPickerConfiguration_Obtainable.swift,\ PHPickerViewController_Obtainable.swift /Users/admin/builder/spi-builder-workspace/Sources/WandUI/UIKit/UIViewController/PHPickerConfiguration_Obtainable.swift /Users/admin/builder/spi-builder-workspace/Sources/WandUI/UIKit/UIViewController/PHPickerViewController_Obtainable.swift (in target 'WandUI' from project 'WandUI')
SwiftCompile normal arm64 /Users/admin/builder/spi-builder-workspace/Sources/WandUI/UIKit/UIViewController/PHPickerConfiguration_Obtainable.swift (in target 'WandUI' from project 'WandUI')
    cd /Users/admin/builder/spi-builder-workspace/.swiftpm/xcode
    builtin-SwiftPerFileCompile PHPickerConfiguration_Obtainable.swift
SwiftCompile normal arm64 /Users/admin/builder/spi-builder-workspace/Sources/WandUI/UIKit/UIViewController/PHPickerViewController_Obtainable.swift (in target 'WandUI' from project 'WandUI')
    cd /Users/admin/builder/spi-builder-workspace/.swiftpm/xcode
    builtin-SwiftPerFileCompile PHPickerViewController_Obtainable.swift
/Users/admin/builder/spi-builder-workspace/Sources/WandUI/UIKit/UIViewController/PHPickerConfiguration_Obtainable.swift:32:11: error: cannot find type 'PHPickerConfiguration' in scope
30 | @available(visionOS, unavailable)
31 | @available(watchOS, unavailable)
32 | extension PHPickerConfiguration: Obtainable {
   |           `- error: cannot find type 'PHPickerConfiguration' in scope
33 |
34 |     public
/Users/admin/builder/spi-builder-workspace/Sources/WandUI/UIKit/UIViewController/PHPickerViewController_Obtainable.swift:34:1: warning: extension declares a conformance of imported type 'PHPickerViewController' to imported protocols 'Obtainable', 'Wanded'; this will not behave correctly if the owners of 'PhotosUI' introduce this conformance in the future
 32 | @available(visionOS, unavailable)
 33 | @available(watchOS, unavailable)
 34 | extension PHPickerViewController: Obtainable {
    | |- warning: extension declares a conformance of imported type 'PHPickerViewController' to imported protocols 'Obtainable', 'Wanded'; this will not behave correctly if the owners of 'PhotosUI' introduce this conformance in the future
    | `- note: add '@retroactive' to silence this warning
 35 |
 36 |     public
/Users/admin/builder/spi-builder-workspace/Sources/WandUI/UIKit/UIViewController/PHPickerViewController_Obtainable.swift:34:1: error: type 'PHPickerViewController' does not conform to protocol 'Obtainable'
 32 | @available(visionOS, unavailable)
 33 | @available(watchOS, unavailable)
 34 | extension PHPickerViewController: Obtainable {
    | |- error: type 'PHPickerViewController' does not conform to protocol 'Obtainable'
    | `- note: add stubs for conformance
 35 |
 36 |     public
Wand.Obtainable.obtain:2:13: note: protocol requires function 'obtain(with:by:)' with type '<C> (with: C?, by: Core?) -> Self'
1 | protocol Obtainable {
2 | static func obtain<C>(with scope: C?, by wand: Wand.Core?) -> Self}
  |             `- note: protocol requires function 'obtain(with:by:)' with type '<C> (with: C?, by: Core?) -> Self'
3 |
/Users/admin/builder/spi-builder-workspace/Sources/WandUI/UIKit/UIViewController/PHPickerViewController_Obtainable.swift:59:31: error: cannot find type 'PHPickerViewControllerDelegate' in scope
 57 | extension PHPickerViewController {
 58 |
 59 |     class Delegate: NSObject, PHPickerViewControllerDelegate, Wanded {
    |                               `- error: cannot find type 'PHPickerViewControllerDelegate' in scope
 60 |
 61 |         func picker(_ picker: PHPickerViewController, didFinishPicking results: [PHPickerResult]) {
/Users/admin/builder/spi-builder-workspace/Sources/WandUI/UIKit/UIViewController/PHPickerViewController_Obtainable.swift:61:82: error: cannot find type 'PHPickerResult' in scope
 59 |     class Delegate: NSObject, PHPickerViewControllerDelegate, Wanded {
 60 |
 61 |         func picker(_ picker: PHPickerViewController, didFinishPicking results: [PHPickerResult]) {
    |                                                                                  `- error: cannot find type 'PHPickerResult' in scope
 62 |
 63 |             var images = [UIImage]()
/Users/admin/builder/spi-builder-workspace/Sources/WandUI/UIKit/UIViewController/PHPickerViewController_Obtainable.swift:44:21: error: cannot find type 'PHPickerConfiguration' in scope
 42 |         let delegate = wand.add(Delegate())
 43 |
 44 |         let config: PHPickerConfiguration =  wand.get()
    |                     `- error: cannot find type 'PHPickerConfiguration' in scope
 45 |
 46 |         let picker = wand.add(PHPickerViewController(configuration: config))
/Users/admin/builder/spi-builder-workspace/Sources/WandUI/UIKit/UIViewController/PHPickerViewController_Obtainable.swift:44:51: error: no 'get' candidates produce the expected contextual result type '_'
 42 |         let delegate = wand.add(Delegate())
 43 |
 44 |         let config: PHPickerConfiguration =  wand.get()
    |                                                   `- error: no 'get' candidates produce the expected contextual result type '_'
 45 |
 46 |         let picker = wand.add(PHPickerViewController(configuration: config))
Wand.Core.get:2:13: note: 'get(for:)' produces 'T?', not the expected contextual result type '_'
1 | class Core {
2 | public func get<T>(for key: String? = nil) -> T?}
  |             `- note: 'get(for:)' produces 'T?', not the expected contextual result type '_'
3 |
Wand.Core.get:2:13: note: 'get(for:)' produces '_', not the expected contextual result type '_'
1 | class Core {
2 | public func get<T>(for key: String? = nil) -> T where T : Wand.Obtainable}
  |             `- note: 'get(for:)' produces '_', not the expected contextual result type '_'
3 |
Wand.Core.get:2:13: note: 'get(for:)' produces '_', not the expected contextual result type '_'
1 | class Core {
2 | public func get<T>(for key: String? = nil) -> T where T : Wand.Ubiquitous}
  |             `- note: 'get(for:)' produces '_', not the expected contextual result type '_'
3 |
SwiftCompile normal arm64 Compiling\ UIUserInterfaceStyle_Convert.swift,\ UIView_Convert.swift /Users/admin/builder/spi-builder-workspace/Sources/WandUI/UIKit/UIUserInterfaceStyle_Convert.swift /Users/admin/builder/spi-builder-workspace/Sources/WandUI/UIKit/UIView/UIView_Convert.swift (in target 'WandUI' from project 'WandUI')
/Users/admin/builder/spi-builder-workspace/Sources/WandUI/UIKit/UIImage/Ask/UIImage_Asking.swift:34:40: error: ambiguous type name 'Operation' in 'Ask<Image>' (aka 'Ask<UIImage>')
24 | extension Ask {
25 |
26 |     class Operation: Ask {
   |           `- note: found candidate with type 'Ask<Image>.Operation' (aka 'Ask<UIImage>.Operation')
27 |     }
28 |
   :
32 | @discardableResult
33 | public
34 | func | (image: Image?, ask: Ask<Image>.Operation) -> Core {
   |                                        `- error: ambiguous type name 'Operation' in 'Ask<Image>' (aka 'Ask<UIImage>')
35 |     let wand = Core.to(image)
36 |     _ = wand.append(ask: ask, check: true)
Wand.Ask.Operation:2:14: note: found candidate with type 'Ask<Image>.Operation' (aka 'Ask<UIImage>.Operation')
1 | generic class Ask {
2 | public class Operation : Wand.Ask<T> {
  |              `- note: found candidate with type 'Ask<Image>.Operation' (aka 'Ask<UIImage>.Operation')
3 |     required public init(once: Bool, check: Bool = super, for key: String? = nil, handler: @escaping (T) -> Bool)
4 |     deinit
/Users/admin/builder/spi-builder-workspace/Sources/WandUI/UIKit/UIUserInterfaceStyle_Convert.swift:65:11: error: 'UITraitChangeObservable' is only available in tvOS 17.0 or newer
63 | @inline(__always)
64 | public
65 | func |<T: UITraitChangeObservable & UITraitEnvironment> (observer: T, handler: @escaping (UIUserInterfaceStyle)->()) -> any UITraitChangeRegistration {
   |      |    `- error: 'UITraitChangeObservable' is only available in tvOS 17.0 or newer
   |      `- note: add '@available' attribute to enclosing operator function
66 |
67 |     observer.registerForTraitChanges([UITraitUserInterfaceStyle.self]) { (o: T, prev: UITraitCollection) in
SwiftCompile normal arm64 /Users/admin/builder/spi-builder-workspace/Sources/WandUI/UIKit/UIUserInterfaceStyle_Convert.swift (in target 'WandUI' from project 'WandUI')
    cd /Users/admin/builder/spi-builder-workspace/.swiftpm/xcode
    builtin-SwiftPerFileCompile UIUserInterfaceStyle_Convert.swift
SwiftCompile normal arm64 /Users/admin/builder/spi-builder-workspace/Sources/WandUI/UIKit/UIView/UIView_Convert.swift (in target 'WandUI' from project 'WandUI')
    cd /Users/admin/builder/spi-builder-workspace/.swiftpm/xcode
    builtin-SwiftPerFileCompile UIView_Convert.swift
SwiftCompile normal arm64 Compiling\ UI_Error.swift,\ Visible.swift /Users/admin/builder/spi-builder-workspace/Sources/WandUI/UIKit/UIViewController/UI_Error.swift /Users/admin/builder/spi-builder-workspace/Sources/WandUI/UIKit/UIViewController/Visible.swift (in target 'WandUI' from project 'WandUI')
/Users/admin/builder/spi-builder-workspace/Sources/WandUI/UIKit/UIViewController/UI_Error.swift:30:9: error: 'Core.Error' initializer is inaccessible due to 'private' protection level
28 |     static
29 |     func imagePicker(_ code: Int, reason: String? = nil) -> Error {
30 |         Self(code: code, reason: reason ?? "")
   |         `- error: 'Core.Error' initializer is inaccessible due to 'private' protection level
31 |     }
32 |
Wand.Core.Error.init:3:9: note: 'init(code:reason:)' declared here
1 | class Core {
2 |   struct Error {
3 | private init(code: Int, reason: String)  }
  |         `- note: 'init(code:reason:)' declared here
4 | }
5 |
/Users/admin/builder/spi-builder-workspace/Sources/WandUI/UIKit/UIViewController/Visible.swift:113:5: warning: 'public' modifier is redundant for static property declared in a public extension
111 |
112 |     @inline(__always)
113 |     public
    |     `- warning: 'public' modifier is redundant for static property declared in a public extension
114 |     static
115 |     var visible: UIWindow? {
SwiftCompile normal arm64 /Users/admin/builder/spi-builder-workspace/Sources/WandUI/UIKit/UIViewController/UI_Error.swift (in target 'WandUI' from project 'WandUI')
    cd /Users/admin/builder/spi-builder-workspace/.swiftpm/xcode
    builtin-SwiftPerFileCompile UI_Error.swift
SwiftCompile normal arm64 /Users/admin/builder/spi-builder-workspace/Sources/WandUI/UIKit/UIViewController/Visible.swift (in target 'WandUI' from project 'WandUI')
    cd /Users/admin/builder/spi-builder-workspace/.swiftpm/xcode
    builtin-SwiftPerFileCompile Visible.swift
SwiftCompile normal arm64 Compiling\ UIImage_Scale.swift,\ Image_Convert.swift /Users/admin/builder/spi-builder-workspace/Sources/WandUI/UIKit/UIImage/Ask/UIImage_Scale.swift /Users/admin/builder/spi-builder-workspace/Sources/WandUI/UIKit/UIImage/Image_Convert.swift (in target 'WandUI' from project 'WandUI')
/Users/admin/builder/spi-builder-workspace/Sources/WandUI/UIKit/UIImage/Ask/UIImage_Scale.swift:26:18: error: 'Operation' is ambiguous for type lookup in this context
24 | extension Ask {
25 |
26 |     class Scale: Operation {
   |                  `- error: 'Operation' is ambiguous for type lookup in this context
27 |     }
28 |
/Users/admin/builder/spi-builder-workspace/Sources/WandUI/UIKit/UIImage/Ask/UIImage_Asking.swift:26:11: note: found this candidate
24 | extension Ask {
25 |
26 |     class Operation: Ask {
   |           `- note: found this candidate
27 |     }
28 |
Wand.Ask.Operation:2:14: note: found this candidate
1 | generic class Ask {
2 | public class Operation : Wand.Ask<T> {
  |              `- note: found this candidate
3 |     required public init(once: Bool, check: Bool = super, for key: String? = nil, handler: @escaping (T) -> Bool)
4 |     deinit
/Users/admin/builder/spi-builder-workspace/Sources/WandUI/UIKit/UIImage/Ask/UIImage_Asking.swift:34:40: error: ambiguous type name 'Operation' in 'Ask<Image>' (aka 'Ask<UIImage>')
24 | extension Ask {
25 |
26 |     class Operation: Ask {
   |           `- note: found candidate with type 'Ask<Image>.Operation' (aka 'Ask<UIImage>.Operation')
27 |     }
28 |
   :
32 | @discardableResult
33 | public
34 | func | (image: Image?, ask: Ask<Image>.Operation) -> Core {
   |                                        `- error: ambiguous type name 'Operation' in 'Ask<Image>' (aka 'Ask<UIImage>')
35 |     let wand = Core.to(image)
36 |     _ = wand.append(ask: ask, check: true)
Wand.Ask.Operation:2:14: note: found candidate with type 'Ask<Image>.Operation' (aka 'Ask<UIImage>.Operation')
1 | generic class Ask {
2 | public class Operation : Wand.Ask<T> {
  |              `- note: found candidate with type 'Ask<Image>.Operation' (aka 'Ask<UIImage>.Operation')
3 |     required public init(once: Bool, check: Bool = super, for key: String? = nil, handler: @escaping (T) -> Bool)
4 |     deinit
SwiftCompile normal arm64 /Users/admin/builder/spi-builder-workspace/Sources/WandUI/UIKit/UIImage/Ask/UIImage_Scale.swift (in target 'WandUI' from project 'WandUI')
    cd /Users/admin/builder/spi-builder-workspace/.swiftpm/xcode
    builtin-SwiftPerFileCompile UIImage_Scale.swift
SwiftCompile normal arm64 /Users/admin/builder/spi-builder-workspace/Sources/WandUI/UIKit/UIImage/Image_Convert.swift (in target 'WandUI' from project 'WandUI')
    cd /Users/admin/builder/spi-builder-workspace/.swiftpm/xcode
    builtin-SwiftPerFileCompile Image_Convert.swift
SwiftCompile normal arm64 Compiling\ UIColor_Convert_Int.swift,\ UIColor_Convert_String.swift,\ UIEvent_Ask.swift /Users/admin/builder/spi-builder-workspace/Sources/WandUI/UIKit/UIColor/UIColor_Convert_Int.swift /Users/admin/builder/spi-builder-workspace/Sources/WandUI/UIKit/UIColor/UIColor_Convert_String.swift /Users/admin/builder/spi-builder-workspace/Sources/WandUI/UIKit/UIEvent_Ask.swift (in target 'WandUI' from project 'WandUI')
SwiftCompile normal arm64 /Users/admin/builder/spi-builder-workspace/Sources/WandUI/UIKit/UIColor/UIColor_Convert_Int.swift (in target 'WandUI' from project 'WandUI')
    cd /Users/admin/builder/spi-builder-workspace/.swiftpm/xcode
    builtin-SwiftPerFileCompile UIColor_Convert_Int.swift
SwiftCompile normal arm64 /Users/admin/builder/spi-builder-workspace/Sources/WandUI/UIKit/UIColor/UIColor_Convert_String.swift (in target 'WandUI' from project 'WandUI')
    cd /Users/admin/builder/spi-builder-workspace/.swiftpm/xcode
    builtin-SwiftPerFileCompile UIColor_Convert_String.swift
SwiftCompile normal arm64 /Users/admin/builder/spi-builder-workspace/Sources/WandUI/UIKit/UIEvent_Ask.swift (in target 'WandUI' from project 'WandUI')
    cd /Users/admin/builder/spi-builder-workspace/.swiftpm/xcode
    builtin-SwiftPerFileCompile UIEvent_Ask.swift
SwiftCompile normal arm64 Compiling\ UI.swift,\ UIKit_Convertable.swift /Users/admin/builder/spi-builder-workspace/Sources/WandUI/UIKit/UIImage/UI.swift /Users/admin/builder/spi-builder-workspace/Sources/WandUI/UIKit/UIKit_Convertable.swift (in target 'WandUI' from project 'WandUI')
SwiftCompile normal arm64 /Users/admin/builder/spi-builder-workspace/Sources/WandUI/UIKit/UIImage/UI.swift (in target 'WandUI' from project 'WandUI')
    cd /Users/admin/builder/spi-builder-workspace/.swiftpm/xcode
    builtin-SwiftPerFileCompile UI.swift
SwiftCompile normal arm64 /Users/admin/builder/spi-builder-workspace/Sources/WandUI/UIKit/UIKit_Convertable.swift (in target 'WandUI' from project 'WandUI')
    cd /Users/admin/builder/spi-builder-workspace/.swiftpm/xcode
    builtin-SwiftPerFileCompile UIKit_Convertable.swift
SwiftCompile normal arm64 Compiling\ UIGestureRecognizer_Ask.swift,\ UIImage_Asking.swift /Users/admin/builder/spi-builder-workspace/Sources/WandUI/UIKit/UIGestureRecognizer_Ask.swift /Users/admin/builder/spi-builder-workspace/Sources/WandUI/UIKit/UIImage/Ask/UIImage_Asking.swift (in target 'WandUI' from project 'WandUI')
SwiftCompile normal arm64 /Users/admin/builder/spi-builder-workspace/Sources/WandUI/UIKit/UIGestureRecognizer_Ask.swift (in target 'WandUI' from project 'WandUI')
    cd /Users/admin/builder/spi-builder-workspace/.swiftpm/xcode
    builtin-SwiftPerFileCompile UIGestureRecognizer_Ask.swift
SwiftCompile normal arm64 /Users/admin/builder/spi-builder-workspace/Sources/WandUI/UIKit/UIImage/Ask/UIImage_Asking.swift (in target 'WandUI' from project 'WandUI')
    cd /Users/admin/builder/spi-builder-workspace/.swiftpm/xcode
    builtin-SwiftPerFileCompile UIImage_Asking.swift
PruneExplicitPrecompiledModules /Users/admin/builder/spi-builder-workspace/.derivedData/Build/Intermediates.noindex/SwiftExplicitPrecompiledModules
PruneExplicitPrecompiledModules /Users/admin/builder/spi-builder-workspace/.derivedData/SDKExplicitPrecompiledModules
PruneExplicitPrecompiledModules /Users/admin/builder/spi-builder-workspace/.derivedData/Build/Intermediates.noindex/ExplicitPrecompiledModules
2026-09-24 04:47:35.421 xcodebuild[869:5203] [MT] IDERunDestination: Supported platforms for the buildables in the current scheme is empty.
2026-09-24 04:47:35.579 xcodebuild[869:5203] [MT] IDERunDestination: Supported platforms for the buildables in the current scheme is empty.
** BUILD FAILED **
The following build commands failed:
	SwiftCompile normal arm64 Compiling\ UIImage_Fit.swift,\ UIImage_Round.swift /Users/admin/builder/spi-builder-workspace/Sources/WandUI/UIKit/UIImage/Ask/UIImage_Fit.swift /Users/admin/builder/spi-builder-workspace/Sources/WandUI/UIKit/UIImage/Ask/UIImage_Round.swift (in target 'WandUI' from project 'WandUI')
	SwiftCompile normal arm64 /Users/admin/builder/spi-builder-workspace/Sources/WandUI/UIKit/UIImage/Ask/UIImage_Fit.swift (in target 'WandUI' from project 'WandUI')
	SwiftCompile normal arm64 /Users/admin/builder/spi-builder-workspace/Sources/WandUI/UIKit/UIImage/Ask/UIImage_Round.swift (in target 'WandUI' from project 'WandUI')
	Building workspace WandUI with scheme WandUI
(4 failures)
Command line invocation:
    /Applications/Xcode-27.0.0-Release.Candidate.app/Contents/Developer/usr/bin/xcodebuild -IDEClonedSourcePackagesDirPathOverride=/Users/admin/builder/spi-builder-workspace/.dependencies -resolvePackageDependencies
Resolve Package Graph
the target name wandTests has different case on the filesystem and the Package.swift manifest file
Resolved source packages:
  Wand: https://github.com/The-Wand/Wand.git @ 3.0.12
  WandFoundation: https://github.com/The-Wand/Foundation.git @ 3.0.12
  Any_: https://github.com/the-wand/Any.git @ 1.0.3
  WandUI: /Users/admin/builder/spi-builder-workspace
resolved source packages: Wand, WandFoundation, Any_, WandUI
2026-09-24 04:47:46.519 xcodebuild[1019:5995] [MT] IDERunDestination: Supported platforms for the buildables in the current scheme is empty.
2026-09-24 04:47:46.632 xcodebuild[1019:5995] [MT] IDERunDestination: Supported platforms for the buildables in the current scheme is empty.
{
  "dependencies" : [
    {
      "identity" : "any",
      "requirement" : {
        "range" : [
          {
            "lower_bound" : "1.0.3",
            "upper_bound" : "2.0.0"
          }
        ]
      },
      "type" : "sourceControl",
      "url" : "https://github.com/the-wand/Any.git"
    },
    {
      "identity" : "wand",
      "requirement" : {
        "range" : [
          {
            "lower_bound" : "3.0.5",
            "upper_bound" : "4.0.0"
          }
        ]
      },
      "type" : "sourceControl",
      "url" : "https://github.com/the-wand/Wand.git"
    },
    {
      "identity" : "foundation",
      "requirement" : {
        "range" : [
          {
            "lower_bound" : "3.0.5",
            "upper_bound" : "4.0.0"
          }
        ]
      },
      "type" : "sourceControl",
      "url" : "https://github.com/the-wand/Foundation.git"
    }
  ],
  "manifest_display_name" : "WandUI",
  "name" : "WandUI",
  "path" : "/Users/admin/builder/spi-builder-workspace",
  "platforms" : [
    {
      "name" : "ios",
      "version" : "14.0"
    },
    {
      "name" : "macos",
      "version" : "12.0"
    },
    {
      "name" : "tvos",
      "version" : "14.0"
    },
    {
      "name" : "watchos",
      "version" : "7.0"
    }
  ],
  "products" : [
    {
      "name" : "WandUI",
      "targets" : [
        "WandUI"
      ],
      "type" : {
        "library" : [
          "automatic"
        ]
      }
    }
  ],
  "targets" : [
    {
      "c99name" : "wandTests",
      "module_type" : "SwiftTarget",
      "name" : "wandTests",
      "path" : "Tests/wandTests",
      "product_dependencies" : [
        "Any_"
      ],
      "sources" : [
        "UIKit/Image_Resize_Tests.swift",
        "UIKit/Image_Tests.swift",
        "UIKit/Image_URL_Tests.swift",
        "UIKit/UIEvent.EventSubtype_Tests.swift",
        "Unit/ImageTestCase.swift",
        "Unit/Unit.swift",
        "Unit/XCTestCase.swift"
      ],
      "target_dependencies" : [
        "WandUI"
      ],
      "type" : "test"
    },
    {
      "c99name" : "WandUI",
      "module_type" : "SwiftTarget",
      "name" : "WandUI",
      "path" : "Sources/WandUI",
      "product_dependencies" : [
        "Wand",
        "WandFoundation"
      ],
      "product_memberships" : [
        "WandUI"
      ],
      "sources" : [
        "UIKit/UIColor/UIColor_Convert_Int.swift",
        "UIKit/UIColor/UIColor_Convert_String.swift",
        "UIKit/UIEvent_Ask.swift",
        "UIKit/UIGestureRecognizer_Ask.swift",
        "UIKit/UIImage/Ask/UIImage_Asking.swift",
        "UIKit/UIImage/Ask/UIImage_AskingNil.swift",
        "UIKit/UIImage/Ask/UIImage_Fill.swift",
        "UIKit/UIImage/Ask/UIImage_Fit.swift",
        "UIKit/UIImage/Ask/UIImage_Round.swift",
        "UIKit/UIImage/Ask/UIImage_Scale.swift",
        "UIKit/UIImage/Image_Convert.swift",
        "UIKit/UIImage/UI.swift",
        "UIKit/UIKit_Convertable.swift",
        "UIKit/UIUserInterfaceStyle_Convert.swift",
        "UIKit/UIView/UIView_Convert.swift",
        "UIKit/UIViewController/PHPickerConfiguration_Obtainable.swift",
        "UIKit/UIViewController/PHPickerViewController_Obtainable.swift",
        "UIKit/UIViewController/UIAlertController+Pipe.swift",
        "UIKit/UIViewController/UIImagePickerController_Obtainable.swift",
        "UIKit/UIViewController/UI_Error.swift",
        "UIKit/UIViewController/Visible.swift"
      ],
      "type" : "library"
    }
  ],
  "tools_version" : "5.6"
}
warning: 'spi-builder-workspace': the target name wandTests has different case on the filesystem and the Package.swift manifest file
{
  "workspace" : {
    "name" : "WandUI",
    "schemes" : [
      "Any_",
      "Wand",
      "WandUI"
    ]
  }
}
2026-09-24 04:47:47.802 xcodebuild[1027:6068] [MT] IDERunDestination: Supported platforms for the buildables in the current scheme is empty.
2026-09-24 04:47:47.915 xcodebuild[1027:6068] [MT] IDERunDestination: Supported platforms for the buildables in the current scheme is empty.
{
  "workspace" : {
    "name" : "WandUI",
    "schemes" : [
      "Any_",
      "Wand",
      "WandUI"
    ]
  }
}
2026-09-24 04:47:48.832 xcodebuild[1029:6099] [MT] IDERunDestination: Supported platforms for the buildables in the current scheme is empty.
2026-09-24 04:47:48.945 xcodebuild[1029:6099] [MT] IDERunDestination: Supported platforms for the buildables in the current scheme is empty.
Running build ...
env DEVELOPER_DIR=/Applications/Xcode-27.0.0-Release.Candidate.app xcrun xcodebuild -IDEClonedSourcePackagesDirPathOverride=$PWD/.dependencies -skipMacroValidation -skipPackagePluginValidation -derivedDataPath $PWD/.derivedData build -scheme WandUI -destination generic/platform=tvOS
Command line invocation:
    /Applications/Xcode-27.0.0-Release.Candidate.app/Contents/Developer/usr/bin/xcodebuild -IDEClonedSourcePackagesDirPathOverride=/Users/admin/builder/spi-builder-workspace/.dependencies -skipMacroValidation -skipPackagePluginValidation -derivedDataPath /Users/admin/builder/spi-builder-workspace/.derivedData build -scheme WandUI -destination generic/platform=tvOS
Resolve Package Graph
the target name wandTests has different case on the filesystem and the Package.swift manifest file
Resolved source packages:
  WandFoundation: https://github.com/The-Wand/Foundation.git @ 3.0.12
  Any_: https://github.com/the-wand/Any.git @ 1.0.3
  WandUI: /Users/admin/builder/spi-builder-workspace
  Wand: https://github.com/The-Wand/Wand.git @ 3.0.12
ComputePackagePrebuildTargetDependencyGraph
Prepare packages
CreateBuildRequest
SendProjectDescription
CreateBuildOperation
ComputeTargetDependencyGraph
note: Building targets in dependency order
note: Target dependency graph (6 targets)
    Target 'WandUI-product' in project 'WandUI'
        ➜ Explicit dependency on target 'WandUI' in project 'WandUI'
        ➜ Explicit dependency on target 'Wand-product' in project 'Wand'
        ➜ Explicit dependency on target 'WandFoundation-product' in project 'WandFoundation'
    Target 'WandUI' in project 'WandUI'
        ➜ Explicit dependency on target 'Wand-product' in project 'Wand'
        ➜ Explicit dependency on target 'WandFoundation-product' in project 'WandFoundation'
    Target 'WandFoundation-product' in project 'WandFoundation'
        ➜ Explicit dependency on target 'WandFoundation' in project 'WandFoundation'
        ➜ Explicit dependency on target 'Wand-product' in project 'Wand'
    Target 'WandFoundation' in project 'WandFoundation'
        ➜ Explicit dependency on target 'Wand-product' in project 'Wand'
    Target 'Wand-product' in project 'Wand'
        ➜ Explicit dependency on target 'Wand' in project 'Wand'
    Target 'Wand' in project 'Wand' (no dependencies)
GatherProvisioningInputs
CreateBuildDescription
ClangStatCache /Applications/Xcode-27.0.0-Release.Candidate.app/Contents/Developer/Toolchains/XcodeDefault.xctoolchain/usr/bin/clang-stat-cache /Applications/Xcode-27.0.0-Release.Candidate.app/Contents/Developer/Platforms/AppleTVOS.platform/Developer/SDKs/AppleTVOS27.0.sdk /Users/admin/builder/spi-builder-workspace/.derivedData/SDKStatCaches.noindex/appletvos27.0-24J360-e829b21a6f8c9b70876ba0858053c044b32bfd8d43560033f8d89884cdb90028.sdkstatcache
    cd /Users/admin/builder/spi-builder-workspace/.swiftpm/xcode
    /Applications/Xcode-27.0.0-Release.Candidate.app/Contents/Developer/Toolchains/XcodeDefault.xctoolchain/usr/bin/clang-stat-cache /Applications/Xcode-27.0.0-Release.Candidate.app/Contents/Developer/Platforms/AppleTVOS.platform/Developer/SDKs/AppleTVOS27.0.sdk -o /Users/admin/builder/spi-builder-workspace/.derivedData/SDKStatCaches.noindex/appletvos27.0-24J360-e829b21a6f8c9b70876ba0858053c044b32bfd8d43560033f8d89884cdb90028.sdkstatcache
SwiftDriver WandUI normal arm64 com.apple.xcode.tools.swift.compiler (in target 'WandUI' from project 'WandUI')
    cd /Users/admin/builder/spi-builder-workspace/.swiftpm/xcode
    builtin-SwiftDriver -- /Applications/Xcode-27.0.0-Release.Candidate.app/Contents/Developer/Toolchains/XcodeDefault.xctoolchain/usr/bin/swiftc -parse-as-library -module-name WandUI -Onone @/Users/admin/builder/spi-builder-workspace/.derivedData/Build/Intermediates.noindex/WandUI.build/Debug-appletvos/WandUI-t.build/Objects-normal/arm64/WandUI.SwiftFileList -DSWIFT_PACKAGE -DDEBUG -DSWIFT_MODULE_RESOURCE_BUNDLE_UNAVAILABLE -DXcode -plugin-path /Applications/Xcode-27.0.0-Release.Candidate.app/Contents/Developer/Toolchains/XcodeDefault.xctoolchain/usr/lib/swift/host/plugins/testing -enable-experimental-feature DebugDescriptionMacro -sdk /Applications/Xcode-27.0.0-Release.Candidate.app/Contents/Developer/Platforms/AppleTVOS.platform/Developer/SDKs/AppleTVOS27.0.sdk -target arm64-apple-tvos15.0 -g -module-cache-path /Users/admin/builder/spi-builder-workspace/.derivedData/ModuleCache.noindex -Xfrontend -serialize-debugging-options -profile-coverage-mapping -profile-generate -enable-testing -index-store-path /Users/admin/builder/spi-builder-workspace/.derivedData/Index.noindex/DataStore -Xcc -D_LIBCPP_HARDENING_MODE\=_LIBCPP_HARDENING_MODE_DEBUG -swift-version 5 -I /Users/admin/builder/spi-builder-workspace/.derivedData/Build/Products/Debug-appletvos -Isystem /Applications/Xcode-27.0.0-Release.Candidate.app/Contents/Developer/Platforms/AppleTVOS.platform/Developer/usr/lib -F /Users/admin/builder/spi-builder-workspace/.derivedData/Build/Products/Debug-appletvos/PackageFrameworks -F /Users/admin/builder/spi-builder-workspace/.derivedData/Build/Products/Debug-appletvos -F /Applications/Xcode-27.0.0-Release.Candidate.app/Contents/Developer/Platforms/AppleTVOS.platform/Developer/Library/Frameworks -F /Applications/Xcode-27.0.0-Release.Candidate.app/Contents/Developer/Platforms/AppleTVOS.platform/Developer/SDKs/AppleTVOS27.0.sdk/Developer/Library/Frameworks -c -j10 -enable-batch-mode -incremental -Xcc -ivfsstatcache -Xcc /Users/admin/builder/spi-builder-workspace/.derivedData/SDKStatCaches.noindex/appletvos27.0-24J360-e829b21a6f8c9b70876ba0858053c044b32bfd8d43560033f8d89884cdb90028.sdkstatcache -output-file-map /Users/admin/builder/spi-builder-workspace/.derivedData/Build/Intermediates.noindex/WandUI.build/Debug-appletvos/WandUI-t.build/Objects-normal/arm64/WandUI-OutputFileMap.json -save-temps -no-color-diagnostics -explicit-module-build -module-cache-path /Users/admin/builder/spi-builder-workspace/.derivedData/Build/Intermediates.noindex/SwiftExplicitPrecompiledModules -clang-scanner-module-cache-path /Users/admin/builder/spi-builder-workspace/.derivedData/ModuleCache.noindex -sdk-module-cache-path /Users/admin/builder/spi-builder-workspace/.derivedData/SDKExplicitPrecompiledModules -emit-dependencies -emit-module -emit-module-path /Users/admin/builder/spi-builder-workspace/.derivedData/Build/Intermediates.noindex/WandUI.build/Debug-appletvos/WandUI-t.build/Objects-normal/arm64/WandUI.swiftmodule -serialize-diagnostics -dependency-scan-serialize-diagnostics-path /Users/admin/builder/spi-builder-workspace/.derivedData/Build/Intermediates.noindex/WandUI.build/Debug-appletvos/WandUI-t.build/Objects-normal/arm64/WandUI-dependency-scan.dia -validate-clang-modules-once -clang-build-session-file /Users/admin/builder/spi-builder-workspace/.derivedData/ModuleCache.noindex/Session.modulevalidation -Xcc -fmodules-prune-interval\=86400 -Xcc -fmodules-prune-after\=345600 -emit-const-values -const-gather-protocols-list /Users/admin/builder/spi-builder-workspace/.derivedData/Build/Intermediates.noindex/WandUI.build/Debug-appletvos/WandUI-t.build/Objects-normal/arm64/WandUI_const_extract_protocols.json -Xcc -I/Users/admin/builder/spi-builder-workspace/.derivedData/Build/Products/Debug-appletvos/include -Xcc -I/Users/admin/builder/spi-builder-workspace/.derivedData/Build/Intermediates.noindex/WandUI.build/Debug-appletvos/WandUI-t.build/DerivedSources-normal/arm64 -Xcc -I/Users/admin/builder/spi-builder-workspace/.derivedData/Build/Intermediates.noindex/WandUI.build/Debug-appletvos/WandUI-t.build/DerivedSources/arm64 -Xcc -I/Users/admin/builder/spi-builder-workspace/.derivedData/Build/Intermediates.noindex/WandUI.build/Debug-appletvos/WandUI-t.build/DerivedSources -Xcc -DSWIFT_PACKAGE -Xcc -DDEBUG\=1 -emit-objc-header -emit-objc-header-path /Users/admin/builder/spi-builder-workspace/.derivedData/Build/Intermediates.noindex/WandUI.build/Debug-appletvos/WandUI-t.build/Objects-normal/arm64/WandUI-Swift.h -working-directory /Users/admin/builder/spi-builder-workspace/.swiftpm/xcode -experimental-emit-module-separately -disable-cmo
SwiftCompile normal arm64 Compiling\ UIColor_Convert_Int.swift,\ UIColor_Convert_String.swift,\ UIEvent_Ask.swift /Users/admin/builder/spi-builder-workspace/Sources/WandUI/UIKit/UIColor/UIColor_Convert_Int.swift /Users/admin/builder/spi-builder-workspace/Sources/WandUI/UIKit/UIColor/UIColor_Convert_String.swift /Users/admin/builder/spi-builder-workspace/Sources/WandUI/UIKit/UIEvent_Ask.swift (in target 'WandUI' from project 'WandUI')
SwiftCompile normal arm64 /Users/admin/builder/spi-builder-workspace/Sources/WandUI/UIKit/UIColor/UIColor_Convert_Int.swift (in target 'WandUI' from project 'WandUI')
    cd /Users/admin/builder/spi-builder-workspace/.swiftpm/xcode
    builtin-SwiftPerFileCompile UIColor_Convert_Int.swift
SwiftCompile normal arm64 /Users/admin/builder/spi-builder-workspace/Sources/WandUI/UIKit/UIColor/UIColor_Convert_String.swift (in target 'WandUI' from project 'WandUI')
    cd /Users/admin/builder/spi-builder-workspace/.swiftpm/xcode
    builtin-SwiftPerFileCompile UIColor_Convert_String.swift
SwiftCompile normal arm64 /Users/admin/builder/spi-builder-workspace/Sources/WandUI/UIKit/UIEvent_Ask.swift (in target 'WandUI' from project 'WandUI')
    cd /Users/admin/builder/spi-builder-workspace/.swiftpm/xcode
    builtin-SwiftPerFileCompile UIEvent_Ask.swift
SwiftCompile normal arm64 Compiling\ UIGestureRecognizer_Ask.swift,\ UIImage_Asking.swift /Users/admin/builder/spi-builder-workspace/Sources/WandUI/UIKit/UIGestureRecognizer_Ask.swift /Users/admin/builder/spi-builder-workspace/Sources/WandUI/UIKit/UIImage/Ask/UIImage_Asking.swift (in target 'WandUI' from project 'WandUI')
SwiftCompile normal arm64 /Users/admin/builder/spi-builder-workspace/Sources/WandUI/UIKit/UIGestureRecognizer_Ask.swift (in target 'WandUI' from project 'WandUI')
    cd /Users/admin/builder/spi-builder-workspace/.swiftpm/xcode
    builtin-SwiftPerFileCompile UIGestureRecognizer_Ask.swift
SwiftCompile normal arm64 /Users/admin/builder/spi-builder-workspace/Sources/WandUI/UIKit/UIImage/Ask/UIImage_Asking.swift (in target 'WandUI' from project 'WandUI')
    cd /Users/admin/builder/spi-builder-workspace/.swiftpm/xcode
    builtin-SwiftPerFileCompile UIImage_Asking.swift
/Users/admin/builder/spi-builder-workspace/Sources/WandUI/UIKit/UIGestureRecognizer_Ask.swift:23:1: warning: extension declares a conformance of imported type 'UIView' to imported protocol 'Wanded'; this will not behave correctly if the owners of 'UIKit' introduce this conformance in the future
21 | import Wand
22 |
23 | extension UIView: Wanded {
   | |- warning: extension declares a conformance of imported type 'UIView' to imported protocol 'Wanded'; this will not behave correctly if the owners of 'UIKit' introduce this conformance in the future
   | `- note: add '@retroactive' to silence this warning
24 |
25 | }
/Users/admin/builder/spi-builder-workspace/Sources/WandUI/UIKit/UIGestureRecognizer_Ask.swift:27:1: warning: extension declares a conformance of imported type 'UIGestureRecognizer' to imported protocol 'Wanded'; this will not behave correctly if the owners of 'UIKit' introduce this conformance in the future
25 | }
26 |
27 | extension UIGestureRecognizer: Wanded {
   | |- warning: extension declares a conformance of imported type 'UIGestureRecognizer' to imported protocol 'Wanded'; this will not behave correctly if the owners of 'UIKit' introduce this conformance in the future
   | `- note: add '@retroactive' to silence this warning
28 |
29 | }
/Users/admin/builder/spi-builder-workspace/Sources/WandUI/UIKit/UIImage/Ask/UIImage_Asking.swift:34:40: error: ambiguous type name 'Operation' in 'Ask<Image>' (aka 'Ask<UIImage>')
24 | extension Ask {
25 |
26 |     class Operation: Ask {
   |           `- note: found candidate with type 'Ask<Image>.Operation' (aka 'Ask<UIImage>.Operation')
27 |     }
28 |
   :
32 | @discardableResult
33 | public
34 | func | (image: Image?, ask: Ask<Image>.Operation) -> Core {
   |                                        `- error: ambiguous type name 'Operation' in 'Ask<Image>' (aka 'Ask<UIImage>')
35 |     let wand = Core.to(image)
36 |     _ = wand.append(ask: ask, check: true)
Wand.Ask.Operation:2:14: note: found candidate with type 'Ask<Image>.Operation' (aka 'Ask<UIImage>.Operation')
1 | generic class Ask {
2 | public class Operation : Wand.Ask<T> {
  |              `- note: found candidate with type 'Ask<Image>.Operation' (aka 'Ask<UIImage>.Operation')
3 |     required public init(once: Bool, check: Bool = super, for key: String? = nil, handler: @escaping (T) -> Bool)
4 |     deinit
/Users/admin/builder/spi-builder-workspace/Sources/WandUI/UIKit/UIImage/Ask/UIImage_Asking.swift:36:14: error: generic parameter 'T' could not be inferred
34 | func | (image: Image?, ask: Ask<Image>.Operation) -> Core {
35 |     let wand = Core.to(image)
36 |     _ = wand.append(ask: ask, check: true)
   |              `- error: generic parameter 'T' could not be inferred
37 |     return wand
38 | }
Wand.Core.append:2:24: note: in call to function 'append(ask:)'
1 | class Core {
2 | @inlinable public func append<T>(ask: Wand.Ask<T>) -> Bool}
  |                        `- note: in call to function 'append(ask:)'
3 |
SwiftCompile normal arm64 Compiling\ UIImage_AskingNil.swift,\ UIImage_Fill.swift /Users/admin/builder/spi-builder-workspace/Sources/WandUI/UIKit/UIImage/Ask/UIImage_AskingNil.swift /Users/admin/builder/spi-builder-workspace/Sources/WandUI/UIKit/UIImage/Ask/UIImage_Fill.swift (in target 'WandUI' from project 'WandUI')
/Users/admin/builder/spi-builder-workspace/Sources/WandUI/UIKit/UIImage/Ask/UIImage_AskingNil.swift:25:18: error: cannot find type 'AskingNil' in scope
 23 | import Wand
 24 |
 25 | extension Image: AskingNil, Wanded {
    |                  `- error: cannot find type 'AskingNil' in scope
 26 |
 27 |     /// Ask
/Users/admin/builder/spi-builder-workspace/Sources/WandUI/UIKit/UIImage/Ask/UIImage_AskingNil.swift:25:1: warning: extension declares a conformance of imported type 'UIImage' to imported protocol 'Wanded'; this will not behave correctly if the owners of 'UIKit' introduce this conformance in the future
 23 | import Wand
 24 |
 25 | extension Image: AskingNil, Wanded {
    | |- warning: extension declares a conformance of imported type 'UIImage' to imported protocol 'Wanded'; this will not behave correctly if the owners of 'UIKit' introduce this conformance in the future
    | `- note: add '@retroactive' to silence this warning
 26 |
 27 |     /// Ask
/Users/admin/builder/spi-builder-workspace/Sources/WandUI/UIKit/UIImage/Ask/UIImage_Asking.swift:34:40: error: ambiguous type name 'Operation' in 'Ask<Image>' (aka 'Ask<UIImage>')
24 | extension Ask {
25 |
26 |     class Operation: Ask {
   |           `- note: found candidate with type 'Ask<Image>.Operation' (aka 'Ask<UIImage>.Operation')
27 |     }
28 |
   :
32 | @discardableResult
33 | public
34 | func | (image: Image?, ask: Ask<Image>.Operation) -> Core {
   |                                        `- error: ambiguous type name 'Operation' in 'Ask<Image>' (aka 'Ask<UIImage>')
35 |     let wand = Core.to(image)
36 |     _ = wand.append(ask: ask, check: true)
Wand.Ask.Operation:2:14: note: found candidate with type 'Ask<Image>.Operation' (aka 'Ask<UIImage>.Operation')
1 | generic class Ask {
2 | public class Operation : Wand.Ask<T> {
  |              `- note: found candidate with type 'Ask<Image>.Operation' (aka 'Ask<UIImage>.Operation')
3 |     required public init(once: Bool, check: Bool = super, for key: String? = nil, handler: @escaping (T) -> Bool)
4 |     deinit
/Users/admin/builder/spi-builder-workspace/Sources/WandUI/UIKit/UIImage/Ask/UIImage_AskingNil.swift:46:44: error: extra argument 'check' in call
 44 |
 45 |         //Save ask
 46 |         guard wand.append(ask: ask, check: true) else {
    |                                            `- error: extra argument 'check' in call
 47 |             return wand
 48 |         }
/Users/admin/builder/spi-builder-workspace/Sources/WandUI/UIKit/UIImage/Ask/UIImage_AskingNil.swift:87:40: error: extra argument 'check' in call
 85 |
 86 |     //Save ask
 87 |     guard wand.append(ask: ask, check: true) else {
    |                                        `- error: extra argument 'check' in call
 88 |         return wand
 89 |     }
SwiftCompile normal arm64 /Users/admin/builder/spi-builder-workspace/Sources/WandUI/UIKit/UIImage/Ask/UIImage_AskingNil.swift (in target 'WandUI' from project 'WandUI')
    cd /Users/admin/builder/spi-builder-workspace/.swiftpm/xcode
    builtin-SwiftPerFileCompile UIImage_AskingNil.swift
SwiftCompile normal arm64 /Users/admin/builder/spi-builder-workspace/Sources/WandUI/UIKit/UIImage/Ask/UIImage_Fill.swift (in target 'WandUI' from project 'WandUI')
    cd /Users/admin/builder/spi-builder-workspace/.swiftpm/xcode
    builtin-SwiftPerFileCompile UIImage_Fill.swift
SwiftCompile normal arm64 Compiling\ PHPickerConfiguration_Obtainable.swift,\ PHPickerViewController_Obtainable.swift /Users/admin/builder/spi-builder-workspace/Sources/WandUI/UIKit/UIViewController/PHPickerConfiguration_Obtainable.swift /Users/admin/builder/spi-builder-workspace/Sources/WandUI/UIKit/UIViewController/PHPickerViewController_Obtainable.swift (in target 'WandUI' from project 'WandUI')
SwiftCompile normal arm64 /Users/admin/builder/spi-builder-workspace/Sources/WandUI/UIKit/UIViewController/PHPickerConfiguration_Obtainable.swift (in target 'WandUI' from project 'WandUI')
    cd /Users/admin/builder/spi-builder-workspace/.swiftpm/xcode
    builtin-SwiftPerFileCompile PHPickerConfiguration_Obtainable.swift
SwiftCompile normal arm64 /Users/admin/builder/spi-builder-workspace/Sources/WandUI/UIKit/UIViewController/PHPickerViewController_Obtainable.swift (in target 'WandUI' from project 'WandUI')
    cd /Users/admin/builder/spi-builder-workspace/.swiftpm/xcode
    builtin-SwiftPerFileCompile PHPickerViewController_Obtainable.swift
/Users/admin/builder/spi-builder-workspace/Sources/WandUI/UIKit/UIViewController/PHPickerConfiguration_Obtainable.swift:32:11: error: cannot find type 'PHPickerConfiguration' in scope
30 | @available(visionOS, unavailable)
31 | @available(watchOS, unavailable)
32 | extension PHPickerConfiguration: Obtainable {
   |           `- error: cannot find type 'PHPickerConfiguration' in scope
33 |
34 |     public
/Users/admin/builder/spi-builder-workspace/Sources/WandUI/UIKit/UIViewController/PHPickerViewController_Obtainable.swift:34:1: warning: extension declares a conformance of imported type 'PHPickerViewController' to imported protocols 'Obtainable', 'Wanded'; this will not behave correctly if the owners of 'PhotosUI' introduce this conformance in the future
 32 | @available(visionOS, unavailable)
 33 | @available(watchOS, unavailable)
 34 | extension PHPickerViewController: Obtainable {
    | |- warning: extension declares a conformance of imported type 'PHPickerViewController' to imported protocols 'Obtainable', 'Wanded'; this will not behave correctly if the owners of 'PhotosUI' introduce this conformance in the future
    | `- note: add '@retroactive' to silence this warning
 35 |
 36 |     public
/Users/admin/builder/spi-builder-workspace/Sources/WandUI/UIKit/UIViewController/PHPickerViewController_Obtainable.swift:34:1: error: type 'PHPickerViewController' does not conform to protocol 'Obtainable'
 32 | @available(visionOS, unavailable)
 33 | @available(watchOS, unavailable)
 34 | extension PHPickerViewController: Obtainable {
    | |- error: type 'PHPickerViewController' does not conform to protocol 'Obtainable'
    | `- note: add stubs for conformance
 35 |
 36 |     public
Wand.Obtainable.obtain:2:13: note: protocol requires function 'obtain(with:by:)' with type '<C> (with: C?, by: Core?) -> Self'
1 | protocol Obtainable {
2 | static func obtain<C>(with scope: C?, by wand: Wand.Core?) -> Self}
  |             `- note: protocol requires function 'obtain(with:by:)' with type '<C> (with: C?, by: Core?) -> Self'
3 |
/Users/admin/builder/spi-builder-workspace/Sources/WandUI/UIKit/UIViewController/PHPickerViewController_Obtainable.swift:59:31: error: cannot find type 'PHPickerViewControllerDelegate' in scope
 57 | extension PHPickerViewController {
 58 |
 59 |     class Delegate: NSObject, PHPickerViewControllerDelegate, Wanded {
    |                               `- error: cannot find type 'PHPickerViewControllerDelegate' in scope
 60 |
 61 |         func picker(_ picker: PHPickerViewController, didFinishPicking results: [PHPickerResult]) {
/Users/admin/builder/spi-builder-workspace/Sources/WandUI/UIKit/UIViewController/PHPickerViewController_Obtainable.swift:61:82: error: cannot find type 'PHPickerResult' in scope
 59 |     class Delegate: NSObject, PHPickerViewControllerDelegate, Wanded {
 60 |
 61 |         func picker(_ picker: PHPickerViewController, didFinishPicking results: [PHPickerResult]) {
    |                                                                                  `- error: cannot find type 'PHPickerResult' in scope
 62 |
 63 |             var images = [UIImage]()
/Users/admin/builder/spi-builder-workspace/Sources/WandUI/UIKit/UIViewController/PHPickerViewController_Obtainable.swift:44:21: error: cannot find type 'PHPickerConfiguration' in scope
 42 |         let delegate = wand.add(Delegate())
 43 |
 44 |         let config: PHPickerConfiguration =  wand.get()
    |                     `- error: cannot find type 'PHPickerConfiguration' in scope
 45 |
 46 |         let picker = wand.add(PHPickerViewController(configuration: config))
/Users/admin/builder/spi-builder-workspace/Sources/WandUI/UIKit/UIViewController/PHPickerViewController_Obtainable.swift:44:51: error: no 'get' candidates produce the expected contextual result type '_'
 42 |         let delegate = wand.add(Delegate())
 43 |
 44 |         let config: PHPickerConfiguration =  wand.get()
    |                                                   `- error: no 'get' candidates produce the expected contextual result type '_'
 45 |
 46 |         let picker = wand.add(PHPickerViewController(configuration: config))
Wand.Core.get:2:13: note: 'get(for:)' produces 'T?', not the expected contextual result type '_'
1 | class Core {
2 | public func get<T>(for key: String? = nil) -> T?}
  |             `- note: 'get(for:)' produces 'T?', not the expected contextual result type '_'
3 |
Wand.Core.get:2:13: note: 'get(for:)' produces '_', not the expected contextual result type '_'
1 | class Core {
2 | public func get<T>(for key: String? = nil) -> T where T : Wand.Obtainable}
  |             `- note: 'get(for:)' produces '_', not the expected contextual result type '_'
3 |
Wand.Core.get:2:13: note: 'get(for:)' produces '_', not the expected contextual result type '_'
1 | class Core {
2 | public func get<T>(for key: String? = nil) -> T where T : Wand.Ubiquitous}
  |             `- note: 'get(for:)' produces '_', not the expected contextual result type '_'
3 |
SwiftEmitModule normal arm64 Emitting\ module\ for\ WandUI (in target 'WandUI' from project 'WandUI')
SwiftCompile normal arm64 (in target 'WandUI' from project 'WandUI')
    cd /Users/admin/builder/spi-builder-workspace/.swiftpm/xcode

/Users/admin/builder/spi-builder-workspace/Sources/WandUI/UIKit/UIImage/Ask/UIImage_Asking.swift:34:40: error: ambiguous type name 'Operation' in 'Ask<Image>' (aka 'Ask<UIImage>')
24 | extension Ask {
25 |
26 |     class Operation: Ask {
   |           `- note: found candidate with type 'Ask<Image>.Operation' (aka 'Ask<UIImage>.Operation')
27 |     }
28 |
   :
32 | @discardableResult
33 | public
34 | func | (image: Image?, ask: Ask<Image>.Operation) -> Core {
   |                                        `- error: ambiguous type name 'Operation' in 'Ask<Image>' (aka 'Ask<UIImage>')
35 |     let wand = Core.to(image)
36 |     _ = wand.append(ask: ask, check: true)
Wand.Ask.Operation:2:14: note: found candidate with type 'Ask<Image>.Operation' (aka 'Ask<UIImage>.Operation')
1 | generic class Ask {
2 | public class Operation : Wand.Ask<T> {
  |              `- note: found candidate with type 'Ask<Image>.Operation' (aka 'Ask<UIImage>.Operation')
3 |     required public init(once: Bool, check: Bool = super, for key: String? = nil, handler: @escaping (T) -> Bool)
4 |     deinit
/Users/admin/builder/spi-builder-workspace/Sources/WandUI/UIKit/UIEvent_Ask.swift:25:33: error: cannot find type 'AskingNil' in scope
23 | import WandFoundation
24 |
25 | extension UIEvent.EventSubtype: AskingNil, @retroactive Wanded {
   |                                 `- error: cannot find type 'AskingNil' in scope
26 |
27 |     public
/Users/admin/builder/spi-builder-workspace/Sources/WandUI/UIKit/UIEvent_Ask.swift:56:21: warning: conformance of 'UIWindow' to protocol 'Wanded' was already stated in the type's module 'UIKit'
54 | }
55 |
56 | extension UIWindow: Wanded {
   |                     `- warning: conformance of 'UIWindow' to protocol 'Wanded' was already stated in the type's module 'UIKit'
57 |
58 |     open
/Applications/Xcode-27.0.0-Release.Candidate.app/Contents/Developer/Platforms/AppleTVOS.platform/Developer/SDKs/AppleTVOS27.0.sdk/System/Library/Frameworks/UIKit.framework/Headers/UIWindow.h:22:12: note: 'UIWindow' inherits conformance to protocol 'Wanded' from superclass here
 20 |
 21 | UIKIT_EXTERN API_AVAILABLE(ios(2.0)) API_UNAVAILABLE(watchos) NS_SWIFT_UI_ACTOR
 22 | @interface UIWindow : UIView
    |            `- note: 'UIWindow' inherits conformance to protocol 'Wanded' from superclass here
 23 |
 24 | // instantiate a UIWindow already associated with a given UIWindowScene instance, with matching frame & interface orientations.
/Users/admin/builder/spi-builder-workspace/Sources/WandUI/UIKit/UIGestureRecognizer_Ask.swift:23:1: warning: extension declares a conformance of imported type 'UIView' to imported protocol 'Wanded'; this will not behave correctly if the owners of 'UIKit' introduce this conformance in the future
21 | import Wand
22 |
23 | extension UIView: Wanded {
   | |- warning: extension declares a conformance of imported type 'UIView' to imported protocol 'Wanded'; this will not behave correctly if the owners of 'UIKit' introduce this conformance in the future
   | `- note: add '@retroactive' to silence this warning
24 |
25 | }
SwiftCompile normal arm64 Compiling\ UIUserInterfaceStyle_Convert.swift,\ UIView_Convert.swift /Users/admin/builder/spi-builder-workspace/Sources/WandUI/UIKit/UIUserInterfaceStyle_Convert.swift /Users/admin/builder/spi-builder-workspace/Sources/WandUI/UIKit/UIView/UIView_Convert.swift (in target 'WandUI' from project 'WandUI')
/Users/admin/builder/spi-builder-workspace/Sources/WandUI/UIKit/UIImage/Ask/UIImage_Asking.swift:34:40: error: ambiguous type name 'Operation' in 'Ask<Image>' (aka 'Ask<UIImage>')
24 | extension Ask {
25 |
26 |     class Operation: Ask {
   |           `- note: found candidate with type 'Ask<Image>.Operation' (aka 'Ask<UIImage>.Operation')
27 |     }
28 |
   :
32 | @discardableResult
33 | public
34 | func | (image: Image?, ask: Ask<Image>.Operation) -> Core {
   |                                        `- error: ambiguous type name 'Operation' in 'Ask<Image>' (aka 'Ask<UIImage>')
35 |     let wand = Core.to(image)
36 |     _ = wand.append(ask: ask, check: true)
Wand.Ask.Operation:2:14: note: found candidate with type 'Ask<Image>.Operation' (aka 'Ask<UIImage>.Operation')
1 | generic class Ask {
2 | public class Operation : Wand.Ask<T> {
  |              `- note: found candidate with type 'Ask<Image>.Operation' (aka 'Ask<UIImage>.Operation')
3 |     required public init(once: Bool, check: Bool = super, for key: String? = nil, handler: @escaping (T) -> Bool)
4 |     deinit
/Users/admin/builder/spi-builder-workspace/Sources/WandUI/UIKit/UIUserInterfaceStyle_Convert.swift:65:11: error: 'UITraitChangeObservable' is only available in tvOS 17.0 or newer
63 | @inline(__always)
64 | public
65 | func |<T: UITraitChangeObservable & UITraitEnvironment> (observer: T, handler: @escaping (UIUserInterfaceStyle)->()) -> any UITraitChangeRegistration {
   |      |    `- error: 'UITraitChangeObservable' is only available in tvOS 17.0 or newer
   |      `- note: add '@available' attribute to enclosing operator function
66 |
67 |     observer.registerForTraitChanges([UITraitUserInterfaceStyle.self]) { (o: T, prev: UITraitCollection) in
SwiftCompile normal arm64 /Users/admin/builder/spi-builder-workspace/Sources/WandUI/UIKit/UIUserInterfaceStyle_Convert.swift (in target 'WandUI' from project 'WandUI')
    cd /Users/admin/builder/spi-builder-workspace/.swiftpm/xcode
    builtin-SwiftPerFileCompile UIUserInterfaceStyle_Convert.swift
SwiftCompile normal arm64 /Users/admin/builder/spi-builder-workspace/Sources/WandUI/UIKit/UIView/UIView_Convert.swift (in target 'WandUI' from project 'WandUI')
    cd /Users/admin/builder/spi-builder-workspace/.swiftpm/xcode
    builtin-SwiftPerFileCompile UIView_Convert.swift
SwiftCompile normal arm64 Compiling\ UI_Error.swift,\ Visible.swift /Users/admin/builder/spi-builder-workspace/Sources/WandUI/UIKit/UIViewController/UI_Error.swift /Users/admin/builder/spi-builder-workspace/Sources/WandUI/UIKit/UIViewController/Visible.swift (in target 'WandUI' from project 'WandUI')
/Users/admin/builder/spi-builder-workspace/Sources/WandUI/UIKit/UIViewController/UI_Error.swift:30:9: error: 'Core.Error' initializer is inaccessible due to 'private' protection level
28 |     static
29 |     func imagePicker(_ code: Int, reason: String? = nil) -> Error {
30 |         Self(code: code, reason: reason ?? "")
   |         `- error: 'Core.Error' initializer is inaccessible due to 'private' protection level
31 |     }
32 |
Wand.Core.Error.init:3:9: note: 'init(code:reason:)' declared here
1 | class Core {
2 |   struct Error {
3 | private init(code: Int, reason: String)  }
  |         `- note: 'init(code:reason:)' declared here
4 | }
5 |
/Users/admin/builder/spi-builder-workspace/Sources/WandUI/UIKit/UIViewController/Visible.swift:113:5: warning: 'public' modifier is redundant for static property declared in a public extension
111 |
112 |     @inline(__always)
113 |     public
    |     `- warning: 'public' modifier is redundant for static property declared in a public extension
114 |     static
115 |     var visible: UIWindow? {
SwiftCompile normal arm64 /Users/admin/builder/spi-builder-workspace/Sources/WandUI/UIKit/UIViewController/UI_Error.swift (in target 'WandUI' from project 'WandUI')
    cd /Users/admin/builder/spi-builder-workspace/.swiftpm/xcode
    builtin-SwiftPerFileCompile UI_Error.swift
SwiftCompile normal arm64 /Users/admin/builder/spi-builder-workspace/Sources/WandUI/UIKit/UIViewController/Visible.swift (in target 'WandUI' from project 'WandUI')
    cd /Users/admin/builder/spi-builder-workspace/.swiftpm/xcode
    builtin-SwiftPerFileCompile Visible.swift
SwiftCompile normal arm64 Compiling\ UIImage_Scale.swift,\ Image_Convert.swift /Users/admin/builder/spi-builder-workspace/Sources/WandUI/UIKit/UIImage/Ask/UIImage_Scale.swift /Users/admin/builder/spi-builder-workspace/Sources/WandUI/UIKit/UIImage/Image_Convert.swift (in target 'WandUI' from project 'WandUI')
/Users/admin/builder/spi-builder-workspace/Sources/WandUI/UIKit/UIImage/Ask/UIImage_Scale.swift:26:18: error: 'Operation' is ambiguous for type lookup in this context
24 | extension Ask {
25 |
26 |     class Scale: Operation {
   |                  `- error: 'Operation' is ambiguous for type lookup in this context
27 |     }
28 |
/Users/admin/builder/spi-builder-workspace/Sources/WandUI/UIKit/UIImage/Ask/UIImage_Asking.swift:26:11: note: found this candidate
24 | extension Ask {
25 |
26 |     class Operation: Ask {
   |           `- note: found this candidate
27 |     }
28 |
Wand.Ask.Operation:2:14: note: found this candidate
1 | generic class Ask {
2 | public class Operation : Wand.Ask<T> {
  |              `- note: found this candidate
3 |     required public init(once: Bool, check: Bool = super, for key: String? = nil, handler: @escaping (T) -> Bool)
4 |     deinit
SwiftCompile normal arm64 /Users/admin/builder/spi-builder-workspace/Sources/WandUI/UIKit/UIImage/Ask/UIImage_Scale.swift (in target 'WandUI' from project 'WandUI')
    cd /Users/admin/builder/spi-builder-workspace/.swiftpm/xcode
    builtin-SwiftPerFileCompile UIImage_Scale.swift
SwiftCompile normal arm64 /Users/admin/builder/spi-builder-workspace/Sources/WandUI/UIKit/UIImage/Image_Convert.swift (in target 'WandUI' from project 'WandUI')
    cd /Users/admin/builder/spi-builder-workspace/.swiftpm/xcode
    builtin-SwiftPerFileCompile Image_Convert.swift
SwiftCompile normal arm64 Compiling\ UIImage_Fit.swift,\ UIImage_Round.swift /Users/admin/builder/spi-builder-workspace/Sources/WandUI/UIKit/UIImage/Ask/UIImage_Fit.swift /Users/admin/builder/spi-builder-workspace/Sources/WandUI/UIKit/UIImage/Ask/UIImage_Round.swift (in target 'WandUI' from project 'WandUI')
/Users/admin/builder/spi-builder-workspace/Sources/WandUI/UIKit/UIImage/Ask/UIImage_Fit.swift:26:16: error: 'Operation' is ambiguous for type lookup in this context
24 | extension Ask {
25 |
26 |     class Fit: Operation {
   |                `- error: 'Operation' is ambiguous for type lookup in this context
27 |     }
28 |
/Users/admin/builder/spi-builder-workspace/Sources/WandUI/UIKit/UIImage/Ask/UIImage_Asking.swift:26:11: note: found this candidate
24 | extension Ask {
25 |
26 |     class Operation: Ask {
   |           `- note: found this candidate
27 |     }
28 |
Wand.Ask.Operation:2:14: note: found this candidate
1 | generic class Ask {
2 | public class Operation : Wand.Ask<T> {
  |              `- note: found this candidate
3 |     required public init(once: Bool, check: Bool = super, for key: String? = nil, handler: @escaping (T) -> Bool)
4 |     deinit
/Users/admin/builder/spi-builder-workspace/Sources/WandUI/UIKit/UIImage/Ask/UIImage_Round.swift:26:18: error: 'Operation' is ambiguous for type lookup in this context
24 | extension Ask {
25 |
26 |     class Round: Operation {
   |                  `- error: 'Operation' is ambiguous for type lookup in this context
27 |     }
28 |
/Users/admin/builder/spi-builder-workspace/Sources/WandUI/UIKit/UIImage/Ask/UIImage_Asking.swift:26:11: note: found this candidate
24 | extension Ask {
25 |
26 |     class Operation: Ask {
   |           `- note: found this candidate
27 |     }
28 |
Wand.Ask.Operation:2:14: note: found this candidate
1 | generic class Ask {
2 | public class Operation : Wand.Ask<T> {
  |              `- note: found this candidate
3 |     required public init(once: Bool, check: Bool = super, for key: String? = nil, handler: @escaping (T) -> Bool)
4 |     deinit
Failed frontend command:
/Applications/Xcode-27.0.0-Release.Candidate.app/Contents/Developer/Toolchains/XcodeDefault.xctoolchain/usr/bin/swift-frontend -frontend -c /Users/admin/builder/spi-builder-workspace/Sources/WandUI/UIKit/UIColor/UIColor_Convert_Int.swift /Users/admin/builder/spi-builder-workspace/Sources/WandUI/UIKit/UIColor/UIColor_Convert_String.swift /Users/admin/builder/spi-builder-workspace/Sources/WandUI/UIKit/UIEvent_Ask.swift /Users/admin/builder/spi-builder-workspace/Sources/WandUI/UIKit/UIGestureRecognizer_Ask.swift /Users/admin/builder/spi-builder-workspace/Sources/WandUI/UIKit/UIImage/Ask/UIImage_Asking.swift /Users/admin/builder/spi-builder-workspace/Sources/WandUI/UIKit/UIImage/Ask/UIImage_AskingNil.swift /Users/admin/builder/spi-builder-workspace/Sources/WandUI/UIKit/UIImage/Ask/UIImage_Fill.swift -primary-file /Users/admin/builder/spi-builder-workspace/Sources/WandUI/UIKit/UIImage/Ask/UIImage_Fit.swift -primary-file /Users/admin/builder/spi-builder-workspace/Sources/WandUI/UIKit/UIImage/Ask/UIImage_Round.swift /Users/admin/builder/spi-builder-workspace/Sources/WandUI/UIKit/UIImage/Ask/UIImage_Scale.swift /Users/admin/builder/spi-builder-workspace/Sources/WandUI/UIKit/UIImage/Image_Convert.swift /Users/admin/builder/spi-builder-workspace/Sources/WandUI/UIKit/UIImage/UI.swift /Users/admin/builder/spi-builder-workspace/Sources/WandUI/UIKit/UIKit_Convertable.swift /Users/admin/builder/spi-builder-workspace/Sources/WandUI/UIKit/UIUserInterfaceStyle_Convert.swift /Users/admin/builder/spi-builder-workspace/Sources/WandUI/UIKit/UIView/UIView_Convert.swift /Users/admin/builder/spi-builder-workspace/Sources/WandUI/UIKit/UIViewController/PHPickerConfiguration_Obtainable.swift /Users/admin/builder/spi-builder-workspace/Sources/WandUI/UIKit/UIViewController/PHPickerViewController_Obtainable.swift /Users/admin/builder/spi-builder-workspace/Sources/WandUI/UIKit/UIViewController/UIAlertController+Pipe.swift /Users/admin/builder/spi-builder-workspace/Sources/WandUI/UIKit/UIViewController/UIImagePickerController_Obtainable.swift /Users/admin/builder/spi-builder-workspace/Sources/WandUI/UIKit/UIViewController/UI_Error.swift /Users/admin/builder/spi-builder-workspace/Sources/WandUI/UIKit/UIViewController/Visible.swift -emit-dependencies-path /Users/admin/builder/spi-builder-workspace/.derivedData/Build/Intermediates.noindex/WandUI.build/Debug-appletvos/WandUI-t.build/Objects-normal/arm64/UIImage_Fit.d -emit-const-values-path /Users/admin/builder/spi-builder-workspace/.derivedData/Build/Intermediates.noindex/WandUI.build/Debug-appletvos/WandUI-t.build/Objects-normal/arm64/UIImage_Fit.swiftconstvalues -emit-reference-dependencies-path /Users/admin/builder/spi-builder-workspace/.derivedData/Build/Intermediates.noindex/WandUI.build/Debug-appletvos/WandUI-t.build/Objects-normal/arm64/UIImage_Fit.swiftdeps -serialize-diagnostics-path /Users/admin/builder/spi-builder-workspace/.derivedData/Build/Intermediates.noindex/WandUI.build/Debug-appletvos/WandUI-t.build/Objects-normal/arm64/UIImage_Fit.dia -emit-dependencies-path /Users/admin/builder/spi-builder-workspace/.derivedData/Build/Intermediates.noindex/WandUI.build/Debug-appletvos/WandUI-t.build/Objects-normal/arm64/UIImage_Round.d -emit-const-values-path /Users/admin/builder/spi-builder-workspace/.derivedData/Build/Intermediates.noindex/WandUI.build/Debug-appletvos/WandUI-t.build/Objects-normal/arm64/UIImage_Round.swiftconstvalues -emit-reference-dependencies-path /Users/admin/builder/spi-builder-workspace/.derivedData/Build/Intermediates.noindex/WandUI.build/Debug-appletvos/WandUI-t.build/Objects-normal/arm64/UIImage_Round.swiftdeps -serialize-diagnostics-path /Users/admin/builder/spi-builder-workspace/.derivedData/Build/Intermediates.noindex/WandUI.build/Debug-appletvos/WandUI-t.build/Objects-normal/arm64/UIImage_Round.dia -target arm64-apple-tvos15.0 -module-can-import-version CoreLocation 57 3185.0.6 -module-can-import-version PhotosUI 913.0.103 913.0.103 -module-can-import-version UIKit 9127.0.84.1 9127.0.84 -disable-cross-import-overlay-search -load-resolved-plugin /Applications/Xcode-27.0.0-Release.Candidate.app/Contents/Developer/Platforms/AppleTVOS.platform/Developer/usr/lib/swift/host/plugins/libFoundationMacros.dylib\#/Applications/Xcode-27.0.0-Release.Candidate.app/Contents/Developer/Platforms/AppleTVOS.platform/Developer/usr/bin/swift-plugin-server\#FoundationMacros -load-resolved-plugin /Applications/Xcode-27.0.0-Release.Candidate.app/Contents/Developer/Platforms/AppleTVOS.platform/Developer/usr/lib/swift/host/plugins/libObservationMacros.dylib\#/Applications/Xcode-27.0.0-Release.Candidate.app/Contents/Developer/Platforms/AppleTVOS.platform/Developer/usr/bin/swift-plugin-server\#ObservationMacros -load-resolved-plugin /Applications/Xcode-27.0.0-Release.Candidate.app/Contents/Developer/Platforms/AppleTVOS.platform/Developer/usr/lib/swift/host/plugins/libPreviewsMacros.dylib\#/Applications/Xcode-27.0.0-Release.Candidate.app/Contents/Developer/Platforms/AppleTVOS.platform/Developer/usr/bin/swift-plugin-server\#PreviewsMacros -load-resolved-plugin /Applications/Xcode-27.0.0-Release.Candidate.app/Contents/Developer/Platforms/AppleTVOS.platform/Developer/usr/lib/swift/host/plugins/libSwiftMacros.dylib\#/Applications/Xcode-27.0.0-Release.Candidate.app/Contents/Developer/Platforms/AppleTVOS.platform/Developer/usr/bin/swift-plugin-server\#SwiftMacros -load-resolved-plugin /Applications/Xcode-27.0.0-Release.Candidate.app/Contents/Developer/Platforms/AppleTVOS.platform/Developer/usr/lib/swift/host/plugins/libSwiftUIMacros.dylib\#/Applications/Xcode-27.0.0-Release.Candidate.app/Contents/Developer/Platforms/AppleTVOS.platform/Developer/usr/bin/swift-plugin-server\#SwiftUIMacros -disable-implicit-swift-modules -Xcc -fno-implicit-modules -Xcc -fno-implicit-module-maps -explicit-swift-module-map-file /Users/admin/builder/spi-builder-workspace/.derivedData/Build/Intermediates.noindex/WandUI.build/Debug-appletvos/WandUI-t.build/Objects-normal/arm64/WandUI-dependencies-1.json -Xllvm -aarch64-use-tbi -enable-objc-interop -stack-check -sdk /Applications/Xcode-27.0.0-Release.Candidate.app/Contents/Developer/Platforms/AppleTVOS.platform/Developer/SDKs/AppleTVOS27.0.sdk -I /Users/admin/builder/spi-builder-workspace/.derivedData/Build/Products/Debug-appletvos -Isystem /Applications/Xcode-27.0.0-Release.Candidate.app/Contents/Developer/Platforms/AppleTVOS.platform/Developer/usr/lib -F /Users/admin/builder/spi-builder-workspace/.derivedData/Build/Products/Debug-appletvos/PackageFrameworks -F /Users/admin/builder/spi-builder-workspace/.derivedData/Build/Products/Debug-appletvos -F /Applications/Xcode-27.0.0-Release.Candidate.app/Contents/Developer/Platforms/AppleTVOS.platform/Developer/Library/Frameworks -F /Applications/Xcode-27.0.0-Release.Candidate.app/Contents/Developer/Platforms/AppleTVOS.platform/Developer/SDKs/AppleTVOS27.0.sdk/Developer/Library/Frameworks -module-cache-path /Users/admin/builder/spi-builder-workspace/.derivedData/Build/Intermediates.noindex/SwiftExplicitPrecompiledModules -no-color-diagnostics -Xcc -fno-color-diagnostics -enable-testing -g -debug-info-format\=dwarf -dwarf-version\=4 -profile-generate -profile-coverage-mapping -swift-version 5 -Onone -D SWIFT_PACKAGE -D DEBUG -D SWIFT_MODULE_RESOURCE_BUNDLE_UNAVAILABLE -D Xcode -serialize-debugging-options -enable-experimental-feature DebugDescriptionMacro -empty-abi-descriptor -validate-clang-modules-once -clang-build-session-file /Users/admin/builder/spi-builder-workspace/.derivedData/ModuleCache.noindex/Session.modulevalidation -Xcc -working-directory -Xcc /Users/admin/builder/spi-builder-workspace/.swiftpm/xcode -enable-anonymous-context-mangled-names -file-compilation-dir /Users/admin/builder/spi-builder-workspace/.swiftpm/xcode -Xcc -D_LIBCPP_HARDENING_MODE\=_LIBCPP_HARDENING_MODE_DEBUG -Xcc -ivfsstatcache -Xcc /Users/admin/builder/spi-builder-workspace/.derivedData/SDKStatCaches.noindex/appletvos27.0-24J360-e829b21a6f8c9b70876ba0858053c044b32bfd8d43560033f8d89884cdb90028.sdkstatcache -Xcc -fmodules-prune-interval\=86400 -Xcc -fmodules-prune-after\=345600 -Xcc -I/Users/admin/builder/spi-builder-workspace/.derivedData/Build/Products/Debug-appletvos/include -Xcc -I/Users/admin/builder/spi-builder-workspace/.derivedData/Build/Intermediates.noindex/WandUI.build/Debug-appletvos/WandUI-t.build/DerivedSources-normal/arm64 -Xcc -I/Users/admin/builder/spi-builder-workspace/.derivedData/Build/Intermediates.noindex/WandUI.build/Debug-appletvos/WandUI-t.build/DerivedSources/arm64 -Xcc -I/Users/admin/builder/spi-builder-workspace/.derivedData/Build/Intermediates.noindex/WandUI.build/Debug-appletvos/WandUI-t.build/DerivedSources -Xcc -DSWIFT_PACKAGE -Xcc -DDEBUG\=1 -no-auto-bridging-header-chaining -module-name WandUI -const-gather-protocols-file /Users/admin/builder/spi-builder-workspace/.derivedData/Build/Intermediates.noindex/WandUI.build/Debug-appletvos/WandUI-t.build/Objects-normal/arm64/WandUI_const_extract_protocols.json -disable-clang-spi -clang-target arm64-apple-tvos27.0 -target-sdk-version 27.0 -target-sdk-name appletvos27.0 -in-process-plugin-server-path /Applications/Xcode-27.0.0-Release.Candidate.app/Contents/Developer/Toolchains/XcodeDefault.xctoolchain/usr/lib/swift/host/libSwiftInProcPluginServer.dylib -parse-as-library -o /Users/admin/builder/spi-builder-workspace/.derivedData/Build/Intermediates.noindex/WandUI.build/Debug-appletvos/WandUI-t.build/Objects-normal/arm64/UIImage_Fit.o -o /Users/admin/builder/spi-builder-workspace/.derivedData/Build/Intermediates.noindex/WandUI.build/Debug-appletvos/WandUI-t.build/Objects-normal/arm64/UIImage_Round.o -debug-module-path /Users/admin/builder/spi-builder-workspace/.derivedData/Build/Intermediates.noindex/WandUI.build/Debug-appletvos/WandUI-t.build/Objects-normal/arm64/WandUI.swiftmodule -index-unit-output-path /WandUI.build/Debug-appletvos/WandUI-t.build/Objects-normal/arm64/UIImage_Fit.o -index-unit-output-path /WandUI.build/Debug-appletvos/WandUI-t.build/Objects-normal/arm64/UIImage_Round.o -index-store-path /Users/admin/builder/spi-builder-workspace/.derivedData/Index.noindex/DataStore -index-system-modules
SwiftCompile normal arm64 /Users/admin/builder/spi-builder-workspace/Sources/WandUI/UIKit/UIImage/Ask/UIImage_Fit.swift (in target 'WandUI' from project 'WandUI')
    cd /Users/admin/builder/spi-builder-workspace/.swiftpm/xcode
    builtin-SwiftPerFileCompile UIImage_Fit.swift
SwiftCompile normal arm64 /Users/admin/builder/spi-builder-workspace/Sources/WandUI/UIKit/UIImage/Ask/UIImage_Round.swift (in target 'WandUI' from project 'WandUI')
    cd /Users/admin/builder/spi-builder-workspace/.swiftpm/xcode
    builtin-SwiftPerFileCompile UIImage_Round.swift
SwiftCompile normal arm64 Compiling\ UIAlertController+Pipe.swift,\ UIImagePickerController_Obtainable.swift /Users/admin/builder/spi-builder-workspace/Sources/WandUI/UIKit/UIViewController/UIAlertController+Pipe.swift /Users/admin/builder/spi-builder-workspace/Sources/WandUI/UIKit/UIViewController/UIImagePickerController_Obtainable.swift (in target 'WandUI' from project 'WandUI')
/Users/admin/builder/spi-builder-workspace/Sources/WandUI/UIKit/UIViewController/UIImagePickerController_Obtainable.swift:35:1: warning: extension declares a conformance of imported type 'UIImagePickerController' to imported protocols 'Obtainable', 'Wanded'; this will not behave correctly if the owners of 'UIKit' introduce this conformance in the future
33 | @available(visionOS, unavailable)
34 | @available(watchOS, unavailable)
35 | extension UIImagePickerController: Obtainable {
   | |- warning: extension declares a conformance of imported type 'UIImagePickerController' to imported protocols 'Obtainable', 'Wanded'; this will not behave correctly if the owners of 'UIKit' introduce this conformance in the future
   | `- note: add '@retroactive' to silence this warning
36 |
37 |     public
SwiftCompile normal arm64 /Users/admin/builder/spi-builder-workspace/Sources/WandUI/UIKit/UIViewController/UIAlertController+Pipe.swift (in target 'WandUI' from project 'WandUI')
    cd /Users/admin/builder/spi-builder-workspace/.swiftpm/xcode
    builtin-SwiftPerFileCompile UIAlertController+Pipe.swift
SwiftCompile normal arm64 /Users/admin/builder/spi-builder-workspace/Sources/WandUI/UIKit/UIViewController/UIImagePickerController_Obtainable.swift (in target 'WandUI' from project 'WandUI')
    cd /Users/admin/builder/spi-builder-workspace/.swiftpm/xcode
    builtin-SwiftPerFileCompile UIImagePickerController_Obtainable.swift
SwiftCompile normal arm64 Compiling\ UI.swift,\ UIKit_Convertable.swift /Users/admin/builder/spi-builder-workspace/Sources/WandUI/UIKit/UIImage/UI.swift /Users/admin/builder/spi-builder-workspace/Sources/WandUI/UIKit/UIKit_Convertable.swift (in target 'WandUI' from project 'WandUI')
SwiftCompile normal arm64 /Users/admin/builder/spi-builder-workspace/Sources/WandUI/UIKit/UIImage/UI.swift (in target 'WandUI' from project 'WandUI')
    cd /Users/admin/builder/spi-builder-workspace/.swiftpm/xcode
    builtin-SwiftPerFileCompile UI.swift
SwiftCompile normal arm64 /Users/admin/builder/spi-builder-workspace/Sources/WandUI/UIKit/UIKit_Convertable.swift (in target 'WandUI' from project 'WandUI')
    cd /Users/admin/builder/spi-builder-workspace/.swiftpm/xcode
    builtin-SwiftPerFileCompile UIKit_Convertable.swift
PruneExplicitPrecompiledModules /Users/admin/builder/spi-builder-workspace/.derivedData/Build/Intermediates.noindex/ExplicitPrecompiledModules
PruneExplicitPrecompiledModules /Users/admin/builder/spi-builder-workspace/.derivedData/Build/Intermediates.noindex/SwiftExplicitPrecompiledModules
PruneExplicitPrecompiledModules /Users/admin/builder/spi-builder-workspace/.derivedData/SDKExplicitPrecompiledModules
2026-09-24 04:47:49.871 xcodebuild[1030:6122] [MT] IDERunDestination: Supported platforms for the buildables in the current scheme is empty.
2026-09-24 04:47:49.984 xcodebuild[1030:6122] [MT] IDERunDestination: Supported platforms for the buildables in the current scheme is empty.
** BUILD FAILED **
The following build commands failed:
	SwiftCompile normal arm64 Compiling\ UIImage_Fit.swift,\ UIImage_Round.swift /Users/admin/builder/spi-builder-workspace/Sources/WandUI/UIKit/UIImage/Ask/UIImage_Fit.swift /Users/admin/builder/spi-builder-workspace/Sources/WandUI/UIKit/UIImage/Ask/UIImage_Round.swift (in target 'WandUI' from project 'WandUI')
	SwiftCompile normal arm64 /Users/admin/builder/spi-builder-workspace/Sources/WandUI/UIKit/UIImage/Ask/UIImage_Fit.swift (in target 'WandUI' from project 'WandUI')
	SwiftCompile normal arm64 /Users/admin/builder/spi-builder-workspace/Sources/WandUI/UIKit/UIImage/Ask/UIImage_Round.swift (in target 'WandUI' from project 'WandUI')
	Building workspace WandUI with scheme WandUI
(4 failures)
BUILD FAILURE 6.4 tvOS