The Swift Package Index logo.Swift Package Index

Build Information

Failed to build StormGlass, reference main (4bf53a), with Swift 6.4 for Wasm on 17 Sep 2026 20:02:56 UTC.

Build Command

bash -c docker run --pull=always --rm -v "checkouts-54344847-1":/host -w "$PWD" -e JAVA_HOME="/root/.sdkman/candidates/java/current" -e SPI_BUILD="1" -e SPI_PROCESSING="1" registry.gitlab.com/saguaro1/spi-images:wasm-6.4-latest swift build --swift-sdk swift-6.4.x-DEVELOPMENT-SNAPSHOT-2026-09-04-a_wasm 2>&1

Build Log

========================================
RunAll
========================================
Builder version: 5.1.0
Interrupt handler set up.
========================================
Checkout
========================================
Clone URL: https://github.com/cruisea-app/stormglass-swift.git
Reference: main
Initialized empty Git repository in /host/spi-builder-workspace/.git/
hint: Using 'master' as the name for the initial branch. This default branch name
hint: is subject to change. To configure the initial branch name to use in all
hint: of your new repositories, which will suppress this warning, call:
hint:
hint: 	git config --global init.defaultBranch <name>
hint:
hint: Names commonly chosen instead of 'master' are 'main', 'trunk' and
hint: 'development'. The just-created branch can be renamed via this command:
hint:
hint: 	git branch -m <name>
From https://github.com/cruisea-app/stormglass-swift
 * branch            main       -> FETCH_HEAD
 * [new branch]      main       -> origin/main
HEAD is now at 4bf53a5 Update README.md
Cloned https://github.com/cruisea-app/stormglass-swift.git
Revision (git rev-parse @):
4bf53a5fffb0a051ed4741be7be469fc8a5d4b4f
SUCCESS checkout https://github.com/cruisea-app/stormglass-swift.git at main
========================================
Build
========================================
Selected platform:         wasm
Swift version:             6.4
Building package at path:  $PWD
https://github.com/cruisea-app/stormglass-swift.git
Running build ...
bash -c docker run --pull=always --rm -v "checkouts-54344847-1":/host -w "$PWD" -e JAVA_HOME="/root/.sdkman/candidates/java/current" -e SPI_BUILD="1" -e SPI_PROCESSING="1" registry.gitlab.com/saguaro1/spi-images:wasm-6.4-latest swift build --swift-sdk swift-6.4.x-DEVELOPMENT-SNAPSHOT-2026-09-04-a_wasm 2>&1
wasm-6.4-latest: Pulling from saguaro1/spi-images
Digest: sha256:4328fdb43c680d205c1d6761b1e3267aa38277eefdda9ddfb17b6a0f1a77857a
Status: Image is up to date for registry.gitlab.com/saguaro1/spi-images:wasm-6.4-latest
Building for debugging...
[Planning deferred tasks]
error: SwiftCompile normal wasm32 failed with a nonzero exit code. Command line:     cd /host

/host/spi-builder-workspace/Sources/StormGlass/Networking/SGNetworking.swift:10:30: error: 'URLSession' is unavailable: This type has moved to the FoundationNetworking module. Import that module to use it.
  8 |     internal let endpoint: Endpoint
  9 |     internal let apiKeyOverride: String?
 10 |     internal let urlSession: URLSession
    |                              `- error: 'URLSession' is unavailable: This type has moved to the FoundationNetworking module. Import that module to use it.
 11 |
 12 |     public init(
Foundation.URLSession:2:18: note: 'URLSession' has been explicitly marked unavailable here
1 | @available(*, unavailable, message: "This type has moved to the FoundationNetworking module. Import that module to use it.")
2 | public typealias URLSession = AnyObject
  |                  `- note: 'URLSession' has been explicitly marked unavailable here
/host/spi-builder-workspace/Sources/StormGlass/Networking/SGNetworking.swift:15:21: error: 'URLSession' is unavailable: This type has moved to the FoundationNetworking module. Import that module to use it.
 13 |         endpoint: Endpoint,
 14 |         apiKey: String? = nil,
 15 |         urlSession: URLSession = .shared
    |                     `- error: 'URLSession' is unavailable: This type has moved to the FoundationNetworking module. Import that module to use it.
 16 |     ) {
 17 |         self.endpoint = endpoint
Foundation.URLSession:2:18: note: 'URLSession' has been explicitly marked unavailable here
1 | @available(*, unavailable, message: "This type has moved to the FoundationNetworking module. Import that module to use it.")
2 | public typealias URLSession = AnyObject
  |                  `- note: 'URLSession' has been explicitly marked unavailable here
/host/spi-builder-workspace/Sources/StormGlass/Networking/SGNetworking.swift:15:35: error: value of type '_' expected to be instance of class or class-constrained type
 13 |         endpoint: Endpoint,
 14 |         apiKey: String? = nil,
 15 |         urlSession: URLSession = .shared
    |                                   `- error: value of type '_' expected to be instance of class or class-constrained type
 16 |     ) {
 17 |         self.endpoint = endpoint
/host/spi-builder-workspace/Sources/StormGlass/Networking/SGNetworking.swift:15:35: error: type 'URLSession' (aka 'AnyObject') has no member 'shared'
 13 |         endpoint: Endpoint,
 14 |         apiKey: String? = nil,
 15 |         urlSession: URLSession = .shared
    |                                   `- error: type 'URLSession' (aka 'AnyObject') has no member 'shared'
 16 |     ) {
 17 |         self.endpoint = endpoint
/host/spi-builder-workspace/Sources/StormGlass/Networking/SGNetworking.swift:22:43: error: cannot find type 'URLRequest' in scope
 20 |     }
 21 |
 22 |     internal func makeRequest() throws -> URLRequest {
    |                                           `- error: cannot find type 'URLRequest' in scope
 23 |         guard var components = URLComponents(string: SGConfiguration.shared.host) else {
 24 |             throw SGServiceError.badURL
Failed frontend command:
/usr/bin/swift-frontend -frontend -emit-module -experimental-skip-non-inlinable-function-bodies-without-types /host/spi-builder-workspace/Sources/StormGlass/Endpoints/Astronomy/SGAstronomyPointRequest.swift /host/spi-builder-workspace/Sources/StormGlass/Endpoints/Bio/SGBioPointRequest.swift /host/spi-builder-workspace/Sources/StormGlass/Endpoints/Elevation/SGElevationPointRequest.swift /host/spi-builder-workspace/Sources/StormGlass/Endpoints/SGCoordinate.swift /host/spi-builder-workspace/Sources/StormGlass/Endpoints/SGEndpoint.swift /host/spi-builder-workspace/Sources/StormGlass/Endpoints/SGResponseMetadata.swift /host/spi-builder-workspace/Sources/StormGlass/Endpoints/Solar/SGSolarPointRequest.swift /host/spi-builder-workspace/Sources/StormGlass/Endpoints/Tide/SGTideDatum.swift /host/spi-builder-workspace/Sources/StormGlass/Endpoints/Tide/SGTideExtremesPointRequest.swift /host/spi-builder-workspace/Sources/StormGlass/Endpoints/Tide/SGTideSeaLevelPointRequest.swift /host/spi-builder-workspace/Sources/StormGlass/Endpoints/Tide/SGTideStationsAreaRequest.swift /host/spi-builder-workspace/Sources/StormGlass/Endpoints/Tide/SGTideStationsListRequest.swift /host/spi-builder-workspace/Sources/StormGlass/Endpoints/Weather/SGWeatherPointRequest.swift /host/spi-builder-workspace/Sources/StormGlass/Networking/SGNetworking.swift /host/spi-builder-workspace/Sources/StormGlass/Networking/SGParameterEncodable.swift /host/spi-builder-workspace/Sources/StormGlass/SGConfiguration.swift /host/spi-builder-workspace/Sources/StormGlass/SGDataSource.swift /host/spi-builder-workspace/Sources/StormGlass/SGServiceError.swift -target wasm32-unknown-wasip1 -disable-objc-interop -sdk /root/.swiftpm/swift-sdks/swift-6.4.x-DEVELOPMENT-SNAPSHOT-2026-09-04-a_wasm.artifactbundle/swift-6.4.x-DEVELOPMENT-SNAPSHOT-2026-09-04-a_wasm/wasm32-unknown-wasip1/WASI.sdk -sysroot /root/.swiftpm/swift-sdks/swift-6.4.x-DEVELOPMENT-SNAPSHOT-2026-09-04-a_wasm.artifactbundle/swift-6.4.x-DEVELOPMENT-SNAPSHOT-2026-09-04-a_wasm/wasm32-unknown-wasip1/WASI.sdk -I /host/spi-builder-workspace/.build/out/Products/Debug-webassembly-wasm32 -module-cache-path /host/spi-builder-workspace/.build/out/ModuleCache.noindex -color-diagnostics -Xcc -fcolor-diagnostics -enable-testing -g -debug-info-format\=dwarf -dwarf-version\=4 -swift-version 5 -Onone -D SWIFT_PACKAGE -D DEBUG -D SWIFT_MODULE_RESOURCE_BUNDLE_UNAVAILABLE -D Xcode -serialize-debugging-options -enable-experimental-feature DebugDescriptionMacro -empty-abi-descriptor -external-plugin-path /usr/lib/swift/host/plugins/testing\#/usr/bin/swift-plugin-server -validate-clang-modules-once -clang-build-session-file /host/spi-builder-workspace/.build/out/ModuleCache.noindex/Session.modulevalidation -Xcc -working-directory -Xcc /host -resource-dir /root/.swiftpm/swift-sdks/swift-6.4.x-DEVELOPMENT-SNAPSHOT-2026-09-04-a_wasm.artifactbundle/swift-6.4.x-DEVELOPMENT-SNAPSHOT-2026-09-04-a_wasm/wasm32-unknown-wasip1/swift.xctoolchain/usr/lib/swift_static -use-static-resource-dir -enable-anonymous-context-mangled-names -file-compilation-dir /host -Xcc -resource-dir -Xcc /root/.swiftpm/swift-sdks/swift-6.4.x-DEVELOPMENT-SNAPSHOT-2026-09-04-a_wasm.artifactbundle/swift-6.4.x-DEVELOPMENT-SNAPSHOT-2026-09-04-a_wasm/wasm32-unknown-wasip1/swift.xctoolchain/usr/lib/swift_static/clang -Xcc -D_LIBCPP_HARDENING_MODE\=_LIBCPP_HARDENING_MODE_DEBUG -Xcc -fmodules-prune-interval\=86400 -Xcc -fmodules-prune-after\=345600 -Xcc -I/host/spi-builder-workspace/.build/out/Products/Debug-webassembly-wasm32/include -Xcc -I/host/spi-builder-workspace/.build/out/Intermediates.noindex/StormGlass.build/Debug-webassembly-wasm32/StormGlass-t.build/DerivedSources-normal/wasm32 -Xcc -I/host/spi-builder-workspace/.build/out/Intermediates.noindex/StormGlass.build/Debug-webassembly-wasm32/StormGlass-t.build/DerivedSources/wasm32 -Xcc -I/host/spi-builder-workspace/.build/out/Intermediates.noindex/StormGlass.build/Debug-webassembly-wasm32/StormGlass-t.build/DerivedSources -Xcc -DSWIFT_PACKAGE -Xcc -DDEBUG\=1 -no-auto-bridging-header-chaining -module-name StormGlass -const-gather-protocols-file /host/spi-builder-workspace/.build/out/Intermediates.noindex/StormGlass.build/Debug-webassembly-wasm32/StormGlass-t.build/Objects-normal/wasm32/StormGlass_const_extract_protocols.json -in-process-plugin-server-path /usr/lib/swift/host/libSwiftInProcPluginServer.so -plugin-path /usr/lib/swift/host/plugins -plugin-path /usr/local/lib/swift/host/plugins -emit-module-doc-path /host/spi-builder-workspace/.build/out/Intermediates.noindex/StormGlass.build/Debug-webassembly-wasm32/StormGlass-t.build/Objects-normal/wasm32/Modules/StormGlass.swiftdoc -emit-module-source-info-path /host/spi-builder-workspace/.build/out/Intermediates.noindex/StormGlass.build/Debug-webassembly-wasm32/StormGlass-t.build/Objects-normal/wasm32/Modules/StormGlass.swiftsourceinfo -emit-objc-header-path /host/spi-builder-workspace/.build/out/Intermediates.noindex/StormGlass.build/Debug-webassembly-wasm32/StormGlass-t.build/Objects-normal/wasm32/StormGlass-Swift.h -serialize-diagnostics-path /host/spi-builder-workspace/.build/out/Intermediates.noindex/StormGlass.build/Debug-webassembly-wasm32/StormGlass-t.build/Objects-normal/wasm32/StormGlass-primary-emit-module.dia -emit-dependencies-path /host/spi-builder-workspace/.build/out/Intermediates.noindex/StormGlass.build/Debug-webassembly-wasm32/StormGlass-t.build/Objects-normal/wasm32/StormGlass-primary-emit-module.d -parse-as-library -o /host/spi-builder-workspace/.build/out/Intermediates.noindex/StormGlass.build/Debug-webassembly-wasm32/StormGlass-t.build/Objects-normal/wasm32/Modules/StormGlass.swiftmodule
error: Build failed
BUILD FAILURE 6.4 wasm