The Swift Package Index logo.Swift Package Index

Build Information

Failed to build Airwallex, reference main (a3749e), with Swift 6.1 for Wasm on 13 Oct 2026 22:02:06 UTC.

Build Command

bash -c docker run --pull=always --rm -v "checkouts-54344845-0":/host -w "$PWD" -e JAVA_HOME="/root/.sdkman/candidates/java/current" -e SPI_BUILD="1" -e SPI_PROCESSING="1" registry.gitlab.com/saguaro1/spi-images:wasm-6.1-latest swift build --swift-sdk wasm32-unknown-wasi 2>&1

Build Log

========================================
RunAll
========================================
Builder version: 5.1.2
Interrupt handler set up.
========================================
Checkout
========================================
Clone URL: https://github.com/airwallex/airwallex-payment-ios.git
Reference: main
Initialized empty Git repository in /host/spi-builder-workspace/.git/
hint: Using 'master' as the name for the initial branch. This default branch name
hint: is subject to change. To configure the initial branch name to use in all
hint: of your new repositories, which will suppress this warning, call:
hint:
hint: 	git config --global init.defaultBranch <name>
hint:
hint: Names commonly chosen instead of 'master' are 'main', 'trunk' and
hint: 'development'. The just-created branch can be renamed via this command:
hint:
hint: 	git branch -m <name>
From https://github.com/airwallex/airwallex-payment-ios
 * branch            main       -> FETCH_HEAD
 * [new branch]      main       -> origin/main
HEAD is now at a3749e2 Merge branch 'fix/APAM-951-change-tag-push-regex' into 'main'
Cloned https://github.com/airwallex/airwallex-payment-ios.git
Revision (git rev-parse @):
a3749e2d0fc72859cfa4f2aa221e4f6d7399befe
SUCCESS checkout https://github.com/airwallex/airwallex-payment-ios.git at main
========================================
Build
========================================
Selected platform:         wasm
Swift version:             6.1
Building package at path:  $PWD
https://github.com/airwallex/airwallex-payment-ios.git
https://github.com/airwallex/airwallex-payment-ios.git
WARNING: environment variable SUPPRESS_SWIFT_6_FLAGS is not set
Running build ...
bash -c docker run --pull=always --rm -v "checkouts-54344845-0":/host -w "$PWD" -e JAVA_HOME="/root/.sdkman/candidates/java/current" -e SPI_BUILD="1" -e SPI_PROCESSING="1" registry.gitlab.com/saguaro1/spi-images:wasm-6.1-latest swift build --swift-sdk wasm32-unknown-wasi -Xswiftc -Xfrontend -Xswiftc -stats-output-dir -Xswiftc -Xfrontend -Xswiftc .stats -Xswiftc -strict-concurrency=complete -Xswiftc -enable-upcoming-feature -Xswiftc StrictConcurrency -Xswiftc -enable-upcoming-feature -Xswiftc DisableOutwardActorInference -Xswiftc -enable-upcoming-feature -Xswiftc GlobalActorIsolatedTypesUsability -Xswiftc -enable-upcoming-feature -Xswiftc InferSendableFromCaptures 2>&1
wasm-6.1-latest: Pulling from saguaro1/spi-images
Digest: sha256:005e294ea72e7f7733559677ac003354f37dc6afb35c5bbab6bc9a95fc174f44
Status: Image is up to date for registry.gitlab.com/saguaro1/spi-images:wasm-6.1-latest
warning: 'spi-builder-workspace': found 1 file(s) which are unhandled; explicitly declare them as resources or exclude from the target
    /host/spi-builder-workspace/Airwallex/AirwallexPaymentSheet/Info.plist
warning: 'spi-builder-workspace': found 1 file(s) which are unhandled; explicitly declare them as resources or exclude from the target
    /host/spi-builder-workspace/Airwallex/AirwallexPayment/Info.plist
Building for debugging...
[0/87] Write sources
[0/87] Copying PrivacyInfo.xcprivacy
[0/87] Copying Info.plist
[3/87] Copying Localizable.strings
[5/87] Copying PrivacyInfo.xcprivacy
[5/87] Copying Localizable.strings
[5/87] Copying Info.plist
[5/87] Copying CountryCodes.json
[5/87] Copying Localizable.strings
[5/87] Copying address.json
[5/87] Copying PrivacyInfo.xcprivacy
[5/87] Write sources
[5/87] Copying Info.plist
[5/87] Write sources
[5/87] Copying CurrencyCodes.json
In file included from /host/spi-builder-workspace/Airwallex/AirwallexWeChatPay/AWXWeChatPaySDKResponse.m:9:
In file included from /host/spi-builder-workspace/Airwallex/AirwallexWeChatPay/AWXWeChatPaySDKResponse.h:9:
/host/spi-builder-workspace/Airwallex/AirwallexCore/include/AWXCodable.h:9:9: fatal error: 'Foundation/Foundation.h' file not found
    9 | #import <Foundation/Foundation.h>
      |         ^~~~~~~~~~~~~~~~~~~~~~~~~
1 error generated.
[36/87] Compiling AirwallexWeChatPay AWXWeChatPaySDKResponse.m
In file included from /host/spi-builder-workspace/Airwallex/AirwallexWeChatPay/AWXWeChatPayActionProvider.m:9:
In file included from /host/spi-builder-workspace/Airwallex/AirwallexWeChatPay/AWXWeChatPayActionProvider.h:9:
In file included from /host/spi-builder-workspace/Airwallex/AirwallexCore/include/AWXDefaultActionProvider.h:9:
In file included from /host/spi-builder-workspace/Airwallex/AirwallexCore/include/AWXDefaultProvider.h:9:
In file included from /host/spi-builder-workspace/Airwallex/AirwallexCore/include/AWXAPIClient.h:9:
/host/spi-builder-workspace/Airwallex/AirwallexCore/include/AWXConstants.h:9:9: fatal error: 'Foundation/Foundation.h' file not found
    9 | #import <Foundation/Foundation.h>
      |         ^~~~~~~~~~~~~~~~~~~~~~~~~
[37/87] Compiling AirwallexWeChatPay AWXWeChatPayActionProvider.m
[37/87] Write swift-version-24593BA9C3E375BF.txt
Running build ...
bash -c docker run --pull=always --rm -v "checkouts-54344845-0":/host -w "$PWD" -e JAVA_HOME="/root/.sdkman/candidates/java/current" -e SPI_BUILD="1" -e SPI_PROCESSING="1" registry.gitlab.com/saguaro1/spi-images:wasm-6.1-latest swift build --swift-sdk wasm32-unknown-wasi 2>&1
wasm-6.1-latest: Pulling from saguaro1/spi-images
Digest: sha256:005e294ea72e7f7733559677ac003354f37dc6afb35c5bbab6bc9a95fc174f44
Status: Image is up to date for registry.gitlab.com/saguaro1/spi-images:wasm-6.1-latest
warning: 'spi-builder-workspace': found 1 file(s) which are unhandled; explicitly declare them as resources or exclude from the target
    /host/spi-builder-workspace/Airwallex/AirwallexPaymentSheet/Info.plist
warning: 'spi-builder-workspace': found 1 file(s) which are unhandled; explicitly declare them as resources or exclude from the target
    /host/spi-builder-workspace/Airwallex/AirwallexPayment/Info.plist
[0/1] Planning build
Building for debugging...
[0/51] Copying Airwallex.xcassets
In file included from /host/spi-builder-workspace/Airwallex/AirwallexWeChatPay/AWXWeChatPayActionProvider.m:9:
In file included from /host/spi-builder-workspace/Airwallex/AirwallexWeChatPay/AWXWeChatPayActionProvider.h:9:
In file included from /host/spi-builder-workspace/Airwallex/AirwallexCore/include/AWXDefaultActionProvider.h:9:
In file included from /host/spi-builder-workspace/Airwallex/AirwallexCore/include/AWXDefaultProvider.h:9:
In file included from /host/spi-builder-workspace/Airwallex/AirwallexCore/include/AWXAPIClient.h:9:
/host/spi-builder-workspace/Airwallex/AirwallexCore/include/AWXConstants.h:9:9: fatal error: 'Foundation/Foundation.h' file not found
    9 | #import <Foundation/Foundation.h>
      |         ^~~~~~~~~~~~~~~~~~~~~~~~~
1 error generated.
[1/51] Compiling AirwallexWeChatPay AWXWeChatPayActionProvider.m
[1/51] Compiling UIColor+ViewCompat.m
[1/51] Compiling AWXViewController.m
[1/51] Compiling UIColor+AWXTheme.m
[1/51] Compiling AWXTheme.m
[1/51] Copying Airwallex.xcassets
In file included from /host/spi-builder-workspace/Airwallex/AirwallexWeChatPay/AWXWeChatPaySDKResponse.m:9:
In file included from /host/spi-builder-workspace/Airwallex/AirwallexWeChatPay/AWXWeChatPaySDKResponse.h:9:
/host/spi-builder-workspace/Airwallex/AirwallexCore/include/AWXCodable.h:9:9: fatal error: 'Foundation/Foundation.h' file not found
    9 | #import <Foundation/Foundation.h>
      |         ^~~~~~~~~~~~~~~~~~~~~~~~~
1 error generated.
[1/51] Compiling AirwallexWeChatPay AWXWeChatPaySDKResponse.m
[1/51] Write swift-version-24593BA9C3E375BF.txt
BUILD FAILURE 6.1 wasm