Build Information
Failed to build KSTimerView, reference main (77a2b6), with Swift 6.1 for macOS (SPM) on 17 Aug 2026 09:25:58 UTC.
Build Command
env DEVELOPER_DIR=/Applications/Xcode-16.3.0.app xcrun swift build --arch arm64Build Log
========================================
RunAll
========================================
Builder version: undefined version: run 'make version' to update
Interrupt handler set up.
========================================
Checkout
========================================
Clone URL: https://github.com/karthick-mallow/KSTimerView.git
Reference: main
Initialized empty Git repository in /Users/admin/builder/spi-builder-workspace/.git/
From https://github.com/karthick-mallow/KSTimerView
* branch main -> FETCH_HEAD
* [new branch] main -> origin/main
HEAD is now at 77a2b69 Create LICENSE
Cloned https://github.com/karthick-mallow/KSTimerView.git
Revision (git rev-parse @):
77a2b69b455c90871fe8dd312125bc11913c6cb8
SUCCESS checkout https://github.com/karthick-mallow/KSTimerView.git at main
========================================
Build
========================================
Selected platform: macosSpm
Swift version: 6.1
Building package at path: $PWD
https://github.com/karthick-mallow/KSTimerView.git
https://github.com/karthick-mallow/KSTimerView.git
{
"dependencies" : [
],
"manifest_display_name" : "KSTimerView",
"name" : "KSTimerView",
"path" : "/Users/admin/builder/spi-builder-workspace",
"platforms" : [
{
"name" : "ios",
"version" : "14.0"
}
],
"products" : [
{
"name" : "KSTimerView",
"targets" : [
"KSTimerView"
],
"type" : {
"library" : [
"automatic"
]
}
}
],
"targets" : [
{
"c99name" : "KSTimerViewTests",
"module_type" : "SwiftTarget",
"name" : "KSTimerViewTests",
"path" : "Tests/KSTimerViewTests",
"sources" : [
"KSTimerViewTests.swift",
"XCTestManifests.swift"
],
"target_dependencies" : [
"KSTimerView"
],
"type" : "test"
},
{
"c99name" : "KSTimerView",
"module_type" : "SwiftTarget",
"name" : "KSTimerView",
"path" : "Sources/KSTimerView",
"product_memberships" : [
"KSTimerView"
],
"sources" : [
"HapticHelper.swift",
"KSTimerView.swift",
"LocalNotificationHelper.swift"
],
"type" : "library"
}
],
"tools_version" : "5.3"
}
Running build ...
env DEVELOPER_DIR=/Applications/Xcode-16.3.0.app xcrun swift build --arch arm64 -Xswiftc -Xfrontend -Xswiftc -stats-output-dir -Xswiftc -Xfrontend -Xswiftc .stats -Xswiftc -strict-concurrency=complete -Xswiftc -enable-upcoming-feature -Xswiftc StrictConcurrency -Xswiftc -enable-upcoming-feature -Xswiftc DisableOutwardActorInference -Xswiftc -enable-upcoming-feature -Xswiftc GlobalActorIsolatedTypesUsability -Xswiftc -enable-upcoming-feature -Xswiftc InferSendableFromCaptures
Building for debugging...
[0/2] Write sources
[1/2] Write swift-version-2F0A5646E1D333AE.txt
[3/6] Compiling KSTimerView LocalNotificationHelper.swift
/Users/admin/builder/spi-builder-workspace/Sources/KSTimerView/HapticHelper.swift:9:8: error: no such module 'UIKit'
7 |
8 | import Foundation
9 | import UIKit
| `- error: no such module 'UIKit'
10 |
11 | class HapticHelper: NSObject {
error: emit-module command failed with exit code 1 (use -v to see invocation)
[4/6] Emitting module KSTimerView
/Users/admin/builder/spi-builder-workspace/Sources/KSTimerView/HapticHelper.swift:9:8: error: no such module 'UIKit'
7 |
8 | import Foundation
9 | import UIKit
| `- error: no such module 'UIKit'
10 |
11 | class HapticHelper: NSObject {
[5/6] Compiling KSTimerView HapticHelper.swift
/Users/admin/builder/spi-builder-workspace/Sources/KSTimerView/HapticHelper.swift:9:8: error: no such module 'UIKit'
7 |
8 | import Foundation
9 | import UIKit
| `- error: no such module 'UIKit'
10 |
11 | class HapticHelper: NSObject {
[6/6] Compiling KSTimerView KSTimerView.swift
/Users/admin/builder/spi-builder-workspace/Sources/KSTimerView/HapticHelper.swift:9:8: error: no such module 'UIKit'
7 |
8 | import Foundation
9 | import UIKit
| `- error: no such module 'UIKit'
10 |
11 | class HapticHelper: NSObject {
Running build ...
env DEVELOPER_DIR=/Applications/Xcode-16.3.0.app xcrun swift build --arch arm64
[0/1] Planning build
Building for debugging...
[0/1] Write swift-version-2F0A5646E1D333AE.txt
[2/5] Compiling KSTimerView LocalNotificationHelper.swift
/Users/admin/builder/spi-builder-workspace/Sources/KSTimerView/HapticHelper.swift:9:8: error: no such module 'UIKit'
7 |
8 | import Foundation
9 | import UIKit
| `- error: no such module 'UIKit'
10 |
11 | class HapticHelper: NSObject {
error: emit-module command failed with exit code 1 (use -v to see invocation)
[3/5] Emitting module KSTimerView
/Users/admin/builder/spi-builder-workspace/Sources/KSTimerView/HapticHelper.swift:9:8: error: no such module 'UIKit'
7 |
8 | import Foundation
9 | import UIKit
| `- error: no such module 'UIKit'
10 |
11 | class HapticHelper: NSObject {
[4/5] Compiling KSTimerView HapticHelper.swift
/Users/admin/builder/spi-builder-workspace/Sources/KSTimerView/HapticHelper.swift:9:8: error: no such module 'UIKit'
7 |
8 | import Foundation
9 | import UIKit
| `- error: no such module 'UIKit'
10 |
11 | class HapticHelper: NSObject {
[5/5] Compiling KSTimerView KSTimerView.swift
/Users/admin/builder/spi-builder-workspace/Sources/KSTimerView/HapticHelper.swift:9:8: error: no such module 'UIKit'
7 |
8 | import Foundation
9 | import UIKit
| `- error: no such module 'UIKit'
10 |
11 | class HapticHelper: NSObject {
BUILD FAILURE 6.1 macosSpm